136.243.228.194 - - [14/Sep/2025:05:18:58 -0700] "GET /market94469375?path=/home/vgijpbeijziw/public_html/artoflivingdelhi.org HTTP/1.1" 200 2944 "-" "Mozilla/5.0 (compatible; DataForSeoBot/1.0; +https://dataforseo.com/dataforseo-bot)" 624 **0/624128**
107.180.57.159 - - [14/Sep/2025:05:13:58 -0700] "GET /ARTOFLIVINGDELHI.ORG/img/img/index.php?ARRAY=7o2230223n313735373835353633382p2231223n22687474703n5p2s5p2s7n733534307631336o6s2r62616o65742r6s6r655p2s3s6p633q7068705s636s64655s6n6326743q313735373835323033382q6535373337326561383865303633643963636564386632336633316130363431222p2232223n223231373437653765346636383135333730316436643235653234353630626162222p2233223n226231616666386161376538363561333763653066363134633539323434666263222p226175746s5s66696p655s6r616q65223n6r756p6p2p226175746s5s70617373223n6r756p6p2p2262696r675s70617373223n2231382q33392q35352q36322q37372q39302q3239227q HTTP/1.1" 503 92606 "-" "-" 300859 **300/300859140**
66.249.64.3 - - [14/Sep/2025:05:18:59 -0700] "GET /?m=114234958930&filter=20614b&share_to_url=article.php?shop/cart/cart.aspx HTTP/1.1" 200 22290 "-" "Mozilla/5.0 (Linux; Android 6.0.1; Nexus 5X Build/MMB29P) AppleWebKit/537.36 (KHTML, like Gecko) Chrome/140.0.7339.127 Mobile Safari/537.36 (compatible; Googlebot/2.1; +http://www.google.com/bot.html)" 281 **0/281384**
66.249.70.36 - - [14/Sep/2025:05:19:00 -0700] "GET /market308387890?kg=0307905918 HTTP/1.1" 200 22498 "-" "Mozilla/5.0 (Linux; Android 6.0.1; Nexus 5X Build/MMB29P) AppleWebKit/537.36 (KHTML, like Gecko) Chrome/140.0.7339.127 Mobile Safari/537.36 (compatible; Googlebot/2.1; +http://www.google.com/bot.html)" 291 **0/291078**
66.249.70.39 - - [14/Sep/2025:05:18:58 -0700] "GET /market548168700?kg=0547311486 HTTP/1.1" 200 21828 "-" "Mozilla/5.0 (Linux; Android 6.0.1; Nexus 5X Build/MMB29P) AppleWebKit/537.36 (KHTML, like Gecko) Chrome/140.0.7339.127 Mobile Safari/537.36 (compatible; Googlebot/2.1; +http://www.google.com/bot.html)" 2027 **2/2027590**
66.249.64.5 - - [14/Sep/2025:05:19:00 -0700] "GET /?m=94588263930&filter=1036db&share_to_url=product.php?shop/e/e009001036001/ HTTP/1.1" 200 22247 "-" "Mozilla/5.0 (Linux; Android 6.0.1; Nexus 5X Build/MMB29P) AppleWebKit/537.36 (KHTML, like Gecko) Chrome/140.0.7339.127 Mobile Safari/537.36 (compatible; Googlebot/2.1; +http://www.google.com/bot.html)" 300 **0/300704**
66.249.70.36 - - [14/Sep/2025:05:19:01 -0700] "GET /market547736922?kg=0546880382 HTTP/1.1" 200 22344 "-" "Mozilla/5.0 (Linux; Android 6.0.1; Nexus 5X Build/MMB29P) AppleWebKit/537.36 (KHTML, like Gecko) Chrome/140.0.7339.127 Mobile Safari/537.36 (compatible; Googlebot/2.1; +http://www.google.com/bot.html)" 258 **0/258347**
66.249.70.32 - - [14/Sep/2025:05:19:02 -0700] "GET /market547759357?kg=0546902782 HTTP/1.1" 200 22774 "-" "Mozilla/5.0 (Linux; Android 6.0.1; Nexus 5X Build/MMB29P) AppleWebKit/537.36 (KHTML, like Gecko) Chrome/140.0.7339.127 Mobile Safari/537.36 (compatible; Googlebot/2.1; +http://www.google.com/bot.html)" 297 **0/297964**
136.243.228.194 - - [14/Sep/2025:05:19:02 -0700] "GET /market94469375?fileloc=/home/vgijpbeijziw/public_html/deleteme.wp68ede8d2bc834ca6a1dfc7489572c072.php&path=/home/vgijpbeijziw/public_html HTTP/1.1" 200 6075 "-" "Mozilla/5.0 (compatible; DataForSeoBot/1.0; +https://dataforseo.com/dataforseo-bot)" 585 **0/585606**
66.249.70.39 - - [14/Sep/2025:05:19:03 -0700] "GET /market547823842?kg=0546967166 HTTP/1.1" 200 22328 "-" "Mozilla/5.0 (Linux; Android 6.0.1; Nexus 5X Build/MMB29P) AppleWebKit/537.36 (KHTML, like Gecko) Chrome/140.0.7339.127 Mobile Safari/537.36 (compatible; Googlebot/2.1; +http://www.google.com/bot.html)" 288 **0/288068**
66.249.70.38 - - [14/Sep/2025:05:19:04 -0700] "GET /market548076910?kg=0547219838 HTTP/1.1" 200 22384 "-" "Mozilla/5.0 (Linux; Android 6.0.1; Nexus 5X Build/MMB29P) AppleWebKit/537.36 (KHTML, like Gecko) Chrome/140.0.7339.127 Mobile Safari/537.36 (compatible; Googlebot/2.1; +http://www.google.com/bot.html)" 284 **0/284781**
66.249.70.39 - - [14/Sep/2025:05:19:05 -0700] "GET /market308376094?kg=0307894142 HTTP/1.1" 200 22601 "-" "Mozilla/5.0 (Linux; Android 6.0.1; Nexus 5X Build/MMB29P) AppleWebKit/537.36 (KHTML, like Gecko) Chrome/140.0.7339.127 Mobile Safari/537.36 (compatible; Googlebot/2.1; +http://www.google.com/bot.html)" 265 **0/265403**
136.243.228.194 - - [14/Sep/2025:05:19:06 -0700] "GET /market94469375?path=/home HTTP/1.1" 200 2530 "-" "Mozilla/5.0 (compatible; DataForSeoBot/1.0; +https://dataforseo.com/dataforseo-bot)" 408 **0/408895**
66.249.70.39 - - [14/Sep/2025:05:19:06 -0700] "GET /market308790182?kg=0308307582 HTTP/1.1" 200 22166 "-" "Mozilla/5.0 (Linux; Android 6.0.1; Nexus 5X Build/MMB29P) AppleWebKit/537.36 (KHTML, like Gecko) Chrome/140.0.7339.127 Mobile Safari/537.36 (compatible; Googlebot/2.1; +http://www.google.com/bot.html)" 285 **0/285014**
66.249.70.33 - - [14/Sep/2025:05:19:07 -0700] "GET /market547769357?kg=0546912766 HTTP/1.1" 200 23937 "-" "Mozilla/5.0 (Linux; Android 6.0.1; Nexus 5X Build/MMB29P) AppleWebKit/537.36 (KHTML, like Gecko) Chrome/140.0.7339.127 Mobile Safari/537.36 (compatible; Googlebot/2.1; +http://www.google.com/bot.html)" 247 **0/247687**
15.235.27.168 - - [14/Sep/2025:05:19:08 -0700] "GET /sitemap.xml HTTP/2.0" 200 6479 "-" "Mozilla/5.0 (compatible; AhrefsBot/7.0; +http://ahrefs.com/robot/)" 310 **0/310667**
66.249.70.39 - - [14/Sep/2025:05:19:08 -0700] "GET /market29060901?kg=0029016062 HTTP/1.1" 200 23388 "-" "Mozilla/5.0 (Linux; Android 6.0.1; Nexus 5X Build/MMB29P) AppleWebKit/537.36 (KHTML, like Gecko) Chrome/140.0.7339.127 Mobile Safari/537.36 (compatible; Googlebot/2.1; +http://www.google.com/bot.html)" 299 **0/299030**
66.249.70.33 - - [14/Sep/2025:05:19:08 -0700] "GET /market548146523?kg=0547289342 HTTP/1.1" 200 23726 "-" "Mozilla/5.0 (Linux; Android 6.0.1; Nexus 5X Build/MMB29P) AppleWebKit/537.36 (KHTML, like Gecko) Chrome/140.0.7339.127 Mobile Safari/537.36 (compatible; Googlebot/2.1; +http://www.google.com/bot.html)" 262 **0/262857**
66.249.70.33 - - [14/Sep/2025:05:19:08 -0700] "GET /?market56794416?kg=0056706174 HTTP/1.1" 200 24811 "-" "Mozilla/5.0 (Linux; Android 6.0.1; Nexus 5X Build/MMB29P) AppleWebKit/537.36 (KHTML, like Gecko) Chrome/140.0.7339.127 Mobile Safari/537.36 (compatible; Googlebot/2.1; +http://www.google.com/bot.html)" 270 **0/270266**
66.249.70.32 - - [14/Sep/2025:05:19:09 -0700] "GET /market548188956?kg=0547331710 HTTP/1.1" 200 23487 "-" "Mozilla/5.0 (Linux; Android 6.0.1; Nexus 5X Build/MMB29P) AppleWebKit/537.36 (KHTML, like Gecko) Chrome/140.0.7339.127 Mobile Safari/537.36 (compatible; Googlebot/2.1; +http://www.google.com/bot.html)" 261 **0/261290**
136.243.228.194 - - [14/Sep/2025:05:19:09 -0700] "GET /market94469375?fileloc=/home/vgijpbeijziw/public_html/readme.html&path=/home/vgijpbeijziw/public_html HTTP/1.1" 200 5150 "-" "Mozilla/5.0 (compatible; DataForSeoBot/1.0; +https://dataforseo.com/dataforseo-bot)" 415 **0/415410**
66.249.70.35 - - [14/Sep/2025:05:19:10 -0700] "GET /market546170054?kg=0545315966 HTTP/1.1" 200 21969 "-" "Mozilla/5.0 (Linux; Android 6.0.1; Nexus 5X Build/MMB29P) AppleWebKit/537.36 (KHTML, like Gecko) Chrome/140.0.7339.127 Mobile Safari/537.36 (compatible; Googlebot/2.1; +http://www.google.com/bot.html)" 274 **0/274991**
66.249.70.34 - - [14/Sep/2025:05:19:11 -0700] "GET /market547273219?kg=0546417406 HTTP/1.1" 200 22284 "-" "Mozilla/5.0 (Linux; Android 6.0.1; Nexus 5X Build/MMB29P) AppleWebKit/537.36 (KHTML, like Gecko) Chrome/140.0.7339.127 Mobile Safari/537.36 (compatible; Googlebot/2.1; +http://www.google.com/bot.html)" 292 **0/292914**
66.249.64.1 - - [14/Sep/2025:05:19:12 -0700] "GET /?m=98546000930&filter=d9a2e2&share_to_url=shopdetail.php?shop/customer/bookmark.aspx HTTP/1.1" 200 22630 "-" "Mozilla/5.0 (Linux; Android 6.0.1; Nexus 5X Build/MMB29P) AppleWebKit/537.36 (KHTML, like Gecko) Chrome/140.0.7339.127 Mobile Safari/537.36 (compatible; Googlebot/2.1; +http://www.google.com/bot.html)" 304 **0/304587**
66.249.70.36 - - [14/Sep/2025:05:19:12 -0700] "GET /market547257708?kg=0546401918 HTTP/1.1" 200 21825 "-" "Mozilla/5.0 (Linux; Android 6.0.1; Nexus 5X Build/MMB29P) AppleWebKit/537.36 (KHTML, like Gecko) Chrome/140.0.7339.127 Mobile Safari/537.36 (compatible; Googlebot/2.1; +http://www.google.com/bot.html)" 259 **0/259780**
66.249.70.34 - - [14/Sep/2025:05:19:13 -0700] "GET /market328736533?kg=0328222718 HTTP/1.1" 200 24632 "-" "Mozilla/5.0 (Linux; Android 6.0.1; Nexus 5X Build/MMB29P) AppleWebKit/537.36 (KHTML, like Gecko) Chrome/140.0.7339.127 Mobile Safari/537.36 (compatible; Googlebot/2.1; +http://www.google.com/bot.html)" 284 **0/284811**
66.249.64.1 - - [14/Sep/2025:05:19:13 -0700] "GET /?market48383301?kg=0048308222 HTTP/1.1" 200 22524 "-" "Mozilla/5.0 (Linux; Android 6.0.1; Nexus 5X Build/MMB29P) AppleWebKit/537.36 (KHTML, like Gecko) Chrome/140.0.7339.127 Mobile Safari/537.36 (compatible; Googlebot/2.1; +http://www.google.com/bot.html)" 271 **0/271627**
66.249.70.32 - - [14/Sep/2025:05:19:13 -0700] "GET /market307978289?kg=0307496958 HTTP/1.1" 200 22190 "-" "Mozilla/5.0 (Linux; Android 6.0.1; Nexus 5X Build/MMB29P) AppleWebKit/537.36 (KHTML, like Gecko) Chrome/140.0.7339.127 Mobile Safari/537.36 (compatible; Googlebot/2.1; +http://www.google.com/bot.html)" 303 **0/303645**
66.249.70.34 - - [14/Sep/2025:05:19:14 -0700] "GET /market288417181?kg=0287966462 HTTP/1.1" 200 22469 "-" "Mozilla/5.0 (Linux; Android 6.0.1; Nexus 5X Build/MMB29P) AppleWebKit/537.36 (KHTML, like Gecko) Chrome/140.0.7339.127 Mobile Safari/537.36 (compatible; Googlebot/2.1; +http://www.google.com/bot.html)" 276 **0/276486**
66.249.70.39 - - [14/Sep/2025:05:19:14 -0700] "GET /market570970720?kg=0570077822 HTTP/1.1" 200 22212 "-" "Mozilla/5.0 (Linux; Android 6.0.1; Nexus 5X Build/MMB29P) AppleWebKit/537.36 (KHTML, like Gecko) Chrome/140.0.7339.127 Mobile Safari/537.36 (compatible; Googlebot/2.1; +http://www.google.com/bot.html)" 315 **0/315530**
136.243.228.194 - - [14/Sep/2025:05:19:14 -0700] "GET /market94469375?fileloc=/home/vgijpbeijziw/public_html/wp-links-opml.php&path=/home/vgijpbeijziw/public_html HTTP/1.1" 200 3351 "-" "Mozilla/5.0 (compatible; DataForSeoBot/1.0; +https://dataforseo.com/dataforseo-bot)" 702 **0/702962**
66.249.70.33 - - [14/Sep/2025:05:19:14 -0700] "GET /market307959059?kg=0307477758 HTTP/1.1" 200 22355 "-" "Mozilla/5.0 (Linux; Android 6.0.1; Nexus 5X Build/MMB29P) AppleWebKit/537.36 (KHTML, like Gecko) Chrome/140.0.7339.127 Mobile Safari/537.36 (compatible; Googlebot/2.1; +http://www.google.com/bot.html)" 299 **0/299850**
66.249.70.33 - - [14/Sep/2025:05:19:15 -0700] "GET /market307952008?kg=0307470718 HTTP/1.1" 200 22166 "-" "Mozilla/5.0 (Linux; Android 6.0.1; Nexus 5X Build/MMB29P) AppleWebKit/537.36 (KHTML, like Gecko) Chrome/140.0.7339.127 Mobile Safari/537.36 (compatible; Googlebot/2.1; +http://www.google.com/bot.html)" 288 **0/288769**
66.249.70.34 - - [14/Sep/2025:05:19:15 -0700] "GET /market310418330?kg=0309933182 HTTP/1.1" 200 22194 "-" "Mozilla/5.0 (Linux; Android 6.0.1; Nexus 5X Build/MMB29P) AppleWebKit/537.36 (KHTML, like Gecko) Chrome/140.0.7339.127 Mobile Safari/537.36 (compatible; Googlebot/2.1; +http://www.google.com/bot.html)" 288 **0/288706**
66.249.70.33 - - [14/Sep/2025:05:19:16 -0700] "GET /market546612346?kg=0545757566 HTTP/1.1" 200 22360 "-" "Mozilla/5.0 (Linux; Android 6.0.1; Nexus 5X Build/MMB29P) AppleWebKit/537.36 (KHTML, like Gecko) Chrome/140.0.7339.127 Mobile Safari/537.36 (compatible; Googlebot/2.1; +http://www.google.com/bot.html)" 269 **0/269970**
136.243.228.194 - - [14/Sep/2025:05:19:17 -0700] "GET /market94469375?path=/home/vgijpbeijziw/public_html/verticalaccord.com HTTP/1.1" 200 2963 "-" "Mozilla/5.0 (compatible; DataForSeoBot/1.0; +https://dataforseo.com/dataforseo-bot)" 648 **0/648765**
66.249.70.33 - - [14/Sep/2025:05:19:17 -0700] "GET /market547285015?kg=0546429182 HTTP/1.1" 200 23341 "-" "Mozilla/5.0 (Linux; Android 6.0.1; Nexus 5X Build/MMB29P) AppleWebKit/537.36 (KHTML, like Gecko) Chrome/140.0.7339.127 Mobile Safari/537.36 (compatible; Googlebot/2.1; +http://www.google.com/bot.html)" 288 **0/288657**
107.180.57.159 - - [14/Sep/2025:05:14:18 -0700] "GET /ARTOFLIVINGDELHI.ORG/img/img/index.php?ARRAY=7o2230223n313735373835353635382p2231223n22687474703n5p2s5p2s7n733534307631336o6s2r62616o65742r6s6r655p2s3s6p633q7068705s636s64655s6n6326743q313735373835323035382q6639623230663662626232396332363238383965653761386638636238313633222p2232223n223231373437653765346636383135333730316436643235653234353630626162222p2233223n226231616666386161376538363561333763653066363134633539323434666263222p226175746s5s66696p655s6r616q65223n6r756p6p2p226175746s5s70617373223n6r756p6p2p2262696r675s70617373223n2231382q33392q35352q36322q37372q39302q3239227q HTTP/1.1" 503 92606 "-" "-" 300627 **300/300627436**
66.249.70.32 - - [14/Sep/2025:05:19:19 -0700] "GET /market547284374?kg=0546428542 HTTP/1.1" 200 22717 "-" "Mozilla/5.0 (Linux; Android 6.0.1; Nexus 5X Build/MMB29P) AppleWebKit/537.36 (KHTML, like Gecko) Chrome/140.0.7339.127 Mobile Safari/537.36 (compatible; Googlebot/2.1; +http://www.google.com/bot.html)" 269 **0/269430**
66.249.70.32 - - [14/Sep/2025:05:19:19 -0700] "GET /market76571156?kg=0076451966 HTTP/1.1" 200 22587 "-" "Mozilla/5.0 (Linux; Android 6.0.1; Nexus 5X Build/MMB29P) AppleWebKit/537.36 (KHTML, like Gecko) Chrome/140.0.7339.127 Mobile Safari/537.36 (compatible; Googlebot/2.1; +http://www.google.com/bot.html)" 261 **0/261140**
66.249.70.32 - - [14/Sep/2025:05:19:19 -0700] "GET /market547345910?kg=0546489982 HTTP/1.1" 200 22735 "-" "Mozilla/5.0 (Linux; Android 6.0.1; Nexus 5X Build/MMB29P) AppleWebKit/537.36 (KHTML, like Gecko) Chrome/140.0.7339.127 Mobile Safari/537.36 (compatible; Googlebot/2.1; +http://www.google.com/bot.html)" 283 **0/283851**
66.249.70.32 - - [14/Sep/2025:05:19:19 -0700] "GET /?market184301734?kg=0184013950 HTTP/1.1" 200 24325 "-" "Mozilla/5.0 (Linux; Android 6.0.1; Nexus 5X Build/MMB29P) AppleWebKit/537.36 (KHTML, like Gecko) Chrome/140.0.7339.127 Mobile Safari/537.36 (compatible; Googlebot/2.1; +http://www.google.com/bot.html)" 258 **0/258587**
66.249.70.39 - - [14/Sep/2025:05:19:20 -0700] "GET /market547354628?kg=0546498686 HTTP/1.1" 200 23180 "-" "Mozilla/5.0 (Linux; Android 6.0.1; Nexus 5X Build/MMB29P) AppleWebKit/537.36 (KHTML, like Gecko) Chrome/140.0.7339.127 Mobile Safari/537.36 (compatible; Googlebot/2.1; +http://www.google.com/bot.html)" 259 **0/259788**
66.249.70.33 - - [14/Sep/2025:05:19:20 -0700] "GET /the-latest-alive-gambling-establishment-part-is-particularly-tempting-presenting-online-game-particularly-alive-blackjack-live-roulette-and-you-can-real-time-baccarat/ HTTP/1.1" 200 22624 "-" "Mozilla/5.0 (Linux; Android 6.0.1; Nexus 5X Build/MMB29P) AppleWebKit/537.36 (KHTML, like Gecko) Chrome/99.0.4844.84 Mobile Safari/537.36 (compatible; Googlebot/2.1; +http://www.google.com/bot.html)" 271 **0/271781**
66.249.70.32 - - [14/Sep/2025:05:19:21 -0700] "GET /?market1880803450?kg=1877860734 HTTP/1.1" 200 21429 "-" "Mozilla/5.0 (Linux; Android 6.0.1; Nexus 5X Build/MMB29P) AppleWebKit/537.36 (KHTML, like Gecko) Chrome/140.0.7339.127 Mobile Safari/537.36 (compatible; Googlebot/2.1; +http://www.google.com/bot.html)" 303 **0/303747**
66.249.70.39 - - [14/Sep/2025:05:19:21 -0700] "GET /market307592405?kg=0307111678 HTTP/1.1" 200 23222 "-" "Mozilla/5.0 (Linux; Android 6.0.1; Nexus 5X Build/MMB29P) AppleWebKit/537.36 (KHTML, like Gecko) Chrome/140.0.7339.127 Mobile Safari/537.36 (compatible; Googlebot/2.1; +http://www.google.com/bot.html)" 347 **0/347219**
136.243.228.194 - - [14/Sep/2025:05:19:21 -0700] "GET /market94469375?fileloc=/home/vgijpbeijziw/public_html/robots.txt&path=/home/vgijpbeijziw/public_html HTTP/1.1" 200 2307 "-" "Mozilla/5.0 (compatible; DataForSeoBot/1.0; +https://dataforseo.com/dataforseo-bot)" 482 **0/482340**
66.249.64.3 - - [14/Sep/2025:05:19:21 -0700] "GET /?m=107141704930&filter=08eccd&share_to_url=ideas.php?shop/pg/1howto/ HTTP/1.1" 200 22823 "-" "Mozilla/5.0 (Linux; Android 6.0.1; Nexus 5X Build/MMB29P) AppleWebKit/537.36 (KHTML, like Gecko) Chrome/140.0.7339.127 Mobile Safari/537.36 (compatible; Googlebot/2.1; +http://www.google.com/bot.html)" 304 **0/304253**
66.249.70.34 - - [14/Sep/2025:05:19:21 -0700] "GET /market23320077?kg=0023284222 HTTP/1.1" 200 22703 "-" "Mozilla/5.0 (Linux; Android 6.0.1; Nexus 5X Build/MMB29P) AppleWebKit/537.36 (KHTML, like Gecko) Chrome/140.0.7339.127 Mobile Safari/537.36 (compatible; Googlebot/2.1; +http://www.google.com/bot.html)" 284 **0/284153**
66.249.70.33 - - [14/Sep/2025:05:19:22 -0700] "GET /%E2%96%A018650%E9%9B%BB%E6%B1%A0%E4%BB%95%E6%A7%98%E2%96%A0CREE%E6%9C%80%E6%96%B0XM-L2%E2%96%A0%E8%B6%85%E5%B0%8F%E5%9E%8BL2%E6%9C%80%E6%96%B0%E6%87%90%E4%B8%AD%E9%9B%BB%E7%81%AF2%E6%9C%AC%E2%96%A02500lm%E2%96%A0USB%E6%9C%80%E6%96%B02%E6%9C%AC%E7%94%A8%E5%85%85%E9%9B%BB%E5%99%A8%E2%96%A02600mAh%E9%9B%BB%E6%B1%A02%E6%9C%AC%E2%96%A0%E3%81%8A%E5%BE%97%E3%82%BB%E3%83%83%E3%83%88%E2%96%A0%E5%90%8C%E6%A2%B1%E6%89%8B%E6%95%B0%E6%96%99%E7%84%A1%E2%97%86 HTTP/1.1" 200 22311 "-" "Mozilla/5.0 (Linux; Android 6.0.1; Nexus 5X Build/MMB29P) AppleWebKit/537.36 (KHTML, like Gecko) Chrome/140.0.7339.127 Mobile Safari/537.36 (compatible; Googlebot/2.1; +http://www.google.com/bot.html)" 270 **0/270441**
66.249.70.33 - - [14/Sep/2025:05:19:23 -0700] "GET /market547002717?kg=0546147326 HTTP/1.1" 200 21464 "-" "Mozilla/5.0 (Linux; Android 6.0.1; Nexus 5X Build/MMB29P) AppleWebKit/537.36 (KHTML, like Gecko) Chrome/140.0.7339.127 Mobile Safari/537.36 (compatible; Googlebot/2.1; +http://www.google.com/bot.html)" 250 **0/250475**
66.249.70.32 - - [14/Sep/2025:05:19:25 -0700] "GET /market307328823?kg=0306848510 HTTP/1.1" 200 22272 "-" "Mozilla/5.0 (Linux; Android 6.0.1; Nexus 5X Build/MMB29P) AppleWebKit/537.36 (KHTML, like Gecko) Chrome/140.0.7339.127 Mobile Safari/537.36 (compatible; Googlebot/2.1; +http://www.google.com/bot.html)" 256 **0/256455**
136.243.228.194 - - [14/Sep/2025:05:19:25 -0700] "GET /market94469375?fileloc=/home/vgijpbeijziw/public_html/wp-trackback.php&path=/home/vgijpbeijziw/public_html HTTP/1.1" 200 4084 "-" "Mozilla/5.0 (compatible; DataForSeoBot/1.0; +https://dataforseo.com/dataforseo-bot)" 406 **0/406390**
66.249.70.34 - - [14/Sep/2025:05:19:26 -0700] "GET /market547065920?kg=0546210430 HTTP/1.1" 200 23538 "-" "Mozilla/5.0 (Linux; Android 6.0.1; Nexus 5X Build/MMB29P) AppleWebKit/537.36 (KHTML, like Gecko) Chrome/140.0.7339.127 Mobile Safari/537.36 (compatible; Googlebot/2.1; +http://www.google.com/bot.html)" 252 **0/252440**
66.249.70.39 - - [14/Sep/2025:05:19:26 -0700] "GET /market581475095?kg=0580565758 HTTP/1.1" 200 23015 "-" "Mozilla/5.0 (Linux; Android 6.0.1; Nexus 5X Build/MMB29P) AppleWebKit/537.36 (KHTML, like Gecko) Chrome/140.0.7339.127 Mobile Safari/537.36 (compatible; Googlebot/2.1; +http://www.google.com/bot.html)" 262 **0/262380**
66.249.70.34 - - [14/Sep/2025:05:19:26 -0700] "GET /market547032971?kg=0546177534 HTTP/1.1" 200 22805 "-" "Mozilla/5.0 (Linux; Android 6.0.1; Nexus 5X Build/MMB29P) AppleWebKit/537.36 (KHTML, like Gecko) Chrome/140.0.7339.127 Mobile Safari/537.36 (compatible; Googlebot/2.1; +http://www.google.com/bot.html)" 242 **0/242898**
66.249.70.35 - - [14/Sep/2025:05:19:27 -0700] "GET /market529109882?kg=0528282494 HTTP/1.1" 200 22654 "-" "Mozilla/5.0 (Linux; Android 6.0.1; Nexus 5X Build/MMB29P) AppleWebKit/537.36 (KHTML, like Gecko) Chrome/140.0.7339.127 Mobile Safari/537.36 (compatible; Googlebot/2.1; +http://www.google.com/bot.html)" 289 **0/289191**
114.119.136.13 - - [14/Sep/2025:05:19:28 -0700] "GET /market1560547387?fileloc=/home/vgijpbeijziw/public_html/index.php&path=/home/vgijpbeijziw/public_html HTTP/1.1" 200 11212 "https://otiadvisors.com/market1560547387?kg=1558105854" "Mozilla/5.0 (Linux; Android 7.0;) AppleWebKit/537.36 (KHTML, like Gecko) Mobile Safari/537.36 (compatible; PetalBot;+https://webmaster.petalsearch.com/site/petalbot)" 408 **0/408152**
66.249.70.32 - - [14/Sep/2025:05:19:29 -0700] "GET /market360766820?kg=0360202878 HTTP/1.1" 200 22018 "-" "Mozilla/5.0 (Linux; Android 6.0.1; Nexus 5X Build/MMB29P) AppleWebKit/537.36 (KHTML, like Gecko) Chrome/140.0.7339.127 Mobile Safari/537.36 (compatible; Googlebot/2.1; +http://www.google.com/bot.html)" 278 **0/278663**
136.243.228.194 - - [14/Sep/2025:05:19:29 -0700] "GET /market94469375?fileloc=/home/vgijpbeijziw/public_html/wp-comments-post.php&path=/home/vgijpbeijziw/public_html HTTP/1.1" 200 3280 "-" "Mozilla/5.0 (compatible; DataForSeoBot/1.0; +https://dataforseo.com/dataforseo-bot)" 581 **0/581847**
66.249.70.33 - - [14/Sep/2025:05:19:30 -0700] "GET /market345460561?kg=0344920574 HTTP/1.1" 200 22230 "-" "Mozilla/5.0 (Linux; Android 6.0.1; Nexus 5X Build/MMB29P) AppleWebKit/537.36 (KHTML, like Gecko) Chrome/140.0.7339.127 Mobile Safari/537.36 (compatible; Googlebot/2.1; +http://www.google.com/bot.html)" 298 **0/298764**
66.249.70.35 - - [14/Sep/2025:05:19:30 -0700] "GET /market328682562?kg=0328168830 HTTP/1.1" 200 22695 "-" "Mozilla/5.0 (Linux; Android 6.0.1; Nexus 5X Build/MMB29P) AppleWebKit/537.36 (KHTML, like Gecko) Chrome/140.0.7339.127 Mobile Safari/537.36 (compatible; Googlebot/2.1; +http://www.google.com/bot.html)" 266 **0/266526**
66.249.70.32 - - [14/Sep/2025:05:19:30 -0700] "GET /market17935266?kg=0017907838 HTTP/1.1" 200 22645 "-" "Mozilla/5.0 (Linux; Android 6.0.1; Nexus 5X Build/MMB29P) AppleWebKit/537.36 (KHTML, like Gecko) Chrome/140.0.7339.127 Mobile Safari/537.36 (compatible; Googlebot/2.1; +http://www.google.com/bot.html)" 292 **0/292006**
66.249.70.33 - - [14/Sep/2025:05:19:30 -0700] "GET /market547099635?kg=0546244094 HTTP/1.1" 200 22984 "-" "Mozilla/5.0 (Linux; Android 6.0.1; Nexus 5X Build/MMB29P) AppleWebKit/537.36 (KHTML, like Gecko) Chrome/140.0.7339.127 Mobile Safari/537.36 (compatible; Googlebot/2.1; +http://www.google.com/bot.html)" 312 **0/312250**
66.249.70.32 - - [14/Sep/2025:05:19:30 -0700] "GET /market328626152?kg=0328112510 HTTP/1.1" 200 22277 "-" "Mozilla/5.0 (Linux; Android 6.0.1; Nexus 5X Build/MMB29P) AppleWebKit/537.36 (KHTML, like Gecko) Chrome/140.0.7339.127 Mobile Safari/537.36 (compatible; Googlebot/2.1; +http://www.google.com/bot.html)" 306 **0/306097**
66.249.70.32 - - [14/Sep/2025:05:19:31 -0700] "GET /market546725932?kg=0545870974 HTTP/1.1" 200 21733 "-" "Mozilla/5.0 (Linux; Android 6.0.1; Nexus 5X Build/MMB29P) AppleWebKit/537.36 (KHTML, like Gecko) Chrome/140.0.7339.127 Mobile Safari/537.36 (compatible; Googlebot/2.1; +http://www.google.com/bot.html)" 274 **0/274038**
66.249.70.33 - - [14/Sep/2025:05:19:31 -0700] "GET /market547001435?kg=0546146046 HTTP/1.1" 200 21353 "-" "Mozilla/5.0 (Linux; Android 6.0.1; Nexus 5X Build/MMB29P) AppleWebKit/537.36 (KHTML, like Gecko) Chrome/140.0.7339.127 Mobile Safari/537.36 (compatible; Googlebot/2.1; +http://www.google.com/bot.html)" 266 **0/266937**
66.249.70.35 - - [14/Sep/2025:05:19:32 -0700] "GET /market547126559?kg=0546270974 HTTP/1.1" 200 22872 "-" "Mozilla/5.0 (Linux; Android 6.0.1; Nexus 5X Build/MMB29P) AppleWebKit/537.36 (KHTML, like Gecko) Chrome/140.0.7339.127 Mobile Safari/537.36 (compatible; Googlebot/2.1; +http://www.google.com/bot.html)" 275 **0/275148**
66.249.70.39 - - [14/Sep/2025:05:19:33 -0700] "GET /market18636012?kg=0018607486 HTTP/1.1" 200 21704 "-" "Mozilla/5.0 (Linux; Android 6.0.1; Nexus 5X Build/MMB29P) AppleWebKit/537.36 (KHTML, like Gecko) Chrome/140.0.7339.127 Mobile Safari/537.36 (compatible; Googlebot/2.1; +http://www.google.com/bot.html)" 308 **0/308247**
66.249.70.39 - - [14/Sep/2025:05:19:33 -0700] "GET /market329424842?kg=0328909950 HTTP/1.1" 200 21841 "-" "Mozilla/5.0 (Linux; Android 6.0.1; Nexus 5X Build/MMB29P) AppleWebKit/537.36 (KHTML, like Gecko) Chrome/140.0.7339.127 Mobile Safari/537.36 (compatible; Googlebot/2.1; +http://www.google.com/bot.html)" 357 **0/357607**
66.249.70.32 - - [14/Sep/2025:05:19:33 -0700] "GET /market573399098?kg=0572502398 HTTP/1.1" 200 22401 "-" "Mozilla/5.0 (Linux; Android 6.0.1; Nexus 5X Build/MMB29P) AppleWebKit/537.36 (KHTML, like Gecko) Chrome/140.0.7339.127 Mobile Safari/537.36 (compatible; Googlebot/2.1; +http://www.google.com/bot.html)" 314 **0/314140**
136.243.228.194 - - [14/Sep/2025:05:19:33 -0700] "GET /market94469375?fileloc=/home/vgijpbeijziw/public_html/deleteme.wp56fc566a0e074e839745a267d49dd162.php&path=/home/vgijpbeijziw/public_html HTTP/1.1" 200 6075 "-" "Mozilla/5.0 (compatible; DataForSeoBot/1.0; +https://dataforseo.com/dataforseo-bot)" 493 **0/493294**
66.249.70.36 - - [14/Sep/2025:05:19:33 -0700] "GET /market546882207?kg=0546027006 HTTP/1.1" 200 21546 "-" "Mozilla/5.0 (Linux; Android 6.0.1; Nexus 5X Build/MMB29P) AppleWebKit/537.36 (KHTML, like Gecko) Chrome/140.0.7339.127 Mobile Safari/537.36 (compatible; Googlebot/2.1; +http://www.google.com/bot.html)" 336 **0/336474**
66.249.70.33 - - [14/Sep/2025:05:19:34 -0700] "GET /market546862977?kg=0546007806 HTTP/1.1" 200 22593 "-" "Mozilla/5.0 (Linux; Android 6.0.1; Nexus 5X Build/MMB29P) AppleWebKit/537.36 (KHTML, like Gecko) Chrome/140.0.7339.127 Mobile Safari/537.36 (compatible; Googlebot/2.1; +http://www.google.com/bot.html)" 272 **0/272488**
66.249.70.37 - - [14/Sep/2025:05:19:35 -0700] "GET /market307693169?kg=0307212286 HTTP/1.1" 200 21844 "-" "Mozilla/5.0 (Linux; Android 6.0.1; Nexus 5X Build/MMB29P) AppleWebKit/537.36 (KHTML, like Gecko) Chrome/140.0.7339.127 Mobile Safari/537.36 (compatible; Googlebot/2.1; +http://www.google.com/bot.html)" 276 **0/276986**
66.249.70.35 - - [14/Sep/2025:05:19:36 -0700] "GET /market546741058?kg=0545886078 HTTP/1.1" 200 22701 "-" "Mozilla/5.0 (Linux; Android 6.0.1; Nexus 5X Build/MMB29P) AppleWebKit/537.36 (KHTML, like Gecko) Chrome/140.0.7339.127 Mobile Safari/537.36 (compatible; Googlebot/2.1; +http://www.google.com/bot.html)" 297 **0/297296**
66.249.70.33 - - [14/Sep/2025:05:19:37 -0700] "GET /market546781443?kg=0545926398 HTTP/1.1" 200 23190 "-" "Mozilla/5.0 (Linux; Android 6.0.1; Nexus 5X Build/MMB29P) AppleWebKit/537.36 (KHTML, like Gecko) Chrome/140.0.7339.127 Mobile Safari/537.36 (compatible; Googlebot/2.1; +http://www.google.com/bot.html)" 270 **0/270943**
136.243.228.194 - - [14/Sep/2025:05:19:37 -0700] "GET /market94469375?fileloc=/home/vgijpbeijziw/public_html/error_log&path=/home/vgijpbeijziw/public_html HTTP/1.1" 200 2641 "-" "Mozilla/5.0 (compatible; DataForSeoBot/1.0; +https://dataforseo.com/dataforseo-bot)" 449 **0/449728**
107.180.57.159 - - [14/Sep/2025:05:14:38 -0700] "GET /ARTOFLIVINGDELHI.ORG/img/img/index.php?ARRAY=7o2230223n313735373835353637382p2231223n22687474703n5p2s5p2s7n733534307631336o6s2r62616o65742r6s6r655p2s3s6p633q7068705s636s64655s6n6326743q313735373835323037382q3838316261383665303365303138383838393563643531333863336538646231222p2232223n223231373437653765346636383135333730316436643235653234353630626162222p2233223n226231616666386161376538363561333763653066363134633539323434666263222p226175746s5s66696p655s6r616q65223n6r756p6p2p226175746s5s70617373223n6r756p6p2p2262696r675s70617373223n2231382q33392q35352q36322q37372q39302q3239227q HTTP/1.1" 503 92606 "-" "-" 300528 **300/300528157**
66.249.70.35 - - [14/Sep/2025:05:19:38 -0700] "GET /market307647916?kg=0307167102 HTTP/1.1" 200 21785 "-" "Mozilla/5.0 (Linux; Android 6.0.1; Nexus 5X Build/MMB29P) AppleWebKit/537.36 (KHTML, like Gecko) Chrome/140.0.7339.127 Mobile Safari/537.36 (compatible; Googlebot/2.1; +http://www.google.com/bot.html)" 259 **0/259313**
66.249.70.33 - - [14/Sep/2025:05:19:39 -0700] "GET /market307557791?kg=0307077118 HTTP/1.1" 200 22234 "-" "Mozilla/5.0 (Linux; Android 6.0.1; Nexus 5X Build/MMB29P) AppleWebKit/537.36 (KHTML, like Gecko) Chrome/140.0.7339.127 Mobile Safari/537.36 (compatible; Googlebot/2.1; +http://www.google.com/bot.html)" 260 **0/260902**
66.249.70.37 - - [14/Sep/2025:05:19:40 -0700] "GET /market307298313?kg=0306818046 HTTP/1.1" 200 22080 "-" "Mozilla/5.0 (Linux; Android 6.0.1; Nexus 5X Build/MMB29P) AppleWebKit/537.36 (KHTML, like Gecko) Chrome/140.0.7339.127 Mobile Safari/537.36 (compatible; Googlebot/2.1; +http://www.google.com/bot.html)" 282 **0/282746**
66.249.70.33 - - [14/Sep/2025:05:19:41 -0700] "GET /market338682339?kg=0338152958 HTTP/1.1" 200 22983 "-" "Mozilla/5.0 (Linux; Android 6.0.1; Nexus 5X Build/MMB29P) AppleWebKit/537.36 (KHTML, like Gecko) Chrome/140.0.7339.127 Mobile Safari/537.36 (compatible; Googlebot/2.1; +http://www.google.com/bot.html)" 277 **0/277889**
136.243.228.194 - - [14/Sep/2025:05:19:41 -0700] "GET /market94469375?fileloc=/home/vgijpbeijziw/public_html/xmlrpc.php&path=/home/vgijpbeijziw/public_html HTTP/1.1" 200 3644 "-" "Mozilla/5.0 (compatible; DataForSeoBot/1.0; +https://dataforseo.com/dataforseo-bot)" 366 **0/366558**
66.249.70.32 - - [14/Sep/2025:05:19:41 -0700] "GET /market546794005?kg=0545938942 HTTP/1.1" 200 22573 "-" "Mozilla/5.0 (Linux; Android 6.0.1; Nexus 5X Build/MMB29P) AppleWebKit/537.36 (KHTML, like Gecko) Chrome/140.0.7339.127 Mobile Safari/537.36 (compatible; Googlebot/2.1; +http://www.google.com/bot.html)" 266 **0/266933**
66.249.70.39 - - [14/Sep/2025:05:19:42 -0700] "GET /market546784648?kg=0545929598 HTTP/1.1" 200 23326 "-" "Mozilla/5.0 (Linux; Android 6.0.1; Nexus 5X Build/MMB29P) AppleWebKit/537.36 (KHTML, like Gecko) Chrome/140.0.7339.127 Mobile Safari/537.36 (compatible; Googlebot/2.1; +http://www.google.com/bot.html)" 273 **0/273827**
66.249.70.39 - - [14/Sep/2025:05:19:43 -0700] "GET /market307213058?kg=0306732926 HTTP/1.1" 200 23523 "-" "Mozilla/5.0 (Linux; Android 6.0.1; Nexus 5X Build/MMB29P) AppleWebKit/537.36 (KHTML, like Gecko) Chrome/140.0.7339.127 Mobile Safari/537.36 (compatible; Googlebot/2.1; +http://www.google.com/bot.html)" 269 **0/269544**
66.249.70.39 - - [14/Sep/2025:05:19:44 -0700] "GET /market307503945?kg=0307023358 HTTP/1.1" 200 21355 "-" "Mozilla/5.0 (Linux; Android 6.0.1; Nexus 5X Build/MMB29P) AppleWebKit/537.36 (KHTML, like Gecko) Chrome/140.0.7339.127 Mobile Safari/537.36 (compatible; Googlebot/2.1; +http://www.google.com/bot.html)" 260 **0/260330**
66.249.70.34 - - [14/Sep/2025:05:19:44 -0700] "GET /market567445589?kg=0566558206 HTTP/1.1" 200 22706 "-" "Mozilla/5.0 (Linux; Android 6.0.1; Nexus 5X Build/MMB29P) AppleWebKit/537.36 (KHTML, like Gecko) Chrome/140.0.7339.127 Mobile Safari/537.36 (compatible; Googlebot/2.1; +http://www.google.com/bot.html)" 256 **0/256178**
66.249.70.34 - - [14/Sep/2025:05:19:45 -0700] "GET /market107339949?kg=0107172606 HTTP/1.1" 200 21893 "-" "Mozilla/5.0 (Linux; Android 6.0.1; Nexus 5X Build/MMB29P) AppleWebKit/537.36 (KHTML, like Gecko) Chrome/140.0.7339.127 Mobile Safari/537.36 (compatible; Googlebot/2.1; +http://www.google.com/bot.html)" 268 **0/268724**
66.249.70.37 - - [14/Sep/2025:05:19:45 -0700] "GET /market123812191?kg=0123619070 HTTP/1.1" 200 21628 "-" "Mozilla/5.0 (Linux; Android 6.0.1; Nexus 5X Build/MMB29P) AppleWebKit/537.36 (KHTML, like Gecko) Chrome/140.0.7339.127 Mobile Safari/537.36 (compatible; Googlebot/2.1; +http://www.google.com/bot.html)" 298 **0/298558**
66.249.70.32 - - [14/Sep/2025:05:19:45 -0700] "GET /market307424334?kg=0306943870 HTTP/1.1" 200 22261 "-" "Mozilla/5.0 (Linux; Android 6.0.1; Nexus 5X Build/MMB29P) AppleWebKit/537.36 (KHTML, like Gecko) Chrome/140.0.7339.127 Mobile Safari/537.36 (compatible; Googlebot/2.1; +http://www.google.com/bot.html)" 272 **0/272151**
66.249.64.2 - - [14/Sep/2025:05:19:45 -0700] "GET /?m=116323804930&filter=7aaa84&share_to_url=article.php?shop/customer/bookmark.aspx HTTP/1.1" 200 22633 "-" "Mozilla/5.0 (Linux; Android 6.0.1; Nexus 5X Build/MMB29P) AppleWebKit/537.36 (KHTML, like Gecko) Chrome/140.0.7339.127 Mobile Safari/537.36 (compatible; Googlebot/2.1; +http://www.google.com/bot.html)" 307 **0/307831**
66.249.70.37 - - [14/Sep/2025:05:19:46 -0700] "GET /market307713042?kg=0307232126 HTTP/1.1" 200 22379 "-" "Mozilla/5.0 (Linux; Android 6.0.1; Nexus 5X Build/MMB29P) AppleWebKit/537.36 (KHTML, like Gecko) Chrome/140.0.7339.127 Mobile Safari/537.36 (compatible; Googlebot/2.1; +http://www.google.com/bot.html)" 262 **0/262951**
136.243.228.194 - - [14/Sep/2025:05:19:46 -0700] "GET /market94469375?path=/home/vgijpbeijziw/public_html/BEYONDBREATH.IN HTTP/1.1" 200 2704 "-" "Mozilla/5.0 (compatible; DataForSeoBot/1.0; +https://dataforseo.com/dataforseo-bot)" 700 **0/700518**
66.249.70.36 - - [14/Sep/2025:05:19:47 -0700] "GET /market287893095?kg=0287443198 HTTP/1.1" 200 22182 "-" "Mozilla/5.0 (Linux; Android 6.0.1; Nexus 5X Build/MMB29P) AppleWebKit/537.36 (KHTML, like Gecko) Chrome/140.0.7339.127 Mobile Safari/537.36 (compatible; Googlebot/2.1; +http://www.google.com/bot.html)" 250 **0/250217**
66.249.70.36 - - [14/Sep/2025:05:19:47 -0700] "GET /market307499075?kg=0307018494 HTTP/1.1" 200 22497 "-" "Mozilla/5.0 (Linux; Android 6.0.1; Nexus 5X Build/MMB29P) AppleWebKit/537.36 (KHTML, like Gecko) Chrome/140.0.7339.127 Mobile Safari/537.36 (compatible; Googlebot/2.1; +http://www.google.com/bot.html)" 274 **0/274944**
66.249.70.37 - - [14/Sep/2025:05:19:48 -0700] "GET /market568633368?kg=0567744126 HTTP/1.1" 200 22938 "-" "Mozilla/5.0 (Linux; Android 6.0.1; Nexus 5X Build/MMB29P) AppleWebKit/537.36 (KHTML, like Gecko) Chrome/140.0.7339.127 Mobile Safari/537.36 (compatible; Googlebot/2.1; +http://www.google.com/bot.html)" 285 **0/285621**
66.249.70.39 - - [14/Sep/2025:05:19:48 -0700] "GET /market546870286?kg=0546015102 HTTP/1.1" 200 22359 "-" "Mozilla/5.0 (Linux; Android 6.0.1; Nexus 5X Build/MMB29P) AppleWebKit/537.36 (KHTML, like Gecko) Chrome/140.0.7339.127 Mobile Safari/537.36 (compatible; Googlebot/2.1; +http://www.google.com/bot.html)" 322 **0/322774**
66.249.70.32 - - [14/Sep/2025:05:19:49 -0700] "GET /market574714563?kg=0573815806 HTTP/1.1" 200 22464 "-" "Mozilla/5.0 (Linux; Android 6.0.1; Nexus 5X Build/MMB29P) AppleWebKit/537.36 (KHTML, like Gecko) Chrome/140.0.7339.127 Mobile Safari/537.36 (compatible; Googlebot/2.1; +http://www.google.com/bot.html)" 283 **0/283311**
66.249.70.35 - - [14/Sep/2025:05:19:49 -0700] "GET /?market4658554?kg=0004651902 HTTP/1.1" 200 22083 "-" "Mozilla/5.0 (Linux; Android 6.0.1; Nexus 5X Build/MMB29P) AppleWebKit/537.36 (KHTML, like Gecko) Chrome/140.0.7339.127 Mobile Safari/537.36 (compatible; Googlebot/2.1; +http://www.google.com/bot.html)" 257 **0/257004**
66.249.70.38 - - [14/Sep/2025:05:19:49 -0700] "GET /market307518047?kg=0307037438 HTTP/1.1" 200 22830 "-" "Mozilla/5.0 (Linux; Android 6.0.1; Nexus 5X Build/MMB29P) AppleWebKit/537.36 (KHTML, like Gecko) Chrome/140.0.7339.127 Mobile Safari/537.36 (compatible; Googlebot/2.1; +http://www.google.com/bot.html)" 257 **0/257290**
136.243.228.194 - - [14/Sep/2025:05:19:50 -0700] "GET /market94469375?fileloc=/home/vgijpbeijziw/public_html/deleteme.wp55b873b5f24f42629c7b0afad515d55d.php&path=/home/vgijpbeijziw/public_html HTTP/1.1" 200 6075 "-" "Mozilla/5.0 (compatible; DataForSeoBot/1.0; +https://dataforseo.com/dataforseo-bot)" 435 **0/435053**
66.249.64.3 - - [14/Sep/2025:05:19:50 -0700] "GET /market66239339?kg=0066136318 HTTP/1.1" 200 22300 "-" "Mozilla/5.0 (Linux; Android 6.0.1; Nexus 5X Build/MMB29P) AppleWebKit/537.36 (KHTML, like Gecko) Chrome/140.0.7339.127 Mobile Safari/537.36 (compatible; Googlebot/2.1; +http://www.google.com/bot.html)" 270 **0/270999**
66.249.70.34 - - [14/Sep/2025:05:19:50 -0700] "GET /market546766315?kg=0545911294 HTTP/1.1" 200 23670 "-" "Mozilla/5.0 (Linux; Android 6.0.1; Nexus 5X Build/MMB29P) AppleWebKit/537.36 (KHTML, like Gecko) Chrome/140.0.7339.127 Mobile Safari/537.36 (compatible; Googlebot/2.1; +http://www.google.com/bot.html)" 265 **0/265459**
66.249.70.39 - - [14/Sep/2025:05:19:51 -0700] "GET /market546796827?kg=0545941758 HTTP/1.1" 200 22521 "-" "Mozilla/5.0 (Linux; Android 6.0.1; Nexus 5X Build/MMB29P) AppleWebKit/537.36 (KHTML, like Gecko) Chrome/140.0.7339.127 Mobile Safari/537.36 (compatible; Googlebot/2.1; +http://www.google.com/bot.html)" 244 **0/244731**
66.249.64.6 - - [14/Sep/2025:05:19:53 -0700] "GET /?m=100943032930&filter=58bbb7&share_to_url=shop.php?reserve/tool/ HTTP/1.1" 200 22679 "-" "Mozilla/5.0 (Linux; Android 6.0.1; Nexus 5X Build/MMB29P) AppleWebKit/537.36 (KHTML, like Gecko) Chrome/140.0.7339.127 Mobile Safari/537.36 (compatible; Googlebot/2.1; +http://www.google.com/bot.html)" 295 **0/295766**
136.243.228.194 - - [14/Sep/2025:05:19:53 -0700] "GET /market94469375?fileloc=/home/vgijpbeijziw/public_html/deleteme.wp38a165e166204a30be44e69ce81ff7ec.php&path=/home/vgijpbeijziw/public_html HTTP/1.1" 200 6075 "-" "Mozilla/5.0 (compatible; DataForSeoBot/1.0; +https://dataforseo.com/dataforseo-bot)" 354 **0/354832**
66.249.70.35 - - [14/Sep/2025:05:19:53 -0700] "GET /market546878619?kg=0546023422 HTTP/1.1" 200 22164 "-" "Mozilla/5.0 (Linux; Android 6.0.1; Nexus 5X Build/MMB29P) AppleWebKit/537.36 (KHTML, like Gecko) Chrome/140.0.7339.127 Mobile Safari/537.36 (compatible; Googlebot/2.1; +http://www.google.com/bot.html)" 275 **0/275594**
66.249.70.32 - - [14/Sep/2025:05:19:54 -0700] "GET /market546881824?kg=0546026622 HTTP/1.1" 200 22292 "-" "Mozilla/5.0 (Linux; Android 6.0.1; Nexus 5X Build/MMB29P) AppleWebKit/537.36 (KHTML, like Gecko) Chrome/140.0.7339.127 Mobile Safari/537.36 (compatible; Googlebot/2.1; +http://www.google.com/bot.html)" 301 **0/301681**
66.249.70.36 - - [14/Sep/2025:05:19:55 -0700] "GET /market546734007?kg=0545879038 HTTP/1.1" 200 22643 "-" "Mozilla/5.0 (Linux; Android 6.0.1; Nexus 5X Build/MMB29P) AppleWebKit/537.36 (KHTML, like Gecko) Chrome/140.0.7339.127 Mobile Safari/537.36 (compatible; Googlebot/2.1; +http://www.google.com/bot.html)" 266 **0/266746**
66.249.70.36 - - [14/Sep/2025:05:19:56 -0700] "GET /market547188478?kg=0546332798 HTTP/1.1" 200 22783 "-" "Mozilla/5.0 (Linux; Android 6.0.1; Nexus 5X Build/MMB29P) AppleWebKit/537.36 (KHTML, like Gecko) Chrome/140.0.7339.127 Mobile Safari/537.36 (compatible; Googlebot/2.1; +http://www.google.com/bot.html)" 246 **0/246606**
66.249.70.32 - - [14/Sep/2025:05:19:57 -0700] "GET /market546788236?kg=0545933182 HTTP/1.1" 200 24065 "-" "Mozilla/5.0 (Linux; Android 6.0.1; Nexus 5X Build/MMB29P) AppleWebKit/537.36 (KHTML, like Gecko) Chrome/140.0.7339.127 Mobile Safari/537.36 (compatible; Googlebot/2.1; +http://www.google.com/bot.html)" 306 **0/306105**
136.243.228.194 - - [14/Sep/2025:05:19:57 -0700] "GET /market94469375?fileloc=/home/vgijpbeijziw/public_html/wp-activate.php&path=/home/vgijpbeijziw/public_html HTTP/1.1" 200 4683 "-" "Mozilla/5.0 (compatible; DataForSeoBot/1.0; +https://dataforseo.com/dataforseo-bot)" 510 **0/510531**
66.249.70.39 - - [14/Sep/2025:05:19:58 -0700] "GET /market546735547?kg=0545880574 HTTP/1.1" 200 22478 "-" "Mozilla/5.0 (Linux; Android 6.0.1; Nexus 5X Build/MMB29P) AppleWebKit/537.36 (KHTML, like Gecko) Chrome/140.0.7339.127 Mobile Safari/537.36 (compatible; Googlebot/2.1; +http://www.google.com/bot.html)" 349 **0/349124**
107.180.57.159 - - [14/Sep/2025:05:14:58 -0700] "GET /ARTOFLIVINGDELHI.ORG/img/img/index.php?ARRAY=7o2230223n313735373835353639382p2231223n22687474703n5p2s5p2s7n733534307631336o6s2r62616o65742r6s6r655p2s3s6p633q7068705s636s64655s6n6326743q313735373835323039382q3431396631316339323939356434613566373365653961616463666466386639222p2232223n223231373437653765346636383135333730316436643235653234353630626162222p2233223n226231616666386161376538363561333763653066363134633539323434666263222p226175746s5s66696p655s6r616q65223n6r756p6p2p226175746s5s70617373223n6r756p6p2p2262696r675s70617373223n2231382q33392q35352q36322q37372q39302q3239227q HTTP/1.1" 503 92606 "-" "-" 300845 **300/300845400**
66.249.70.37 - - [14/Sep/2025:05:19:58 -0700] "GET /market366814042?kg=0366240638 HTTP/1.1" 200 22870 "-" "Mozilla/5.0 (Linux; Android 6.0.1; Nexus 5X Build/MMB29P) AppleWebKit/537.36 (KHTML, like Gecko) Chrome/140.0.7339.127 Mobile Safari/537.36 (compatible; Googlebot/2.1; +http://www.google.com/bot.html)" 391 **0/391772**
66.249.70.36 - - [14/Sep/2025:05:19:59 -0700] "GET /market307423693?kg=0306943230 HTTP/1.1" 200 22485 "-" "Mozilla/5.0 (Linux; Android 6.0.1; Nexus 5X Build/MMB29P) AppleWebKit/537.36 (KHTML, like Gecko) Chrome/140.0.7339.127 Mobile Safari/537.36 (compatible; Googlebot/2.1; +http://www.google.com/bot.html)" 275 **0/275080**
66.249.70.33 - - [14/Sep/2025:05:20:00 -0700] "GET /market307545995?kg=0307065342 HTTP/1.1" 200 23189 "-" "Mozilla/5.0 (Linux; Android 6.0.1; Nexus 5X Build/MMB29P) AppleWebKit/537.36 (KHTML, like Gecko) Chrome/140.0.7339.127 Mobile Safari/537.36 (compatible; Googlebot/2.1; +http://www.google.com/bot.html)" 291 **0/291716**
66.249.70.33 - - [14/Sep/2025:05:20:01 -0700] "GET /market546827595?kg=0545972478 HTTP/1.1" 200 21826 "-" "Mozilla/5.0 (Linux; Android 6.0.1; Nexus 5X Build/MMB29P) AppleWebKit/537.36 (KHTML, like Gecko) Chrome/140.0.7339.127 Mobile Safari/537.36 (compatible; Googlebot/2.1; +http://www.google.com/bot.html)" 348 **0/348356**
136.243.228.194 - - [14/Sep/2025:05:20:01 -0700] "GET /market94469375?fileloc=/home/vgijpbeijziw/public_html/deleteme.wp3e2db6ec46f045289220a38b09b0888c.php&path=/home/vgijpbeijziw/public_html HTTP/1.1" 200 6074 "-" "Mozilla/5.0 (compatible; DataForSeoBot/1.0; +https://dataforseo.com/dataforseo-bot)" 758 **0/758263**
66.249.70.37 - - [14/Sep/2025:05:20:02 -0700] "GET /market574761999?kg=0573863166 HTTP/1.1" 200 21857 "-" "Mozilla/5.0 (Linux; Android 6.0.1; Nexus 5X Build/MMB29P) AppleWebKit/537.36 (KHTML, like Gecko) Chrome/140.0.7339.127 Mobile Safari/537.36 (compatible; Googlebot/2.1; +http://www.google.com/bot.html)" 321 **0/321055**
66.249.70.33 - - [14/Sep/2025:05:20:03 -0700] "GET /market307715989?kg=0307235070 HTTP/1.1" 200 22788 "-" "Mozilla/5.0 (Linux; Android 6.0.1; Nexus 5X Build/MMB29P) AppleWebKit/537.36 (KHTML, like Gecko) Chrome/140.0.7339.127 Mobile Safari/537.36 (compatible; Googlebot/2.1; +http://www.google.com/bot.html)" 308 **0/308326**
66.249.70.38 - - [14/Sep/2025:05:20:04 -0700] "GET /market546732342?kg=0545877374 HTTP/1.1" 200 22595 "-" "Mozilla/5.0 (Linux; Android 6.0.1; Nexus 5X Build/MMB29P) AppleWebKit/537.36 (KHTML, like Gecko) Chrome/140.0.7339.127 Mobile Safari/537.36 (compatible; Googlebot/2.1; +http://www.google.com/bot.html)" 313 **0/313816**
66.249.70.37 - - [14/Sep/2025:05:20:05 -0700] "GET /market546868363?kg=0546013182 HTTP/1.1" 200 22208 "-" "Mozilla/5.0 (Linux; Android 6.0.1; Nexus 5X Build/MMB29P) AppleWebKit/537.36 (KHTML, like Gecko) Chrome/140.0.7339.127 Mobile Safari/537.36 (compatible; Googlebot/2.1; +http://www.google.com/bot.html)" 285 **0/285600**
66.249.70.34 - - [14/Sep/2025:05:20:05 -0700] "GET /market1868455805?kg=1865532414 HTTP/1.1" 200 22395 "-" "Mozilla/5.0 (Linux; Android 6.0.1; Nexus 5X Build/MMB29P) AppleWebKit/537.36 (KHTML, like Gecko) Chrome/140.0.7339.127 Mobile Safari/537.36 (compatible; Googlebot/2.1; +http://www.google.com/bot.html)" 301 **0/301632**
66.249.64.1 - - [14/Sep/2025:05:20:06 -0700] "GET /?market45824032?kg=0045752958 HTTP/1.1" 200 24637 "-" "Mozilla/5.0 (Linux; Android 6.0.1; Nexus 5X Build/MMB29P) AppleWebKit/537.36 (KHTML, like Gecko) Chrome/140.0.7339.127 Mobile Safari/537.36 (compatible; Googlebot/2.1; +http://www.google.com/bot.html)" 300 **0/300162**
66.249.70.36 - - [14/Sep/2025:05:20:06 -0700] "GET /market546879002?kg=0546023806 HTTP/1.1" 200 22416 "-" "Mozilla/5.0 (Linux; Android 6.0.1; Nexus 5X Build/MMB29P) AppleWebKit/537.36 (KHTML, like Gecko) Chrome/140.0.7339.127 Mobile Safari/537.36 (compatible; Googlebot/2.1; +http://www.google.com/bot.html)" 291 **0/291155**
66.249.70.36 - - [14/Sep/2025:05:20:06 -0700] "GET /market1862836517?kg=1859921918 HTTP/1.1" 200 21875 "-" "Mozilla/5.0 (Linux; Android 6.0.1; Nexus 5X Build/MMB29P) AppleWebKit/537.36 (KHTML, like Gecko) Chrome/140.0.7339.127 Mobile Safari/537.36 (compatible; Googlebot/2.1; +http://www.google.com/bot.html)" 336 **0/336265**
136.243.228.194 - - [14/Sep/2025:05:20:06 -0700] "GET /market94469375?fileloc=/home/vgijpbeijziw/public_html/wp-settings.php&path=/home/vgijpbeijziw/public_html HTTP/1.1" 200 8239 "-" "Mozilla/5.0 (compatible; DataForSeoBot/1.0; +https://dataforseo.com/dataforseo-bot)" 848 **0/848966**
66.249.70.36 - - [14/Sep/2025:05:20:07 -0700] "GET /market569889476?kg=0568998270 HTTP/1.1" 200 22339 "-" "Mozilla/5.0 (Linux; Android 6.0.1; Nexus 5X Build/MMB29P) AppleWebKit/537.36 (KHTML, like Gecko) Chrome/140.0.7339.127 Mobile Safari/537.36 (compatible; Googlebot/2.1; +http://www.google.com/bot.html)" 282 **0/282456**
66.249.70.32 - - [14/Sep/2025:05:20:07 -0700] "GET /market546851312?kg=0545996158 HTTP/1.1" 200 21931 "-" "Mozilla/5.0 (Linux; Android 6.0.1; Nexus 5X Build/MMB29P) AppleWebKit/537.36 (KHTML, like Gecko) Chrome/140.0.7339.127 Mobile Safari/537.36 (compatible; Googlebot/2.1; +http://www.google.com/bot.html)" 261 **0/261001**
66.249.70.34 - - [14/Sep/2025:05:20:07 -0700] "GET /market8769434?kg=0008756350 HTTP/1.1" 200 22416 "-" "Mozilla/5.0 (Linux; Android 6.0.1; Nexus 5X Build/MMB29P) AppleWebKit/537.36 (KHTML, like Gecko) Chrome/140.0.7339.127 Mobile Safari/537.36 (compatible; Googlebot/2.1; +http://www.google.com/bot.html)" 258 **0/258802**
66.249.70.34 - - [14/Sep/2025:05:20:07 -0700] "GET /market547205146?kg=0546349438 HTTP/1.1" 200 22425 "-" "Mozilla/5.0 (Linux; Android 6.0.1; Nexus 5X Build/MMB29P) AppleWebKit/537.36 (KHTML, like Gecko) Chrome/140.0.7339.127 Mobile Safari/537.36 (compatible; Googlebot/2.1; +http://www.google.com/bot.html)" 293 **0/293085**
66.249.70.39 - - [14/Sep/2025:05:20:08 -0700] "GET /market546846825?kg=0545991678 HTTP/1.1" 200 21718 "-" "Mozilla/5.0 (Linux; Android 6.0.1; Nexus 5X Build/MMB29P) AppleWebKit/537.36 (KHTML, like Gecko) Chrome/140.0.7339.127 Mobile Safari/537.36 (compatible; Googlebot/2.1; +http://www.google.com/bot.html)" 294 **0/294715**
136.243.228.194 - - [14/Sep/2025:05:20:09 -0700] "GET /market94469375?path=/home/vgijpbeijziw/public_html HTTP/1.1" 200 4274 "-" "Mozilla/5.0 (compatible; DataForSeoBot/1.0; +https://dataforseo.com/dataforseo-bot)" 400 **0/400595**
66.249.70.35 - - [14/Sep/2025:05:20:10 -0700] "GET /market547176557?kg=0546320894 HTTP/1.1" 200 22450 "-" "Mozilla/5.0 (Linux; Android 6.0.1; Nexus 5X Build/MMB29P) AppleWebKit/537.36 (KHTML, like Gecko) Chrome/140.0.7339.127 Mobile Safari/537.36 (compatible; Googlebot/2.1; +http://www.google.com/bot.html)" 278 **0/278896**
66.249.64.3 - - [14/Sep/2025:05:20:10 -0700] "GET /?m=91804120930&filter=7fd1ee&share_to_url=item.php?shop/customer/bookmark.aspx HTTP/1.1" 200 22634 "-" "Mozilla/5.0 (Linux; Android 6.0.1; Nexus 5X Build/MMB29P) AppleWebKit/537.36 (KHTML, like Gecko) Chrome/140.0.7339.127 Mobile Safari/537.36 (compatible; Googlebot/2.1; +http://www.google.com/bot.html)" 307 **0/307519**
66.249.70.33 - - [14/Sep/2025:05:20:11 -0700] "GET /market568094539?kg=0567206142 HTTP/1.1" 200 23114 "-" "Mozilla/5.0 (Linux; Android 6.0.1; Nexus 5X Build/MMB29P) AppleWebKit/537.36 (KHTML, like Gecko) Chrome/140.0.7339.127 Mobile Safari/537.36 (compatible; Googlebot/2.1; +http://www.google.com/bot.html)" 259 **0/259489**
66.249.70.39 - - [14/Sep/2025:05:20:11 -0700] "GET /market546874773?kg=0546019582 HTTP/1.1" 200 24950 "-" "Mozilla/5.0 (Linux; Android 6.0.1; Nexus 5X Build/MMB29P) AppleWebKit/537.36 (KHTML, like Gecko) Chrome/140.0.7339.127 Mobile Safari/537.36 (compatible; Googlebot/2.1; +http://www.google.com/bot.html)" 273 **0/273635**
66.249.70.32 - - [14/Sep/2025:05:20:12 -0700] "GET /market307484973?kg=0307004414 HTTP/1.1" 200 22075 "-" "Mozilla/5.0 (Linux; Android 6.0.1; Nexus 5X Build/MMB29P) AppleWebKit/537.36 (KHTML, like Gecko) Chrome/140.0.7339.127 Mobile Safari/537.36 (compatible; Googlebot/2.1; +http://www.google.com/bot.html)" 267 **0/267024**
66.249.70.35 - - [14/Sep/2025:05:20:13 -0700] "GET /market546801955?kg=0545946878 HTTP/1.1" 200 22201 "-" "Mozilla/5.0 (Linux; Android 6.0.1; Nexus 5X Build/MMB29P) AppleWebKit/537.36 (KHTML, like Gecko) Chrome/140.0.7339.127 Mobile Safari/537.36 (compatible; Googlebot/2.1; +http://www.google.com/bot.html)" 264 **0/264533**
136.243.228.194 - - [14/Sep/2025:05:20:13 -0700] "GET /market94469375?path=/home/vgijpbeijziw/public_html/ARTOFLIVINGDELHI.ORG HTTP/1.1" 200 2951 "-" "Mozilla/5.0 (compatible; DataForSeoBot/1.0; +https://dataforseo.com/dataforseo-bot)" 626 **0/626236**
66.249.70.39 - - [14/Sep/2025:05:20:14 -0700] "GET /market307512278?kg=0307031678 HTTP/1.1" 200 23814 "-" "Mozilla/5.0 (Linux; Android 6.0.1; Nexus 5X Build/MMB29P) AppleWebKit/537.36 (KHTML, like Gecko) Chrome/140.0.7339.127 Mobile Safari/537.36 (compatible; Googlebot/2.1; +http://www.google.com/bot.html)" 365 **0/365757**
66.249.70.34 - - [14/Sep/2025:05:20:15 -0700] "GET /market546829518?kg=0545974398 HTTP/1.1" 200 21956 "-" "Mozilla/5.0 (Linux; Android 6.0.1; Nexus 5X Build/MMB29P) AppleWebKit/537.36 (KHTML, like Gecko) Chrome/140.0.7339.127 Mobile Safari/537.36 (compatible; Googlebot/2.1; +http://www.google.com/bot.html)" 281 **0/281214**
66.249.70.39 - - [14/Sep/2025:05:20:16 -0700] "GET /market546833106?kg=0545977982 HTTP/1.1" 200 24527 "-" "Mozilla/5.0 (Linux; Android 6.0.1; Nexus 5X Build/MMB29P) AppleWebKit/537.36 (KHTML, like Gecko) Chrome/140.0.7339.127 Mobile Safari/537.36 (compatible; Googlebot/2.1; +http://www.google.com/bot.html)" 276 **0/276439**
66.249.70.34 - - [14/Sep/2025:05:20:16 -0700] "GET /market529079372?kg=0528252030 HTTP/1.1" 200 23132 "-" "Mozilla/5.0 (Linux; Android 6.0.1; Nexus 5X Build/MMB29P) AppleWebKit/537.36 (KHTML, like Gecko) Chrome/140.0.7339.127 Mobile Safari/537.36 (compatible; Googlebot/2.1; +http://www.google.com/bot.html)" 269 **0/269145**
66.249.70.39 - - [14/Sep/2025:05:20:16 -0700] "GET /market546860286?kg=0546005118 HTTP/1.1" 200 21798 "-" "Mozilla/5.0 (Linux; Android 6.0.1; Nexus 5X Build/MMB29P) AppleWebKit/537.36 (KHTML, like Gecko) Chrome/140.0.7339.127 Mobile Safari/537.36 (compatible; Googlebot/2.1; +http://www.google.com/bot.html)" 326 **0/326852**
66.249.70.33 - - [14/Sep/2025:05:20:17 -0700] "GET /market546785289?kg=0545930238 HTTP/1.1" 200 22662 "-" "Mozilla/5.0 (Linux; Android 6.0.1; Nexus 5X Build/MMB29P) AppleWebKit/537.36 (KHTML, like Gecko) Chrome/140.0.7339.127 Mobile Safari/537.36 (compatible; Googlebot/2.1; +http://www.google.com/bot.html)" 269 **0/269263**
