66.249.70.34 - - [14/Sep/2025:05:40:39 -0700] "GET /market1912974114?kg=1909981054 HTTP/1.1" 200 21851 "-" "Mozilla/5.0 (Linux; Android 6.0.1; Nexus 5X Build/MMB29P) AppleWebKit/537.36 (KHTML, like Gecko) Chrome/140.0.7339.127 Mobile Safari/537.36 (compatible; Googlebot/2.1; +http://www.google.com/bot.html)" 266 **0/266852**
66.249.70.39 - - [14/Sep/2025:05:40:40 -0700] "GET /market28787194?kg=0028742782 HTTP/1.1" 200 22106 "-" "Mozilla/5.0 (Linux; Android 6.0.1; Nexus 5X Build/MMB29P) AppleWebKit/537.36 (KHTML, like Gecko) Chrome/140.0.7339.127 Mobile Safari/537.36 (compatible; Googlebot/2.1; +http://www.google.com/bot.html)" 277 **0/277017**
66.249.64.10 - - [14/Sep/2025:05:40:40 -0700] "GET /market72835646?kg=0072722302 HTTP/1.1" 200 21630 "-" "Mozilla/5.0 (Linux; Android 6.0.1; Nexus 5X Build/MMB29P) AppleWebKit/537.36 (KHTML, like Gecko) Chrome/140.0.7339.127 Mobile Safari/537.36 (compatible; Googlebot/2.1; +http://www.google.com/bot.html)" 268 **0/268340**
66.249.64.6 - - [14/Sep/2025:05:40:40 -0700] "GET /?m=97054982930&filter=f6254f&share_to_url=shopdetail.php?jukyuban/ HTTP/1.1" 200 22625 "-" "Mozilla/5.0 (Linux; Android 6.0.1; Nexus 5X Build/MMB29P) AppleWebKit/537.36 (KHTML, like Gecko) Chrome/140.0.7339.127 Mobile Safari/537.36 (compatible; Googlebot/2.1; +http://www.google.com/bot.html)" 309 **0/309558**
66.249.70.37 - - [14/Sep/2025:05:40:40 -0700] "GET /market1912944243?kg=1909951230 HTTP/1.1" 200 24351 "-" "Mozilla/5.0 (Linux; Android 6.0.1; Nexus 5X Build/MMB29P) AppleWebKit/537.36 (KHTML, like Gecko) Chrome/140.0.7339.127 Mobile Safari/537.36 (compatible; Googlebot/2.1; +http://www.google.com/bot.html)" 297 **0/297677**
66.249.70.35 - - [14/Sep/2025:05:40:40 -0700] "GET /market367533121?kg=0366958590 HTTP/1.1" 200 21739 "-" "Mozilla/5.0 (Linux; Android 6.0.1; Nexus 5X Build/MMB29P) AppleWebKit/537.36 (KHTML, like Gecko) Chrome/140.0.7339.127 Mobile Safari/537.36 (compatible; Googlebot/2.1; +http://www.google.com/bot.html)" 261 **0/261874**
66.249.64.5 - - [14/Sep/2025:05:40:40 -0700] "GET /?m=97054982930&filter=f6254f&share_to_url=shopdetail.php?shop/category/categorylist.aspx HTTP/1.1" 200 22769 "-" "Mozilla/5.0 (Linux; Android 6.0.1; Nexus 5X Build/MMB29P) AppleWebKit/537.36 (KHTML, like Gecko) Chrome/140.0.7339.127 Mobile Safari/537.36 (compatible; Googlebot/2.1; +http://www.google.com/bot.html)" 308 **0/308193**
66.249.70.39 - - [14/Sep/2025:05:40:41 -0700] "GET /market28767065?kg=0028722686 HTTP/1.1" 200 22620 "-" "Mozilla/5.0 (Linux; Android 6.0.1; Nexus 5X Build/MMB29P) AppleWebKit/537.36 (KHTML, like Gecko) Chrome/140.0.7339.127 Mobile Safari/537.36 (compatible; Googlebot/2.1; +http://www.google.com/bot.html)" 267 **0/267437**
66.249.64.8 - - [14/Sep/2025:05:40:41 -0700] "GET /?m=97054982930&filter=f6254f&share_to_url=shopdetail.php?shop/customer/entry.aspx HTTP/1.1" 200 22752 "-" "Mozilla/5.0 (Linux; Android 6.0.1; Nexus 5X Build/MMB29P) AppleWebKit/537.36 (KHTML, like Gecko) Chrome/140.0.7339.127 Mobile Safari/537.36 (compatible; Googlebot/2.1; +http://www.google.com/bot.html)" 310 **0/310091**
66.249.70.37 - - [14/Sep/2025:05:40:41 -0700] "GET /market28795912?kg=0028751486 HTTP/1.1" 200 22435 "-" "Mozilla/5.0 (Linux; Android 6.0.1; Nexus 5X Build/MMB29P) AppleWebKit/537.36 (KHTML, like Gecko) Chrome/140.0.7339.127 Mobile Safari/537.36 (compatible; Googlebot/2.1; +http://www.google.com/bot.html)" 258 **0/258998**
66.249.70.34 - - [14/Sep/2025:05:40:41 -0700] "GET /market68964758?kg=0068857470 HTTP/1.1" 200 21962 "-" "Mozilla/5.0 (Linux; Android 6.0.1; Nexus 5X Build/MMB29P) AppleWebKit/537.36 (KHTML, like Gecko) Chrome/140.0.7339.127 Mobile Safari/537.36 (compatible; Googlebot/2.1; +http://www.google.com/bot.html)" 263 **0/263771**
66.249.70.38 - - [14/Sep/2025:05:40:41 -0700] "GET /market98168731?kg=0098015742 HTTP/1.1" 200 22629 "-" "Mozilla/5.0 (Linux; Android 6.0.1; Nexus 5X Build/MMB29P) AppleWebKit/537.36 (KHTML, like Gecko) Chrome/140.0.7339.127 Mobile Safari/537.36 (compatible; Googlebot/2.1; +http://www.google.com/bot.html)" 282 **0/282677**
136.243.228.194 - - [14/Sep/2025:05:40:41 -0700] "GET /market94258099?path=/home/vgijpbeijziw/public_html/artoflivingdelhi.org HTTP/1.1" 200 2944 "-" "Mozilla/5.0 (compatible; DataForSeoBot/1.0; +https://dataforseo.com/dataforseo-bot)" 404 **0/404691**
66.249.64.11 - - [14/Sep/2025:05:40:42 -0700] "GET /?m=97054982930&filter=f6254f&share_to_url=shopdetail.php?shop/cart/cart.aspx HTTP/1.1" 200 22279 "-" "Mozilla/5.0 (Linux; Android 6.0.1; Nexus 5X Build/MMB29P) AppleWebKit/537.36 (KHTML, like Gecko) Chrome/140.0.7339.127 Mobile Safari/537.36 (compatible; Googlebot/2.1; +http://www.google.com/bot.html)" 295 **0/295770**
66.249.70.37 - - [14/Sep/2025:05:40:42 -0700] "GET /market55035758?kg=0054950270 HTTP/1.1" 200 22643 "-" "Mozilla/5.0 (Linux; Android 6.0.1; Nexus 5X Build/MMB29P) AppleWebKit/537.36 (KHTML, like Gecko) Chrome/140.0.7339.127 Mobile Safari/537.36 (compatible; Googlebot/2.1; +http://www.google.com/bot.html)" 282 **0/282105**
66.249.70.32 - - [14/Sep/2025:05:40:42 -0700] "GET /market28790782?kg=0028746366 HTTP/1.1" 200 22356 "-" "Mozilla/5.0 (Linux; Android 6.0.1; Nexus 5X Build/MMB29P) AppleWebKit/537.36 (KHTML, like Gecko) Chrome/140.0.7339.127 Mobile Safari/537.36 (compatible; Googlebot/2.1; +http://www.google.com/bot.html)" 246 **0/246701**
66.249.70.35 - - [14/Sep/2025:05:40:42 -0700] "GET /market30082788?kg=0030036350 HTTP/1.1" 200 22531 "-" "Mozilla/5.0 (Linux; Android 6.0.1; Nexus 5X Build/MMB29P) AppleWebKit/537.36 (KHTML, like Gecko) Chrome/140.0.7339.127 Mobile Safari/537.36 (compatible; Googlebot/2.1; +http://www.google.com/bot.html)" 280 **0/280800**
66.249.70.38 - - [14/Sep/2025:05:40:42 -0700] "GET /?market24619392?kg=0024581502 HTTP/1.1" 200 22399 "-" "Mozilla/5.0 (Linux; Android 6.0.1; Nexus 5X Build/MMB29P) AppleWebKit/537.36 (KHTML, like Gecko) Chrome/140.0.7339.127 Mobile Safari/537.36 (compatible; Googlebot/2.1; +http://www.google.com/bot.html)" 278 **0/278927**
66.249.64.6 - - [14/Sep/2025:05:40:42 -0700] "GET /?m=97054982930&filter=f6254f&share_to_url=shopdetail.php?information/privacy_policy.html HTTP/1.1" 200 25922 "-" "Mozilla/5.0 (Linux; Android 6.0.1; Nexus 5X Build/MMB29P) AppleWebKit/537.36 (KHTML, like Gecko) Chrome/140.0.7339.127 Mobile Safari/537.36 (compatible; Googlebot/2.1; +http://www.google.com/bot.html)" 352 **0/352755**
66.249.64.2 - - [14/Sep/2025:05:40:42 -0700] "GET /?m=97054982930&filter=f6254f&share_to_url=shopdetail.php?shop/userreview/write.aspx HTTP/1.1" 200 22766 "-" "Mozilla/5.0 (Linux; Android 6.0.1; Nexus 5X Build/MMB29P) AppleWebKit/537.36 (KHTML, like Gecko) Chrome/140.0.7339.127 Mobile Safari/537.36 (compatible; Googlebot/2.1; +http://www.google.com/bot.html)" 318 **0/318669**
66.249.64.8 - - [14/Sep/2025:05:40:43 -0700] "GET /?m=97054982930&filter=f6254f&share_to_url=shopdetail.php?shop/pg/1AgreementInfo/ HTTP/1.1" 200 22815 "-" "Mozilla/5.0 (Linux; Android 6.0.1; Nexus 5X Build/MMB29P) AppleWebKit/537.36 (KHTML, like Gecko) Chrome/140.0.7339.127 Mobile Safari/537.36 (compatible; Googlebot/2.1; +http://www.google.com/bot.html)" 351 **0/351062**
66.249.64.1 - - [14/Sep/2025:05:40:43 -0700] "GET /?m=65419874930&filter=77d8e2&share_to_url=model.php?reserve/tool/ HTTP/1.1" 200 22673 "-" "Mozilla/5.0 (Linux; Android 6.0.1; Nexus 5X Build/MMB29P) AppleWebKit/537.36 (KHTML, like Gecko) Chrome/140.0.7339.127 Mobile Safari/537.36 (compatible; Googlebot/2.1; +http://www.google.com/bot.html)" 364 **0/364142**
66.249.70.35 - - [14/Sep/2025:05:40:43 -0700] "GET /market1912958988?kg=1909965950 HTTP/1.1" 200 22340 "-" "Mozilla/5.0 (Linux; Android 6.0.1; Nexus 5X Build/MMB29P) AppleWebKit/537.36 (KHTML, like Gecko) Chrome/140.0.7339.127 Mobile Safari/537.36 (compatible; Googlebot/2.1; +http://www.google.com/bot.html)" 308 **0/308906**
66.249.64.4 - - [14/Sep/2025:05:40:44 -0700] "GET /?m=97054982930&filter=f6254f&share_to_url=shopdetail.php?shop/customer/bookmark_guest.aspx HTTP/1.1" 200 22358 "-" "Mozilla/5.0 (Linux; Android 6.0.1; Nexus 5X Build/MMB29P) AppleWebKit/537.36 (KHTML, like Gecko) Chrome/140.0.7339.127 Mobile Safari/537.36 (compatible; Googlebot/2.1; +http://www.google.com/bot.html)" 304 **0/304674**
66.249.70.38 - - [14/Sep/2025:05:40:44 -0700] "GET /market69012833?kg=0068905470 HTTP/1.1" 200 23282 "-" "Mozilla/5.0 (Linux; Android 6.0.1; Nexus 5X Build/MMB29P) AppleWebKit/537.36 (KHTML, like Gecko) Chrome/140.0.7339.127 Mobile Safari/537.36 (compatible; Googlebot/2.1; +http://www.google.com/bot.html)" 281 **0/281154**
66.249.70.32 - - [14/Sep/2025:05:40:44 -0700] "GET /market369857911?kg=0369279742 HTTP/1.1" 200 26391 "-" "Mozilla/5.0 (Linux; Android 6.0.1; Nexus 5X Build/MMB29P) AppleWebKit/537.36 (KHTML, like Gecko) Chrome/140.0.7339.127 Mobile Safari/537.36 (compatible; Googlebot/2.1; +http://www.google.com/bot.html)" 307 **0/307555**
66.249.64.8 - - [14/Sep/2025:05:40:44 -0700] "GET /?m=113192586930&filter=5f9aa6&share_to_url=shop.php?shop/pg/1005024164 HTTP/1.1" 200 23236 "-" "Mozilla/5.0 (Linux; Android 6.0.1; Nexus 5X Build/MMB29P) AppleWebKit/537.36 (KHTML, like Gecko) Chrome/140.0.7339.127 Mobile Safari/537.36 (compatible; Googlebot/2.1; +http://www.google.com/bot.html)" 315 **0/315820**
66.249.70.35 - - [14/Sep/2025:05:40:44 -0700] "GET /market131641788?kg=0131436414 HTTP/1.1" 200 22785 "-" "Mozilla/5.0 (Linux; Android 6.0.1; Nexus 5X Build/MMB29P) AppleWebKit/537.36 (KHTML, like Gecko) Chrome/140.0.7339.127 Mobile Safari/537.36 (compatible; Googlebot/2.1; +http://www.google.com/bot.html)" 290 **0/290778**
66.249.70.32 - - [14/Sep/2025:05:40:44 -0700] "GET /market28780784?kg=0028736382 HTTP/1.1" 200 22828 "-" "Mozilla/5.0 (Linux; Android 6.0.1; Nexus 5X Build/MMB29P) AppleWebKit/537.36 (KHTML, like Gecko) Chrome/140.0.7339.127 Mobile Safari/537.36 (compatible; Googlebot/2.1; +http://www.google.com/bot.html)" 319 **0/319828**
66.249.64.8 - - [14/Sep/2025:05:40:45 -0700] "GET /?m=113192586930&filter=5f9aa6&share_to_url=shop.php?shop/customer/bookmark_guest.aspx HTTP/1.1" 200 22368 "-" "Mozilla/5.0 (Linux; Android 6.0.1; Nexus 5X Build/MMB29P) AppleWebKit/537.36 (KHTML, like Gecko) Chrome/140.0.7339.127 Mobile Safari/537.36 (compatible; Googlebot/2.1; +http://www.google.com/bot.html)" 292 **0/292426**
66.249.64.11 - - [14/Sep/2025:05:40:45 -0700] "GET /?m=112422249930&filter=92f1eb&share_to_url=pin.php?shop/e/e009001044001/ HTTP/1.1" 200 21860 "-" "Mozilla/5.0 (Linux; Android 6.0.1; Nexus 5X Build/MMB29P) AppleWebKit/537.36 (KHTML, like Gecko) Chrome/140.0.7339.127 Mobile Safari/537.36 (compatible; Googlebot/2.1; +http://www.google.com/bot.html)" 310 **0/310813**
66.249.70.38 - - [14/Sep/2025:05:40:45 -0700] "GET /market69002960?kg=0068895614 HTTP/1.1" 200 22371 "-" "Mozilla/5.0 (Linux; Android 6.0.1; Nexus 5X Build/MMB29P) AppleWebKit/537.36 (KHTML, like Gecko) Chrome/140.0.7339.127 Mobile Safari/537.36 (compatible; Googlebot/2.1; +http://www.google.com/bot.html)" 300 **0/300332**
66.249.70.35 - - [14/Sep/2025:05:40:45 -0700] "GET /market69021549?kg=0068914174 HTTP/1.1" 200 22601 "-" "Mozilla/5.0 (Linux; Android 6.0.1; Nexus 5X Build/MMB29P) AppleWebKit/537.36 (KHTML, like Gecko) Chrome/140.0.7339.127 Mobile Safari/537.36 (compatible; Googlebot/2.1; +http://www.google.com/bot.html)" 280 **0/280103**
66.249.70.37 - - [14/Sep/2025:05:40:45 -0700] "GET /market216369068?kg=0216031102 HTTP/1.1" 200 23092 "-" "Mozilla/5.0 (Linux; Android 6.0.1; Nexus 5X Build/MMB29P) AppleWebKit/537.36 (KHTML, like Gecko) Chrome/140.0.7339.127 Mobile Safari/537.36 (compatible; Googlebot/2.1; +http://www.google.com/bot.html)" 317 **0/317876**
66.249.70.37 - - [14/Sep/2025:05:40:46 -0700] "GET /market69002577?kg=0068895230 HTTP/1.1" 200 22876 "-" "Mozilla/5.0 (Linux; Android 6.0.1; Nexus 5X Build/MMB29P) AppleWebKit/537.36 (KHTML, like Gecko) Chrome/140.0.7339.127 Mobile Safari/537.36 (compatible; Googlebot/2.1; +http://www.google.com/bot.html)" 399 **0/399111**
66.249.70.32 - - [14/Sep/2025:05:40:46 -0700] "GET /market27527623?kg=0027485182 HTTP/1.1" 200 22801 "-" "Mozilla/5.0 (Linux; Android 6.0.1; Nexus 5X Build/MMB29P) AppleWebKit/537.36 (KHTML, like Gecko) Chrome/140.0.7339.127 Mobile Safari/537.36 (compatible; Googlebot/2.1; +http://www.google.com/bot.html)" 426 **0/426229**
66.249.70.33 - - [14/Sep/2025:05:40:46 -0700] "GET /market378017881?kg=0377426942 HTTP/1.1" 200 23425 "-" "Mozilla/5.0 (Linux; Android 6.0.1; Nexus 5X Build/MMB29P) AppleWebKit/537.36 (KHTML, like Gecko) Chrome/140.0.7339.127 Mobile Safari/537.36 (compatible; Googlebot/2.1; +http://www.google.com/bot.html)" 377 **0/377769**
66.249.64.1 - - [14/Sep/2025:05:40:46 -0700] "GET /?m=113192586930&filter=5f9aa6&share_to_url=shop.php?shop/cart/cart.aspx HTTP/1.1" 200 22237 "-" "Mozilla/5.0 (Linux; Android 6.0.1; Nexus 5X Build/MMB29P) AppleWebKit/537.36 (KHTML, like Gecko) Chrome/140.0.7339.127 Mobile Safari/537.36 (compatible; Googlebot/2.1; +http://www.google.com/bot.html)" 489 **0/489777**
136.243.228.194 - - [14/Sep/2025:05:40:46 -0700] "GET /market94258099?fileloc=/home/vgijpbeijziw/public_html/wp-trackback.php&path=/home/vgijpbeijziw/public_html HTTP/1.1" 200 4084 "-" "Mozilla/5.0 (compatible; DataForSeoBot/1.0; +https://dataforseo.com/dataforseo-bot)" 975 **0/975898**
66.249.70.37 - - [14/Sep/2025:05:40:46 -0700] "GET /market27492368?kg=0027449982 HTTP/1.1" 200 22595 "-" "Mozilla/5.0 (Linux; Android 6.0.1; Nexus 5X Build/MMB29P) AppleWebKit/537.36 (KHTML, like Gecko) Chrome/140.0.7339.127 Mobile Safari/537.36 (compatible; Googlebot/2.1; +http://www.google.com/bot.html)" 396 **0/396211**
66.249.70.36 - - [14/Sep/2025:05:40:47 -0700] "GET /market505820317?kg=0505029374 HTTP/1.1" 200 21810 "-" "Mozilla/5.0 (Linux; Android 6.0.1; Nexus 5X Build/MMB29P) AppleWebKit/537.36 (KHTML, like Gecko) Chrome/140.0.7339.127 Mobile Safari/537.36 (compatible; Googlebot/2.1; +http://www.google.com/bot.html)" 295 **0/295817**
66.249.70.34 - - [14/Sep/2025:05:40:47 -0700] "GET /market27555569?kg=0027513086 HTTP/1.1" 200 22458 "-" "Mozilla/5.0 (Linux; Android 6.0.1; Nexus 5X Build/MMB29P) AppleWebKit/537.36 (KHTML, like Gecko) Chrome/140.0.7339.127 Mobile Safari/537.36 (compatible; Googlebot/2.1; +http://www.google.com/bot.html)" 271 **0/271036**
66.249.64.6 - - [14/Sep/2025:05:40:47 -0700] "GET /?m=113192586930&filter=5f9aa6&share_to_url=shop.php?shop/customer/menu.aspx HTTP/1.1" 200 24863 "-" "Mozilla/5.0 (Linux; Android 6.0.1; Nexus 5X Build/MMB29P) AppleWebKit/537.36 (KHTML, like Gecko) Chrome/140.0.7339.127 Mobile Safari/537.36 (compatible; Googlebot/2.1; +http://www.google.com/bot.html)" 318 **0/318792**
66.249.70.39 - - [14/Sep/2025:05:40:47 -0700] "GET /market67751980?kg=0067646590 HTTP/1.1" 200 22020 "-" "Mozilla/5.0 (Linux; Android 6.0.1; Nexus 5X Build/MMB29P) AppleWebKit/537.36 (KHTML, like Gecko) Chrome/140.0.7339.127 Mobile Safari/537.36 (compatible; Googlebot/2.1; +http://www.google.com/bot.html)" 262 **0/262340**
66.249.64.7 - - [14/Sep/2025:05:40:48 -0700] "GET /?m=113192586930&filter=5f9aa6&share_to_url=shop.php?shop/pg/1005024010/ HTTP/1.1" 200 22787 "-" "Mozilla/5.0 (Linux; Android 6.0.1; Nexus 5X Build/MMB29P) AppleWebKit/537.36 (KHTML, like Gecko) Chrome/140.0.7339.127 Mobile Safari/537.36 (compatible; Googlebot/2.1; +http://www.google.com/bot.html)" 282 **0/282576**
66.249.70.35 - - [14/Sep/2025:05:40:48 -0700] "GET /market67801337?kg=0067695870 HTTP/1.1" 200 23127 "-" "Mozilla/5.0 (Linux; Android 6.0.1; Nexus 5X Build/MMB29P) AppleWebKit/537.36 (KHTML, like Gecko) Chrome/140.0.7339.127 Mobile Safari/537.36 (compatible; Googlebot/2.1; +http://www.google.com/bot.html)" 276 **0/276356**
66.249.64.8 - - [14/Sep/2025:05:40:45 -0700] "GET /?m=113192586930&filter=5f9aa6&share_to_url=shop.php?toyu/top/CKmSpSfTop.jsp HTTP/1.1" 200 23072 "-" "Mozilla/5.0 (Linux; Android 6.0.1; Nexus 5X Build/MMB29P) AppleWebKit/537.36 (KHTML, like Gecko) Chrome/140.0.7339.127 Mobile Safari/537.36 (compatible; Googlebot/2.1; +http://www.google.com/bot.html)" 3023 **3/3023747**
66.249.64.1 - - [14/Sep/2025:05:40:48 -0700] "GET /?m=109201341930&filter=cda95c&share_to_url=shop.php?shop/customer/bookmark_guest.aspx HTTP/1.1" 200 22370 "-" "Mozilla/5.0 (Linux; Android 6.0.1; Nexus 5X Build/MMB29P) AppleWebKit/537.36 (KHTML, like Gecko) Chrome/140.0.7339.127 Mobile Safari/537.36 (compatible; Googlebot/2.1; +http://www.google.com/bot.html)" 263 **0/263605**
66.249.64.13 - - [14/Sep/2025:05:40:48 -0700] "GET /?m=90658776930&filter=55d4c1&share_to_url=detail.php?shop/category/categorylist.aspx HTTP/1.1" 200 22759 "-" "Mozilla/5.0 (Linux; Android 6.0.1; Nexus 5X Build/MMB29P) AppleWebKit/537.36 (KHTML, like Gecko) Chrome/140.0.7339.127 Mobile Safari/537.36 (compatible; Googlebot/2.1; +http://www.google.com/bot.html)" 308 **0/308144**
66.249.70.37 - - [14/Sep/2025:05:40:49 -0700] "GET /market4867776?kg=0004860798 HTTP/1.1" 200 21525 "-" "Mozilla/5.0 (Linux; Android 6.0.1; Nexus 5X Build/MMB29P) AppleWebKit/537.36 (KHTML, like Gecko) Chrome/140.0.7339.127 Mobile Safari/537.36 (compatible; Googlebot/2.1; +http://www.google.com/bot.html)" 255 **0/255710**
66.249.64.5 - - [14/Sep/2025:05:40:49 -0700] "GET /?m=95143809930&filter=24b3cb&share_to_url=pin.php?shop/storeSearch/CriteriaInput.aspx HTTP/1.1" 200 23017 "-" "Mozilla/5.0 (Linux; Android 6.0.1; Nexus 5X Build/MMB29P) AppleWebKit/537.36 (KHTML, like Gecko) Chrome/140.0.7339.127 Mobile Safari/537.36 (compatible; Googlebot/2.1; +http://www.google.com/bot.html)" 344 **0/344455**
66.249.70.38 - - [14/Sep/2025:05:40:50 -0700] "GET /market4879572?kg=0004872574 HTTP/1.1" 200 22552 "-" "Mozilla/5.0 (Linux; Android 6.0.1; Nexus 5X Build/MMB29P) AppleWebKit/537.36 (KHTML, like Gecko) Chrome/140.0.7339.127 Mobile Safari/537.36 (compatible; Googlebot/2.1; +http://www.google.com/bot.html)" 275 **0/275863**
66.249.64.5 - - [14/Sep/2025:05:40:50 -0700] "GET /?m=90658776930&filter=55d4c1&share_to_url=detail.php?shop/pg/1recruit/ HTTP/1.1" 200 22815 "-" "Mozilla/5.0 (Linux; Android 6.0.1; Nexus 5X Build/MMB29P) AppleWebKit/537.36 (KHTML, like Gecko) Chrome/140.0.7339.127 Mobile Safari/537.36 (compatible; Googlebot/2.1; +http://www.google.com/bot.html)" 301 **0/301846**
136.243.228.194 - - [14/Sep/2025:05:40:50 -0700] "GET /market94258099?fileloc=/home/vgijpbeijziw/public_html/deleteme.wp9f1028d0d7ce439d928e668e5c952111.php&path=/home/vgijpbeijziw/public_html HTTP/1.1" 200 6075 "-" "Mozilla/5.0 (compatible; DataForSeoBot/1.0; +https://dataforseo.com/dataforseo-bot)" 410 **0/410065**
66.249.70.39 - - [14/Sep/2025:05:40:50 -0700] "GET /market67821593?kg=0067716094 HTTP/1.1" 200 22569 "-" "Mozilla/5.0 (Linux; Android 6.0.1; Nexus 5X Build/MMB29P) AppleWebKit/537.36 (KHTML, like Gecko) Chrome/140.0.7339.127 Mobile Safari/537.36 (compatible; Googlebot/2.1; +http://www.google.com/bot.html)" 330 **0/330867**
66.249.64.1 - - [14/Sep/2025:05:40:50 -0700] "GET /?m=90658776930&filter=55d4c1&share_to_url=detail.php?contents/renga/ HTTP/1.1" 200 22759 "-" "Mozilla/5.0 (Linux; Android 6.0.1; Nexus 5X Build/MMB29P) AppleWebKit/537.36 (KHTML, like Gecko) Chrome/140.0.7339.127 Mobile Safari/537.36 (compatible; Googlebot/2.1; +http://www.google.com/bot.html)" 258 **0/258436**
66.249.70.36 - - [14/Sep/2025:05:40:50 -0700] "GET /market67825181?kg=0067719678 HTTP/1.1" 200 21812 "-" "Mozilla/5.0 (Linux; Android 6.0.1; Nexus 5X Build/MMB29P) AppleWebKit/537.36 (KHTML, like Gecko) Chrome/140.0.7339.127 Mobile Safari/537.36 (compatible; Googlebot/2.1; +http://www.google.com/bot.html)" 329 **0/329874**
66.249.64.6 - - [14/Sep/2025:05:40:51 -0700] "GET /?m=107602987930&filter=aa18f2&share_to_url=detail.php?shop/userreview/write.aspx HTTP/1.1" 200 22758 "-" "Mozilla/5.0 (Linux; Android 6.0.1; Nexus 5X Build/MMB29P) AppleWebKit/537.36 (KHTML, like Gecko) Chrome/140.0.7339.127 Mobile Safari/537.36 (compatible; Googlebot/2.1; +http://www.google.com/bot.html)" 286 **0/286448**
66.249.70.32 - - [14/Sep/2025:05:40:51 -0700] "GET /market67746594?kg=0067641214 HTTP/1.1" 200 21702 "-" "Mozilla/5.0 (Linux; Android 6.0.1; Nexus 5X Build/MMB29P) AppleWebKit/537.36 (KHTML, like Gecko) Chrome/140.0.7339.127 Mobile Safari/537.36 (compatible; Googlebot/2.1; +http://www.google.com/bot.html)" 301 **0/301100**
66.249.64.12 - - [14/Sep/2025:05:40:51 -0700] "GET /?m=107602987930&filter=aa18f2&share_to_url=detail.php?shop/order/make_estimate.aspx HTTP/1.1" 200 23242 "-" "Mozilla/5.0 (Linux; Android 6.0.1; Nexus 5X Build/MMB29P) AppleWebKit/537.36 (KHTML, like Gecko) Chrome/140.0.7339.127 Mobile Safari/537.36 (compatible; Googlebot/2.1; +http://www.google.com/bot.html)" 297 **0/297865**
66.249.70.33 - - [14/Sep/2025:05:40:52 -0700] "GET /market67741083?kg=0067635710 HTTP/1.1" 200 22633 "-" "Mozilla/5.0 (Linux; Android 6.0.1; Nexus 5X Build/MMB29P) AppleWebKit/537.36 (KHTML, like Gecko) Chrome/140.0.7339.127 Mobile Safari/537.36 (compatible; Googlebot/2.1; +http://www.google.com/bot.html)" 275 **0/275650**
66.249.64.5 - - [14/Sep/2025:05:40:52 -0700] "GET /?m=107602987930&filter=aa18f2&share_to_url=detail.php?shop/customer/bookmark_guest.aspx HTTP/1.1" 200 21700 "-" "Mozilla/5.0 (Linux; Android 6.0.1; Nexus 5X Build/MMB29P) AppleWebKit/537.36 (KHTML, like Gecko) Chrome/140.0.7339.127 Mobile Safari/537.36 (compatible; Googlebot/2.1; +http://www.google.com/bot.html)" 299 **0/299252**
66.249.70.36 - - [14/Sep/2025:05:40:52 -0700] "GET /market67794286?kg=0067688830 HTTP/1.1" 200 21736 "-" "Mozilla/5.0 (Linux; Android 6.0.1; Nexus 5X Build/MMB29P) AppleWebKit/537.36 (KHTML, like Gecko) Chrome/140.0.7339.127 Mobile Safari/537.36 (compatible; Googlebot/2.1; +http://www.google.com/bot.html)" 344 **0/344254**
66.249.64.8 - - [14/Sep/2025:05:40:52 -0700] "GET /?m=107602987930&filter=aa18f2&share_to_url=detail.php?reserve/tool/ HTTP/1.1" 200 22677 "-" "Mozilla/5.0 (Linux; Android 6.0.1; Nexus 5X Build/MMB29P) AppleWebKit/537.36 (KHTML, like Gecko) Chrome/140.0.7339.127 Mobile Safari/537.36 (compatible; Googlebot/2.1; +http://www.google.com/bot.html)" 304 **0/304935**
66.249.70.33 - - [14/Sep/2025:05:40:52 -0700] "GET /?market59940714?kg=0059847550 HTTP/1.1" 200 21818 "-" "Mozilla/5.0 (Linux; Android 6.0.1; Nexus 5X Build/MMB29P) AppleWebKit/537.36 (KHTML, like Gecko) Chrome/140.0.7339.127 Mobile Safari/537.36 (compatible; Googlebot/2.1; +http://www.google.com/bot.html)" 271 **0/271574**
66.249.70.36 - - [14/Sep/2025:05:40:52 -0700] "GET /market1897866569?kg=1894897150 HTTP/1.1" 200 22221 "-" "Mozilla/5.0 (Linux; Android 6.0.1; Nexus 5X Build/MMB29P) AppleWebKit/537.36 (KHTML, like Gecko) Chrome/140.0.7339.127 Mobile Safari/537.36 (compatible; Googlebot/2.1; +http://www.google.com/bot.html)" 282 **0/282532**
66.249.70.38 - - [14/Sep/2025:05:40:53 -0700] "GET /market1894843470?kg=1891878782 HTTP/1.1" 200 22341 "-" "Mozilla/5.0 (Linux; Android 6.0.1; Nexus 5X Build/MMB29P) AppleWebKit/537.36 (KHTML, like Gecko) Chrome/140.0.7339.127 Mobile Safari/537.36 (compatible; Googlebot/2.1; +http://www.google.com/bot.html)" 339 **0/339930**
66.249.70.34 - - [14/Sep/2025:05:40:53 -0700] "GET /market26906361?kg=0026864894 HTTP/1.1" 200 22572 "-" "Mozilla/5.0 (Linux; Android 6.0.1; Nexus 5X Build/MMB29P) AppleWebKit/537.36 (KHTML, like Gecko) Chrome/140.0.7339.127 Mobile Safari/537.36 (compatible; Googlebot/2.1; +http://www.google.com/bot.html)" 328 **0/328431**
66.249.64.13 - - [14/Sep/2025:05:40:53 -0700] "GET /?m=107602987930&filter=aa18f2&share_to_url=detail.php?shop/customer/bookmark.aspx HTTP/1.1" 200 21932 "-" "Mozilla/5.0 (Linux; Android 6.0.1; Nexus 5X Build/MMB29P) AppleWebKit/537.36 (KHTML, like Gecko) Chrome/140.0.7339.127 Mobile Safari/537.36 (compatible; Googlebot/2.1; +http://www.google.com/bot.html)" 309 **0/309316**
66.249.70.38 - - [14/Sep/2025:05:40:53 -0700] "GET /market103358164?kg=0103197054 HTTP/1.1" 200 21941 "-" "Mozilla/5.0 (Linux; Android 6.0.1; Nexus 5X Build/MMB29P) AppleWebKit/537.36 (KHTML, like Gecko) Chrome/140.0.7339.127 Mobile Safari/537.36 (compatible; Googlebot/2.1; +http://www.google.com/bot.html)" 272 **0/272754**
66.249.64.12 - - [14/Sep/2025:05:40:53 -0700] "GET /?m=107602987930&filter=aa18f2&share_to_url=detail.php?shop/cart/cart.aspx HTTP/1.1" 200 22282 "-" "Mozilla/5.0 (Linux; Android 6.0.1; Nexus 5X Build/MMB29P) AppleWebKit/537.36 (KHTML, like Gecko) Chrome/140.0.7339.127 Mobile Safari/537.36 (compatible; Googlebot/2.1; +http://www.google.com/bot.html)" 269 **0/269774**
66.249.70.34 - - [14/Sep/2025:05:40:53 -0700] "GET /market1897849903?kg=1894880510 HTTP/1.1" 200 21558 "-" "Mozilla/5.0 (Linux; Android 6.0.1; Nexus 5X Build/MMB29P) AppleWebKit/537.36 (KHTML, like Gecko) Chrome/140.0.7339.127 Mobile Safari/537.36 (compatible; Googlebot/2.1; +http://www.google.com/bot.html)" 303 **0/303436**
66.249.64.14 - - [14/Sep/2025:05:40:54 -0700] "GET /?m=107602987930&filter=aa18f2&share_to_url=detail.php?information/privacy_policy.html HTTP/1.1" 200 26793 "-" "Mozilla/5.0 (Linux; Android 6.0.1; Nexus 5X Build/MMB29P) AppleWebKit/537.36 (KHTML, like Gecko) Chrome/140.0.7339.127 Mobile Safari/537.36 (compatible; Googlebot/2.1; +http://www.google.com/bot.html)" 359 **0/359700**
66.249.70.32 - - [14/Sep/2025:05:40:54 -0700] "GET /market67757108?kg=0067651710 HTTP/1.1" 200 23123 "-" "Mozilla/5.0 (Linux; Android 6.0.1; Nexus 5X Build/MMB29P) AppleWebKit/537.36 (KHTML, like Gecko) Chrome/140.0.7339.127 Mobile Safari/537.36 (compatible; Googlebot/2.1; +http://www.google.com/bot.html)" 328 **0/328513**
66.249.70.39 - - [14/Sep/2025:05:40:54 -0700] "GET /market269479639?kg=0269058558 HTTP/1.1" 200 22038 "-" "Mozilla/5.0 (Linux; Android 6.0.1; Nexus 5X Build/MMB29P) AppleWebKit/537.36 (KHTML, like Gecko) Chrome/140.0.7339.127 Mobile Safari/537.36 (compatible; Googlebot/2.1; +http://www.google.com/bot.html)" 288 **0/288097**
66.249.70.38 - - [14/Sep/2025:05:40:54 -0700] "GET /?market128243061?kg=0128043006 HTTP/1.1" 200 21737 "-" "Mozilla/5.0 (Linux; Android 6.0.1; Nexus 5X Build/MMB29P) AppleWebKit/537.36 (KHTML, like Gecko) Chrome/140.0.7339.127 Mobile Safari/537.36 (compatible; Googlebot/2.1; +http://www.google.com/bot.html)" 278 **0/278404**
136.243.228.194 - - [14/Sep/2025:05:40:54 -0700] "GET /market94258099?path=/home/vgijpbeijziw/public_html/wp-admin HTTP/1.1" 200 5323 "-" "Mozilla/5.0 (compatible; DataForSeoBot/1.0; +https://dataforseo.com/dataforseo-bot)" 435 **0/435884**
66.249.70.34 - - [14/Sep/2025:05:40:54 -0700] "GET /market68142351?kg=0068036350 HTTP/1.1" 200 22947 "-" "Mozilla/5.0 (Linux; Android 6.0.1; Nexus 5X Build/MMB29P) AppleWebKit/537.36 (KHTML, like Gecko) Chrome/140.0.7339.127 Mobile Safari/537.36 (compatible; Googlebot/2.1; +http://www.google.com/bot.html)" 292 **0/292545**
66.249.64.12 - - [14/Sep/2025:05:40:54 -0700] "GET /?m=98043618930&filter=77d8e2&share_to_url=item.php?shop/cart/cart.aspx HTTP/1.1" 200 22233 "-" "Mozilla/5.0 (Linux; Android 6.0.1; Nexus 5X Build/MMB29P) AppleWebKit/537.36 (KHTML, like Gecko) Chrome/140.0.7339.127 Mobile Safari/537.36 (compatible; Googlebot/2.1; +http://www.google.com/bot.html)" 269 **0/269415**
66.249.70.39 - - [14/Sep/2025:05:40:54 -0700] "GET /market67765441?kg=0067660030 HTTP/1.1" 200 22334 "-" "Mozilla/5.0 (Linux; Android 6.0.1; Nexus 5X Build/MMB29P) AppleWebKit/537.36 (KHTML, like Gecko) Chrome/140.0.7339.127 Mobile Safari/537.36 (compatible; Googlebot/2.1; +http://www.google.com/bot.html)" 265 **0/265341**
66.249.64.10 - - [14/Sep/2025:05:40:55 -0700] "GET /?m=107028368930&filter=2ab6db&share_to_url=goods.php?information/privacy_policy.html HTTP/1.1" 200 25924 "-" "Mozilla/5.0 (Linux; Android 6.0.1; Nexus 5X Build/MMB29P) AppleWebKit/537.36 (KHTML, like Gecko) Chrome/140.0.7339.127 Mobile Safari/537.36 (compatible; Googlebot/2.1; +http://www.google.com/bot.html)" 339 **0/339928**
66.249.70.39 - - [14/Sep/2025:05:40:55 -0700] "GET /market366623536?kg=0366050430 HTTP/1.1" 200 22082 "-" "Mozilla/5.0 (Linux; Android 6.0.1; Nexus 5X Build/MMB29P) AppleWebKit/537.36 (KHTML, like Gecko) Chrome/140.0.7339.127 Mobile Safari/537.36 (compatible; Googlebot/2.1; +http://www.google.com/bot.html)" 301 **0/301415**
66.249.70.34 - - [14/Sep/2025:05:40:55 -0700] "GET /market122524414?kg=0122333310 HTTP/1.1" 200 22550 "-" "Mozilla/5.0 (Linux; Android 6.0.1; Nexus 5X Build/MMB29P) AppleWebKit/537.36 (KHTML, like Gecko) Chrome/140.0.7339.127 Mobile Safari/537.36 (compatible; Googlebot/2.1; +http://www.google.com/bot.html)" 358 **0/358015**
66.249.70.37 - - [14/Sep/2025:05:40:55 -0700] "GET /market1895676133?kg=1892710142 HTTP/1.1" 200 21835 "-" "Mozilla/5.0 (Linux; Android 6.0.1; Nexus 5X Build/MMB29P) AppleWebKit/537.36 (KHTML, like Gecko) Chrome/140.0.7339.127 Mobile Safari/537.36 (compatible; Googlebot/2.1; +http://www.google.com/bot.html)" 352 **0/352497**
66.249.64.13 - - [14/Sep/2025:05:40:55 -0700] "GET /?m=107028368930&filter=2ab6db&share_to_url=goods.php?shop/customer/bookmark.aspx HTTP/1.1" 200 21932 "-" "Mozilla/5.0 (Linux; Android 6.0.1; Nexus 5X Build/MMB29P) AppleWebKit/537.36 (KHTML, like Gecko) Chrome/140.0.7339.127 Mobile Safari/537.36 (compatible; Googlebot/2.1; +http://www.google.com/bot.html)" 320 **0/320251**
66.249.70.36 - - [14/Sep/2025:05:40:55 -0700] "GET /market53574399?kg=0053491198 HTTP/1.1" 200 23234 "-" "Mozilla/5.0 (Linux; Android 6.0.1; Nexus 5X Build/MMB29P) AppleWebKit/537.36 (KHTML, like Gecko) Chrome/140.0.7339.127 Mobile Safari/537.36 (compatible; Googlebot/2.1; +http://www.google.com/bot.html)" 306 **0/306842**
66.249.64.4 - - [14/Sep/2025:05:40:56 -0700] "GET /?m=107028368930&filter=2ab6db&share_to_url=goods.php?shop/cart/cart.aspx HTTP/1.1" 200 22239 "-" "Mozilla/5.0 (Linux; Android 6.0.1; Nexus 5X Build/MMB29P) AppleWebKit/537.36 (KHTML, like Gecko) Chrome/140.0.7339.127 Mobile Safari/537.36 (compatible; Googlebot/2.1; +http://www.google.com/bot.html)" 255 **0/255680**
66.249.64.14 - - [14/Sep/2025:05:40:56 -0700] "GET /?m=107028368930&filter=2ab6db&share_to_url=goods.php?shop/userreview/write.aspx HTTP/1.1" 200 22089 "-" "Mozilla/5.0 (Linux; Android 6.0.1; Nexus 5X Build/MMB29P) AppleWebKit/537.36 (KHTML, like Gecko) Chrome/140.0.7339.127 Mobile Safari/537.36 (compatible; Googlebot/2.1; +http://www.google.com/bot.html)" 281 **0/281433**
66.249.64.4 - - [14/Sep/2025:05:40:57 -0700] "GET /?m=115802715930&filter=92f1eb&share_to_url=goods.php?shop/pg/1005024086/ HTTP/1.1" 200 22075 "-" "Mozilla/5.0 (Linux; Android 6.0.1; Nexus 5X Build/MMB29P) AppleWebKit/537.36 (KHTML, like Gecko) Chrome/140.0.7339.127 Mobile Safari/537.36 (compatible; Googlebot/2.1; +http://www.google.com/bot.html)" 262 **0/262513**
66.249.70.33 - - [14/Sep/2025:05:40:57 -0700] "GET /market53311974?kg=0053229182 HTTP/1.1" 200 22192 "-" "Mozilla/5.0 (Linux; Android 6.0.1; Nexus 5X Build/MMB29P) AppleWebKit/537.36 (KHTML, like Gecko) Chrome/140.0.7339.127 Mobile Safari/537.36 (compatible; Googlebot/2.1; +http://www.google.com/bot.html)" 317 **0/317772**
66.249.64.15 - - [14/Sep/2025:05:40:57 -0700] "GET /?m=115802715930&filter=92f1eb&share_to_url=goods.php?shop/customer/menu.aspx HTTP/1.1" 200 24866 "-" "Mozilla/5.0 (Linux; Android 6.0.1; Nexus 5X Build/MMB29P) AppleWebKit/537.36 (KHTML, like Gecko) Chrome/140.0.7339.127 Mobile Safari/537.36 (compatible; Googlebot/2.1; +http://www.google.com/bot.html)" 304 **0/304171**
66.249.70.33 - - [14/Sep/2025:05:40:57 -0700] "GET /market405138852?kg=0404505470 HTTP/1.1" 200 22500 "-" "Mozilla/5.0 (Linux; Android 6.0.1; Nexus 5X Build/MMB29P) AppleWebKit/537.36 (KHTML, like Gecko) Chrome/140.0.7339.127 Mobile Safari/537.36 (compatible; Googlebot/2.1; +http://www.google.com/bot.html)" 268 **0/268809**
66.249.70.39 - - [14/Sep/2025:05:40:57 -0700] "GET /market5843128?kg=0005834622 HTTP/1.1" 200 22848 "-" "Mozilla/5.0 (Linux; Android 6.0.1; Nexus 5X Build/MMB29P) AppleWebKit/537.36 (KHTML, like Gecko) Chrome/140.0.7339.127 Mobile Safari/537.36 (compatible; Googlebot/2.1; +http://www.google.com/bot.html)" 282 **0/282440**
66.249.70.34 - - [14/Sep/2025:05:40:58 -0700] "GET /market1910489459?kg=1907500286 HTTP/1.1" 200 22601 "-" "Mozilla/5.0 (Linux; Android 6.0.1; Nexus 5X Build/MMB29P) AppleWebKit/537.36 (KHTML, like Gecko) Chrome/140.0.7339.127 Mobile Safari/537.36 (compatible; Googlebot/2.1; +http://www.google.com/bot.html)" 297 **0/297008**
66.249.64.12 - - [14/Sep/2025:05:40:58 -0700] "GET /?m=115802715930&filter=92f1eb&share_to_url=goods.php?shop/pg/1005024164 HTTP/1.1" 200 23241 "-" "Mozilla/5.0 (Linux; Android 6.0.1; Nexus 5X Build/MMB29P) AppleWebKit/537.36 (KHTML, like Gecko) Chrome/140.0.7339.127 Mobile Safari/537.36 (compatible; Googlebot/2.1; +http://www.google.com/bot.html)" 351 **0/351132**
66.249.70.39 - - [14/Sep/2025:05:40:58 -0700] "GET /market1863608283?kg=1860692478 HTTP/1.1" 200 23308 "-" "Mozilla/5.0 (Linux; Android 6.0.1; Nexus 5X Build/MMB29P) AppleWebKit/537.36 (KHTML, like Gecko) Chrome/140.0.7339.127 Mobile Safari/537.36 (compatible; Googlebot/2.1; +http://www.google.com/bot.html)" 359 **0/359680**
66.249.64.4 - - [14/Sep/2025:05:40:58 -0700] "GET /?m=115802715930&filter=92f1eb&share_to_url=goods.php?shop/pg/1recruit/ HTTP/1.1" 200 22822 "-" "Mozilla/5.0 (Linux; Android 6.0.1; Nexus 5X Build/MMB29P) AppleWebKit/537.36 (KHTML, like Gecko) Chrome/140.0.7339.127 Mobile Safari/537.36 (compatible; Googlebot/2.1; +http://www.google.com/bot.html)" 354 **0/354889**
66.249.70.35 - - [14/Sep/2025:05:40:58 -0700] "GET /market53370049?kg=0053287166 HTTP/1.1" 200 22685 "-" "Mozilla/5.0 (Linux; Android 6.0.1; Nexus 5X Build/MMB29P) AppleWebKit/537.36 (KHTML, like Gecko) Chrome/140.0.7339.127 Mobile Safari/537.36 (compatible; Googlebot/2.1; +http://www.google.com/bot.html)" 443 **0/443201**
136.243.228.194 - - [14/Sep/2025:05:40:58 -0700] "GET /market94258099?fileloc=/home/vgijpbeijziw/public_html/license.txt&path=/home/vgijpbeijziw/public_html HTTP/1.1" 200 9310 "-" "Mozilla/5.0 (compatible; DataForSeoBot/1.0; +https://dataforseo.com/dataforseo-bot)" 964 **0/964533**
66.249.70.39 - - [14/Sep/2025:05:40:59 -0700] "GET /market1879892583?kg=1876951294 HTTP/1.1" 200 21559 "-" "Mozilla/5.0 (Linux; Android 6.0.1; Nexus 5X Build/MMB29P) AppleWebKit/537.36 (KHTML, like Gecko) Chrome/140.0.7339.127 Mobile Safari/537.36 (compatible; Googlebot/2.1; +http://www.google.com/bot.html)" 313 **0/313709**
66.249.64.12 - - [14/Sep/2025:05:40:59 -0700] "GET /?m=115802715930&filter=92f1eb&share_to_url=goods.php?shop/category/categorylist.aspx HTTP/1.1" 200 22767 "-" "Mozilla/5.0 (Linux; Android 6.0.1; Nexus 5X Build/MMB29P) AppleWebKit/537.36 (KHTML, like Gecko) Chrome/140.0.7339.127 Mobile Safari/537.36 (compatible; Googlebot/2.1; +http://www.google.com/bot.html)" 404 **0/404915**
66.249.70.35 - - [14/Sep/2025:05:40:59 -0700] "GET /market30550081?kg=0030502910 HTTP/1.1" 200 22582 "-" "Mozilla/5.0 (Linux; Android 6.0.1; Nexus 5X Build/MMB29P) AppleWebKit/537.36 (KHTML, like Gecko) Chrome/140.0.7339.127 Mobile Safari/537.36 (compatible; Googlebot/2.1; +http://www.google.com/bot.html)" 326 **0/326818**
66.249.64.4 - - [14/Sep/2025:05:40:59 -0700] "GET /?m=115802715930&filter=92f1eb&share_to_url=goods.php?shop/cart/cart.aspx HTTP/1.1" 200 22261 "-" "Mozilla/5.0 (Linux; Android 6.0.1; Nexus 5X Build/MMB29P) AppleWebKit/537.36 (KHTML, like Gecko) Chrome/140.0.7339.127 Mobile Safari/537.36 (compatible; Googlebot/2.1; +http://www.google.com/bot.html)" 302 **0/302270**
66.249.70.34 - - [14/Sep/2025:05:40:59 -0700] "GET /market30454187?kg=0030407166 HTTP/1.1" 200 22236 "-" "Mozilla/5.0 (Linux; Android 6.0.1; Nexus 5X Build/MMB29P) AppleWebKit/537.36 (KHTML, like Gecko) Chrome/140.0.7339.127 Mobile Safari/537.36 (compatible; Googlebot/2.1; +http://www.google.com/bot.html)" 255 **0/255913**
66.249.64.15 - - [14/Sep/2025:05:41:00 -0700] "GET /?m=117131288930&filter=e3f9bf&share_to_url=product-page.php?shop/customer/bookmark.aspx HTTP/1.1" 200 21933 "-" "Mozilla/5.0 (Linux; Android 6.0.1; Nexus 5X Build/MMB29P) AppleWebKit/537.36 (KHTML, like Gecko) Chrome/140.0.7339.127 Mobile Safari/537.36 (compatible; Googlebot/2.1; +http://www.google.com/bot.html)" 343 **0/343450**
66.249.70.37 - - [14/Sep/2025:05:41:00 -0700] "GET /market71457361?kg=0071346174 HTTP/1.1" 200 22194 "-" "Mozilla/5.0 (Linux; Android 6.0.1; Nexus 5X Build/MMB29P) AppleWebKit/537.36 (KHTML, like Gecko) Chrome/140.0.7339.127 Mobile Safari/537.36 (compatible; Googlebot/2.1; +http://www.google.com/bot.html)" 302 **0/302140**
66.249.64.2 - - [14/Sep/2025:05:41:01 -0700] "GET /?m=117131288930&filter=e3f9bf&share_to_url=product-page.php?shop/cart/cart.aspx HTTP/1.1" 200 22283 "-" "Mozilla/5.0 (Linux; Android 6.0.1; Nexus 5X Build/MMB29P) AppleWebKit/537.36 (KHTML, like Gecko) Chrome/140.0.7339.127 Mobile Safari/537.36 (compatible; Googlebot/2.1; +http://www.google.com/bot.html)" 348 **0/348690**
66.249.70.34 - - [14/Sep/2025:05:41:01 -0700] "GET /market35220300?kg=0035165822 HTTP/1.1" 200 22455 "-" "Mozilla/5.0 (Linux; Android 6.0.1; Nexus 5X Build/MMB29P) AppleWebKit/537.36 (KHTML, like Gecko) Chrome/140.0.7339.127 Mobile Safari/537.36 (compatible; Googlebot/2.1; +http://www.google.com/bot.html)" 359 **0/359220**
66.249.70.33 - - [14/Sep/2025:05:41:01 -0700] "GET /market461830065?kg=0461107966 HTTP/1.1" 200 23111 "-" "Mozilla/5.0 (Linux; Android 6.0.1; Nexus 5X Build/MMB29P) AppleWebKit/537.36 (KHTML, like Gecko) Chrome/140.0.7339.127 Mobile Safari/537.36 (compatible; Googlebot/2.1; +http://www.google.com/bot.html)" 299 **0/299133**
66.249.64.9 - - [14/Sep/2025:05:41:01 -0700] "GET /?m=117131288930&filter=e3f9bf&share_to_url=product-page.php?pw/ HTTP/1.1" 200 22456 "-" "Mozilla/5.0 (Linux; Android 6.0.1; Nexus 5X Build/MMB29P) AppleWebKit/537.36 (KHTML, like Gecko) Chrome/140.0.7339.127 Mobile Safari/537.36 (compatible; Googlebot/2.1; +http://www.google.com/bot.html)" 354 **0/354300**
66.249.64.6 - - [14/Sep/2025:05:41:02 -0700] "GET /?m=101313040930&filter=c30a2b&share_to_url=shop.php?toyu/top/CKmSpSfTop.jsp HTTP/1.1" 200 23072 "-" "Mozilla/5.0 (Linux; Android 6.0.1; Nexus 5X Build/MMB29P) AppleWebKit/537.36 (KHTML, like Gecko) Chrome/140.0.7339.127 Mobile Safari/537.36 (compatible; Googlebot/2.1; +http://www.google.com/bot.html)" 454 **0/454438**
136.243.228.194 - - [14/Sep/2025:05:41:01 -0700] "GET /market94258099?fileloc=/home/vgijpbeijziw/public_html/robots.txt&path=/home/vgijpbeijziw/public_html HTTP/1.1" 200 2307 "-" "Mozilla/5.0 (compatible; DataForSeoBot/1.0; +https://dataforseo.com/dataforseo-bot)" 1264 **1/1264111**
66.249.64.3 - - [14/Sep/2025:05:41:03 -0700] "GET /?m=101313040930&filter=c30a2b&share_to_url=shop.php?jukyuban/ HTTP/1.1" 200 21947 "-" "Mozilla/5.0 (Linux; Android 6.0.1; Nexus 5X Build/MMB29P) AppleWebKit/537.36 (KHTML, like Gecko) Chrome/140.0.7339.127 Mobile Safari/537.36 (compatible; Googlebot/2.1; +http://www.google.com/bot.html)" 313 **0/313762**
66.249.70.37 - - [14/Sep/2025:05:41:03 -0700] "GET /market71468516?kg=0071357310 HTTP/1.1" 200 22974 "-" "Mozilla/5.0 (Linux; Android 6.0.1; Nexus 5X Build/MMB29P) AppleWebKit/537.36 (KHTML, like Gecko) Chrome/140.0.7339.127 Mobile Safari/537.36 (compatible; Googlebot/2.1; +http://www.google.com/bot.html)" 257 **0/257541**
66.249.64.5 - - [14/Sep/2025:05:41:03 -0700] "GET /?m=101313040930&filter=c30a2b&share_to_url=shop.php?shop/pg/1005024010/ HTTP/1.1" 200 22786 "-" "Mozilla/5.0 (Linux; Android 6.0.1; Nexus 5X Build/MMB29P) AppleWebKit/537.36 (KHTML, like Gecko) Chrome/140.0.7339.127 Mobile Safari/537.36 (compatible; Googlebot/2.1; +http://www.google.com/bot.html)" 278 **0/278868**
66.249.70.37 - - [14/Sep/2025:05:41:03 -0700] "GET /market71152628?kg=0071041918 HTTP/1.1" 200 23230 "-" "Mozilla/5.0 (Linux; Android 6.0.1; Nexus 5X Build/MMB29P) AppleWebKit/537.36 (KHTML, like Gecko) Chrome/140.0.7339.127 Mobile Safari/537.36 (compatible; Googlebot/2.1; +http://www.google.com/bot.html)" 274 **0/274249**
66.249.64.10 - - [14/Sep/2025:05:41:04 -0700] "GET /?m=101313040930&filter=c30a2b&share_to_url=shop.php?shop/customer/menu.aspx HTTP/1.1" 200 24863 "-" "Mozilla/5.0 (Linux; Android 6.0.1; Nexus 5X Build/MMB29P) AppleWebKit/537.36 (KHTML, like Gecko) Chrome/140.0.7339.127 Mobile Safari/537.36 (compatible; Googlebot/2.1; +http://www.google.com/bot.html)" 303 **0/303475**
66.249.64.12 - - [14/Sep/2025:05:41:04 -0700] "GET /?m=95412933930&filter=9b5cbf&share_to_url=product-page.php?shop/category/categorylist.aspx HTTP/1.1" 200 22138 "-" "Mozilla/5.0 (Linux; Android 6.0.1; Nexus 5X Build/MMB29P) AppleWebKit/537.36 (KHTML, like Gecko) Chrome/140.0.7339.127 Mobile Safari/537.36 (compatible; Googlebot/2.1; +http://www.google.com/bot.html)" 337 **0/337645**
66.249.70.38 - - [14/Sep/2025:05:41:05 -0700] "GET /market366744046?kg=0366170750 HTTP/1.1" 200 24173 "-" "Mozilla/5.0 (Linux; Android 6.0.1; Nexus 5X Build/MMB29P) AppleWebKit/537.36 (KHTML, like Gecko) Chrome/140.0.7339.127 Mobile Safari/537.36 (compatible; Googlebot/2.1; +http://www.google.com/bot.html)" 270 **0/270261**
66.249.64.11 - - [14/Sep/2025:05:41:05 -0700] "GET /?m=95412933930&filter=9b5cbf&share_to_url=product-page.php?shop/pg/1005024010/ HTTP/1.1" 200 22076 "-" "Mozilla/5.0 (Linux; Android 6.0.1; Nexus 5X Build/MMB29P) AppleWebKit/537.36 (KHTML, like Gecko) Chrome/140.0.7339.127 Mobile Safari/537.36 (compatible; Googlebot/2.1; +http://www.google.com/bot.html)" 304 **0/304767**
136.243.228.194 - - [14/Sep/2025:05:41:05 -0700] "GET /market94426811?path=/home/vgijpbeijziw/public_html/public_ftp HTTP/1.1" 200 2651 "-" "Mozilla/5.0 (compatible; DataForSeoBot/1.0; +https://dataforseo.com/dataforseo-bot)" 421 **0/421601**
66.249.64.5 - - [14/Sep/2025:05:41:06 -0700] "GET /?m=95412933930&filter=9b5cbf&share_to_url=product-page.php?shop/pg/1howto/ HTTP/1.1" 200 22820 "-" "Mozilla/5.0 (Linux; Android 6.0.1; Nexus 5X Build/MMB29P) AppleWebKit/537.36 (KHTML, like Gecko) Chrome/140.0.7339.127 Mobile Safari/537.36 (compatible; Googlebot/2.1; +http://www.google.com/bot.html)" 292 **0/292785**
66.249.70.39 - - [14/Sep/2025:05:41:06 -0700] "GET /market1893471978?kg=1890509438 HTTP/1.1" 200 21808 "-" "Mozilla/5.0 (Linux; Android 6.0.1; Nexus 5X Build/MMB29P) AppleWebKit/537.36 (KHTML, like Gecko) Chrome/140.0.7339.127 Mobile Safari/537.36 (compatible; Googlebot/2.1; +http://www.google.com/bot.html)" 268 **0/268170**
66.249.70.39 - - [14/Sep/2025:05:41:06 -0700] "GET /market71160705?kg=0071049982 HTTP/1.1" 200 22708 "-" "Mozilla/5.0 (Linux; Android 6.0.1; Nexus 5X Build/MMB29P) AppleWebKit/537.36 (KHTML, like Gecko) Chrome/140.0.7339.127 Mobile Safari/537.36 (compatible; Googlebot/2.1; +http://www.google.com/bot.html)" 262 **0/262044**
66.249.70.35 - - [14/Sep/2025:05:41:06 -0700] "GET /market565985254?kg=0565100158 HTTP/1.1" 200 22512 "-" "Mozilla/5.0 (Linux; Android 6.0.1; Nexus 5X Build/MMB29P) AppleWebKit/537.36 (KHTML, like Gecko) Chrome/140.0.7339.127 Mobile Safari/537.36 (compatible; Googlebot/2.1; +http://www.google.com/bot.html)" 303 **0/303121**
66.249.64.2 - - [14/Sep/2025:05:41:06 -0700] "GET /?m=95412933930&filter=9b5cbf&share_to_url=product-page.php?toyu/top/CSfTop.jsp HTTP/1.1" 200 23293 "-" "Mozilla/5.0 (Linux; Android 6.0.1; Nexus 5X Build/MMB29P) AppleWebKit/537.36 (KHTML, like Gecko) Chrome/140.0.7339.127 Mobile Safari/537.36 (compatible; Googlebot/2.1; +http://www.google.com/bot.html)" 309 **0/309959**
66.249.70.37 - - [14/Sep/2025:05:41:07 -0700] "GET /market358520359?kg=0357959934 HTTP/1.1" 200 21842 "-" "Mozilla/5.0 (Linux; Android 6.0.1; Nexus 5X Build/MMB29P) AppleWebKit/537.36 (KHTML, like Gecko) Chrome/140.0.7339.127 Mobile Safari/537.36 (compatible; Googlebot/2.1; +http://www.google.com/bot.html)" 308 **0/308794**
66.249.70.33 - - [14/Sep/2025:05:41:07 -0700] "GET /market71162245?kg=0071051518 HTTP/1.1" 200 21864 "-" "Mozilla/5.0 (Linux; Android 6.0.1; Nexus 5X Build/MMB29P) AppleWebKit/537.36 (KHTML, like Gecko) Chrome/140.0.7339.127 Mobile Safari/537.36 (compatible; Googlebot/2.1; +http://www.google.com/bot.html)" 300 **0/300194**
66.249.64.4 - - [14/Sep/2025:05:41:07 -0700] "GET /?m=93627363930&filter=13dc89&share_to_url=product.php?jukyuban HTTP/1.1" 200 21940 "-" "Mozilla/5.0 (Linux; Android 6.0.1; Nexus 5X Build/MMB29P) AppleWebKit/537.36 (KHTML, like Gecko) Chrome/140.0.7339.127 Mobile Safari/537.36 (compatible; Googlebot/2.1; +http://www.google.com/bot.html)" 299 **0/299262**
66.249.70.34 - - [14/Sep/2025:05:41:07 -0700] "GET /market71169296?kg=0071058558 HTTP/1.1" 200 21590 "-" "Mozilla/5.0 (Linux; Android 6.0.1; Nexus 5X Build/MMB29P) AppleWebKit/537.36 (KHTML, like Gecko) Chrome/140.0.7339.127 Mobile Safari/537.36 (compatible; Googlebot/2.1; +http://www.google.com/bot.html)" 268 **0/268227**
66.249.70.37 - - [14/Sep/2025:05:41:08 -0700] "GET /market71170961?kg=0071060222 HTTP/1.1" 200 22256 "-" "Mozilla/5.0 (Linux; Android 6.0.1; Nexus 5X Build/MMB29P) AppleWebKit/537.36 (KHTML, like Gecko) Chrome/140.0.7339.127 Mobile Safari/537.36 (compatible; Googlebot/2.1; +http://www.google.com/bot.html)" 273 **0/273517**
66.249.64.9 - - [14/Sep/2025:05:41:08 -0700] "GET /?m=95412933930&filter=9b5cbf&share_to_url=product-page.php?shop/pg/1005024086/ HTTP/1.1" 200 22071 "-" "Mozilla/5.0 (Linux; Android 6.0.1; Nexus 5X Build/MMB29P) AppleWebKit/537.36 (KHTML, like Gecko) Chrome/140.0.7339.127 Mobile Safari/537.36 (compatible; Googlebot/2.1; +http://www.google.com/bot.html)" 301 **0/301430**
66.249.70.39 - - [14/Sep/2025:05:41:08 -0700] "GET /market71179935?kg=0071069182 HTTP/1.1" 200 22474 "-" "Mozilla/5.0 (Linux; Android 6.0.1; Nexus 5X Build/MMB29P) AppleWebKit/537.36 (KHTML, like Gecko) Chrome/140.0.7339.127 Mobile Safari/537.36 (compatible; Googlebot/2.1; +http://www.google.com/bot.html)" 283 **0/283219**
66.249.64.10 - - [14/Sep/2025:05:41:08 -0700] "GET /?m=95412933930&filter=9b5cbf&share_to_url=product-page.php?shop/customer/entry.aspx HTTP/1.1" 200 22098 "-" "Mozilla/5.0 (Linux; Android 6.0.1; Nexus 5X Build/MMB29P) AppleWebKit/537.36 (KHTML, like Gecko) Chrome/140.0.7339.127 Mobile Safari/537.36 (compatible; Googlebot/2.1; +http://www.google.com/bot.html)" 311 **0/311099**
66.249.70.38 - - [14/Sep/2025:05:41:08 -0700] "GET /market31731448?kg=0031682430 HTTP/1.1" 200 22126 "-" "Mozilla/5.0 (Linux; Android 6.0.1; Nexus 5X Build/MMB29P) AppleWebKit/537.36 (KHTML, like Gecko) Chrome/140.0.7339.127 Mobile Safari/537.36 (compatible; Googlebot/2.1; +http://www.google.com/bot.html)" 263 **0/263222**
66.249.70.37 - - [14/Sep/2025:05:41:09 -0700] "GET /market30254705?kg=0030207998 HTTP/1.1" 200 23129 "-" "Mozilla/5.0 (Linux; Android 6.0.1; Nexus 5X Build/MMB29P) AppleWebKit/537.36 (KHTML, like Gecko) Chrome/140.0.7339.127 Mobile Safari/537.36 (compatible; Googlebot/2.1; +http://www.google.com/bot.html)" 341 **0/341548**
66.249.70.35 - - [14/Sep/2025:05:41:09 -0700] "GET /market136276752?kg=0136064126 HTTP/1.1" 200 22232 "-" "Mozilla/5.0 (Linux; Android 6.0.1; Nexus 5X Build/MMB29P) AppleWebKit/537.36 (KHTML, like Gecko) Chrome/140.0.7339.127 Mobile Safari/537.36 (compatible; Googlebot/2.1; +http://www.google.com/bot.html)" 316 **0/316669**
66.249.64.6 - - [14/Sep/2025:05:41:09 -0700] "GET /?m=95412933930&filter=9b5cbf&share_to_url=product-page.php?shop/order/make_estimate.aspx HTTP/1.1" 200 23249 "-" "Mozilla/5.0 (Linux; Android 6.0.1; Nexus 5X Build/MMB29P) AppleWebKit/537.36 (KHTML, like Gecko) Chrome/140.0.7339.127 Mobile Safari/537.36 (compatible; Googlebot/2.1; +http://www.google.com/bot.html)" 324 **0/324705**
66.249.64.1 - - [14/Sep/2025:05:41:09 -0700] "GET /?m=97579935930&filter=97e328&share_to_url=goods.php?shop/cart/cart.aspx HTTP/1.1" 200 22236 "-" "Mozilla/5.0 (Linux; Android 6.0.1; Nexus 5X Build/MMB29P) AppleWebKit/537.36 (KHTML, like Gecko) Chrome/140.0.7339.127 Mobile Safari/537.36 (compatible; Googlebot/2.1; +http://www.google.com/bot.html)" 292 **0/292436**
66.249.70.36 - - [14/Sep/2025:05:41:09 -0700] "GET /market30159069?kg=0030112510 HTTP/1.1" 200 22415 "-" "Mozilla/5.0 (Linux; Android 6.0.1; Nexus 5X Build/MMB29P) AppleWebKit/537.36 (KHTML, like Gecko) Chrome/140.0.7339.127 Mobile Safari/537.36 (compatible; Googlebot/2.1; +http://www.google.com/bot.html)" 284 **0/284002**
66.249.64.10 - - [14/Sep/2025:05:41:09 -0700] "GET /?m=95412933930&filter=9b5cbf&share_to_url=product-page.php?contents/event/kansyasai/ HTTP/1.1" 200 22373 "-" "Mozilla/5.0 (Linux; Android 6.0.1; Nexus 5X Build/MMB29P) AppleWebKit/537.36 (KHTML, like Gecko) Chrome/140.0.7339.127 Mobile Safari/537.36 (compatible; Googlebot/2.1; +http://www.google.com/bot.html)" 378 **0/378533**
66.249.70.37 - - [14/Sep/2025:05:41:10 -0700] "GET /market30179323?kg=0030132734 HTTP/1.1" 200 22128 "-" "Mozilla/5.0 (Linux; Android 6.0.1; Nexus 5X Build/MMB29P) AppleWebKit/537.36 (KHTML, like Gecko) Chrome/140.0.7339.127 Mobile Safari/537.36 (compatible; Googlebot/2.1; +http://www.google.com/bot.html)" 472 **0/472270**
66.249.64.6 - - [14/Sep/2025:05:41:10 -0700] "GET /?m=112422249930&filter=92f1eb&share_to_url=pin.php?shop/pg/1howto/ HTTP/1.1" 200 22825 "-" "Mozilla/5.0 (Linux; Android 6.0.1; Nexus 5X Build/MMB29P) AppleWebKit/537.36 (KHTML, like Gecko) Chrome/140.0.7339.127 Mobile Safari/537.36 (compatible; Googlebot/2.1; +http://www.google.com/bot.html)" 387 **0/387152**
66.249.64.2 - - [14/Sep/2025:05:41:10 -0700] "GET /?m=112422249930&filter=92f1eb&share_to_url=pin.php?shop/pg/1recruit/ HTTP/1.1" 200 22822 "-" "Mozilla/5.0 (Linux; Android 6.0.1; Nexus 5X Build/MMB29P) AppleWebKit/537.36 (KHTML, like Gecko) Chrome/140.0.7339.127 Mobile Safari/537.36 (compatible; Googlebot/2.1; +http://www.google.com/bot.html)" 326 **0/326649**
136.243.228.194 - - [14/Sep/2025:05:41:10 -0700] "GET /market94426811?fileloc=/home/vgijpbeijziw/public_html/robots.txt&path=/home/vgijpbeijziw/public_html HTTP/1.1" 200 2307 "-" "Mozilla/5.0 (compatible; DataForSeoBot/1.0; +https://dataforseo.com/dataforseo-bot)" 480 **0/480902**
66.249.64.4 - - [14/Sep/2025:05:41:10 -0700] "GET /?market67253919?kg=0067149310 HTTP/1.1" 200 22256 "-" "Mozilla/5.0 (Linux; Android 6.0.1; Nexus 5X Build/MMB29P) AppleWebKit/537.36 (KHTML, like Gecko) Chrome/140.0.7339.127 Mobile Safari/537.36 (compatible; Googlebot/2.1; +http://www.google.com/bot.html)" 280 **0/280130**
