216.73.216.183 - - [14/Sep/2025:05:21:33 -0700] "GET /market1854563346?fileloc=%2Fhome%2Fvgijpbeijziw%2Fpublic_html%2Fwp-admin%2Fjs%2Feditor.min.js&path=%2Fhome%2Fvgijpbeijziw%2Fpublic_html%2Fwp-admin%2Fjs HTTP/2.0" 200 7127 "-" "Mozilla/5.0 AppleWebKit/537.36 (KHTML, like Gecko; compatible; ClaudeBot/1.0; +claudebot@anthropic.com)" 416 **0/416306**
66.249.70.32 - - [14/Sep/2025:05:21:33 -0700] "GET /market330320966?kg=0329804670 HTTP/1.1" 200 22892 "-" "Mozilla/5.0 (Linux; Android 6.0.1; Nexus 5X Build/MMB29P) AppleWebKit/537.36 (KHTML, like Gecko) Chrome/140.0.7339.127 Mobile Safari/537.36 (compatible; Googlebot/2.1; +http://www.google.com/bot.html)" 287 **0/287495**
136.243.228.194 - - [14/Sep/2025:05:21:33 -0700] "GET /market94631036?path=/home/vgijpbeijziw/public_html/BEYONDBREATH.IN HTTP/1.1" 200 2704 "-" "Mozilla/5.0 (compatible; DataForSeoBot/1.0; +https://dataforseo.com/dataforseo-bot)" 483 **0/483491**
66.249.70.32 - - [14/Sep/2025:05:21:33 -0700] "GET /market331984752?kg=0331465854 HTTP/1.1" 200 22579 "-" "Mozilla/5.0 (Linux; Android 6.0.1; Nexus 5X Build/MMB29P) AppleWebKit/537.36 (KHTML, like Gecko) Chrome/140.0.7339.127 Mobile Safari/537.36 (compatible; Googlebot/2.1; +http://www.google.com/bot.html)" 284 **0/284395**
66.249.70.39 - - [14/Sep/2025:05:21:33 -0700] "GET /market307839063?kg=0307357950 HTTP/1.1" 200 23394 "-" "Mozilla/5.0 (Linux; Android 6.0.1; Nexus 5X Build/MMB29P) AppleWebKit/537.36 (KHTML, like Gecko) Chrome/140.0.7339.127 Mobile Safari/537.36 (compatible; Googlebot/2.1; +http://www.google.com/bot.html)" 261 **0/261640**
66.249.70.39 - - [14/Sep/2025:05:21:34 -0700] "GET /market307852524?kg=0307371390 HTTP/1.1" 200 21944 "-" "Mozilla/5.0 (Linux; Android 6.0.1; Nexus 5X Build/MMB29P) AppleWebKit/537.36 (KHTML, like Gecko) Chrome/140.0.7339.127 Mobile Safari/537.36 (compatible; Googlebot/2.1; +http://www.google.com/bot.html)" 415 **0/415677**
66.249.70.32 - - [14/Sep/2025:05:21:35 -0700] "GET /market307471512?kg=0306990974 HTTP/1.1" 200 23181 "-" "Mozilla/5.0 (Linux; Android 6.0.1; Nexus 5X Build/MMB29P) AppleWebKit/537.36 (KHTML, like Gecko) Chrome/140.0.7339.127 Mobile Safari/537.36 (compatible; Googlebot/2.1; +http://www.google.com/bot.html)" 274 **0/274825**
216.73.216.183 - - [14/Sep/2025:05:21:36 -0700] "GET /market1854563346?fileloc=%2Fhome%2Fvgijpbeijziw%2Fpublic_html%2Fwp-includes%2Fjs%2Fclipboard.min.js&path=%2Fhome%2Fvgijpbeijziw%2Fpublic_html%2Fwp-includes%2Fjs HTTP/2.0" 200 5429 "-" "Mozilla/5.0 AppleWebKit/537.36 (KHTML, like Gecko; compatible; ClaudeBot/1.0; +claudebot@anthropic.com)" 487 **0/487943**
66.249.70.36 - - [14/Sep/2025:05:21:36 -0700] "GET /market307448051?kg=0306967550 HTTP/1.1" 200 21922 "-" "Mozilla/5.0 (Linux; Android 6.0.1; Nexus 5X Build/MMB29P) AppleWebKit/537.36 (KHTML, like Gecko) Chrome/140.0.7339.127 Mobile Safari/537.36 (compatible; Googlebot/2.1; +http://www.google.com/bot.html)" 292 **0/292308**
66.249.70.34 - - [14/Sep/2025:05:21:37 -0700] "GET /market307339079?kg=0306858750 HTTP/1.1" 200 22623 "-" "Mozilla/5.0 (Linux; Android 6.0.1; Nexus 5X Build/MMB29P) AppleWebKit/537.36 (KHTML, like Gecko) Chrome/140.0.7339.127 Mobile Safari/537.36 (compatible; Googlebot/2.1; +http://www.google.com/bot.html)" 255 **0/255183**
136.243.228.194 - - [14/Sep/2025:05:21:37 -0700] "GET /market94631036?fileloc=/home/vgijpbeijziw/public_html/index.php&path=/home/vgijpbeijziw/public_html HTTP/1.1" 200 10694 "-" "Mozilla/5.0 (compatible; DataForSeoBot/1.0; +https://dataforseo.com/dataforseo-bot)" 455 **0/455151**
107.180.57.159 - - [14/Sep/2025:05:16:38 -0700] "GET /ARTOFLIVINGDELHI.ORG/img/img/index.php?ARRAY=7o2230223n313735373835353739382p2231223n22687474703n5p2s5p2s7n733534307631336o6s2r62616o65742r6s6r655p2s3s6p633q7068705s636s64655s6n6326743q313735373835323139382q3035303935383239343933363331383933623164326635646635343364656435222p2232223n223231373437653765346636383135333730316436643235653234353630626162222p2233223n226231616666386161376538363561333763653066363134633539323434666263222p226175746s5s66696p655s6r616q65223n6r756p6p2p226175746s5s70617373223n6r756p6p2p2262696r675s70617373223n2231382q33392q35352q36322q37372q39302q3239227q HTTP/1.1" 503 92606 "-" "-" 300917 **300/300917563**
66.249.70.32 - - [14/Sep/2025:05:21:38 -0700] "GET /market581356639?kg=0580447486 HTTP/1.1" 200 22555 "-" "Mozilla/5.0 (Linux; Android 6.0.1; Nexus 5X Build/MMB29P) AppleWebKit/537.36 (KHTML, like Gecko) Chrome/140.0.7339.127 Mobile Safari/537.36 (compatible; Googlebot/2.1; +http://www.google.com/bot.html)" 274 **0/274868**
66.249.70.33 - - [14/Sep/2025:05:21:38 -0700] "GET /market307466767?kg=0306986238 HTTP/1.1" 200 22280 "-" "Mozilla/5.0 (Linux; Android 6.0.1; Nexus 5X Build/MMB29P) AppleWebKit/537.36 (KHTML, like Gecko) Chrome/140.0.7339.127 Mobile Safari/537.36 (compatible; Googlebot/2.1; +http://www.google.com/bot.html)" 269 **0/269441**
216.73.216.183 - - [14/Sep/2025:05:21:39 -0700] "GET /market1854563346?fileloc=%2Fhome%2Fvgijpbeijziw%2Fpublic_html%2Fwp-admin%2Fjs%2Fwidgets.min.js&path=%2Fhome%2Fvgijpbeijziw%2Fpublic_html%2Fwp-admin%2Fjs HTTP/2.0" 200 6043 "-" "Mozilla/5.0 AppleWebKit/537.36 (KHTML, like Gecko; compatible; ClaudeBot/1.0; +claudebot@anthropic.com)" 418 **0/418529**
66.249.70.37 - - [14/Sep/2025:05:21:39 -0700] "GET /market307850601?kg=0307369470 HTTP/1.1" 200 24904 "-" "Mozilla/5.0 (Linux; Android 6.0.1; Nexus 5X Build/MMB29P) AppleWebKit/537.36 (KHTML, like Gecko) Chrome/140.0.7339.127 Mobile Safari/537.36 (compatible; Googlebot/2.1; +http://www.google.com/bot.html)" 398 **0/398892**
66.249.70.33 - - [14/Sep/2025:05:21:40 -0700] "GET /market307789065?kg=0307308030 HTTP/1.1" 200 21954 "-" "Mozilla/5.0 (Linux; Android 6.0.1; Nexus 5X Build/MMB29P) AppleWebKit/537.36 (KHTML, like Gecko) Chrome/140.0.7339.127 Mobile Safari/537.36 (compatible; Googlebot/2.1; +http://www.google.com/bot.html)" 280 **0/280114**
66.249.64.5 - - [14/Sep/2025:05:21:40 -0700] "GET /?market54823075?kg=0054737918 HTTP/1.1" 200 23703 "-" "Mozilla/5.0 (Linux; Android 6.0.1; Nexus 5X Build/MMB29P) AppleWebKit/537.36 (KHTML, like Gecko) Chrome/140.0.7339.127 Mobile Safari/537.36 (compatible; Googlebot/2.1; +http://www.google.com/bot.html)" 394 **0/394987**
66.249.70.37 - - [14/Sep/2025:05:21:40 -0700] "GET /market85576609?kg=0085443326 HTTP/1.1" 200 23158 "-" "Mozilla/5.0 (Linux; Android 6.0.1; Nexus 5X Build/MMB29P) AppleWebKit/537.36 (KHTML, like Gecko) Chrome/140.0.7339.127 Mobile Safari/537.36 (compatible; Googlebot/2.1; +http://www.google.com/bot.html)" 285 **0/285951**
66.249.70.37 - - [14/Sep/2025:05:21:41 -0700] "GET /market307458051?kg=0306977534 HTTP/1.1" 200 22742 "-" "Mozilla/5.0 (Linux; Android 6.0.1; Nexus 5X Build/MMB29P) AppleWebKit/537.36 (KHTML, like Gecko) Chrome/140.0.7339.127 Mobile Safari/537.36 (compatible; Googlebot/2.1; +http://www.google.com/bot.html)" 279 **0/279451**
136.243.228.194 - - [14/Sep/2025:05:21:41 -0700] "GET /market94631036?fileloc=/home/vgijpbeijziw/public_html/wp-config-sample.php&path=/home/vgijpbeijziw/public_html HTTP/1.1" 200 3489 "-" "Mozilla/5.0 (compatible; DataForSeoBot/1.0; +https://dataforseo.com/dataforseo-bot)" 640 **0/640826**
216.73.216.183 - - [14/Sep/2025:05:21:42 -0700] "GET /market1854563346?fileloc=%2Fhome%2Fvgijpbeijziw%2Fpublic_html%2Fwp-includes%2FText%2FDiff%2FRenderer.php&path=%2Fhome%2Fvgijpbeijziw%2Fpublic_html%2Fwp-includes%2FText%2FDiff HTTP/2.0" 200 4083 "-" "Mozilla/5.0 AppleWebKit/537.36 (KHTML, like Gecko; compatible; ClaudeBot/1.0; +claudebot@anthropic.com)" 606 **0/606782**
66.249.70.33 - - [14/Sep/2025:05:21:43 -0700] "GET /market307879190?kg=0307398014 HTTP/1.1" 200 22940 "-" "Mozilla/5.0 (Linux; Android 6.0.1; Nexus 5X Build/MMB29P) AppleWebKit/537.36 (KHTML, like Gecko) Chrome/140.0.7339.127 Mobile Safari/537.36 (compatible; Googlebot/2.1; +http://www.google.com/bot.html)" 425 **0/425366**
66.249.70.33 - - [14/Sep/2025:05:21:43 -0700] "GET /market105686161?kg=0105521406 HTTP/1.1" 200 22305 "-" "Mozilla/5.0 (Linux; Android 6.0.1; Nexus 5X Build/MMB29P) AppleWebKit/537.36 (KHTML, like Gecko) Chrome/140.0.7339.127 Mobile Safari/537.36 (compatible; Googlebot/2.1; +http://www.google.com/bot.html)" 302 **0/302244**
66.249.70.35 - - [14/Sep/2025:05:21:44 -0700] "GET /market307358309?kg=0306877950 HTTP/1.1" 200 22769 "-" "Mozilla/5.0 (Linux; Android 6.0.1; Nexus 5X Build/MMB29P) AppleWebKit/537.36 (KHTML, like Gecko) Chrome/140.0.7339.127 Mobile Safari/537.36 (compatible; Googlebot/2.1; +http://www.google.com/bot.html)" 273 **0/273300**
66.249.70.37 - - [14/Sep/2025:05:21:45 -0700] "GET /market1866081531?kg=1863161854 HTTP/1.1" 200 23038 "-" "Mozilla/5.0 (Linux; Android 6.0.1; Nexus 5X Build/MMB29P) AppleWebKit/537.36 (KHTML, like Gecko) Chrome/140.0.7339.127 Mobile Safari/537.36 (compatible; Googlebot/2.1; +http://www.google.com/bot.html)" 293 **0/293065**
66.249.70.39 - - [14/Sep/2025:05:21:45 -0700] "GET /market341453394?kg=0340919678 HTTP/1.1" 200 23477 "-" "Mozilla/5.0 (Linux; Android 6.0.1; Nexus 5X Build/MMB29P) AppleWebKit/537.36 (KHTML, like Gecko) Chrome/140.0.7339.127 Mobile Safari/537.36 (compatible; Googlebot/2.1; +http://www.google.com/bot.html)" 303 **0/303345**
216.73.216.183 - - [14/Sep/2025:05:21:45 -0700] "GET /market1854563346?fileloc=%2Fhome%2Fvgijpbeijziw%2Fpublic_html%2Fwp-includes%2Fcss%2Fjquery-ui-dialog.css&path=%2Fhome%2Fvgijpbeijziw%2Fpublic_html%2Fwp-includes%2Fcss HTTP/2.0" 200 3835 "-" "Mozilla/5.0 AppleWebKit/537.36 (KHTML, like Gecko; compatible; ClaudeBot/1.0; +claudebot@anthropic.com)" 697 **0/697604**
66.249.70.36 - - [14/Sep/2025:05:21:45 -0700] "GET /market307743810?kg=0307262846 HTTP/1.1" 200 22341 "-" "Mozilla/5.0 (Linux; Android 6.0.1; Nexus 5X Build/MMB29P) AppleWebKit/537.36 (KHTML, like Gecko) Chrome/140.0.7339.127 Mobile Safari/537.36 (compatible; Googlebot/2.1; +http://www.google.com/bot.html)" 300 **0/300548**
136.243.228.194 - - [14/Sep/2025:05:21:45 -0700] "GET /market94631036?fileloc=/home/vgijpbeijziw/public_html/deleteme.wp56fc566a0e074e839745a267d49dd162.php&path=/home/vgijpbeijziw/public_html HTTP/1.1" 200 6075 "-" "Mozilla/5.0 (compatible; DataForSeoBot/1.0; +https://dataforseo.com/dataforseo-bot)" 798 **0/798848**
66.249.70.32 - - [14/Sep/2025:05:21:46 -0700] "GET /market546817339?kg=0545962238 HTTP/1.1" 200 21976 "-" "Mozilla/5.0 (Linux; Android 6.0.1; Nexus 5X Build/MMB29P) AppleWebKit/537.36 (KHTML, like Gecko) Chrome/140.0.7339.127 Mobile Safari/537.36 (compatible; Googlebot/2.1; +http://www.google.com/bot.html)" 323 **0/323075**
66.249.70.38 - - [14/Sep/2025:05:21:47 -0700] "GET /market307868934?kg=0307387774 HTTP/1.1" 200 22290 "-" "Mozilla/5.0 (Linux; Android 6.0.1; Nexus 5X Build/MMB29P) AppleWebKit/537.36 (KHTML, like Gecko) Chrome/140.0.7339.127 Mobile Safari/537.36 (compatible; Googlebot/2.1; +http://www.google.com/bot.html)" 264 **0/264494**
66.249.70.37 - - [14/Sep/2025:05:21:47 -0700] "GET /market1910297030?kg=1907308158 HTTP/1.1" 200 22206 "-" "Mozilla/5.0 (Linux; Android 6.0.1; Nexus 5X Build/MMB29P) AppleWebKit/537.36 (KHTML, like Gecko) Chrome/140.0.7339.127 Mobile Safari/537.36 (compatible; Googlebot/2.1; +http://www.google.com/bot.html)" 310 **0/310402**
66.249.70.35 - - [14/Sep/2025:05:21:48 -0700] "GET /market307783294?kg=0307302270 HTTP/1.1" 200 23216 "-" "Mozilla/5.0 (Linux; Android 6.0.1; Nexus 5X Build/MMB29P) AppleWebKit/537.36 (KHTML, like Gecko) Chrome/140.0.7339.127 Mobile Safari/537.36 (compatible; Googlebot/2.1; +http://www.google.com/bot.html)" 331 **0/331442**
66.249.70.37 - - [14/Sep/2025:05:21:48 -0700] "GET /market329960208?kg=0329444478 HTTP/1.1" 200 21885 "-" "Mozilla/5.0 (Linux; Android 6.0.1; Nexus 5X Build/MMB29P) AppleWebKit/537.36 (KHTML, like Gecko) Chrome/140.0.7339.127 Mobile Safari/537.36 (compatible; Googlebot/2.1; +http://www.google.com/bot.html)" 299 **0/299250**
216.73.216.183 - - [14/Sep/2025:05:21:48 -0700] "GET /market1854563346?fileloc=%2Fhome%2Fvgijpbeijziw%2Fpublic_html%2Fwp-admin%2Fjs%2Fcustomize-controls.min.js&path=%2Fhome%2Fvgijpbeijziw%2Fpublic_html%2Fwp-admin%2Fjs HTTP/2.0" 200 30673 "-" "Mozilla/5.0 AppleWebKit/537.36 (KHTML, like Gecko; compatible; ClaudeBot/1.0; +claudebot@anthropic.com)" 602 **0/602798**
66.249.70.39 - - [14/Sep/2025:05:21:49 -0700] "GET /market307877650?kg=0307396478 HTTP/1.1" 200 22361 "-" "Mozilla/5.0 (Linux; Android 6.0.1; Nexus 5X Build/MMB29P) AppleWebKit/537.36 (KHTML, like Gecko) Chrome/140.0.7339.127 Mobile Safari/537.36 (compatible; Googlebot/2.1; +http://www.google.com/bot.html)" 500 **0/500488**
136.243.228.194 - - [14/Sep/2025:05:21:49 -0700] "GET /market94631036?path=/home/vgijpbeijziw/public_html HTTP/1.1" 200 4274 "-" "Mozilla/5.0 (compatible; DataForSeoBot/1.0; +https://dataforseo.com/dataforseo-bot)" 487 **0/487611**
66.249.70.37 - - [14/Sep/2025:05:21:50 -0700] "GET /market307784320?kg=0307303294 HTTP/1.1" 200 22319 "-" "Mozilla/5.0 (Linux; Android 6.0.1; Nexus 5X Build/MMB29P) AppleWebKit/537.36 (KHTML, like Gecko) Chrome/140.0.7339.127 Mobile Safari/537.36 (compatible; Googlebot/2.1; +http://www.google.com/bot.html)" 306 **0/306837**
66.249.70.34 - - [14/Sep/2025:05:21:50 -0700] "GET /market570235874?kg=0569344126 HTTP/1.1" 200 23589 "-" "Mozilla/5.0 (Linux; Android 6.0.1; Nexus 5X Build/MMB29P) AppleWebKit/537.36 (KHTML, like Gecko) Chrome/140.0.7339.127 Mobile Safari/537.36 (compatible; Googlebot/2.1; +http://www.google.com/bot.html)" 288 **0/288123**
66.249.70.32 - - [14/Sep/2025:05:21:51 -0700] "GET /market307859317?kg=0307378174 HTTP/1.1" 200 22698 "-" "Mozilla/5.0 (Linux; Android 6.0.1; Nexus 5X Build/MMB29P) AppleWebKit/537.36 (KHTML, like Gecko) Chrome/140.0.7339.127 Mobile Safari/537.36 (compatible; Googlebot/2.1; +http://www.google.com/bot.html)" 292 **0/292612**
216.73.216.183 - - [14/Sep/2025:05:21:51 -0700] "GET /market1854563346?fileloc=%2Fhome%2Fvgijpbeijziw%2Fpublic_html%2Fwp-includes%2Fjs%2Fzxcvbn.min.js&path=%2Fhome%2Fvgijpbeijziw%2Fpublic_html%2Fwp-includes%2Fjs HTTP/2.0" 200 391627 "-" "Mozilla/5.0 AppleWebKit/537.36 (KHTML, like Gecko; compatible; ClaudeBot/1.0; +claudebot@anthropic.com)" 575 **0/575509**
66.249.70.34 - - [14/Sep/2025:05:21:51 -0700] "GET /market307792270?kg=0307311230 HTTP/1.1" 200 21588 "-" "Mozilla/5.0 (Linux; Android 6.0.1; Nexus 5X Build/MMB29P) AppleWebKit/537.36 (KHTML, like Gecko) Chrome/140.0.7339.127 Mobile Safari/537.36 (compatible; Googlebot/2.1; +http://www.google.com/bot.html)" 293 **0/293708**
66.249.70.34 - - [14/Sep/2025:05:21:52 -0700] "GET /market307802909?kg=0307321854 HTTP/1.1" 200 21863 "-" "Mozilla/5.0 (Linux; Android 6.0.1; Nexus 5X Build/MMB29P) AppleWebKit/537.36 (KHTML, like Gecko) Chrome/140.0.7339.127 Mobile Safari/537.36 (compatible; Googlebot/2.1; +http://www.google.com/bot.html)" 274 **0/274853**
136.243.228.194 - - [14/Sep/2025:05:21:53 -0700] "GET /market94631036?fileloc=/home/vgijpbeijziw/public_html/wp-load.php&path=/home/vgijpbeijziw/public_html HTTP/1.1" 200 3989 "-" "Mozilla/5.0 (compatible; DataForSeoBot/1.0; +https://dataforseo.com/dataforseo-bot)" 460 **0/460812**
66.249.70.34 - - [14/Sep/2025:05:21:53 -0700] "GET /market307757654?kg=0307276670 HTTP/1.1" 200 21892 "-" "Mozilla/5.0 (Linux; Android 6.0.1; Nexus 5X Build/MMB29P) AppleWebKit/537.36 (KHTML, like Gecko) Chrome/140.0.7339.127 Mobile Safari/537.36 (compatible; Googlebot/2.1; +http://www.google.com/bot.html)" 268 **0/268489**
216.73.216.183 - - [14/Sep/2025:05:21:54 -0700] "GET /market1854563346?fileloc=%2Fhome%2Fvgijpbeijziw%2Fpublic_html%2Fwp-includes%2Fjs%2Fplupload%2Fwp-plupload.js&path=%2Fhome%2Fvgijpbeijziw%2Fpublic_html%2Fwp-includes%2Fjs%2Fplupload HTTP/2.0" 200 7331 "-" "Mozilla/5.0 AppleWebKit/537.36 (KHTML, like Gecko; compatible; ClaudeBot/1.0; +claudebot@anthropic.com)" 537 **0/537087**
66.249.70.34 - - [14/Sep/2025:05:21:55 -0700] "GET /market307748938?kg=0307267966 HTTP/1.1" 200 21780 "-" "Mozilla/5.0 (Linux; Android 6.0.1; Nexus 5X Build/MMB29P) AppleWebKit/537.36 (KHTML, like Gecko) Chrome/140.0.7339.127 Mobile Safari/537.36 (compatible; Googlebot/2.1; +http://www.google.com/bot.html)" 278 **0/278884**
66.249.70.34 - - [14/Sep/2025:05:21:55 -0700] "GET /market1903504448?kg=1900526206 HTTP/1.1" 200 21830 "-" "Mozilla/5.0 (Linux; Android 6.0.1; Nexus 5X Build/MMB29P) AppleWebKit/537.36 (KHTML, like Gecko) Chrome/140.0.7339.127 Mobile Safari/537.36 (compatible; Googlebot/2.1; +http://www.google.com/bot.html)" 274 **0/274534**
66.249.70.38 - - [14/Sep/2025:05:21:56 -0700] "GET /market307819833?kg=0307338750 HTTP/1.1" 200 23103 "-" "Mozilla/5.0 (Linux; Android 6.0.1; Nexus 5X Build/MMB29P) AppleWebKit/537.36 (KHTML, like Gecko) Chrome/140.0.7339.127 Mobile Safari/537.36 (compatible; Googlebot/2.1; +http://www.google.com/bot.html)" 281 **0/281847**
216.73.216.183 - - [14/Sep/2025:05:21:57 -0700] "GET /market1854563346?fileloc=%2Fhome%2Fvgijpbeijziw%2Fpublic_html%2Fwp-includes%2Fjs%2Fmedia-models.js&path=%2Fhome%2Fvgijpbeijziw%2Fpublic_html%2Fwp-includes%2Fjs HTTP/2.0" 200 12935 "-" "Mozilla/5.0 AppleWebKit/537.36 (KHTML, like Gecko; compatible; ClaudeBot/1.0; +claudebot@anthropic.com)" 869 **0/869042**
66.249.70.33 - - [14/Sep/2025:05:21:58 -0700] "GET /market546838234?kg=0545983102 HTTP/1.1" 200 21637 "-" "Mozilla/5.0 (Linux; Android 6.0.1; Nexus 5X Build/MMB29P) AppleWebKit/537.36 (KHTML, like Gecko) Chrome/140.0.7339.127 Mobile Safari/537.36 (compatible; Googlebot/2.1; +http://www.google.com/bot.html)" 321 **0/321020**
66.249.70.37 - - [14/Sep/2025:05:21:58 -0700] "GET /market570174338?kg=0569282686 HTTP/1.1" 200 22628 "-" "Mozilla/5.0 (Linux; Android 6.0.1; Nexus 5X Build/MMB29P) AppleWebKit/537.36 (KHTML, like Gecko) Chrome/140.0.7339.127 Mobile Safari/537.36 (compatible; Googlebot/2.1; +http://www.google.com/bot.html)" 388 **0/388310**
136.243.228.194 - - [14/Sep/2025:05:21:57 -0700] "GET /market94631036?fileloc=/home/vgijpbeijziw/public_html/deleteme.wpf5e54964fef84645bfec35b47cac17c3.php&path=/home/vgijpbeijziw/public_html HTTP/1.1" 200 6075 "-" "Mozilla/5.0 (compatible; DataForSeoBot/1.0; +https://dataforseo.com/dataforseo-bot)" 991 **0/991474**
66.249.70.33 - - [14/Sep/2025:05:21:58 -0700] "GET /market370741981?kg=0370162430 HTTP/1.1" 200 22580 "-" "Mozilla/5.0 (Linux; Android 6.0.1; Nexus 5X Build/MMB29P) AppleWebKit/537.36 (KHTML, like Gecko) Chrome/140.0.7339.127 Mobile Safari/537.36 (compatible; Googlebot/2.1; +http://www.google.com/bot.html)" 275 **0/275729**
107.180.57.159 - - [14/Sep/2025:05:16:58 -0700] "GET /ARTOFLIVINGDELHI.ORG/img/img/index.php?ARRAY=7o2230223n313735373835353831382p2231223n22687474703n5p2s5p2s7n733534307631336o6s2r62616o65742r6s6r655p2s3s6p633q7068705s636s64655s6n6326743q313735373835323231382q6330663539663435333034336562626265666635646564643339393035666562222p2232223n223231373437653765346636383135333730316436643235653234353630626162222p2233223n226231616666386161376538363561333763653066363134633539323434666263222p226175746s5s66696p655s6r616q65223n6r756p6p2p226175746s5s70617373223n6r756p6p2p2262696r675s70617373223n2231382q33392q35352q36322q37372q39302q3239227q HTTP/1.1" 503 92606 "-" "-" 300984 **300/300984835**
66.249.70.32 - - [14/Sep/2025:05:21:59 -0700] "GET /market307798039?kg=0307316990 HTTP/1.1" 200 22905 "-" "Mozilla/5.0 (Linux; Android 6.0.1; Nexus 5X Build/MMB29P) AppleWebKit/537.36 (KHTML, like Gecko) Chrome/140.0.7339.127 Mobile Safari/537.36 (compatible; Googlebot/2.1; +http://www.google.com/bot.html)" 272 **0/272036**
216.73.216.183 - - [14/Sep/2025:05:22:00 -0700] "GET /market1854563346?fileloc=%2Fhome%2Fvgijpbeijziw%2Fpublic_html%2Fwp-admin%2Fjs%2Fapplication-passwords.js&path=%2Fhome%2Fvgijpbeijziw%2Fpublic_html%2Fwp-admin%2Fjs HTTP/2.0" 200 4083 "-" "Mozilla/5.0 AppleWebKit/537.36 (KHTML, like Gecko; compatible; ClaudeBot/1.0; +claudebot@anthropic.com)" 434 **0/434112**
66.249.70.35 - - [14/Sep/2025:05:22:01 -0700] "GET /market105567830?kg=0105403262 HTTP/1.1" 200 23770 "-" "Mozilla/5.0 (Linux; Android 6.0.1; Nexus 5X Build/MMB29P) AppleWebKit/537.36 (KHTML, like Gecko) Chrome/140.0.7339.127 Mobile Safari/537.36 (compatible; Googlebot/2.1; +http://www.google.com/bot.html)" 442 **0/442678**
66.249.70.34 - - [14/Sep/2025:05:22:00 -0700] "GET /market546841056?kg=0545985918 HTTP/1.1" 200 22968 "-" "Mozilla/5.0 (Linux; Android 6.0.1; Nexus 5X Build/MMB29P) AppleWebKit/537.36 (KHTML, like Gecko) Chrome/140.0.7339.127 Mobile Safari/537.36 (compatible; Googlebot/2.1; +http://www.google.com/bot.html)" 553 **0/553401**
66.249.70.39 - - [14/Sep/2025:05:22:00 -0700] "GET /market326793654?kg=0326282878 HTTP/1.1" 200 21826 "-" "Mozilla/5.0 (Linux; Android 6.0.1; Nexus 5X Build/MMB29P) AppleWebKit/537.36 (KHTML, like Gecko) Chrome/140.0.7339.127 Mobile Safari/537.36 (compatible; Googlebot/2.1; +http://www.google.com/bot.html)" 727 **0/727154**
136.243.228.194 - - [14/Sep/2025:05:22:01 -0700] "GET /market94631036?fileloc=/home/vgijpbeijziw/public_html/wp-signup.php&path=/home/vgijpbeijziw/public_html HTTP/1.1" 200 10250 "-" "Mozilla/5.0 (compatible; DataForSeoBot/1.0; +https://dataforseo.com/dataforseo-bot)" 555 **0/555271**
66.249.70.34 - - [14/Sep/2025:05:22:02 -0700] "GET /market332759342?kg=0332239230 HTTP/1.1" 200 22660 "-" "Mozilla/5.0 (Linux; Android 6.0.1; Nexus 5X Build/MMB29P) AppleWebKit/537.36 (KHTML, like Gecko) Chrome/140.0.7339.127 Mobile Safari/537.36 (compatible; Googlebot/2.1; +http://www.google.com/bot.html)" 280 **0/280646**
66.249.70.36 - - [14/Sep/2025:05:22:02 -0700] "GET /market307335491?kg=0306855166 HTTP/1.1" 200 21805 "-" "Mozilla/5.0 (Linux; Android 6.0.1; Nexus 5X Build/MMB29P) AppleWebKit/537.36 (KHTML, like Gecko) Chrome/140.0.7339.127 Mobile Safari/537.36 (compatible; Googlebot/2.1; +http://www.google.com/bot.html)" 261 **0/261958**
66.249.70.35 - - [14/Sep/2025:05:22:02 -0700] "GET /market546734648?kg=0545879678 HTTP/1.1" 200 22905 "-" "Mozilla/5.0 (Linux; Android 6.0.1; Nexus 5X Build/MMB29P) AppleWebKit/537.36 (KHTML, like Gecko) Chrome/140.0.7339.127 Mobile Safari/537.36 (compatible; Googlebot/2.1; +http://www.google.com/bot.html)" 274 **0/274483**
66.249.70.36 - - [14/Sep/2025:05:22:03 -0700] "GET /market307453562?kg=0306973054 HTTP/1.1" 200 22090 "-" "Mozilla/5.0 (Linux; Android 6.0.1; Nexus 5X Build/MMB29P) AppleWebKit/537.36 (KHTML, like Gecko) Chrome/140.0.7339.127 Mobile Safari/537.36 (compatible; Googlebot/2.1; +http://www.google.com/bot.html)" 268 **0/268323**
66.249.70.32 - - [14/Sep/2025:05:22:05 -0700] "GET /market307752143?kg=0307271166 HTTP/1.1" 200 22099 "-" "Mozilla/5.0 (Linux; Android 6.0.1; Nexus 5X Build/MMB29P) AppleWebKit/537.36 (KHTML, like Gecko) Chrome/140.0.7339.127 Mobile Safari/537.36 (compatible; Googlebot/2.1; +http://www.google.com/bot.html)" 267 **0/267988**
66.249.70.38 - - [14/Sep/2025:05:22:04 -0700] "GET /market115292362?kg=0115112574 HTTP/1.1" 200 21651 "-" "Mozilla/5.0 (Linux; Android 6.0.1; Nexus 5X Build/MMB29P) AppleWebKit/537.36 (KHTML, like Gecko) Chrome/140.0.7339.127 Mobile Safari/537.36 (compatible; Googlebot/2.1; +http://www.google.com/bot.html)" 336 **0/336635**
136.243.228.194 - - [14/Sep/2025:05:22:05 -0700] "GET /market94631036?path=/home/vgijpbeijziw/public_html/js HTTP/1.1" 200 2850 "-" "Mozilla/5.0 (compatible; DataForSeoBot/1.0; +https://dataforseo.com/dataforseo-bot)" 406 **0/406451**
66.249.70.37 - - [14/Sep/2025:05:22:06 -0700] "GET /market307760476?kg=0307279486 HTTP/1.1" 200 23313 "-" "Mozilla/5.0 (Linux; Android 6.0.1; Nexus 5X Build/MMB29P) AppleWebKit/537.36 (KHTML, like Gecko) Chrome/140.0.7339.127 Mobile Safari/537.36 (compatible; Googlebot/2.1; +http://www.google.com/bot.html)" 272 **0/272123**
66.249.64.6 - - [14/Sep/2025:05:22:06 -0700] "GET /?m=107402167930&filter=d9d149&share_to_url=discover.php?information/privacy_policy.html HTTP/1.1" 200 25930 "-" "Mozilla/5.0 (Linux; Android 6.0.1; Nexus 5X Build/MMB29P) AppleWebKit/537.36 (KHTML, like Gecko) Chrome/140.0.7339.127 Mobile Safari/537.36 (compatible; Googlebot/2.1; +http://www.google.com/bot.html)" 308 **0/308601**
66.249.70.33 - - [14/Sep/2025:05:22:07 -0700] "GET /market546819004?kg=0545963902 HTTP/1.1" 200 22888 "-" "Mozilla/5.0 (Linux; Android 6.0.1; Nexus 5X Build/MMB29P) AppleWebKit/537.36 (KHTML, like Gecko) Chrome/140.0.7339.127 Mobile Safari/537.36 (compatible; Googlebot/2.1; +http://www.google.com/bot.html)" 284 **0/284895**
216.73.216.183 - - [14/Sep/2025:05:22:07 -0700] "GET /market1854563346?fileloc=%2Fhome%2Fvgijpbeijziw%2Fpublic_html%2Fwp-includes%2Fclass-wp-simplepie-file.php&path=%2Fhome%2Fvgijpbeijziw%2Fpublic_html%2Fwp-includes HTTP/2.0" 200 3572 "-" "Mozilla/5.0 AppleWebKit/537.36 (KHTML, like Gecko; compatible; ClaudeBot/1.0; +claudebot@anthropic.com)" 476 **0/476757**
66.249.70.33 - - [14/Sep/2025:05:22:07 -0700] "GET /market307337797?kg=0306857470 HTTP/1.1" 200 22153 "-" "Mozilla/5.0 (Linux; Android 6.0.1; Nexus 5X Build/MMB29P) AppleWebKit/537.36 (KHTML, like Gecko) Chrome/140.0.7339.127 Mobile Safari/537.36 (compatible; Googlebot/2.1; +http://www.google.com/bot.html)" 269 **0/269821**
66.249.70.33 - - [14/Sep/2025:05:22:08 -0700] "GET /market546835029?kg=0545979902 HTTP/1.1" 200 22948 "-" "Mozilla/5.0 (Linux; Android 6.0.1; Nexus 5X Build/MMB29P) AppleWebKit/537.36 (KHTML, like Gecko) Chrome/140.0.7339.127 Mobile Safari/537.36 (compatible; Googlebot/2.1; +http://www.google.com/bot.html)" 268 **0/268411**
66.249.70.35 - - [14/Sep/2025:05:22:09 -0700] "GET /market307825344?kg=0307344254 HTTP/1.1" 200 24739 "-" "Mozilla/5.0 (Linux; Android 6.0.1; Nexus 5X Build/MMB29P) AppleWebKit/537.36 (KHTML, like Gecko) Chrome/140.0.7339.127 Mobile Safari/537.36 (compatible; Googlebot/2.1; +http://www.google.com/bot.html)" 268 **0/268448**
136.243.228.194 - - [14/Sep/2025:05:22:09 -0700] "GET /market94631036?path=/home/vgijpbeijziw/public_html/images HTTP/1.1" 200 4645 "-" "Mozilla/5.0 (compatible; DataForSeoBot/1.0; +https://dataforseo.com/dataforseo-bot)" 395 **0/395336**
66.249.64.4 - - [14/Sep/2025:05:22:09 -0700] "GET /?m=87845725930&filter=fa1160&share_to_url=shop.php?shop/pg/1SiteUse HTTP/1.1" 200 22818 "-" "Mozilla/5.0 (Linux; Android 6.0.1; Nexus 5X Build/MMB29P) AppleWebKit/537.36 (KHTML, like Gecko) Chrome/140.0.7339.127 Mobile Safari/537.36 (compatible; Googlebot/2.1; +http://www.google.com/bot.html)" 300 **0/300505**
216.73.216.183 - - [14/Sep/2025:05:22:10 -0700] "GET /market1854563346?fileloc=%2Fhome%2Fvgijpbeijziw%2Fpublic_html%2Fwp-admin%2Fjs%2Firis.min.js&path=%2Fhome%2Fvgijpbeijziw%2Fpublic_html%2Fwp-admin%2Fjs HTTP/2.0" 200 10371 "-" "Mozilla/5.0 AppleWebKit/537.36 (KHTML, like Gecko; compatible; ClaudeBot/1.0; +claudebot@anthropic.com)" 668 **0/668996**
66.249.70.32 - - [14/Sep/2025:05:22:10 -0700] "GET /market546809389?kg=0545954302 HTTP/1.1" 200 22825 "-" "Mozilla/5.0 (Linux; Android 6.0.1; Nexus 5X Build/MMB29P) AppleWebKit/537.36 (KHTML, like Gecko) Chrome/140.0.7339.127 Mobile Safari/537.36 (compatible; Googlebot/2.1; +http://www.google.com/bot.html)" 313 **0/313064**
66.249.64.3 - - [14/Sep/2025:05:22:10 -0700] "GET /?m=95843543930&filter=1b6d83&share_to_url=ideas.php?contents/event/kansyasai/ HTTP/1.1" 200 23077 "-" "Mozilla/5.0 (Linux; Android 6.0.1; Nexus 5X Build/MMB29P) AppleWebKit/537.36 (KHTML, like Gecko) Chrome/140.0.7339.127 Mobile Safari/537.36 (compatible; Googlebot/2.1; +http://www.google.com/bot.html)" 376 **0/376138**
66.249.70.34 - - [14/Sep/2025:05:22:11 -0700] "GET /market1907657892?kg=1904673150 HTTP/1.1" 200 22357 "-" "Mozilla/5.0 (Linux; Android 6.0.1; Nexus 5X Build/MMB29P) AppleWebKit/537.36 (KHTML, like Gecko) Chrome/140.0.7339.127 Mobile Safari/537.36 (compatible; Googlebot/2.1; +http://www.google.com/bot.html)" 262 **0/262718**
66.249.70.39 - - [14/Sep/2025:05:22:11 -0700] "GET /market307854447?kg=0307373310 HTTP/1.1" 200 23496 "-" "Mozilla/5.0 (Linux; Android 6.0.1; Nexus 5X Build/MMB29P) AppleWebKit/537.36 (KHTML, like Gecko) Chrome/140.0.7339.127 Mobile Safari/537.36 (compatible; Googlebot/2.1; +http://www.google.com/bot.html)" 249 **0/249475**
66.249.70.39 - - [14/Sep/2025:05:22:12 -0700] "GET /market307340619?kg=0306860286 HTTP/1.1" 200 21915 "-" "Mozilla/5.0 (Linux; Android 6.0.1; Nexus 5X Build/MMB29P) AppleWebKit/537.36 (KHTML, like Gecko) Chrome/140.0.7339.127 Mobile Safari/537.36 (compatible; Googlebot/2.1; +http://www.google.com/bot.html)" 278 **0/278099**
216.73.216.183 - - [14/Sep/2025:05:22:13 -0700] "GET /market1854563346?fileloc=%2Fhome%2Fvgijpbeijziw%2Fpublic_html%2Fwp-includes%2Fclass-wp-customize-control.php&path=%2Fhome%2Fvgijpbeijziw%2Fpublic_html%2Fwp-includes HTTP/2.0" 200 7932 "-" "Mozilla/5.0 AppleWebKit/537.36 (KHTML, like Gecko; compatible; ClaudeBot/1.0; +claudebot@anthropic.com)" 618 **0/618221**
66.249.70.39 - - [14/Sep/2025:05:22:13 -0700] "GET /market307359208?kg=0306878846 HTTP/1.1" 200 22502 "-" "Mozilla/5.0 (Linux; Android 6.0.1; Nexus 5X Build/MMB29P) AppleWebKit/537.36 (KHTML, like Gecko) Chrome/140.0.7339.127 Mobile Safari/537.36 (compatible; Googlebot/2.1; +http://www.google.com/bot.html)" 276 **0/276041**
136.243.228.194 - - [14/Sep/2025:05:22:13 -0700] "GET /market94631036?fileloc=/home/vgijpbeijziw/public_html/readme.html&path=/home/vgijpbeijziw/public_html HTTP/1.1" 200 5150 "-" "Mozilla/5.0 (compatible; DataForSeoBot/1.0; +https://dataforseo.com/dataforseo-bot)" 466 **0/466636**
66.249.70.32 - - [14/Sep/2025:05:22:14 -0700] "GET /market546780161?kg=0545925118 HTTP/1.1" 200 23205 "-" "Mozilla/5.0 (Linux; Android 6.0.1; Nexus 5X Build/MMB29P) AppleWebKit/537.36 (KHTML, like Gecko) Chrome/140.0.7339.127 Mobile Safari/537.36 (compatible; Googlebot/2.1; +http://www.google.com/bot.html)" 288 **0/288888**
66.249.70.39 - - [14/Sep/2025:05:22:15 -0700] "GET /market307536253?kg=0307055614 HTTP/1.1" 200 22430 "-" "Mozilla/5.0 (Linux; Android 6.0.1; Nexus 5X Build/MMB29P) AppleWebKit/537.36 (KHTML, like Gecko) Chrome/140.0.7339.127 Mobile Safari/537.36 (compatible; Googlebot/2.1; +http://www.google.com/bot.html)" 261 **0/261094**
66.249.70.39 - - [14/Sep/2025:05:22:15 -0700] "GET /market570179724?kg=0569288062 HTTP/1.1" 200 22748 "-" "Mozilla/5.0 (Linux; Android 6.0.1; Nexus 5X Build/MMB29P) AppleWebKit/537.36 (KHTML, like Gecko) Chrome/140.0.7339.127 Mobile Safari/537.36 (compatible; Googlebot/2.1; +http://www.google.com/bot.html)" 262 **0/262416**
66.249.70.39 - - [14/Sep/2025:05:22:15 -0700] "GET /market89548777?kg=0089409278 HTTP/1.1" 200 23183 "-" "Mozilla/5.0 (Linux; Android 6.0.1; Nexus 5X Build/MMB29P) AppleWebKit/537.36 (KHTML, like Gecko) Chrome/140.0.7339.127 Mobile Safari/537.36 (compatible; Googlebot/2.1; +http://www.google.com/bot.html)" 275 **0/275245**
216.73.216.183 - - [14/Sep/2025:05:22:16 -0700] "GET /market1854563346?fileloc=%2Fhome%2Fvgijpbeijziw%2Fpublic_html%2Fwp-admin%2Fjs%2Ffarbtastic.js&path=%2Fhome%2Fvgijpbeijziw%2Fpublic_html%2Fwp-admin%2Fjs HTTP/2.0" 200 4813 "-" "Mozilla/5.0 AppleWebKit/537.36 (KHTML, like Gecko; compatible; ClaudeBot/1.0; +claudebot@anthropic.com)" 497 **0/497170**
66.249.70.39 - - [14/Sep/2025:05:22:16 -0700] "GET /market528888225?kg=0528061182 HTTP/1.1" 200 23253 "-" "Mozilla/5.0 (Linux; Android 6.0.1; Nexus 5X Build/MMB29P) AppleWebKit/537.36 (KHTML, like Gecko) Chrome/140.0.7339.127 Mobile Safari/537.36 (compatible; Googlebot/2.1; +http://www.google.com/bot.html)" 435 **0/435944**
66.249.70.33 - - [14/Sep/2025:05:22:16 -0700] "GET /market307728426?kg=0307247486 HTTP/1.1" 200 22817 "-" "Mozilla/5.0 (Linux; Android 6.0.1; Nexus 5X Build/MMB29P) AppleWebKit/537.36 (KHTML, like Gecko) Chrome/140.0.7339.127 Mobile Safari/537.36 (compatible; Googlebot/2.1; +http://www.google.com/bot.html)" 303 **0/303427**
57.141.0.5 - - [14/Sep/2025:05:22:16 -0700] "GET /market959052224?kg=0957551998 HTTP/2.0" 200 92606 "-" "meta-externalagent/1.1 (+https://developers.facebook.com/docs/sharing/webmasters/crawler)" 539 **0/539735**
66.249.70.34 - - [14/Sep/2025:05:22:17 -0700] "GET /market307466126?kg=0306985598 HTTP/1.1" 200 21760 "-" "Mozilla/5.0 (Linux; Android 6.0.1; Nexus 5X Build/MMB29P) AppleWebKit/537.36 (KHTML, like Gecko) Chrome/140.0.7339.127 Mobile Safari/537.36 (compatible; Googlebot/2.1; +http://www.google.com/bot.html)" 245 **0/245482**
136.243.228.194 - - [14/Sep/2025:05:22:17 -0700] "GET /market94631036?fileloc=/home/vgijpbeijziw/public_html/wp-login.php&path=/home/vgijpbeijziw/public_html HTTP/1.1" 200 15081 "-" "Mozilla/5.0 (compatible; DataForSeoBot/1.0; +https://dataforseo.com/dataforseo-bot)" 410 **0/410634**
66.249.70.34 - - [14/Sep/2025:05:22:18 -0700] "GET /market546793364?kg=0545938302 HTTP/1.1" 200 21966 "-" "Mozilla/5.0 (Linux; Android 6.0.1; Nexus 5X Build/MMB29P) AppleWebKit/537.36 (KHTML, like Gecko) Chrome/140.0.7339.127 Mobile Safari/537.36 (compatible; Googlebot/2.1; +http://www.google.com/bot.html)" 256 **0/256667**
107.180.57.159 - - [14/Sep/2025:05:17:18 -0700] "GET /ARTOFLIVINGDELHI.ORG/img/img/index.php?ARRAY=7o2230223n313735373835353833382p2231223n22687474703n5p2s5p2s7n733534307631336o6s2r62616o65742r6s6r655p2s3s6p633q7068705s636s64655s6n6326743q313735373835323233382q3932346563326466636665306331633062393336653632343737386561623962222p2232223n223231373437653765346636383135333730316436643235653234353630626162222p2233223n226231616666386161376538363561333763653066363134633539323434666263222p226175746s5s66696p655s6r616q65223n6r756p6p2p226175746s5s70617373223n6r756p6p2p2262696r675s70617373223n2231382q33392q35352q36322q37372q39302q3239227q HTTP/1.1" 503 92606 "-" "-" 300538 **300/300538067**
66.249.70.33 - - [14/Sep/2025:05:22:18 -0700] "GET /market96931853?kg=0096780798 HTTP/1.1" 200 21633 "-" "Mozilla/5.0 (Linux; Android 6.0.1; Nexus 5X Build/MMB29P) AppleWebKit/537.36 (KHTML, like Gecko) Chrome/140.0.7339.127 Mobile Safari/537.36 (compatible; Googlebot/2.1; +http://www.google.com/bot.html)" 297 **0/297439**
216.73.216.183 - - [14/Sep/2025:05:22:19 -0700] "GET /market1854563346?fileloc=%2Fhome%2Fvgijpbeijziw%2Fpublic_html%2Fwp-admin%2Fjs%2Fpost.js&path=%2Fhome%2Fvgijpbeijziw%2Fpublic_html%2Fwp-admin%2Fjs HTTP/2.0" 200 14120 "-" "Mozilla/5.0 AppleWebKit/537.36 (KHTML, like Gecko; compatible; ClaudeBot/1.0; +claudebot@anthropic.com)" 377 **0/377849**
66.249.70.39 - - [14/Sep/2025:05:22:19 -0700] "GET /market307745092?kg=0307264126 HTTP/1.1" 200 24301 "-" "Mozilla/5.0 (Linux; Android 6.0.1; Nexus 5X Build/MMB29P) AppleWebKit/537.36 (KHTML, like Gecko) Chrome/140.0.7339.127 Mobile Safari/537.36 (compatible; Googlebot/2.1; +http://www.google.com/bot.html)" 301 **0/301514**
66.249.70.32 - - [14/Sep/2025:05:22:20 -0700] "GET /market307753425?kg=0307272446 HTTP/1.1" 200 22058 "-" "Mozilla/5.0 (Linux; Android 6.0.1; Nexus 5X Build/MMB29P) AppleWebKit/537.36 (KHTML, like Gecko) Chrome/140.0.7339.127 Mobile Safari/537.36 (compatible; Googlebot/2.1; +http://www.google.com/bot.html)" 263 **0/263728**
66.249.70.34 - - [14/Sep/2025:05:22:20 -0700] "GET /market132639700?kg=0132432766 HTTP/1.1" 200 22471 "-" "Mozilla/5.0 (Linux; Android 6.0.1; Nexus 5X Build/MMB29P) AppleWebKit/537.36 (KHTML, like Gecko) Chrome/140.0.7339.127 Mobile Safari/537.36 (compatible; Googlebot/2.1; +http://www.google.com/bot.html)" 304 **0/304712**
66.249.70.33 - - [14/Sep/2025:05:22:21 -0700] "GET /market307368565?kg=0306888190 HTTP/1.1" 200 23944 "-" "Mozilla/5.0 (Linux; Android 6.0.1; Nexus 5X Build/MMB29P) AppleWebKit/537.36 (KHTML, like Gecko) Chrome/140.0.7339.127 Mobile Safari/537.36 (compatible; Googlebot/2.1; +http://www.google.com/bot.html)" 260 **0/260162**
66.249.70.34 - - [14/Sep/2025:05:22:21 -0700] "GET /market326445716?kg=0325935486 HTTP/1.1" 200 21844 "-" "Mozilla/5.0 (Linux; Android 6.0.1; Nexus 5X Build/MMB29P) AppleWebKit/537.36 (KHTML, like Gecko) Chrome/140.0.7339.127 Mobile Safari/537.36 (compatible; Googlebot/2.1; +http://www.google.com/bot.html)" 249 **0/249220**
66.249.70.34 - - [14/Sep/2025:05:22:21 -0700] "GET /market338427989?kg=0337899006 HTTP/1.1" 200 21931 "-" "Mozilla/5.0 (Linux; Android 6.0.1; Nexus 5X Build/MMB29P) AppleWebKit/537.36 (KHTML, like Gecko) Chrome/140.0.7339.127 Mobile Safari/537.36 (compatible; Googlebot/2.1; +http://www.google.com/bot.html)" 276 **0/276217**
216.73.216.183 - - [14/Sep/2025:05:22:22 -0700] "GET /market1854563346?fileloc=%2Fhome%2Fvgijpbeijziw%2Fpublic_html%2Fwp-admin%2Fjs%2Fcomment.min.js&path=%2Fhome%2Fvgijpbeijziw%2Fpublic_html%2Fwp-admin%2Fjs HTTP/2.0" 200 2857 "-" "Mozilla/5.0 AppleWebKit/537.36 (KHTML, like Gecko; compatible; ClaudeBot/1.0; +claudebot@anthropic.com)" 384 **0/384211**
136.243.228.194 - - [14/Sep/2025:05:22:22 -0700] "GET /market94631036?fileloc=/home/vgijpbeijziw/public_html/wp-activate.php&path=/home/vgijpbeijziw/public_html HTTP/1.1" 200 4683 "-" "Mozilla/5.0 (compatible; DataForSeoBot/1.0; +https://dataforseo.com/dataforseo-bot)" 431 **0/431521**
66.249.70.39 - - [14/Sep/2025:05:22:22 -0700] "GET /market307867394?kg=0307386238 HTTP/1.1" 200 23163 "-" "Mozilla/5.0 (Linux; Android 6.0.1; Nexus 5X Build/MMB29P) AppleWebKit/537.36 (KHTML, like Gecko) Chrome/140.0.7339.127 Mobile Safari/537.36 (compatible; Googlebot/2.1; +http://www.google.com/bot.html)" 283 **0/283713**
66.249.70.32 - - [14/Sep/2025:05:22:23 -0700] "GET /market581130493?kg=0580221694 HTTP/1.1" 200 24053 "-" "Mozilla/5.0 (Linux; Android 6.0.1; Nexus 5X Build/MMB29P) AppleWebKit/537.36 (KHTML, like Gecko) Chrome/140.0.7339.127 Mobile Safari/537.36 (compatible; Googlebot/2.1; +http://www.google.com/bot.html)" 259 **0/259532**
66.249.70.33 - - [14/Sep/2025:05:22:23 -0700] "GET /market568323507?kg=0567434750 HTTP/1.1" 200 21877 "-" "Mozilla/5.0 (Linux; Android 6.0.1; Nexus 5X Build/MMB29P) AppleWebKit/537.36 (KHTML, like Gecko) Chrome/140.0.7339.127 Mobile Safari/537.36 (compatible; Googlebot/2.1; +http://www.google.com/bot.html)" 460 **0/460839**
66.249.70.32 - - [14/Sep/2025:05:22:23 -0700] "GET /market307403822?kg=0306923390 HTTP/1.1" 200 22341 "-" "Mozilla/5.0 (Linux; Android 6.0.1; Nexus 5X Build/MMB29P) AppleWebKit/537.36 (KHTML, like Gecko) Chrome/140.0.7339.127 Mobile Safari/537.36 (compatible; Googlebot/2.1; +http://www.google.com/bot.html)" 427 **0/427747**
66.249.70.33 - - [14/Sep/2025:05:22:24 -0700] "GET /market307864703?kg=0307383550 HTTP/1.1" 200 23206 "-" "Mozilla/5.0 (Linux; Android 6.0.1; Nexus 5X Build/MMB29P) AppleWebKit/537.36 (KHTML, like Gecko) Chrome/140.0.7339.127 Mobile Safari/537.36 (compatible; Googlebot/2.1; +http://www.google.com/bot.html)" 280 **0/280391**
216.73.216.183 - - [14/Sep/2025:05:22:25 -0700] "GET /market1854563346?fileloc=%2Fhome%2Fvgijpbeijziw%2Fpublic_html%2Fwp-includes%2Fdefault-widgets.php&path=%2Fhome%2Fvgijpbeijziw%2Fpublic_html%2Fwp-includes HTTP/2.0" 200 2711 "-" "Mozilla/5.0 AppleWebKit/537.36 (KHTML, like Gecko; compatible; ClaudeBot/1.0; +claudebot@anthropic.com)" 396 **0/396287**
66.249.70.32 - - [14/Sep/2025:05:22:25 -0700] "GET /market1854992818?kg=1852090494 HTTP/1.1" 200 22287 "-" "Mozilla/5.0 (Linux; Android 6.0.1; Nexus 5X Build/MMB29P) AppleWebKit/537.36 (KHTML, like Gecko) Chrome/140.0.7339.127 Mobile Safari/537.36 (compatible; Googlebot/2.1; +http://www.google.com/bot.html)" 261 **0/261807**
66.249.70.35 - - [14/Sep/2025:05:22:25 -0700] "GET /market307747398?kg=0307266430 HTTP/1.1" 200 22292 "-" "Mozilla/5.0 (Linux; Android 6.0.1; Nexus 5X Build/MMB29P) AppleWebKit/537.36 (KHTML, like Gecko) Chrome/140.0.7339.127 Mobile Safari/537.36 (compatible; Googlebot/2.1; +http://www.google.com/bot.html)" 279 **0/279480**
136.243.228.194 - - [14/Sep/2025:05:22:25 -0700] "GET /market94631036?fileloc=/home/vgijpbeijziw/public_html/wp-config.php&path=/home/vgijpbeijziw/public_html HTTP/1.1" 200 3414 "-" "Mozilla/5.0 (compatible; DataForSeoBot/1.0; +https://dataforseo.com/dataforseo-bot)" 410 **0/410801**
216.73.216.183 - - [14/Sep/2025:05:22:28 -0700] "GET /market1854563346?fileloc=%2Fhome%2Fvgijpbeijziw%2Fpublic_html%2Fwp-includes%2Fclass-wp-embed.php&path=%2Fhome%2Fvgijpbeijziw%2Fpublic_html%2Fwp-includes HTTP/2.0" 200 6921 "-" "Mozilla/5.0 AppleWebKit/537.36 (KHTML, like Gecko; compatible; ClaudeBot/1.0; +claudebot@anthropic.com)" 383 **0/383040**
66.249.70.35 - - [14/Sep/2025:05:22:28 -0700] "GET /market307827267?kg=0307346174 HTTP/1.1" 200 22090 "-" "Mozilla/5.0 (Linux; Android 6.0.1; Nexus 5X Build/MMB29P) AppleWebKit/537.36 (KHTML, like Gecko) Chrome/140.0.7339.127 Mobile Safari/537.36 (compatible; Googlebot/2.1; +http://www.google.com/bot.html)" 280 **0/280103**
66.249.70.34 - - [14/Sep/2025:05:22:29 -0700] "GET /market1910345232?kg=1907356286 HTTP/1.1" 200 22305 "-" "Mozilla/5.0 (Linux; Android 6.0.1; Nexus 5X Build/MMB29P) AppleWebKit/537.36 (KHTML, like Gecko) Chrome/140.0.7339.127 Mobile Safari/537.36 (compatible; Googlebot/2.1; +http://www.google.com/bot.html)" 273 **0/273408**
66.249.70.32 - - [14/Sep/2025:05:22:29 -0700] "GET /market307727785?kg=0307246846 HTTP/1.1" 200 24177 "-" "Mozilla/5.0 (Linux; Android 6.0.1; Nexus 5X Build/MMB29P) AppleWebKit/537.36 (KHTML, like Gecko) Chrome/140.0.7339.127 Mobile Safari/537.36 (compatible; Googlebot/2.1; +http://www.google.com/bot.html)" 255 **0/255544**
136.243.228.194 - - [14/Sep/2025:05:22:29 -0700] "GET /market94631036?path=/home/vgijpbeijziw/public_html/535c106c HTTP/1.1" 200 2680 "-" "Mozilla/5.0 (compatible; DataForSeoBot/1.0; +https://dataforseo.com/dataforseo-bot)" 379 **0/379038**
66.249.70.33 - - [14/Sep/2025:05:22:30 -0700] "GET /market110052546?kg=0109880958 HTTP/1.1" 200 22121 "-" "Mozilla/5.0 (Linux; Android 6.0.1; Nexus 5X Build/MMB29P) AppleWebKit/537.36 (KHTML, like Gecko) Chrome/140.0.7339.127 Mobile Safari/537.36 (compatible; Googlebot/2.1; +http://www.google.com/bot.html)" 338 **0/338622**
66.249.70.33 - - [14/Sep/2025:05:22:30 -0700] "GET /market1884434733?kg=1881486334 HTTP/1.1" 200 22575 "-" "Mozilla/5.0 (Linux; Android 6.0.1; Nexus 5X Build/MMB29P) AppleWebKit/537.36 (KHTML, like Gecko) Chrome/140.0.7339.127 Mobile Safari/537.36 (compatible; Googlebot/2.1; +http://www.google.com/bot.html)" 290 **0/290695**
66.249.70.34 - - [14/Sep/2025:05:22:30 -0700] "GET /market128486256?kg=0128285822 HTTP/1.1" 200 22715 "-" "Mozilla/5.0 (Linux; Android 6.0.1; Nexus 5X Build/MMB29P) AppleWebKit/537.36 (KHTML, like Gecko) Chrome/140.0.7339.127 Mobile Safari/537.36 (compatible; Googlebot/2.1; +http://www.google.com/bot.html)" 287 **0/287253**
66.249.70.32 - - [14/Sep/2025:05:22:30 -0700] "GET /market568200306?kg=0567311742 HTTP/1.1" 200 23092 "-" "Mozilla/5.0 (Linux; Android 6.0.1; Nexus 5X Build/MMB29P) AppleWebKit/537.36 (KHTML, like Gecko) Chrome/140.0.7339.127 Mobile Safari/537.36 (compatible; Googlebot/2.1; +http://www.google.com/bot.html)" 282 **0/282237**
66.249.70.35 - - [14/Sep/2025:05:22:30 -0700] "GET /market286774032?kg=0286325886 HTTP/1.1" 200 23808 "-" "Mozilla/5.0 (Linux; Android 6.0.1; Nexus 5X Build/MMB29P) AppleWebKit/537.36 (KHTML, like Gecko) Chrome/140.0.7339.127 Mobile Safari/537.36 (compatible; Googlebot/2.1; +http://www.google.com/bot.html)" 279 **0/279836**
66.249.70.33 - - [14/Sep/2025:05:22:30 -0700] "GET /market307357668?kg=0306877310 HTTP/1.1" 200 23631 "-" "Mozilla/5.0 (Linux; Android 6.0.1; Nexus 5X Build/MMB29P) AppleWebKit/537.36 (KHTML, like Gecko) Chrome/140.0.7339.127 Mobile Safari/537.36 (compatible; Googlebot/2.1; +http://www.google.com/bot.html)" 342 **0/342338**
66.249.70.33 - - [14/Sep/2025:05:22:31 -0700] "GET /market307459333?kg=0306978814 HTTP/1.1" 200 22338 "-" "Mozilla/5.0 (Linux; Android 6.0.1; Nexus 5X Build/MMB29P) AppleWebKit/537.36 (KHTML, like Gecko) Chrome/140.0.7339.127 Mobile Safari/537.36 (compatible; Googlebot/2.1; +http://www.google.com/bot.html)" 281 **0/281193**
66.249.70.35 - - [14/Sep/2025:05:22:32 -0700] "GET /market345513125?kg=0344973054 HTTP/1.1" 200 23930 "-" "Mozilla/5.0 (Linux; Android 6.0.1; Nexus 5X Build/MMB29P) AppleWebKit/537.36 (KHTML, like Gecko) Chrome/140.0.7339.127 Mobile Safari/537.36 (compatible; Googlebot/2.1; +http://www.google.com/bot.html)" 262 **0/262789**
66.249.70.32 - - [14/Sep/2025:05:22:32 -0700] "GET /market307849061?kg=0307367934 HTTP/1.1" 200 21896 "-" "Mozilla/5.0 (Linux; Android 6.0.1; Nexus 5X Build/MMB29P) AppleWebKit/537.36 (KHTML, like Gecko) Chrome/140.0.7339.127 Mobile Safari/537.36 (compatible; Googlebot/2.1; +http://www.google.com/bot.html)" 272 **0/272849**
66.249.70.35 - - [14/Sep/2025:05:22:33 -0700] "GET /market546805543?kg=0545950462 HTTP/1.1" 200 21853 "-" "Mozilla/5.0 (Linux; Android 6.0.1; Nexus 5X Build/MMB29P) AppleWebKit/537.36 (KHTML, like Gecko) Chrome/140.0.7339.127 Mobile Safari/537.36 (compatible; Googlebot/2.1; +http://www.google.com/bot.html)" 259 **0/259092**
66.249.70.36 - - [14/Sep/2025:05:22:33 -0700] "GET /market332800749?kg=0332280574 HTTP/1.1" 200 23466 "-" "Mozilla/5.0 (Linux; Android 6.0.1; Nexus 5X Build/MMB29P) AppleWebKit/537.36 (KHTML, like Gecko) Chrome/140.0.7339.127 Mobile Safari/537.36 (compatible; Googlebot/2.1; +http://www.google.com/bot.html)" 262 **0/262013**
66.249.70.39 - - [14/Sep/2025:05:22:34 -0700] "GET /market115608633?kg=0115428350 HTTP/1.1" 200 22153 "-" "Mozilla/5.0 (Linux; Android 6.0.1; Nexus 5X Build/MMB29P) AppleWebKit/537.36 (KHTML, like Gecko) Chrome/140.0.7339.127 Mobile Safari/537.36 (compatible; Googlebot/2.1; +http://www.google.com/bot.html)" 254 **0/254363**
136.243.228.194 - - [14/Sep/2025:05:22:34 -0700] "GET /market94631036?path=/home/vgijpbeijziw/public_html/wp-content HTTP/1.1" 200 2860 "-" "Mozilla/5.0 (compatible; DataForSeoBot/1.0; +https://dataforseo.com/dataforseo-bot)" 450 **0/450027**
66.249.70.36 - - [14/Sep/2025:05:22:34 -0700] "GET /market546817722?kg=0545962622 HTTP/1.1" 200 22238 "-" "Mozilla/5.0 (Linux; Android 6.0.1; Nexus 5X Build/MMB29P) AppleWebKit/537.36 (KHTML, like Gecko) Chrome/140.0.7339.127 Mobile Safari/537.36 (compatible; Googlebot/2.1; +http://www.google.com/bot.html)" 277 **0/277400**
66.249.70.35 - - [14/Sep/2025:05:22:35 -0700] "GET /market307876368?kg=0307395198 HTTP/1.1" 200 22340 "-" "Mozilla/5.0 (Linux; Android 6.0.1; Nexus 5X Build/MMB29P) AppleWebKit/537.36 (KHTML, like Gecko) Chrome/140.0.7339.127 Mobile Safari/537.36 (compatible; Googlebot/2.1; +http://www.google.com/bot.html)" 270 **0/270984**
66.249.70.35 - - [14/Sep/2025:05:22:36 -0700] "GET /market307797398?kg=0307316350 HTTP/1.1" 200 23975 "-" "Mozilla/5.0 (Linux; Android 6.0.1; Nexus 5X Build/MMB29P) AppleWebKit/537.36 (KHTML, like Gecko) Chrome/140.0.7339.127 Mobile Safari/537.36 (compatible; Googlebot/2.1; +http://www.google.com/bot.html)" 270 **0/270153**
66.249.70.35 - - [14/Sep/2025:05:22:37 -0700] "GET /market546744521?kg=0545889534 HTTP/1.1" 200 22733 "-" "Mozilla/5.0 (Linux; Android 6.0.1; Nexus 5X Build/MMB29P) AppleWebKit/537.36 (KHTML, like Gecko) Chrome/140.0.7339.127 Mobile Safari/537.36 (compatible; Googlebot/2.1; +http://www.google.com/bot.html)" 253 **0/253458**
136.243.228.194 - - [14/Sep/2025:05:22:37 -0700] "GET /market94631036?fileloc=/home/vgijpbeijziw/public_html/deleteme.wp4003c021c88140cba175df1de9a281ec.php&path=/home/vgijpbeijziw/public_html HTTP/1.1" 200 6075 "-" "Mozilla/5.0 (compatible; DataForSeoBot/1.0; +https://dataforseo.com/dataforseo-bot)" 385 **0/385143**
66.249.70.36 - - [14/Sep/2025:05:22:38 -0700] "GET /market580720892?kg=0579812734 HTTP/1.1" 200 22184 "-" "Mozilla/5.0 (Linux; Android 6.0.1; Nexus 5X Build/MMB29P) AppleWebKit/537.36 (KHTML, like Gecko) Chrome/140.0.7339.127 Mobile Safari/537.36 (compatible; Googlebot/2.1; +http://www.google.com/bot.html)" 390 **0/390718**
66.249.70.33 - - [14/Sep/2025:05:22:38 -0700] "GET /market307451639?kg=0306971134 HTTP/1.1" 200 22100 "-" "Mozilla/5.0 (Linux; Android 6.0.1; Nexus 5X Build/MMB29P) AppleWebKit/537.36 (KHTML, like Gecko) Chrome/140.0.7339.127 Mobile Safari/537.36 (compatible; Googlebot/2.1; +http://www.google.com/bot.html)" 376 **0/376487**
107.180.57.159 - - [14/Sep/2025:05:17:38 -0700] "GET /ARTOFLIVINGDELHI.ORG/img/img/index.php?ARRAY=7o2230223n313735373835353835382p2231223n22687474703n5p2s5p2s7n733534307631336o6s2r62616o65742r6s6r655p2s3s6p633q7068705s636s64655s6n6326743q313735373835323235382q6236313166366166653538663864643766623233393162363232383837393630222p2232223n223231373437653765346636383135333730316436643235653234353630626162222p2233223n226231616666386161376538363561333763653066363134633539323434666263222p226175746s5s66696p655s6r616q65223n6r756p6p2p226175746s5s70617373223n6r756p6p2p2262696r675s70617373223n2231382q33392q35352q36322q37372q39302q3239227q HTTP/1.1" 503 92606 "-" "-" 300661 **300/300661411**
66.249.70.32 - - [14/Sep/2025:05:22:39 -0700] "GET /market307750220?kg=0307269246 HTTP/1.1" 200 23964 "-" "Mozilla/5.0 (Linux; Android 6.0.1; Nexus 5X Build/MMB29P) AppleWebKit/537.36 (KHTML, like Gecko) Chrome/140.0.7339.127 Mobile Safari/537.36 (compatible; Googlebot/2.1; +http://www.google.com/bot.html)" 267 **0/267889**
66.249.70.32 - - [14/Sep/2025:05:22:39 -0700] "GET /?market36251804?kg=0036195710 HTTP/1.1" 200 22808 "-" "Mozilla/5.0 (Linux; Android 6.0.1; Nexus 5X Build/MMB29P) AppleWebKit/537.36 (KHTML, like Gecko) Chrome/140.0.7339.127 Mobile Safari/537.36 (compatible; Googlebot/2.1; +http://www.google.com/bot.html)" 291 **0/291024**
114.119.132.131 - - [14/Sep/2025:05:22:39 -0700] "GET /market1560547387?fileloc=/home/vgijpbeijziw/public_html/deleteme.wpad8b3c3bb70e422993d54b7b2516cc1f.php&path=/home/vgijpbeijziw/public_html HTTP/1.1" 200 6512 "https://otiadvisors.com/market1560547387?kg=1558105854" "Mozilla/5.0 (Linux; Android 7.0;) AppleWebKit/537.36 (KHTML, like Gecko) Mobile Safari/537.36 (compatible; PetalBot;+https://webmaster.petalsearch.com/site/petalbot)" 475 **0/475508**
66.249.70.33 - - [14/Sep/2025:05:22:39 -0700] "GET /market307845473?kg=0307364350 HTTP/1.1" 200 23547 "-" "Mozilla/5.0 (Linux; Android 6.0.1; Nexus 5X Build/MMB29P) AppleWebKit/537.36 (KHTML, like Gecko) Chrome/140.0.7339.127 Mobile Safari/537.36 (compatible; Googlebot/2.1; +http://www.google.com/bot.html)" 253 **0/253414**
66.249.70.33 - - [14/Sep/2025:05:22:40 -0700] "GET /market307492024?kg=0307011454 HTTP/1.1" 200 23261 "-" "Mozilla/5.0 (Linux; Android 6.0.1; Nexus 5X Build/MMB29P) AppleWebKit/537.36 (KHTML, like Gecko) Chrome/140.0.7339.127 Mobile Safari/537.36 (compatible; Googlebot/2.1; +http://www.google.com/bot.html)" 276 **0/276250**
