File: //home/vgijpbeijziw/access-logs/otiadvisors.com-ssl_log
66.249.70.33 - - [14/Sep/2025:05:16:23 -0700] "GET /market339596794?kg=0339065982 HTTP/1.1" 200 22831 "-" "Mozilla/5.0 (Linux; Android 6.0.1; Nexus 5X Build/MMB29P) AppleWebKit/537.36 (KHTML, like Gecko) Chrome/140.0.7339.127 Mobile Safari/537.36 (compatible; Googlebot/2.1; +http://www.google.com/bot.html)" 392 **0/392929**
66.249.70.39 - - [14/Sep/2025:05:16:23 -0700] "GET /market548336515?kg=0547479038 HTTP/1.1" 200 21814 "-" "Mozilla/5.0 (Linux; Android 6.0.1; Nexus 5X Build/MMB29P) AppleWebKit/537.36 (KHTML, like Gecko) Chrome/140.0.7339.127 Mobile Safari/537.36 (compatible; Googlebot/2.1; +http://www.google.com/bot.html)" 401 **0/401625**
66.249.64.3 - - [14/Sep/2025:05:16:23 -0700] "GET /?m=94752415930&filter=bba0c3&share_to_url=article.php?shop/customer/entry.aspx HTTP/1.1" 200 22746 "-" "Mozilla/5.0 (Linux; Android 6.0.1; Nexus 5X Build/MMB29P) AppleWebKit/537.36 (KHTML, like Gecko) Chrome/140.0.7339.127 Mobile Safari/537.36 (compatible; Googlebot/2.1; +http://www.google.com/bot.html)" 343 **0/343027**
66.249.70.33 - - [14/Sep/2025:05:16:23 -0700] "GET /market309047096?kg=0308564094 HTTP/1.1" 200 23013 "-" "Mozilla/5.0 (Linux; Android 6.0.1; Nexus 5X Build/MMB29P) AppleWebKit/537.36 (KHTML, like Gecko) Chrome/140.0.7339.127 Mobile Safari/537.36 (compatible; Googlebot/2.1; +http://www.google.com/bot.html)" 276 **0/276742**
136.243.228.194 - - [14/Sep/2025:05:16:26 -0700] "GET /market94540653?path=/home/vgijpbeijziw/public_html/crystal HTTP/1.1" 200 2736 "-" "Mozilla/5.0 (compatible; DataForSeoBot/1.0; +https://dataforseo.com/dataforseo-bot)" 563 **0/563348**
66.249.70.34 - - [14/Sep/2025:05:16:26 -0700] "GET /market1887694234?kg=1884740734 HTTP/1.1" 200 22414 "-" "Mozilla/5.0 (Linux; Android 6.0.1; Nexus 5X Build/MMB29P) AppleWebKit/537.36 (KHTML, like Gecko) Chrome/140.0.7339.127 Mobile Safari/537.36 (compatible; Googlebot/2.1; +http://www.google.com/bot.html)" 308 **0/308684**
66.249.64.4 - - [14/Sep/2025:05:16:26 -0700] "GET /?m=95736961930&filter=49e0b4&share_to_url=detail.php?contents/renga/ HTTP/1.1" 200 22763 "-" "Mozilla/5.0 (Linux; Android 6.0.1; Nexus 5X Build/MMB29P) AppleWebKit/537.36 (KHTML, like Gecko) Chrome/140.0.7339.127 Mobile Safari/537.36 (compatible; Googlebot/2.1; +http://www.google.com/bot.html)" 323 **0/323705**
66.249.70.33 - - [14/Sep/2025:05:16:27 -0700] "GET /market548319722?kg=0547462270 HTTP/1.1" 200 21693 "-" "Mozilla/5.0 (Linux; Android 6.0.1; Nexus 5X Build/MMB29P) AppleWebKit/537.36 (KHTML, like Gecko) Chrome/140.0.7339.127 Mobile Safari/537.36 (compatible; Googlebot/2.1; +http://www.google.com/bot.html)" 279 **0/279939**
66.249.70.32 - - [14/Sep/2025:05:16:27 -0700] "GET /market528669130?kg=0527842430 HTTP/1.1" 200 22469 "-" "Mozilla/5.0 (Linux; Android 6.0.1; Nexus 5X Build/MMB29P) AppleWebKit/537.36 (KHTML, like Gecko) Chrome/140.0.7339.127 Mobile Safari/537.36 (compatible; Googlebot/2.1; +http://www.google.com/bot.html)" 278 **0/278562**
66.249.64.1 - - [14/Sep/2025:05:16:27 -0700] "GET /?m=95736961930&filter=49e0b4&share_to_url=detail.php?shop/customer/entry.aspx HTTP/1.1" 200 22738 "-" "Mozilla/5.0 (Linux; Android 6.0.1; Nexus 5X Build/MMB29P) AppleWebKit/537.36 (KHTML, like Gecko) Chrome/140.0.7339.127 Mobile Safari/537.36 (compatible; Googlebot/2.1; +http://www.google.com/bot.html)" 297 **0/297700**
66.249.70.39 - - [14/Sep/2025:05:16:27 -0700] "GET /market117661766?kg=0117478270 HTTP/1.1" 200 23262 "-" "Mozilla/5.0 (Linux; Android 6.0.1; Nexus 5X Build/MMB29P) AppleWebKit/537.36 (KHTML, like Gecko) Chrome/140.0.7339.127 Mobile Safari/537.36 (compatible; Googlebot/2.1; +http://www.google.com/bot.html)" 278 **0/278603**
66.249.70.32 - - [14/Sep/2025:05:16:28 -0700] "GET /market308382121?kg=0307900158 HTTP/1.1" 200 22860 "-" "Mozilla/5.0 (Linux; Android 6.0.1; Nexus 5X Build/MMB29P) AppleWebKit/537.36 (KHTML, like Gecko) Chrome/140.0.7339.127 Mobile Safari/537.36 (compatible; Googlebot/2.1; +http://www.google.com/bot.html)" 296 **0/296818**
66.249.70.33 - - [14/Sep/2025:05:16:28 -0700] "GET /market322263044?kg=0321759358 HTTP/1.1" 200 23511 "-" "Mozilla/5.0 (Linux; Android 6.0.1; Nexus 5X Build/MMB29P) AppleWebKit/537.36 (KHTML, like Gecko) Chrome/140.0.7339.127 Mobile Safari/537.36 (compatible; Googlebot/2.1; +http://www.google.com/bot.html)" 457 **0/457450**
66.249.64.2 - - [14/Sep/2025:05:16:28 -0700] "GET /?m=95736961930&filter=49e0b4&share_to_url=detail.php?contents/reform/ HTTP/1.1" 200 22638 "-" "Mozilla/5.0 (Linux; Android 6.0.1; Nexus 5X Build/MMB29P) AppleWebKit/537.36 (KHTML, like Gecko) Chrome/140.0.7339.127 Mobile Safari/537.36 (compatible; Googlebot/2.1; +http://www.google.com/bot.html)" 320 **0/320029**
66.249.70.34 - - [14/Sep/2025:05:16:29 -0700] "GET /market338778233?kg=0338248702 HTTP/1.1" 200 22686 "-" "Mozilla/5.0 (Linux; Android 6.0.1; Nexus 5X Build/MMB29P) AppleWebKit/537.36 (KHTML, like Gecko) Chrome/140.0.7339.127 Mobile Safari/537.36 (compatible; Googlebot/2.1; +http://www.google.com/bot.html)" 277 **0/277146**
66.249.70.39 - - [14/Sep/2025:05:16:29 -0700] "GET /market308369043?kg=0307887102 HTTP/1.1" 200 24318 "-" "Mozilla/5.0 (Linux; Android 6.0.1; Nexus 5X Build/MMB29P) AppleWebKit/537.36 (KHTML, like Gecko) Chrome/140.0.7339.127 Mobile Safari/537.36 (compatible; Googlebot/2.1; +http://www.google.com/bot.html)" 298 **0/298534**
66.249.70.34 - - [14/Sep/2025:05:16:29 -0700] "GET /market88953798?kg=0088815230 HTTP/1.1" 200 21752 "-" "Mozilla/5.0 (Linux; Android 6.0.1; Nexus 5X Build/MMB29P) AppleWebKit/537.36 (KHTML, like Gecko) Chrome/140.0.7339.127 Mobile Safari/537.36 (compatible; Googlebot/2.1; +http://www.google.com/bot.html)" 285 **0/285730**
66.249.64.4 - - [14/Sep/2025:05:16:29 -0700] "GET /?m=95736961930&filter=49e0b4&share_to_url=detail.php?shop/pg/1Sitemap/ HTTP/1.1" 200 22814 "-" "Mozilla/5.0 (Linux; Android 6.0.1; Nexus 5X Build/MMB29P) AppleWebKit/537.36 (KHTML, like Gecko) Chrome/140.0.7339.127 Mobile Safari/537.36 (compatible; Googlebot/2.1; +http://www.google.com/bot.html)" 317 **0/317124**
66.249.70.34 - - [14/Sep/2025:05:16:29 -0700] "GET /market572985651?kg=0572089598 HTTP/1.1" 200 22957 "-" "Mozilla/5.0 (Linux; Android 6.0.1; Nexus 5X Build/MMB29P) AppleWebKit/537.36 (KHTML, like Gecko) Chrome/140.0.7339.127 Mobile Safari/537.36 (compatible; Googlebot/2.1; +http://www.google.com/bot.html)" 351 **0/351659**
66.249.70.34 - - [14/Sep/2025:05:16:30 -0700] "GET /market308373788?kg=0307891838 HTTP/1.1" 200 21714 "-" "Mozilla/5.0 (Linux; Android 6.0.1; Nexus 5X Build/MMB29P) AppleWebKit/537.36 (KHTML, like Gecko) Chrome/140.0.7339.127 Mobile Safari/537.36 (compatible; Googlebot/2.1; +http://www.google.com/bot.html)" 414 **0/414580**
66.249.64.3 - - [14/Sep/2025:05:16:30 -0700] "GET /?m=64864097930&filter=314e6f&share_to_url=pin.php?pw/ HTTP/1.1" 200 23169 "-" "Mozilla/5.0 (Linux; Android 6.0.1; Nexus 5X Build/MMB29P) AppleWebKit/537.36 (KHTML, like Gecko) Chrome/140.0.7339.127 Mobile Safari/537.36 (compatible; Googlebot/2.1; +http://www.google.com/bot.html)" 378 **0/378496**
136.243.228.194 - - [14/Sep/2025:05:16:30 -0700] "GET /market94540653?path=/home/vgijpbeijziw/public_html/fonts HTTP/1.1" 200 2776 "-" "Mozilla/5.0 (compatible; DataForSeoBot/1.0; +https://dataforseo.com/dataforseo-bot)" 711 **0/711147**
66.249.64.3 - - [14/Sep/2025:05:16:30 -0700] "GET /?m=94752415930&filter=bba0c3&share_to_url=article.php?shop/pg/1AvailableInfo/ HTTP/1.1" 200 22825 "-" "Mozilla/5.0 (Linux; Android 6.0.1; Nexus 5X Build/MMB29P) AppleWebKit/537.36 (KHTML, like Gecko) Chrome/140.0.7339.127 Mobile Safari/537.36 (compatible; Googlebot/2.1; +http://www.google.com/bot.html)" 373 **0/373022**
66.249.70.39 - - [14/Sep/2025:05:16:31 -0700] "GET /market308382762?kg=0307900798 HTTP/1.1" 200 23205 "-" "Mozilla/5.0 (Linux; Android 6.0.1; Nexus 5X Build/MMB29P) AppleWebKit/537.36 (KHTML, like Gecko) Chrome/140.0.7339.127 Mobile Safari/537.36 (compatible; Googlebot/2.1; +http://www.google.com/bot.html)" 412 **0/412787**
66.249.64.3 - - [14/Sep/2025:05:16:31 -0700] "GET /?m=95736961930&filter=49e0b4&share_to_url=detail.php?shop/customer/bookmark.aspx HTTP/1.1" 200 21927 "-" "Mozilla/5.0 (Linux; Android 6.0.1; Nexus 5X Build/MMB29P) AppleWebKit/537.36 (KHTML, like Gecko) Chrome/140.0.7339.127 Mobile Safari/537.36 (compatible; Googlebot/2.1; +http://www.google.com/bot.html)" 291 **0/291658**
66.249.70.39 - - [14/Sep/2025:05:16:32 -0700] "GET /market308395965?kg=0307913982 HTTP/1.1" 200 22669 "-" "Mozilla/5.0 (Linux; Android 6.0.1; Nexus 5X Build/MMB29P) AppleWebKit/537.36 (KHTML, like Gecko) Chrome/140.0.7339.127 Mobile Safari/537.36 (compatible; Googlebot/2.1; +http://www.google.com/bot.html)" 585 **0/585140**
66.249.64.4 - - [14/Sep/2025:05:16:32 -0700] "GET /?m=95736961930&filter=49e0b4&share_to_url=detail.php?shop/pg/1005022001/ HTTP/1.1" 200 22473 "-" "Mozilla/5.0 (Linux; Android 6.0.1; Nexus 5X Build/MMB29P) AppleWebKit/537.36 (KHTML, like Gecko) Chrome/140.0.7339.127 Mobile Safari/537.36 (compatible; Googlebot/2.1; +http://www.google.com/bot.html)" 320 **0/320153**
66.249.70.35 - - [14/Sep/2025:05:16:32 -0700] "GET /market569741917?kg=0568850942 HTTP/1.1" 200 21735 "-" "Mozilla/5.0 (Linux; Android 6.0.1; Nexus 5X Build/MMB29P) AppleWebKit/537.36 (KHTML, like Gecko) Chrome/140.0.7339.127 Mobile Safari/537.36 (compatible; Googlebot/2.1; +http://www.google.com/bot.html)" 337 **0/337650**
66.249.70.32 - - [14/Sep/2025:05:16:33 -0700] "GET /market308308021?kg=0307826174 HTTP/1.1" 200 21956 "-" "Mozilla/5.0 (Linux; Android 6.0.1; Nexus 5X Build/MMB29P) AppleWebKit/537.36 (KHTML, like Gecko) Chrome/140.0.7339.127 Mobile Safari/537.36 (compatible; Googlebot/2.1; +http://www.google.com/bot.html)" 265 **0/265616**
136.243.228.194 - - [14/Sep/2025:05:16:33 -0700] "GET /market94540653?path=/home/vgijpbeijziw/public_html/wp-includes HTTP/1.1" 200 9869 "-" "Mozilla/5.0 (compatible; DataForSeoBot/1.0; +https://dataforseo.com/dataforseo-bot)" 753 **0/753687**
66.249.64.4 - - [14/Sep/2025:05:16:33 -0700] "GET /?m=95736961930&filter=49e0b4&share_to_url=detail.php?shop/pg/1AgreementInfo/ HTTP/1.1" 200 22810 "-" "Mozilla/5.0 (Linux; Android 6.0.1; Nexus 5X Build/MMB29P) AppleWebKit/537.36 (KHTML, like Gecko) Chrome/140.0.7339.127 Mobile Safari/537.36 (compatible; Googlebot/2.1; +http://www.google.com/bot.html)" 359 **0/359110**
114.119.132.131 - - [14/Sep/2025:05:16:33 -0700] "GET /market1560547387?path=/ HTTP/1.1" 200 3255 "https://otiadvisors.com/market1560547387?kg=1558105854" "Mozilla/5.0 (Linux; Android 7.0;) AppleWebKit/537.36 (KHTML, like Gecko) Mobile Safari/537.36 (compatible; PetalBot;+https://webmaster.petalsearch.com/site/petalbot)" 664 **0/664373**
66.249.70.34 - - [14/Sep/2025:05:16:34 -0700] "GET /market309139144?kg=0308655998 HTTP/1.1" 200 21525 "-" "Mozilla/5.0 (Linux; Android 6.0.1; Nexus 5X Build/MMB29P) AppleWebKit/537.36 (KHTML, like Gecko) Chrome/140.0.7339.127 Mobile Safari/537.36 (compatible; Googlebot/2.1; +http://www.google.com/bot.html)" 254 **0/254518**
66.249.70.32 - - [14/Sep/2025:05:16:34 -0700] "GET /market368072974?kg=0367497598 HTTP/1.1" 200 22754 "-" "Mozilla/5.0 (Linux; Android 6.0.1; Nexus 5X Build/MMB29P) AppleWebKit/537.36 (KHTML, like Gecko) Chrome/140.0.7339.127 Mobile Safari/537.36 (compatible; Googlebot/2.1; +http://www.google.com/bot.html)" 260 **0/260061**
66.249.70.39 - - [14/Sep/2025:05:16:34 -0700] "GET /market111067124?kg=0110893950 HTTP/1.1" 200 21577 "-" "Mozilla/5.0 (Linux; Android 6.0.1; Nexus 5X Build/MMB29P) AppleWebKit/537.36 (KHTML, like Gecko) Chrome/140.0.7339.127 Mobile Safari/537.36 (compatible; Googlebot/2.1; +http://www.google.com/bot.html)" 268 **0/268578**
66.249.64.1 - - [14/Sep/2025:05:16:35 -0700] "GET /?m=95736961930&filter=49e0b4&share_to_url=detail.php?shop/category/categorylist.aspx HTTP/1.1" 200 22758 "-" "Mozilla/5.0 (Linux; Android 6.0.1; Nexus 5X Build/MMB29P) AppleWebKit/537.36 (KHTML, like Gecko) Chrome/140.0.7339.127 Mobile Safari/537.36 (compatible; Googlebot/2.1; +http://www.google.com/bot.html)" 300 **0/300395**
66.249.70.39 - - [14/Sep/2025:05:16:35 -0700] "GET /the-latest-alive-gambling-establishment-part-is-particularly-tempting-presenting-online-game-particularly-alive-blackjack-live-roulette-and-you-can-real-time-baccarat/ HTTP/1.1" 200 22624 "-" "Mozilla/5.0 (Linux; Android 6.0.1; Nexus 5X Build/MMB29P) AppleWebKit/537.36 (KHTML, like Gecko) Chrome/140.0.7339.127 Mobile Safari/537.36 (compatible; Googlebot/2.1; +http://www.google.com/bot.html)" 273 **0/273544**
66.249.70.36 - - [14/Sep/2025:05:16:35 -0700] "GET /market308361992?kg=0307880062 HTTP/1.1" 200 23328 "-" "Mozilla/5.0 (Linux; Android 6.0.1; Nexus 5X Build/MMB29P) AppleWebKit/537.36 (KHTML, like Gecko) Chrome/140.0.7339.127 Mobile Safari/537.36 (compatible; Googlebot/2.1; +http://www.google.com/bot.html)" 260 **0/260353**
66.249.64.2 - - [14/Sep/2025:05:16:35 -0700] "GET /?m=38227399930&filter=59e884&share_to_url=article.php?information/privacy_policy.html HTTP/1.1" 200 26799 "-" "Mozilla/5.0 (Linux; Android 6.0.1; Nexus 5X Build/MMB29P) AppleWebKit/537.36 (KHTML, like Gecko) Chrome/140.0.7339.127 Mobile Safari/537.36 (compatible; Googlebot/2.1; +http://www.google.com/bot.html)" 1060 **1/1060155**
66.249.70.36 - - [14/Sep/2025:05:16:36 -0700] "GET /market309140684?kg=0308657534 HTTP/1.1" 200 21976 "-" "Mozilla/5.0 (Linux; Android 6.0.1; Nexus 5X Build/MMB29P) AppleWebKit/537.36 (KHTML, like Gecko) Chrome/140.0.7339.127 Mobile Safari/537.36 (compatible; Googlebot/2.1; +http://www.google.com/bot.html)" 268 **0/268029**
66.249.64.4 - - [14/Sep/2025:05:16:36 -0700] "GET /?m=95736961930&filter=49e0b4&share_to_url=detail.php?shop/storeSearch/CriteriaInput.aspx HTTP/1.1" 200 23022 "-" "Mozilla/5.0 (Linux; Android 6.0.1; Nexus 5X Build/MMB29P) AppleWebKit/537.36 (KHTML, like Gecko) Chrome/140.0.7339.127 Mobile Safari/537.36 (compatible; Googlebot/2.1; +http://www.google.com/bot.html)" 305 **0/305053**
66.249.70.33 - - [14/Sep/2025:05:16:37 -0700] "GET /market308351992?kg=0307870078 HTTP/1.1" 200 23199 "-" "Mozilla/5.0 (Linux; Android 6.0.1; Nexus 5X Build/MMB29P) AppleWebKit/537.36 (KHTML, like Gecko) Chrome/140.0.7339.127 Mobile Safari/537.36 (compatible; Googlebot/2.1; +http://www.google.com/bot.html)" 321 **0/321630**
136.243.228.194 - - [14/Sep/2025:05:16:37 -0700] "GET /market94540653?fileloc=/home/vgijpbeijziw/public_html/deleteme.wp9f1028d0d7ce439d928e668e5c952111.php&path=/home/vgijpbeijziw/public_html HTTP/1.1" 200 6075 "-" "Mozilla/5.0 (compatible; DataForSeoBot/1.0; +https://dataforseo.com/dataforseo-bot)" 445 **0/445204**
66.249.64.2 - - [14/Sep/2025:05:16:37 -0700] "GET /?m=95736961930&filter=49e0b4&share_to_url=detail.php?shop/userreview/write.aspx HTTP/1.1" 200 22088 "-" "Mozilla/5.0 (Linux; Android 6.0.1; Nexus 5X Build/MMB29P) AppleWebKit/537.36 (KHTML, like Gecko) Chrome/140.0.7339.127 Mobile Safari/537.36 (compatible; Googlebot/2.1; +http://www.google.com/bot.html)" 314 **0/314557**
107.180.57.159 - - [14/Sep/2025:05:11:38 -0700] "GET /ARTOFLIVINGDELHI.ORG/img/img/index.php?ARRAY=7o2230223n313735373835353439382p2231223n22687474703n5p2s5p2s7n733534307631336o6s2r62616o65742r6s6r655p2s3s6p633q7068705s636s64655s6n6326743q313735373835313839382q3465376134633530633061373365346362343339353938306664333936326361222p2232223n223231373437653765346636383135333730316436643235653234353630626162222p2233223n226231616666386161376538363561333763653066363134633539323434666263222p226175746s5s66696p655s6r616q65223n6r756p6p2p226175746s5s70617373223n6r756p6p2p2262696r675s70617373223n2231382q33392q35352q36322q37372q39302q3239227q HTTP/1.1" 503 92606 "-" "-" 300660 **300/300660470**
66.249.70.39 - - [14/Sep/2025:05:16:38 -0700] "GET /market339620255?kg=0339089406 HTTP/1.1" 200 21661 "-" "Mozilla/5.0 (Linux; Android 6.0.1; Nexus 5X Build/MMB29P) AppleWebKit/537.36 (KHTML, like Gecko) Chrome/140.0.7339.127 Mobile Safari/537.36 (compatible; Googlebot/2.1; +http://www.google.com/bot.html)" 280 **0/280848**
66.249.70.34 - - [14/Sep/2025:05:16:38 -0700] "GET /market309084915?kg=0308601854 HTTP/1.1" 200 22045 "-" "Mozilla/5.0 (Linux; Android 6.0.1; Nexus 5X Build/MMB29P) AppleWebKit/537.36 (KHTML, like Gecko) Chrome/140.0.7339.127 Mobile Safari/537.36 (compatible; Googlebot/2.1; +http://www.google.com/bot.html)" 300 **0/300168**
66.249.64.3 - - [14/Sep/2025:05:16:39 -0700] "GET /?m=95736961930&filter=49e0b4&share_to_url=detail.php?shop/pg/1005024164 HTTP/1.1" 200 23239 "-" "Mozilla/5.0 (Linux; Android 6.0.1; Nexus 5X Build/MMB29P) AppleWebKit/537.36 (KHTML, like Gecko) Chrome/140.0.7339.127 Mobile Safari/537.36 (compatible; Googlebot/2.1; +http://www.google.com/bot.html)" 307 **0/307702**
66.249.70.37 - - [14/Sep/2025:05:16:39 -0700] "GET /market308327892?kg=0307846014 HTTP/1.1" 200 23844 "-" "Mozilla/5.0 (Linux; Android 6.0.1; Nexus 5X Build/MMB29P) AppleWebKit/537.36 (KHTML, like Gecko) Chrome/140.0.7339.127 Mobile Safari/537.36 (compatible; Googlebot/2.1; +http://www.google.com/bot.html)" 271 **0/271169**
66.249.64.1 - - [14/Sep/2025:05:16:40 -0700] "GET /?m=95736961930&filter=49e0b4&share_to_url=detail.php?shop/order/make_estimate.aspx HTTP/1.1" 200 22508 "-" "Mozilla/5.0 (Linux; Android 6.0.1; Nexus 5X Build/MMB29P) AppleWebKit/537.36 (KHTML, like Gecko) Chrome/140.0.7339.127 Mobile Safari/537.36 (compatible; Googlebot/2.1; +http://www.google.com/bot.html)" 304 **0/304233**
66.249.70.33 - - [14/Sep/2025:05:16:40 -0700] "GET /market24269787?kg=0024232446 HTTP/1.1" 200 23344 "-" "Mozilla/5.0 (Linux; Android 6.0.1; Nexus 5X Build/MMB29P) AppleWebKit/537.36 (KHTML, like Gecko) Chrome/140.0.7339.127 Mobile Safari/537.36 (compatible; Googlebot/2.1; +http://www.google.com/bot.html)" 281 **0/281581**
66.249.70.35 - - [14/Sep/2025:05:16:40 -0700] "GET /market308328533?kg=0307846654 HTTP/1.1" 200 22911 "-" "Mozilla/5.0 (Linux; Android 6.0.1; Nexus 5X Build/MMB29P) AppleWebKit/537.36 (KHTML, like Gecko) Chrome/140.0.7339.127 Mobile Safari/537.36 (compatible; Googlebot/2.1; +http://www.google.com/bot.html)" 384 **0/384014**
66.249.64.5 - - [14/Sep/2025:05:16:41 -0700] "GET /?m=94752415930&filter=bba0c3&share_to_url=article.php?pw/ HTTP/1.1" 200 22458 "-" "Mozilla/5.0 (Linux; Android 6.0.1; Nexus 5X Build/MMB29P) AppleWebKit/537.36 (KHTML, like Gecko) Chrome/140.0.7339.127 Mobile Safari/537.36 (compatible; Googlebot/2.1; +http://www.google.com/bot.html)" 359 **0/359270**
66.249.70.36 - - [14/Sep/2025:05:16:41 -0700] "GET /market309163119?kg=0308679934 HTTP/1.1" 200 22114 "-" "Mozilla/5.0 (Linux; Android 6.0.1; Nexus 5X Build/MMB29P) AppleWebKit/537.36 (KHTML, like Gecko) Chrome/140.0.7339.127 Mobile Safari/537.36 (compatible; Googlebot/2.1; +http://www.google.com/bot.html)" 365 **0/365284**
66.249.64.3 - - [14/Sep/2025:05:16:41 -0700] "GET /?m=117749466930&filter=4216ac&share_to_url=discover.php?shop/cart/cart.aspx HTTP/1.1" 200 22273 "-" "Mozilla/5.0 (Linux; Android 6.0.1; Nexus 5X Build/MMB29P) AppleWebKit/537.36 (KHTML, like Gecko) Chrome/140.0.7339.127 Mobile Safari/537.36 (compatible; Googlebot/2.1; +http://www.google.com/bot.html)" 324 **0/324156**
136.243.228.194 - - [14/Sep/2025:05:16:41 -0700] "GET /market94540653?path=/home/vgijpbeijziw/public_html/cgi-bin HTTP/1.1" 200 2644 "-" "Mozilla/5.0 (compatible; DataForSeoBot/1.0; +https://dataforseo.com/dataforseo-bot)" 512 **0/512306**
66.249.70.37 - - [14/Sep/2025:05:16:42 -0700] "GET /market309169529?kg=0308686334 HTTP/1.1" 200 23430 "-" "Mozilla/5.0 (Linux; Android 6.0.1; Nexus 5X Build/MMB29P) AppleWebKit/537.36 (KHTML, like Gecko) Chrome/140.0.7339.127 Mobile Safari/537.36 (compatible; Googlebot/2.1; +http://www.google.com/bot.html)" 273 **0/273708**
66.249.64.5 - - [14/Sep/2025:05:16:42 -0700] "GET /?m=113025000930&filter=f63ccf&share_to_url=discover.php?pw/ HTTP/1.1" 200 22453 "-" "Mozilla/5.0 (Linux; Android 6.0.1; Nexus 5X Build/MMB29P) AppleWebKit/537.36 (KHTML, like Gecko) Chrome/140.0.7339.127 Mobile Safari/537.36 (compatible; Googlebot/2.1; +http://www.google.com/bot.html)" 314 **0/314083**
66.249.70.34 - - [14/Sep/2025:05:16:42 -0700] "GET /market110353433?kg=0110181374 HTTP/1.1" 200 23041 "-" "Mozilla/5.0 (Linux; Android 6.0.1; Nexus 5X Build/MMB29P) AppleWebKit/537.36 (KHTML, like Gecko) Chrome/140.0.7339.127 Mobile Safari/537.36 (compatible; Googlebot/2.1; +http://www.google.com/bot.html)" 290 **0/290278**
66.249.64.4 - - [14/Sep/2025:05:16:42 -0700] "GET /?m=38227399930&filter=59e884&share_to_url=article.php?shop/order/make_estimate.aspx HTTP/1.1" 200 23253 "-" "Mozilla/5.0 (Linux; Android 6.0.1; Nexus 5X Build/MMB29P) AppleWebKit/537.36 (KHTML, like Gecko) Chrome/140.0.7339.127 Mobile Safari/537.36 (compatible; Googlebot/2.1; +http://www.google.com/bot.html)" 342 **0/342665**
66.249.70.37 - - [14/Sep/2025:05:16:42 -0700] "GET /market568773233?kg=0567883774 HTTP/1.1" 200 23469 "-" "Mozilla/5.0 (Linux; Android 6.0.1; Nexus 5X Build/MMB29P) AppleWebKit/537.36 (KHTML, like Gecko) Chrome/140.0.7339.127 Mobile Safari/537.36 (compatible; Googlebot/2.1; +http://www.google.com/bot.html)" 320 **0/320359**
66.249.70.35 - - [14/Sep/2025:05:16:43 -0700] "GET /market309099660?kg=0308616574 HTTP/1.1" 200 22231 "-" "Mozilla/5.0 (Linux; Android 6.0.1; Nexus 5X Build/MMB29P) AppleWebKit/537.36 (KHTML, like Gecko) Chrome/140.0.7339.127 Mobile Safari/537.36 (compatible; Googlebot/2.1; +http://www.google.com/bot.html)" 285 **0/285048**
66.249.64.1 - - [14/Sep/2025:05:16:43 -0700] "GET /?m=94752415930&filter=bba0c3&share_to_url=article.php?shop/e/e009001044001/ HTTP/1.1" 200 22542 "-" "Mozilla/5.0 (Linux; Android 6.0.1; Nexus 5X Build/MMB29P) AppleWebKit/537.36 (KHTML, like Gecko) Chrome/140.0.7339.127 Mobile Safari/537.36 (compatible; Googlebot/2.1; +http://www.google.com/bot.html)" 306 **0/306210**
66.249.70.33 - - [14/Sep/2025:05:16:43 -0700] "GET /market547570774?kg=0546714494 HTTP/1.1" 200 23745 "-" "Mozilla/5.0 (Linux; Android 6.0.1; Nexus 5X Build/MMB29P) AppleWebKit/537.36 (KHTML, like Gecko) Chrome/140.0.7339.127 Mobile Safari/537.36 (compatible; Googlebot/2.1; +http://www.google.com/bot.html)" 304 **0/304864**
66.249.64.5 - - [14/Sep/2025:05:16:44 -0700] "GET /?m=38227399930&filter=59e884&share_to_url=article.php?shop/customer/menu.aspx HTTP/1.1" 200 24862 "-" "Mozilla/5.0 (Linux; Android 6.0.1; Nexus 5X Build/MMB29P) AppleWebKit/537.36 (KHTML, like Gecko) Chrome/140.0.7339.127 Mobile Safari/537.36 (compatible; Googlebot/2.1; +http://www.google.com/bot.html)" 307 **0/307054**
66.249.70.34 - - [14/Sep/2025:05:16:44 -0700] "GET /market588637409?kg=0587716862 HTTP/1.1" 200 22397 "-" "Mozilla/5.0 (Linux; Android 6.0.1; Nexus 5X Build/MMB29P) AppleWebKit/537.36 (KHTML, like Gecko) Chrome/140.0.7339.127 Mobile Safari/537.36 (compatible; Googlebot/2.1; +http://www.google.com/bot.html)" 280 **0/280649**
66.249.70.38 - - [14/Sep/2025:05:16:45 -0700] "GET /market308280458?kg=0307798654 HTTP/1.1" 200 22424 "-" "Mozilla/5.0 (Linux; Android 6.0.1; Nexus 5X Build/MMB29P) AppleWebKit/537.36 (KHTML, like Gecko) Chrome/140.0.7339.127 Mobile Safari/537.36 (compatible; Googlebot/2.1; +http://www.google.com/bot.html)" 282 **0/282263**
66.249.64.1 - - [14/Sep/2025:05:16:45 -0700] "GET /?m=94752415930&filter=bba0c3&share_to_url=article.php?shop/category/categorylist.aspx HTTP/1.1" 200 22768 "-" "Mozilla/5.0 (Linux; Android 6.0.1; Nexus 5X Build/MMB29P) AppleWebKit/537.36 (KHTML, like Gecko) Chrome/140.0.7339.127 Mobile Safari/537.36 (compatible; Googlebot/2.1; +http://www.google.com/bot.html)" 273 **0/273954**
66.249.70.32 - - [14/Sep/2025:05:16:46 -0700] "GET /market309067608?kg=0308584574 HTTP/1.1" 200 21723 "-" "Mozilla/5.0 (Linux; Android 6.0.1; Nexus 5X Build/MMB29P) AppleWebKit/537.36 (KHTML, like Gecko) Chrome/140.0.7339.127 Mobile Safari/537.36 (compatible; Googlebot/2.1; +http://www.google.com/bot.html)" 280 **0/280756**
136.243.228.194 - - [14/Sep/2025:05:16:46 -0700] "GET /market94540653?path=/home/vgijpbeijziw/public_html/css HTTP/1.1" 200 2816 "-" "Mozilla/5.0 (compatible; DataForSeoBot/1.0; +https://dataforseo.com/dataforseo-bot)" 475 **0/475758**
66.249.64.2 - - [14/Sep/2025:05:16:46 -0700] "GET /?m=94752415930&filter=bba0c3&share_to_url=article.php?shop/customer/bookmark_guest.aspx HTTP/1.1" 200 21707 "-" "Mozilla/5.0 (Linux; Android 6.0.1; Nexus 5X Build/MMB29P) AppleWebKit/537.36 (KHTML, like Gecko) Chrome/140.0.7339.127 Mobile Safari/537.36 (compatible; Googlebot/2.1; +http://www.google.com/bot.html)" 296 **0/296175**
66.249.70.37 - - [14/Sep/2025:05:16:47 -0700] "GET /market547548339?kg=0546692094 HTTP/1.1" 200 22729 "-" "Mozilla/5.0 (Linux; Android 6.0.1; Nexus 5X Build/MMB29P) AppleWebKit/537.36 (KHTML, like Gecko) Chrome/140.0.7339.127 Mobile Safari/537.36 (compatible; Googlebot/2.1; +http://www.google.com/bot.html)" 279 **0/279694**
66.249.64.6 - - [14/Sep/2025:05:16:47 -0700] "GET /?m=38227399930&filter=59e884&share_to_url=article.php?toyu/top/CKmSpSfTop.jsp HTTP/1.1" 200 22356 "-" "Mozilla/5.0 (Linux; Android 6.0.1; Nexus 5X Build/MMB29P) AppleWebKit/537.36 (KHTML, like Gecko) Chrome/140.0.7339.127 Mobile Safari/537.36 (compatible; Googlebot/2.1; +http://www.google.com/bot.html)" 312 **0/312314**
66.249.70.32 - - [14/Sep/2025:05:16:48 -0700] "GET /market309262986?kg=0308779646 HTTP/1.1" 200 24547 "-" "Mozilla/5.0 (Linux; Android 6.0.1; Nexus 5X Build/MMB29P) AppleWebKit/537.36 (KHTML, like Gecko) Chrome/140.0.7339.127 Mobile Safari/537.36 (compatible; Googlebot/2.1; +http://www.google.com/bot.html)" 305 **0/305113**
66.249.70.33 - - [14/Sep/2025:05:16:48 -0700] "GET /market328692177?kg=0328178430 HTTP/1.1" 200 23228 "-" "Mozilla/5.0 (Linux; Android 6.0.1; Nexus 5X Build/MMB29P) AppleWebKit/537.36 (KHTML, like Gecko) Chrome/140.0.7339.127 Mobile Safari/537.36 (compatible; Googlebot/2.1; +http://www.google.com/bot.html)" 279 **0/279449**
66.249.64.5 - - [14/Sep/2025:05:16:48 -0700] "GET /?m=94752415930&filter=bba0c3&share_to_url=article.php?%3Fid%3D3208447%26name%3Dwrangler+camo HTTP/1.1" 200 22162 "-" "Mozilla/5.0 (Linux; Android 6.0.1; Nexus 5X Build/MMB29P) AppleWebKit/537.36 (KHTML, like Gecko) Chrome/140.0.7339.127 Mobile Safari/537.36 (compatible; Googlebot/2.1; +http://www.google.com/bot.html)" 329 **0/329516**
66.249.70.32 - - [14/Sep/2025:05:16:49 -0700] "GET /market330818511?kg=0330301438 HTTP/1.1" 200 21863 "-" "Mozilla/5.0 (Linux; Android 6.0.1; Nexus 5X Build/MMB29P) AppleWebKit/537.36 (KHTML, like Gecko) Chrome/140.0.7339.127 Mobile Safari/537.36 (compatible; Googlebot/2.1; +http://www.google.com/bot.html)" 336 **0/336908**
66.249.70.34 - - [14/Sep/2025:05:16:49 -0700] "GET /market547529750?kg=0546673534 HTTP/1.1" 200 22695 "-" "Mozilla/5.0 (Linux; Android 6.0.1; Nexus 5X Build/MMB29P) AppleWebKit/537.36 (KHTML, like Gecko) Chrome/140.0.7339.127 Mobile Safari/537.36 (compatible; Googlebot/2.1; +http://www.google.com/bot.html)" 279 **0/279116**
66.249.64.5 - - [14/Sep/2025:05:16:49 -0700] "GET /?m=38227399930&filter=59e884&share_to_url=article.php?shop/customer/bookmark.aspx HTTP/1.1" 200 21933 "-" "Mozilla/5.0 (Linux; Android 6.0.1; Nexus 5X Build/MMB29P) AppleWebKit/537.36 (KHTML, like Gecko) Chrome/140.0.7339.127 Mobile Safari/537.36 (compatible; Googlebot/2.1; +http://www.google.com/bot.html)" 299 **0/299833**
136.243.228.194 - - [14/Sep/2025:05:16:50 -0700] "GET /market94540653?path=/home/vgijpbeijziw/public_html/images HTTP/1.1" 200 4645 "-" "Mozilla/5.0 (compatible; DataForSeoBot/1.0; +https://dataforseo.com/dataforseo-bot)" 367 **0/367351**
66.249.70.35 - - [14/Sep/2025:05:16:50 -0700] "GET /market309249398?kg=0308766078 HTTP/1.1" 200 22452 "-" "Mozilla/5.0 (Linux; Android 6.0.1; Nexus 5X Build/MMB29P) AppleWebKit/537.36 (KHTML, like Gecko) Chrome/140.0.7339.127 Mobile Safari/537.36 (compatible; Googlebot/2.1; +http://www.google.com/bot.html)" 253 **0/253680**
66.249.64.4 - - [14/Sep/2025:05:16:50 -0700] "GET /?m=103409132930&filter=ad561e&share_to_url=pin.php?shop/cart/cart.aspx HTTP/1.1" 200 22260 "-" "Mozilla/5.0 (Linux; Android 6.0.1; Nexus 5X Build/MMB29P) AppleWebKit/537.36 (KHTML, like Gecko) Chrome/140.0.7339.127 Mobile Safari/537.36 (compatible; Googlebot/2.1; +http://www.google.com/bot.html)" 288 **0/288000**
66.249.70.32 - - [14/Sep/2025:05:16:51 -0700] "GET /market308316096?kg=0307834238 HTTP/1.1" 200 22581 "-" "Mozilla/5.0 (Linux; Android 6.0.1; Nexus 5X Build/MMB29P) AppleWebKit/537.36 (KHTML, like Gecko) Chrome/140.0.7339.127 Mobile Safari/537.36 (compatible; Googlebot/2.1; +http://www.google.com/bot.html)" 270 **0/270537**
66.249.64.5 - - [14/Sep/2025:05:16:51 -0700] "GET /?m=38227399930&filter=59e884&share_to_url=article.php?shop/storeSearch/CriteriaInput.aspx HTTP/1.1" 200 23027 "-" "Mozilla/5.0 (Linux; Android 6.0.1; Nexus 5X Build/MMB29P) AppleWebKit/537.36 (KHTML, like Gecko) Chrome/140.0.7339.127 Mobile Safari/537.36 (compatible; Googlebot/2.1; +http://www.google.com/bot.html)" 296 **0/296863**
66.249.70.36 - - [14/Sep/2025:05:16:52 -0700] "GET /market309186580?kg=0308703358 HTTP/1.1" 200 21772 "-" "Mozilla/5.0 (Linux; Android 6.0.1; Nexus 5X Build/MMB29P) AppleWebKit/537.36 (KHTML, like Gecko) Chrome/140.0.7339.127 Mobile Safari/537.36 (compatible; Googlebot/2.1; +http://www.google.com/bot.html)" 409 **0/409274**
66.249.64.3 - - [14/Sep/2025:05:16:52 -0700] "GET /?m=94752415930&filter=bba0c3&share_to_url=article.php?shop/pg/1sancyoku/ HTTP/1.1" 200 22834 "-" "Mozilla/5.0 (Linux; Android 6.0.1; Nexus 5X Build/MMB29P) AppleWebKit/537.36 (KHTML, like Gecko) Chrome/140.0.7339.127 Mobile Safari/537.36 (compatible; Googlebot/2.1; +http://www.google.com/bot.html)" 307 **0/307622**
66.249.70.33 - - [14/Sep/2025:05:16:53 -0700] "GET /market309189527?kg=0308706302 HTTP/1.1" 200 22194 "-" "Mozilla/5.0 (Linux; Android 6.0.1; Nexus 5X Build/MMB29P) AppleWebKit/537.36 (KHTML, like Gecko) Chrome/140.0.7339.127 Mobile Safari/537.36 (compatible; Googlebot/2.1; +http://www.google.com/bot.html)" 270 **0/270525**
136.243.228.194 - - [14/Sep/2025:05:16:53 -0700] "GET /market94540653?fileloc=/home/vgijpbeijziw/public_html/error_log&path=/home/vgijpbeijziw/public_html HTTP/1.1" 200 2641 "-" "Mozilla/5.0 (compatible; DataForSeoBot/1.0; +https://dataforseo.com/dataforseo-bot)" 468 **0/468453**
66.249.70.35 - - [14/Sep/2025:05:16:53 -0700] "GET /market1901683613?kg=1898708222 HTTP/1.1" 200 22520 "-" "Mozilla/5.0 (Linux; Android 6.0.1; Nexus 5X Build/MMB29P) AppleWebKit/537.36 (KHTML, like Gecko) Chrome/140.0.7339.127 Mobile Safari/537.36 (compatible; Googlebot/2.1; +http://www.google.com/bot.html)" 261 **0/261731**
66.249.64.6 - - [14/Sep/2025:05:16:54 -0700] "GET /?m=94752415930&filter=bba0c3&share_to_url=article.php?shop/pg/1howto/ HTTP/1.1" 200 22833 "-" "Mozilla/5.0 (Linux; Android 6.0.1; Nexus 5X Build/MMB29P) AppleWebKit/537.36 (KHTML, like Gecko) Chrome/140.0.7339.127 Mobile Safari/537.36 (compatible; Googlebot/2.1; +http://www.google.com/bot.html)" 303 **0/303600**
66.249.70.38 - - [14/Sep/2025:05:16:54 -0700] "GET /market309081710?kg=0308598654 HTTP/1.1" 200 22287 "-" "Mozilla/5.0 (Linux; Android 6.0.1; Nexus 5X Build/MMB29P) AppleWebKit/537.36 (KHTML, like Gecko) Chrome/140.0.7339.127 Mobile Safari/537.36 (compatible; Googlebot/2.1; +http://www.google.com/bot.html)" 259 **0/259363**
66.249.64.1 - - [14/Sep/2025:05:16:54 -0700] "GET /?m=94752415930&filter=bba0c3&share_to_url=article.php?contents/renga/ HTTP/1.1" 200 22752 "-" "Mozilla/5.0 (Linux; Android 6.0.1; Nexus 5X Build/MMB29P) AppleWebKit/537.36 (KHTML, like Gecko) Chrome/140.0.7339.127 Mobile Safari/537.36 (compatible; Googlebot/2.1; +http://www.google.com/bot.html)" 307 **0/307072**
66.249.70.39 - - [14/Sep/2025:05:16:55 -0700] "GET /market309086455?kg=0308603390 HTTP/1.1" 200 22051 "-" "Mozilla/5.0 (Linux; Android 6.0.1; Nexus 5X Build/MMB29P) AppleWebKit/537.36 (KHTML, like Gecko) Chrome/140.0.7339.127 Mobile Safari/537.36 (compatible; Googlebot/2.1; +http://www.google.com/bot.html)" 254 **0/254455**
66.249.64.1 - - [14/Sep/2025:05:16:55 -0700] "GET /?m=103409132930&filter=ad561e&share_to_url=pin.php?shop/e/e009001036001/ HTTP/1.1" 200 22243 "-" "Mozilla/5.0 (Linux; Android 6.0.1; Nexus 5X Build/MMB29P) AppleWebKit/537.36 (KHTML, like Gecko) Chrome/140.0.7339.127 Mobile Safari/537.36 (compatible; Googlebot/2.1; +http://www.google.com/bot.html)" 301 **0/301673**
66.249.70.38 - - [14/Sep/2025:05:16:56 -0700] "GET /market309111198?kg=0308628094 HTTP/1.1" 200 23088 "-" "Mozilla/5.0 (Linux; Android 6.0.1; Nexus 5X Build/MMB29P) AppleWebKit/537.36 (KHTML, like Gecko) Chrome/140.0.7339.127 Mobile Safari/537.36 (compatible; Googlebot/2.1; +http://www.google.com/bot.html)" 260 **0/260115**
66.249.64.5 - - [14/Sep/2025:05:16:56 -0700] "GET /?m=103409132930&filter=ad561e&share_to_url=pin.php?toyu/top/CKmSpSfTop.jsp HTTP/1.1" 200 22349 "-" "Mozilla/5.0 (Linux; Android 6.0.1; Nexus 5X Build/MMB29P) AppleWebKit/537.36 (KHTML, like Gecko) Chrome/140.0.7339.127 Mobile Safari/537.36 (compatible; Googlebot/2.1; +http://www.google.com/bot.html)" 294 **0/294669**
66.249.70.37 - - [14/Sep/2025:05:16:57 -0700] "GET /market309115044?kg=0308631934 HTTP/1.1" 200 22433 "-" "Mozilla/5.0 (Linux; Android 6.0.1; Nexus 5X Build/MMB29P) AppleWebKit/537.36 (KHTML, like Gecko) Chrome/140.0.7339.127 Mobile Safari/537.36 (compatible; Googlebot/2.1; +http://www.google.com/bot.html)" 367 **0/367589**
136.243.228.194 - - [14/Sep/2025:05:16:57 -0700] "GET /market94540653?path=/home/vgijpbeijziw/public_html/.tmb HTTP/1.1" 200 2314 "-" "Mozilla/5.0 (compatible; DataForSeoBot/1.0; +https://dataforseo.com/dataforseo-bot)" 632 **0/632784**
66.249.64.2 - - [14/Sep/2025:05:16:58 -0700] "GET /?m=38227399930&filter=59e884&share_to_url=article.php?shop/cart/cart.aspx HTTP/1.1" 200 22270 "-" "Mozilla/5.0 (Linux; Android 6.0.1; Nexus 5X Build/MMB29P) AppleWebKit/537.36 (KHTML, like Gecko) Chrome/140.0.7339.127 Mobile Safari/537.36 (compatible; Googlebot/2.1; +http://www.google.com/bot.html)" 378 **0/378820**
107.180.57.159 - - [14/Sep/2025:05:11:58 -0700] "GET /ARTOFLIVINGDELHI.ORG/img/img/index.php?ARRAY=7o2230223n313735373835353531382p2231223n22687474703n5p2s5p2s7n733534307631336o6s2r62616o65742r6s6r655p2s3s6p633q7068705s636s64655s6n6326743q313735373835313931382q3336386561326463316332343466636663653234333737353562393264383530222p2232223n223231373437653765346636383135333730316436643235653234353630626162222p2233223n226231616666386161376538363561333763653066363134633539323434666263222p226175746s5s66696p655s6r616q65223n6r756p6p2p226175746s5s70617373223n6r756p6p2p2262696r675s70617373223n2231382q33392q35352q36322q37372q39302q3239227q HTTP/1.1" 503 92606 "-" "-" 300578 **300/300578580**
66.249.70.36 - - [14/Sep/2025:05:16:58 -0700] "GET /market1852710334?kg=1849811582 HTTP/1.1" 200 21732 "-" "Mozilla/5.0 (Linux; Android 6.0.1; Nexus 5X Build/MMB29P) AppleWebKit/537.36 (KHTML, like Gecko) Chrome/140.0.7339.127 Mobile Safari/537.36 (compatible; Googlebot/2.1; +http://www.google.com/bot.html)" 284 **0/284399**
66.249.70.34 - - [14/Sep/2025:05:16:58 -0700] "GET /market1076858344?kg=1075173758 HTTP/1.1" 200 22646 "-" "Mozilla/5.0 (Linux; Android 6.0.1; Nexus 5X Build/MMB29P) AppleWebKit/537.36 (KHTML, like Gecko) Chrome/140.0.7339.127 Mobile Safari/537.36 (compatible; Googlebot/2.1; +http://www.google.com/bot.html)" 526 **0/526774**
66.249.70.38 - - [14/Sep/2025:05:16:58 -0700] "GET /market327852463?kg=0327340030 HTTP/1.1" 200 21888 "-" "Mozilla/5.0 (Linux; Android 6.0.1; Nexus 5X Build/MMB29P) AppleWebKit/537.36 (KHTML, like Gecko) Chrome/140.0.7339.127 Mobile Safari/537.36 (compatible; Googlebot/2.1; +http://www.google.com/bot.html)" 577 **0/577644**
66.249.70.35 - - [14/Sep/2025:05:16:58 -0700] "GET /market569689996?kg=0568799102 HTTP/1.1" 200 22531 "-" "Mozilla/5.0 (Linux; Android 6.0.1; Nexus 5X Build/MMB29P) AppleWebKit/537.36 (KHTML, like Gecko) Chrome/140.0.7339.127 Mobile Safari/537.36 (compatible; Googlebot/2.1; +http://www.google.com/bot.html)" 326 **0/326768**
66.249.70.33 - - [14/Sep/2025:05:16:59 -0700] "GET /market547617952?kg=0546761598 HTTP/1.1" 200 22482 "-" "Mozilla/5.0 (Linux; Android 6.0.1; Nexus 5X Build/MMB29P) AppleWebKit/537.36 (KHTML, like Gecko) Chrome/140.0.7339.127 Mobile Safari/537.36 (compatible; Googlebot/2.1; +http://www.google.com/bot.html)" 466 **0/466036**
66.249.64.5 - - [14/Sep/2025:05:16:59 -0700] "GET /?m=94752415930&filter=bba0c3&share_to_url=article.php?contents/event/kansyasai/ HTTP/1.1" 200 22378 "-" "Mozilla/5.0 (Linux; Android 6.0.1; Nexus 5X Build/MMB29P) AppleWebKit/537.36 (KHTML, like Gecko) Chrome/140.0.7339.127 Mobile Safari/537.36 (compatible; Googlebot/2.1; +http://www.google.com/bot.html)" 435 **0/435218**
66.249.70.36 - - [14/Sep/2025:05:16:59 -0700] "GET /market309150940?kg=0308667774 HTTP/1.1" 200 22211 "-" "Mozilla/5.0 (Linux; Android 6.0.1; Nexus 5X Build/MMB29P) AppleWebKit/537.36 (KHTML, like Gecko) Chrome/140.0.7339.127 Mobile Safari/537.36 (compatible; Googlebot/2.1; +http://www.google.com/bot.html)" 256 **0/256108**
66.249.64.7 - - [14/Sep/2025:05:16:59 -0700] "GET /?m=94752415930&filter=bba0c3&share_to_url=article.php?shop/pg/1SiteUse HTTP/1.1" 200 22827 "-" "Mozilla/5.0 (Linux; Android 6.0.1; Nexus 5X Build/MMB29P) AppleWebKit/537.36 (KHTML, like Gecko) Chrome/140.0.7339.127 Mobile Safari/537.36 (compatible; Googlebot/2.1; +http://www.google.com/bot.html)" 301 **0/301941**
66.249.70.37 - - [14/Sep/2025:05:17:00 -0700] "GET /market309191708?kg=0308708478 HTTP/1.1" 200 22132 "-" "Mozilla/5.0 (Linux; Android 6.0.1; Nexus 5X Build/MMB29P) AppleWebKit/537.36 (KHTML, like Gecko) Chrome/140.0.7339.127 Mobile Safari/537.36 (compatible; Googlebot/2.1; +http://www.google.com/bot.html)" 254 **0/254840**
66.249.64.4 - - [14/Sep/2025:05:17:01 -0700] "GET /?m=98010407930&filter=c9ce0e&share_to_url=shopdetail.php?shop/userreview/write.aspx HTTP/1.1" 200 22763 "-" "Mozilla/5.0 (Linux; Android 6.0.1; Nexus 5X Build/MMB29P) AppleWebKit/537.36 (KHTML, like Gecko) Chrome/140.0.7339.127 Mobile Safari/537.36 (compatible; Googlebot/2.1; +http://www.google.com/bot.html)" 408 **0/408541**
66.249.70.32 - - [14/Sep/2025:05:17:01 -0700] "GET /market308300712?kg=0307818878 HTTP/1.1" 200 22027 "-" "Mozilla/5.0 (Linux; Android 6.0.1; Nexus 5X Build/MMB29P) AppleWebKit/537.36 (KHTML, like Gecko) Chrome/140.0.7339.127 Mobile Safari/537.36 (compatible; Googlebot/2.1; +http://www.google.com/bot.html)" 300 **0/300605**
66.249.64.1 - - [14/Sep/2025:05:17:02 -0700] "GET /?m=89590926930&filter=1c779f&share_to_url=goods.php?shop/cart/cart.aspx HTTP/1.1" 200 22237 "-" "Mozilla/5.0 (Linux; Android 6.0.1; Nexus 5X Build/MMB29P) AppleWebKit/537.36 (KHTML, like Gecko) Chrome/140.0.7339.127 Mobile Safari/537.36 (compatible; Googlebot/2.1; +http://www.google.com/bot.html)" 311 **0/311426**
136.243.228.194 - - [14/Sep/2025:05:17:01 -0700] "GET /market94540653?fileloc=/home/vgijpbeijziw/public_html/index.php&path=/home/vgijpbeijziw/public_html HTTP/1.1" 200 10694 "-" "Mozilla/5.0 (compatible; DataForSeoBot/1.0; +https://dataforseo.com/dataforseo-bot)" 791 **0/791775**
66.249.70.38 - - [14/Sep/2025:05:17:02 -0700] "GET /market309065943?kg=0308582910 HTTP/1.1" 200 21582 "-" "Mozilla/5.0 (Linux; Android 6.0.1; Nexus 5X Build/MMB29P) AppleWebKit/537.36 (KHTML, like Gecko) Chrome/140.0.7339.127 Mobile Safari/537.36 (compatible; Googlebot/2.1; +http://www.google.com/bot.html)" 272 **0/272746**
66.249.64.3 - - [14/Sep/2025:05:17:03 -0700] "GET /?m=89590926930&filter=1c779f&share_to_url=goods.php?shop/customer/bookmark_guest.aspx HTTP/1.1" 200 22350 "-" "Mozilla/5.0 (Linux; Android 6.0.1; Nexus 5X Build/MMB29P) AppleWebKit/537.36 (KHTML, like Gecko) Chrome/140.0.7339.127 Mobile Safari/537.36 (compatible; Googlebot/2.1; +http://www.google.com/bot.html)" 285 **0/285430**
66.249.70.34 - - [14/Sep/2025:05:17:03 -0700] "GET /market308334943?kg=0307853054 HTTP/1.1" 200 21827 "-" "Mozilla/5.0 (Linux; Android 6.0.1; Nexus 5X Build/MMB29P) AppleWebKit/537.36 (KHTML, like Gecko) Chrome/140.0.7339.127 Mobile Safari/537.36 (compatible; Googlebot/2.1; +http://www.google.com/bot.html)" 280 **0/280186**
66.249.64.3 - - [14/Sep/2025:05:17:04 -0700] "GET /?m=98010407930&filter=c9ce0e&share_to_url=shopdetail.php?shop/customer/bookmark.aspx HTTP/1.1" 200 22631 "-" "Mozilla/5.0 (Linux; Android 6.0.1; Nexus 5X Build/MMB29P) AppleWebKit/537.36 (KHTML, like Gecko) Chrome/140.0.7339.127 Mobile Safari/537.36 (compatible; Googlebot/2.1; +http://www.google.com/bot.html)" 295 **0/295445**
66.249.70.37 - - [14/Sep/2025:05:17:04 -0700] "GET /market377840578?kg=0377249918 HTTP/1.1" 200 21721 "-" "Mozilla/5.0 (Linux; Android 6.0.1; Nexus 5X Build/MMB29P) AppleWebKit/537.36 (KHTML, like Gecko) Chrome/140.0.7339.127 Mobile Safari/537.36 (compatible; Googlebot/2.1; +http://www.google.com/bot.html)" 258 **0/258030**
66.249.70.32 - - [14/Sep/2025:05:17:04 -0700] "GET /market308328275?kg=0307846398 HTTP/1.1" 200 22949 "-" "Mozilla/5.0 (Linux; Android 6.0.1; Nexus 5X Build/MMB29P) AppleWebKit/537.36 (KHTML, like Gecko) Chrome/140.0.7339.127 Mobile Safari/537.36 (compatible; Googlebot/2.1; +http://www.google.com/bot.html)" 356 **0/356381**
66.249.64.6 - - [14/Sep/2025:05:17:05 -0700] "GET /?m=98010407930&filter=c9ce0e&share_to_url=shopdetail.php?shop/cart/cart.aspx HTTP/1.1" 200 22232 "-" "Mozilla/5.0 (Linux; Android 6.0.1; Nexus 5X Build/MMB29P) AppleWebKit/537.36 (KHTML, like Gecko) Chrome/140.0.7339.127 Mobile Safari/537.36 (compatible; Googlebot/2.1; +http://www.google.com/bot.html)" 302 **0/302964**
66.249.70.35 - - [14/Sep/2025:05:17:05 -0700] "GET /market106607026?kg=0106440830 HTTP/1.1" 200 22535 "-" "Mozilla/5.0 (Linux; Android 6.0.1; Nexus 5X Build/MMB29P) AppleWebKit/537.36 (KHTML, like Gecko) Chrome/140.0.7339.127 Mobile Safari/537.36 (compatible; Googlebot/2.1; +http://www.google.com/bot.html)" 341 **0/341362**
136.243.228.194 - - [14/Sep/2025:05:17:05 -0700] "GET /market94540653?path=/home/vgijpbeijziw/public_html/535c106c HTTP/1.1" 200 2680 "-" "Mozilla/5.0 (compatible; DataForSeoBot/1.0; +https://dataforseo.com/dataforseo-bot)" 696 **0/696670**
66.249.70.36 - - [14/Sep/2025:05:17:05 -0700] "GET /market547579107?kg=0546722814 HTTP/1.1" 200 22920 "-" "Mozilla/5.0 (Linux; Android 6.0.1; Nexus 5X Build/MMB29P) AppleWebKit/537.36 (KHTML, like Gecko) Chrome/140.0.7339.127 Mobile Safari/537.36 (compatible; Googlebot/2.1; +http://www.google.com/bot.html)" 416 **0/416865**
66.249.64.6 - - [14/Sep/2025:05:17:06 -0700] "GET /?m=109448529930&filter=7f8ccd&share_to_url=item.php?shop/category/categorylist.aspx HTTP/1.1" 200 22139 "-" "Mozilla/5.0 (Linux; Android 6.0.1; Nexus 5X Build/MMB29P) AppleWebKit/537.36 (KHTML, like Gecko) Chrome/140.0.7339.127 Mobile Safari/537.36 (compatible; Googlebot/2.1; +http://www.google.com/bot.html)" 293 **0/293522**
66.249.70.38 - - [14/Sep/2025:05:17:06 -0700] "GET /market1879453113?kg=1876512510 HTTP/1.1" 200 22061 "-" "Mozilla/5.0 (Linux; Android 6.0.1; Nexus 5X Build/MMB29P) AppleWebKit/537.36 (KHTML, like Gecko) Chrome/140.0.7339.127 Mobile Safari/537.36 (compatible; Googlebot/2.1; +http://www.google.com/bot.html)" 357 **0/357030**
66.249.70.35 - - [14/Sep/2025:05:17:06 -0700] "GET /market309091966?kg=0308608894 HTTP/1.1" 200 24002 "-" "Mozilla/5.0 (Linux; Android 6.0.1; Nexus 5X Build/MMB29P) AppleWebKit/537.36 (KHTML, like Gecko) Chrome/140.0.7339.127 Mobile Safari/537.36 (compatible; Googlebot/2.1; +http://www.google.com/bot.html)" 320 **0/320599**
66.249.64.4 - - [14/Sep/2025:05:17:07 -0700] "GET /?market50657835?kg=0050579198 HTTP/1.1" 200 22921 "-" "Mozilla/5.0 (Linux; Android 6.0.1; Nexus 5X Build/MMB29P) AppleWebKit/537.36 (KHTML, like Gecko) Chrome/140.0.7339.127 Mobile Safari/537.36 (compatible; Googlebot/2.1; +http://www.google.com/bot.html)" 295 **0/295752**
66.249.64.1 - - [14/Sep/2025:05:17:07 -0700] "GET /?m=103409132930&filter=ad561e&share_to_url=pin.php?contents/event/kansyasai/ HTTP/1.1" 200 22367 "-" "Mozilla/5.0 (Linux; Android 6.0.1; Nexus 5X Build/MMB29P) AppleWebKit/537.36 (KHTML, like Gecko) Chrome/140.0.7339.127 Mobile Safari/537.36 (compatible; Googlebot/2.1; +http://www.google.com/bot.html)" 342 **0/342080**
66.249.70.39 - - [14/Sep/2025:05:17:08 -0700] "GET /market308277253?kg=0307795454 HTTP/1.1" 200 22597 "-" "Mozilla/5.0 (Linux; Android 6.0.1; Nexus 5X Build/MMB29P) AppleWebKit/537.36 (KHTML, like Gecko) Chrome/140.0.7339.127 Mobile Safari/537.36 (compatible; Googlebot/2.1; +http://www.google.com/bot.html)" 328 **0/328279**
66.249.64.4 - - [14/Sep/2025:05:17:08 -0700] "GET /?m=87528321930&filter=6f91f3&share_to_url=ideas.php?shop/userreview/write.aspx HTTP/1.1" 200 22091 "-" "Mozilla/5.0 (Linux; Android 6.0.1; Nexus 5X Build/MMB29P) AppleWebKit/537.36 (KHTML, like Gecko) Chrome/140.0.7339.127 Mobile Safari/537.36 (compatible; Googlebot/2.1; +http://www.google.com/bot.html)" 294 **0/294384**
66.249.70.39 - - [14/Sep/2025:05:17:08 -0700] "GET /market309216707?kg=0308733438 HTTP/1.1" 200 22321 "-" "Mozilla/5.0 (Linux; Android 6.0.1; Nexus 5X Build/MMB29P) AppleWebKit/537.36 (KHTML, like Gecko) Chrome/140.0.7339.127 Mobile Safari/537.36 (compatible; Googlebot/2.1; +http://www.google.com/bot.html)" 317 **0/317944**
66.249.64.5 - - [14/Sep/2025:05:17:09 -0700] "GET /?m=94752415930&filter=bba0c3&share_to_url=article.php?shop/pg/1recruit/ HTTP/1.1" 200 22833 "-" "Mozilla/5.0 (Linux; Android 6.0.1; Nexus 5X Build/MMB29P) AppleWebKit/537.36 (KHTML, like Gecko) Chrome/140.0.7339.127 Mobile Safari/537.36 (compatible; Googlebot/2.1; +http://www.google.com/bot.html)" 304 **0/304587**
136.243.228.194 - - [14/Sep/2025:05:17:09 -0700] "GET /market94540653?fileloc=/home/vgijpbeijziw/public_html/robots.txt&path=/home/vgijpbeijziw/public_html HTTP/1.1" 200 2307 "-" "Mozilla/5.0 (compatible; DataForSeoBot/1.0; +https://dataforseo.com/dataforseo-bot)" 415 **0/415993**
66.249.70.36 - - [14/Sep/2025:05:17:09 -0700] "GET /market309116967?kg=0308633854 HTTP/1.1" 200 21834 "-" "Mozilla/5.0 (Linux; Android 6.0.1; Nexus 5X Build/MMB29P) AppleWebKit/537.36 (KHTML, like Gecko) Chrome/140.0.7339.127 Mobile Safari/537.36 (compatible; Googlebot/2.1; +http://www.google.com/bot.html)" 257 **0/257896**
66.249.64.3 - - [14/Sep/2025:05:17:10 -0700] "GET /?m=94752415930&filter=bba0c3&share_to_url=article.php?shop/userreview/write.aspx HTTP/1.1" 200 22765 "-" "Mozilla/5.0 (Linux; Android 6.0.1; Nexus 5X Build/MMB29P) AppleWebKit/537.36 (KHTML, like Gecko) Chrome/140.0.7339.127 Mobile Safari/537.36 (compatible; Googlebot/2.1; +http://www.google.com/bot.html)" 356 **0/356487**
66.249.70.32 - - [14/Sep/2025:05:17:11 -0700] "GET /market568113128?kg=0567224702 HTTP/1.1" 200 21815 "-" "Mozilla/5.0 (Linux; Android 6.0.1; Nexus 5X Build/MMB29P) AppleWebKit/537.36 (KHTML, like Gecko) Chrome/140.0.7339.127 Mobile Safari/537.36 (compatible; Googlebot/2.1; +http://www.google.com/bot.html)" 361 **0/361175**
66.249.70.33 - - [14/Sep/2025:05:17:11 -0700] "GET /market547544493?kg=0546688254 HTTP/1.1" 200 22433 "-" "Mozilla/5.0 (Linux; Android 6.0.1; Nexus 5X Build/MMB29P) AppleWebKit/537.36 (KHTML, like Gecko) Chrome/140.0.7339.127 Mobile Safari/537.36 (compatible; Googlebot/2.1; +http://www.google.com/bot.html)" 405 **0/405264**
66.249.64.4 - - [14/Sep/2025:05:17:11 -0700] "GET /?m=99930114930&filter=5fa8d4&share_to_url=shop.php?shop/customer/bookmark.aspx HTTP/1.1" 200 22634 "-" "Mozilla/5.0 (Linux; Android 6.0.1; Nexus 5X Build/MMB29P) AppleWebKit/537.36 (KHTML, like Gecko) Chrome/140.0.7339.127 Mobile Safari/537.36 (compatible; Googlebot/2.1; +http://www.google.com/bot.html)" 363 **0/363079**
66.249.70.35 - - [14/Sep/2025:05:17:12 -0700] "GET /market547550004?kg=0546693758 HTTP/1.1" 200 23238 "-" "Mozilla/5.0 (Linux; Android 6.0.1; Nexus 5X Build/MMB29P) AppleWebKit/537.36 (KHTML, like Gecko) Chrome/140.0.7339.127 Mobile Safari/537.36 (compatible; Googlebot/2.1; +http://www.google.com/bot.html)" 286 **0/286386**
57.141.0.60 - - [14/Sep/2025:05:17:12 -0700] "GET /market804569571?path=/home/vgijpbeijziw/public_html/ARTOFLIVINGDELHI.ORG HTTP/2.0" 200 29735 "-" "meta-externalagent/1.1 (+https://developers.facebook.com/docs/sharing/webmasters/crawler)" 679 **0/679654**
66.249.64.1 - - [14/Sep/2025:05:17:12 -0700] "GET /?m=94752415930&filter=bba0c3&share_to_url=article.php?hg/ HTTP/1.1" 200 22694 "-" "Mozilla/5.0 (Linux; Android 6.0.1; Nexus 5X Build/MMB29P) AppleWebKit/537.36 (KHTML, like Gecko) Chrome/140.0.7339.127 Mobile Safari/537.36 (compatible; Googlebot/2.1; +http://www.google.com/bot.html)" 275 **0/275314**
66.249.70.34 - - [14/Sep/2025:05:17:13 -0700] "GET /market547548081?kg=0546691838 HTTP/1.1" 200 24132 "-" "Mozilla/5.0 (Linux; Android 6.0.1; Nexus 5X Build/MMB29P) AppleWebKit/537.36 (KHTML, like Gecko) Chrome/140.0.7339.127 Mobile Safari/537.36 (compatible; Googlebot/2.1; +http://www.google.com/bot.html)" 263 **0/263822**
66.249.70.34 - - [14/Sep/2025:05:17:13 -0700] "GET /market288901906?kg=0288450430 HTTP/1.1" 200 22815 "-" "Mozilla/5.0 (Linux; Android 6.0.1; Nexus 5X Build/MMB29P) AppleWebKit/537.36 (KHTML, like Gecko) Chrome/140.0.7339.127 Mobile Safari/537.36 (compatible; Googlebot/2.1; +http://www.google.com/bot.html)" 269 **0/269275**
66.249.70.33 - - [14/Sep/2025:05:17:13 -0700] "GET /market86148129?kg=0086013950 HTTP/1.1" 200 22154 "-" "Mozilla/5.0 (Linux; Android 6.0.1; Nexus 5X Build/MMB29P) AppleWebKit/537.36 (KHTML, like Gecko) Chrome/140.0.7339.127 Mobile Safari/537.36 (compatible; Googlebot/2.1; +http://www.google.com/bot.html)" 388 **0/388744**
66.249.64.3 - - [14/Sep/2025:05:17:13 -0700] "GET /?m=94752415930&filter=bba0c3&share_to_url=article.php?shop/storeSearch/CriteriaInput.aspx HTTP/1.1" 200 23030 "-" "Mozilla/5.0 (Linux; Android 6.0.1; Nexus 5X Build/MMB29P) AppleWebKit/537.36 (KHTML, like Gecko) Chrome/140.0.7339.127 Mobile Safari/537.36 (compatible; Googlebot/2.1; +http://www.google.com/bot.html)" 440 **0/440477**
136.243.228.194 - - [14/Sep/2025:05:17:14 -0700] "GET /market94540653?fileloc=/home/vgijpbeijziw/public_html/deleteme.wp8b4ec71f0555499aabcffc6234991262.php&path=/home/vgijpbeijziw/public_html HTTP/1.1" 200 6074 "-" "Mozilla/5.0 (compatible; DataForSeoBot/1.0; +https://dataforseo.com/dataforseo-bot)" 565 **0/565284**
