66.249.70.36 - - [14/Sep/2025:05:34:55 -0700] "GET /market119930148?kg=0119743102 HTTP/1.1" 200 22598 "-" "Mozilla/5.0 (Linux; Android 6.0.1; Nexus 5X Build/MMB29P) AppleWebKit/537.36 (KHTML, like Gecko) Chrome/140.0.7339.127 Mobile Safari/537.36 (compatible; Googlebot/2.1; +http://www.google.com/bot.html)" 328 **0/328827**
66.249.70.32 - - [14/Sep/2025:05:34:55 -0700] "GET /market1890705795?kg=1887747582 HTTP/1.1" 200 25741 "-" "Mozilla/5.0 (Linux; Android 6.0.1; Nexus 5X Build/MMB29P) AppleWebKit/537.36 (KHTML, like Gecko) Chrome/140.0.7339.127 Mobile Safari/537.36 (compatible; Googlebot/2.1; +http://www.google.com/bot.html)" 251 **0/251510**
66.249.64.7 - - [14/Sep/2025:05:34:56 -0700] "GET /?m=112794890930&filter=5b9871&share_to_url=detail.php?shop/customer/menu.aspx HTTP/1.1" 200 24861 "-" "Mozilla/5.0 (Linux; Android 6.0.1; Nexus 5X Build/MMB29P) AppleWebKit/537.36 (KHTML, like Gecko) Chrome/140.0.7339.127 Mobile Safari/537.36 (compatible; Googlebot/2.1; +http://www.google.com/bot.html)" 278 **0/278911**
136.243.228.194 - - [14/Sep/2025:05:34:56 -0700] "GET /market94542193?path=/home/vgijpbeijziw/public_html/cgi-bin HTTP/1.1" 200 2644 "-" "Mozilla/5.0 (compatible; DataForSeoBot/1.0; +https://dataforseo.com/dataforseo-bot)" 344 **0/344115**
66.249.70.39 - - [14/Sep/2025:05:34:56 -0700] "GET /market1888772656?kg=1885817470 HTTP/1.1" 200 22629 "-" "Mozilla/5.0 (Linux; Android 6.0.1; Nexus 5X Build/MMB29P) AppleWebKit/537.36 (KHTML, like Gecko) Chrome/140.0.7339.127 Mobile Safari/537.36 (compatible; Googlebot/2.1; +http://www.google.com/bot.html)" 359 **0/359256**
66.249.64.15 - - [14/Sep/2025:05:34:56 -0700] "GET /?m=88426120930&filter=44495f&share_to_url=shopdetail.php?contents/renga/ HTTP/1.1" 200 22072 "-" "Mozilla/5.0 (Linux; Android 6.0.1; Nexus 5X Build/MMB29P) AppleWebKit/537.36 (KHTML, like Gecko) Chrome/140.0.7339.127 Mobile Safari/537.36 (compatible; Googlebot/2.1; +http://www.google.com/bot.html)" 349 **0/349795**
66.249.64.13 - - [14/Sep/2025:05:34:57 -0700] "GET /?m=88426120930&filter=44495f&share_to_url=shopdetail.php?shop/customer/entry.aspx HTTP/1.1" 200 22755 "-" "Mozilla/5.0 (Linux; Android 6.0.1; Nexus 5X Build/MMB29P) AppleWebKit/537.36 (KHTML, like Gecko) Chrome/140.0.7339.127 Mobile Safari/537.36 (compatible; Googlebot/2.1; +http://www.google.com/bot.html)" 304 **0/304268**
66.249.64.7 - - [14/Sep/2025:05:34:57 -0700] "GET /?m=112794890930&filter=5b9871&share_to_url=detail.php?contents/renga/ HTTP/1.1" 200 22760 "-" "Mozilla/5.0 (Linux; Android 6.0.1; Nexus 5X Build/MMB29P) AppleWebKit/537.36 (KHTML, like Gecko) Chrome/140.0.7339.127 Mobile Safari/537.36 (compatible; Googlebot/2.1; +http://www.google.com/bot.html)" 327 **0/327391**
57.141.0.75 - - [14/Sep/2025:05:34:57 -0700] "GET /market804528547?kg=0803270142 HTTP/2.0" 200 92606 "-" "meta-externalagent/1.1 (+https://developers.facebook.com/docs/sharing/webmasters/crawler)" 620 **0/620712**
66.249.64.10 - - [14/Sep/2025:05:34:57 -0700] "GET /?m=88426120930&filter=44495f&share_to_url=shopdetail.php?shop/pg/1SiteUse/ HTTP/1.1" 200 22814 "-" "Mozilla/5.0 (Linux; Android 6.0.1; Nexus 5X Build/MMB29P) AppleWebKit/537.36 (KHTML, like Gecko) Chrome/140.0.7339.127 Mobile Safari/537.36 (compatible; Googlebot/2.1; +http://www.google.com/bot.html)" 302 **0/302889**
66.249.64.10 - - [14/Sep/2025:05:34:57 -0700] "GET /?m=88552235930&filter=1e3e8d&share_to_url=model.php?shop/customer/entry.aspx HTTP/1.1" 200 22751 "-" "Mozilla/5.0 (Linux; Android 6.0.1; Nexus 5X Build/MMB29P) AppleWebKit/537.36 (KHTML, like Gecko) Chrome/140.0.7339.127 Mobile Safari/537.36 (compatible; Googlebot/2.1; +http://www.google.com/bot.html)" 303 **0/303435**
66.249.70.35 - - [14/Sep/2025:05:34:58 -0700] "GET /market1888554460?kg=1885599614 HTTP/1.1" 200 22592 "-" "Mozilla/5.0 (Linux; Android 6.0.1; Nexus 5X Build/MMB29P) AppleWebKit/537.36 (KHTML, like Gecko) Chrome/140.0.7339.127 Mobile Safari/537.36 (compatible; Googlebot/2.1; +http://www.google.com/bot.html)" 333 **0/333397**
66.249.64.3 - - [14/Sep/2025:05:34:58 -0700] "GET /?m=96752778930&filter=49b1f8&share_to_url=shopdetail.php?shop/pg/1Sitemap/ HTTP/1.1" 200 22814 "-" "Mozilla/5.0 (Linux; Android 6.0.1; Nexus 5X Build/MMB29P) AppleWebKit/537.36 (KHTML, like Gecko) Chrome/140.0.7339.127 Mobile Safari/537.36 (compatible; Googlebot/2.1; +http://www.google.com/bot.html)" 305 **0/305025**
66.249.64.11 - - [14/Sep/2025:05:34:58 -0700] "GET /?m=115802715930&filter=92f1eb&share_to_url=goods.php?shop/userreview/write.aspx HTTP/1.1" 200 22096 "-" "Mozilla/5.0 (Linux; Android 6.0.1; Nexus 5X Build/MMB29P) AppleWebKit/537.36 (KHTML, like Gecko) Chrome/140.0.7339.127 Mobile Safari/537.36 (compatible; Googlebot/2.1; +http://www.google.com/bot.html)" 353 **0/353159**
107.180.57.159 - - [14/Sep/2025:05:29:58 -0700] "GET /ARTOFLIVINGDELHI.ORG/img/img/index.php?ARRAY=7o2230223n313735373835363539382p2231223n22687474703n5p2s5p2s7n733534307631336o6s2r62616o65742r6s6r655p2s3s6p633q7068705s636s64655s6n6326743q313735373835323939382q3530653938653164396563623936616339393435333063323832303064653437222p2232223n223231373437653765346636383135333730316436643235653234353630626162222p2233223n226231616666386161376538363561333763653066363134633539323434666263222p226175746s5s66696p655s6r616q65223n6r756p6p2p226175746s5s70617373223n6r756p6p2p2262696r675s70617373223n2231382q33392q35352q36322q37372q39302q3239227q HTTP/1.1" 503 92606 "-" "-" 300667 **300/300667719**
66.249.64.9 - - [14/Sep/2025:05:34:58 -0700] "GET /?m=96752778930&filter=49b1f8&share_to_url=shopdetail.php?shop/category/categorylist.aspx HTTP/1.1" 200 22769 "-" "Mozilla/5.0 (Linux; Android 6.0.1; Nexus 5X Build/MMB29P) AppleWebKit/537.36 (KHTML, like Gecko) Chrome/140.0.7339.127 Mobile Safari/537.36 (compatible; Googlebot/2.1; +http://www.google.com/bot.html)" 292 **0/292167**
66.249.70.37 - - [14/Sep/2025:05:34:58 -0700] "GET /market1888602662?kg=1885647742 HTTP/1.1" 200 23711 "-" "Mozilla/5.0 (Linux; Android 6.0.1; Nexus 5X Build/MMB29P) AppleWebKit/537.36 (KHTML, like Gecko) Chrome/140.0.7339.127 Mobile Safari/537.36 (compatible; Googlebot/2.1; +http://www.google.com/bot.html)" 271 **0/271208**
66.249.64.1 - - [14/Sep/2025:05:34:58 -0700] "GET /?m=117374712930&filter=85e71b&share_to_url=article.php?toyu/top/CKmSpSfTop.jsp HTTP/1.1" 200 23073 "-" "Mozilla/5.0 (Linux; Android 6.0.1; Nexus 5X Build/MMB29P) AppleWebKit/537.36 (KHTML, like Gecko) Chrome/140.0.7339.127 Mobile Safari/537.36 (compatible; Googlebot/2.1; +http://www.google.com/bot.html)" 360 **0/360167**
66.249.64.8 - - [14/Sep/2025:05:34:58 -0700] "GET /?m=116246058930&filter=ffa126&share_to_url=goods.php?shop/category/categorylist.aspx HTTP/1.1" 200 22766 "-" "Mozilla/5.0 (Linux; Android 6.0.1; Nexus 5X Build/MMB29P) AppleWebKit/537.36 (KHTML, like Gecko) Chrome/140.0.7339.127 Mobile Safari/537.36 (compatible; Googlebot/2.1; +http://www.google.com/bot.html)" 282 **0/282704**
66.249.64.11 - - [14/Sep/2025:05:34:58 -0700] "GET /?m=109824194930&filter=9dbc15&share_to_url=model.php?shop/pg/1Sitemap/ HTTP/1.1" 200 22813 "-" "Mozilla/5.0 (Linux; Android 6.0.1; Nexus 5X Build/MMB29P) AppleWebKit/537.36 (KHTML, like Gecko) Chrome/140.0.7339.127 Mobile Safari/537.36 (compatible; Googlebot/2.1; +http://www.google.com/bot.html)" 335 **0/335478**
66.249.64.12 - - [14/Sep/2025:05:34:59 -0700] "GET /?m=94722766930&filter=cb107e&share_to_url=ideas.php?shop/order/make_estimate.aspx HTTP/1.1" 200 23243 "-" "Mozilla/5.0 (Linux; Android 6.0.1; Nexus 5X Build/MMB29P) AppleWebKit/537.36 (KHTML, like Gecko) Chrome/140.0.7339.127 Mobile Safari/537.36 (compatible; Googlebot/2.1; +http://www.google.com/bot.html)" 333 **0/333247**
66.249.64.3 - - [14/Sep/2025:05:34:59 -0700] "GET /?m=116246058930&filter=ffa126&share_to_url=goods.php?shop/pg/1Sitemap/ HTTP/1.1" 200 22816 "-" "Mozilla/5.0 (Linux; Android 6.0.1; Nexus 5X Build/MMB29P) AppleWebKit/537.36 (KHTML, like Gecko) Chrome/140.0.7339.127 Mobile Safari/537.36 (compatible; Googlebot/2.1; +http://www.google.com/bot.html)" 292 **0/292988**
66.249.70.38 - - [14/Sep/2025:05:34:59 -0700] "GET /market1870876233?kg=1867949054 HTTP/1.1" 200 22139 "-" "Mozilla/5.0 (Linux; Android 6.0.1; Nexus 5X Build/MMB29P) AppleWebKit/537.36 (KHTML, like Gecko) Chrome/140.0.7339.127 Mobile Safari/537.36 (compatible; Googlebot/2.1; +http://www.google.com/bot.html)" 279 **0/279735**
66.249.64.14 - - [14/Sep/2025:05:34:59 -0700] "GET /?m=115003946930&filter=e0a778&share_to_url=shopdetail.php?shop/order/make_estimate.aspx HTTP/1.1" 200 22516 "-" "Mozilla/5.0 (Linux; Android 6.0.1; Nexus 5X Build/MMB29P) AppleWebKit/537.36 (KHTML, like Gecko) Chrome/140.0.7339.127 Mobile Safari/537.36 (compatible; Googlebot/2.1; +http://www.google.com/bot.html)" 316 **0/316163**
66.249.64.13 - - [14/Sep/2025:05:34:59 -0700] "GET /?m=116246058930&filter=ffa126&share_to_url=goods.php?shop/pg/1SiteUse HTTP/1.1" 200 22819 "-" "Mozilla/5.0 (Linux; Android 6.0.1; Nexus 5X Build/MMB29P) AppleWebKit/537.36 (KHTML, like Gecko) Chrome/140.0.7339.127 Mobile Safari/537.36 (compatible; Googlebot/2.1; +http://www.google.com/bot.html)" 288 **0/288661**
66.249.70.37 - - [14/Sep/2025:05:34:59 -0700] "GET /market1881105619?kg=1878162430 HTTP/1.1" 200 21833 "-" "Mozilla/5.0 (Linux; Android 6.0.1; Nexus 5X Build/MMB29P) AppleWebKit/537.36 (KHTML, like Gecko) Chrome/140.0.7339.127 Mobile Safari/537.36 (compatible; Googlebot/2.1; +http://www.google.com/bot.html)" 282 **0/282961**
66.249.64.4 - - [14/Sep/2025:05:34:59 -0700] "GET /?m=116577660930&filter=4fbf34&share_to_url=product-page.php?shop/e/e009001044001/ HTTP/1.1" 200 22530 "-" "Mozilla/5.0 (Linux; Android 6.0.1; Nexus 5X Build/MMB29P) AppleWebKit/537.36 (KHTML, like Gecko) Chrome/140.0.7339.127 Mobile Safari/537.36 (compatible; Googlebot/2.1; +http://www.google.com/bot.html)" 301 **0/301070**
216.73.216.183 - - [14/Sep/2025:05:35:00 -0700] "GET /market1854563346?fileloc=%2Fhome%2Fvgijpbeijziw%2Fpublic_html%2Ffonts%2F.htaccess&path=%2Fhome%2Fvgijpbeijziw%2Fpublic_html%2Ffonts HTTP/2.0" 200 2368 "-" "Mozilla/5.0 AppleWebKit/537.36 (KHTML, like Gecko; compatible; ClaudeBot/1.0; +claudebot@anthropic.com)" 480 **0/480903**
66.249.64.7 - - [14/Sep/2025:05:35:00 -0700] "GET /?m=116246058930&filter=ffa126&share_to_url=goods.php?shop/customer/menu.aspx HTTP/1.1" 200 24860 "-" "Mozilla/5.0 (Linux; Android 6.0.1; Nexus 5X Build/MMB29P) AppleWebKit/537.36 (KHTML, like Gecko) Chrome/140.0.7339.127 Mobile Safari/537.36 (compatible; Googlebot/2.1; +http://www.google.com/bot.html)" 357 **0/357503**
66.249.70.39 - - [14/Sep/2025:05:35:00 -0700] "GET /market1863518158?kg=1860602494 HTTP/1.1" 200 22925 "-" "Mozilla/5.0 (Linux; Android 6.0.1; Nexus 5X Build/MMB29P) AppleWebKit/537.36 (KHTML, like Gecko) Chrome/140.0.7339.127 Mobile Safari/537.36 (compatible; Googlebot/2.1; +http://www.google.com/bot.html)" 305 **0/305598**
66.249.64.14 - - [14/Sep/2025:05:35:00 -0700] "GET /?m=112794890930&filter=5b9871&share_to_url=detail.php?shop/customer/bookmark.aspx HTTP/1.1" 200 21931 "-" "Mozilla/5.0 (Linux; Android 6.0.1; Nexus 5X Build/MMB29P) AppleWebKit/537.36 (KHTML, like Gecko) Chrome/140.0.7339.127 Mobile Safari/537.36 (compatible; Googlebot/2.1; +http://www.google.com/bot.html)" 290 **0/290355**
136.243.228.194 - - [14/Sep/2025:05:35:00 -0700] "GET /market94542193?fileloc=/home/vgijpbeijziw/public_html/deleteme.wp55b873b5f24f42629c7b0afad515d55d.php&path=/home/vgijpbeijziw/public_html HTTP/1.1" 200 6075 "-" "Mozilla/5.0 (compatible; DataForSeoBot/1.0; +https://dataforseo.com/dataforseo-bot)" 647 **0/647407**
66.249.64.3 - - [14/Sep/2025:05:35:01 -0700] "GET /?m=116246058930&filter=ffa126&share_to_url=goods.php?shop/pg/1SiteUse/ HTTP/1.1" 200 22819 "-" "Mozilla/5.0 (Linux; Android 6.0.1; Nexus 5X Build/MMB29P) AppleWebKit/537.36 (KHTML, like Gecko) Chrome/140.0.7339.127 Mobile Safari/537.36 (compatible; Googlebot/2.1; +http://www.google.com/bot.html)" 314 **0/314740**
66.249.70.39 - - [14/Sep/2025:05:35:01 -0700] "GET /market1881229844?kg=1878286462 HTTP/1.1" 200 22082 "-" "Mozilla/5.0 (Linux; Android 6.0.1; Nexus 5X Build/MMB29P) AppleWebKit/537.36 (KHTML, like Gecko) Chrome/140.0.7339.127 Mobile Safari/537.36 (compatible; Googlebot/2.1; +http://www.google.com/bot.html)" 315 **0/315716**
66.249.64.13 - - [14/Sep/2025:05:35:01 -0700] "GET /?m=34178176930&filter=5a650a&share_to_url=article.php?shop/pg/1recruit/ HTTP/1.1" 200 22825 "-" "Mozilla/5.0 (Linux; Android 6.0.1; Nexus 5X Build/MMB29P) AppleWebKit/537.36 (KHTML, like Gecko) Chrome/140.0.7339.127 Mobile Safari/537.36 (compatible; Googlebot/2.1; +http://www.google.com/bot.html)" 372 **0/372438**
66.249.64.12 - - [14/Sep/2025:05:35:01 -0700] "GET /?market71538129?kg=0071426814 HTTP/1.1" 200 22053 "-" "Mozilla/5.0 (Linux; Android 6.0.1; Nexus 5X Build/MMB29P) AppleWebKit/537.36 (KHTML, like Gecko) Chrome/140.0.7339.127 Mobile Safari/537.36 (compatible; Googlebot/2.1; +http://www.google.com/bot.html)" 357 **0/357921**
66.249.64.14 - - [14/Sep/2025:05:35:01 -0700] "GET /?m=107425783930&filter=fdcaf8&share_to_url=item.php?shop/customer/menu.aspx HTTP/1.1" 200 24862 "-" "Mozilla/5.0 (Linux; Android 6.0.1; Nexus 5X Build/MMB29P) AppleWebKit/537.36 (KHTML, like Gecko) Chrome/140.0.7339.127 Mobile Safari/537.36 (compatible; Googlebot/2.1; +http://www.google.com/bot.html)" 429 **0/429777**
66.249.64.13 - - [14/Sep/2025:05:35:02 -0700] "GET /?m=112794890930&filter=5b9871&share_to_url=detail.php?reserve/tool/ HTTP/1.1" 200 22670 "-" "Mozilla/5.0 (Linux; Android 6.0.1; Nexus 5X Build/MMB29P) AppleWebKit/537.36 (KHTML, like Gecko) Chrome/140.0.7339.127 Mobile Safari/537.36 (compatible; Googlebot/2.1; +http://www.google.com/bot.html)" 410 **0/410063**
66.249.70.39 - - [14/Sep/2025:05:35:02 -0700] "GET /market1871006102?kg=1868078718 HTTP/1.1" 200 22634 "-" "Mozilla/5.0 (Linux; Android 6.0.1; Nexus 5X Build/MMB29P) AppleWebKit/537.36 (KHTML, like Gecko) Chrome/140.0.7339.127 Mobile Safari/537.36 (compatible; Googlebot/2.1; +http://www.google.com/bot.html)" 530 **0/530088**
66.249.64.7 - - [14/Sep/2025:05:35:02 -0700] "GET /?m=36119633930&filter=f50e20&share_to_url=item.php?shop/customer/bookmark_guest.aspx HTTP/1.1" 200 21702 "-" "Mozilla/5.0 (Linux; Android 6.0.1; Nexus 5X Build/MMB29P) AppleWebKit/537.36 (KHTML, like Gecko) Chrome/140.0.7339.127 Mobile Safari/537.36 (compatible; Googlebot/2.1; +http://www.google.com/bot.html)" 560 **0/560157**
66.249.64.15 - - [14/Sep/2025:05:35:02 -0700] "GET /?m=117374712930&filter=85e71b&share_to_url=article.php?shop/pg/1005024240/ HTTP/1.1" 200 22068 "-" "Mozilla/5.0 (Linux; Android 6.0.1; Nexus 5X Build/MMB29P) AppleWebKit/537.36 (KHTML, like Gecko) Chrome/140.0.7339.127 Mobile Safari/537.36 (compatible; Googlebot/2.1; +http://www.google.com/bot.html)" 486 **0/486271**
66.249.64.10 - - [14/Sep/2025:05:35:03 -0700] "GET /?m=109330170930&filter=00e3f9&share_to_url=product-page.php?shop/userreview/write.aspx HTTP/1.1" 200 22097 "-" "Mozilla/5.0 (Linux; Android 6.0.1; Nexus 5X Build/MMB29P) AppleWebKit/537.36 (KHTML, like Gecko) Chrome/140.0.7339.127 Mobile Safari/537.36 (compatible; Googlebot/2.1; +http://www.google.com/bot.html)" 505 **0/505671**
66.249.70.39 - - [14/Sep/2025:05:35:03 -0700] "GET /market1886625810?kg=1883673982 HTTP/1.1" 200 21876 "-" "Mozilla/5.0 (Linux; Android 6.0.1; Nexus 5X Build/MMB29P) AppleWebKit/537.36 (KHTML, like Gecko) Chrome/140.0.7339.127 Mobile Safari/537.36 (compatible; Googlebot/2.1; +http://www.google.com/bot.html)" 631 **0/631946**
216.73.216.183 - - [14/Sep/2025:05:35:02 -0700] "GET /market1854563346?path=%2F%2Fopt%2Fcloudlinux%2Fvenv HTTP/2.0" 200 2747 "-" "Mozilla/5.0 AppleWebKit/537.36 (KHTML, like Gecko; compatible; ClaudeBot/1.0; +claudebot@anthropic.com)" 1510 **1/1510933**
66.249.64.10 - - [14/Sep/2025:05:35:03 -0700] "GET /?m=34178176930&filter=5a650a&share_to_url=article.php?shop/storeSearch/CriteriaInput.aspx HTTP/1.1" 200 23022 "-" "Mozilla/5.0 (Linux; Android 6.0.1; Nexus 5X Build/MMB29P) AppleWebKit/537.36 (KHTML, like Gecko) Chrome/140.0.7339.127 Mobile Safari/537.36 (compatible; Googlebot/2.1; +http://www.google.com/bot.html)" 396 **0/396409**
66.249.70.34 - - [14/Sep/2025:05:35:04 -0700] "GET /?market63639945?kg=0063540990 HTTP/1.1" 200 22765 "-" "Mozilla/5.0 (Linux; Android 6.0.1; Nexus 5X Build/MMB29P) AppleWebKit/537.36 (KHTML, like Gecko) Chrome/140.0.7339.127 Mobile Safari/537.36 (compatible; Googlebot/2.1; +http://www.google.com/bot.html)" 434 **0/434913**
66.249.64.8 - - [14/Sep/2025:05:35:04 -0700] "GET /?m=102861075930&filter=458d78&share_to_url=shop.php?shop/pg/1SiteUse HTTP/1.1" 200 22820 "-" "Mozilla/5.0 (Linux; Android 6.0.1; Nexus 5X Build/MMB29P) AppleWebKit/537.36 (KHTML, like Gecko) Chrome/140.0.7339.127 Mobile Safari/537.36 (compatible; Googlebot/2.1; +http://www.google.com/bot.html)" 335 **0/335220**
66.249.64.12 - - [14/Sep/2025:05:35:04 -0700] "GET /?m=34178176930&filter=5a650a&share_to_url=article.php?shop/pg/1SiteUse HTTP/1.1" 200 22820 "-" "Mozilla/5.0 (Linux; Android 6.0.1; Nexus 5X Build/MMB29P) AppleWebKit/537.36 (KHTML, like Gecko) Chrome/140.0.7339.127 Mobile Safari/537.36 (compatible; Googlebot/2.1; +http://www.google.com/bot.html)" 386 **0/386517**
66.249.64.2 - - [14/Sep/2025:05:35:04 -0700] "GET /?m=117374712930&filter=85e71b&share_to_url=article.php?contents/event/kansyasai/ HTTP/1.1" 200 23075 "-" "Mozilla/5.0 (Linux; Android 6.0.1; Nexus 5X Build/MMB29P) AppleWebKit/537.36 (KHTML, like Gecko) Chrome/140.0.7339.127 Mobile Safari/537.36 (compatible; Googlebot/2.1; +http://www.google.com/bot.html)" 519 **0/519776**
66.249.64.5 - - [14/Sep/2025:05:35:04 -0700] "GET /?m=94722766930&filter=cb107e&share_to_url=ideas.php?shop/customer/menu.aspx HTTP/1.1" 200 24861 "-" "Mozilla/5.0 (Linux; Android 6.0.1; Nexus 5X Build/MMB29P) AppleWebKit/537.36 (KHTML, like Gecko) Chrome/140.0.7339.127 Mobile Safari/537.36 (compatible; Googlebot/2.1; +http://www.google.com/bot.html)" 315 **0/315905**
136.243.228.194 - - [14/Sep/2025:05:35:04 -0700] "GET /market94542193?path=/home/vgijpbeijziw/public_html/fonts HTTP/1.1" 200 2776 "-" "Mozilla/5.0 (compatible; DataForSeoBot/1.0; +https://dataforseo.com/dataforseo-bot)" 715 **0/715717**
66.249.70.32 - - [14/Sep/2025:05:35:04 -0700] "GET /market1886615296?kg=1883663486 HTTP/1.1" 200 21586 "-" "Mozilla/5.0 (Linux; Android 6.0.1; Nexus 5X Build/MMB29P) AppleWebKit/537.36 (KHTML, like Gecko) Chrome/140.0.7339.127 Mobile Safari/537.36 (compatible; Googlebot/2.1; +http://www.google.com/bot.html)" 324 **0/324432**
66.249.64.5 - - [14/Sep/2025:05:35:05 -0700] "GET /?m=96928070930&filter=982a25&share_to_url=product-page.php?shop/customer/bookmark.aspx HTTP/1.1" 200 22629 "-" "Mozilla/5.0 (Linux; Android 6.0.1; Nexus 5X Build/MMB29P) AppleWebKit/537.36 (KHTML, like Gecko) Chrome/140.0.7339.127 Mobile Safari/537.36 (compatible; Googlebot/2.1; +http://www.google.com/bot.html)" 380 **0/380195**
66.249.64.10 - - [14/Sep/2025:05:35:05 -0700] "GET /?m=34178176930&filter=5a650a&share_to_url=article.php?shop/customer/bookmark_guest.aspx HTTP/1.1" 200 21682 "-" "Mozilla/5.0 (Linux; Android 6.0.1; Nexus 5X Build/MMB29P) AppleWebKit/537.36 (KHTML, like Gecko) Chrome/140.0.7339.127 Mobile Safari/537.36 (compatible; Googlebot/2.1; +http://www.google.com/bot.html)" 329 **0/329468**
66.249.64.7 - - [14/Sep/2025:05:35:05 -0700] "GET /?m=107977642930&filter=6613bf&share_to_url=product.php?pw HTTP/1.1" 200 22454 "-" "Mozilla/5.0 (Linux; Android 6.0.1; Nexus 5X Build/MMB29P) AppleWebKit/537.36 (KHTML, like Gecko) Chrome/140.0.7339.127 Mobile Safari/537.36 (compatible; Googlebot/2.1; +http://www.google.com/bot.html)" 317 **0/317270**
66.249.64.4 - - [14/Sep/2025:05:35:05 -0700] "GET /?m=71672573930&filter=33bb93&share_to_url=shop.php?shop/customer/menu.aspx HTTP/1.1" 200 24860 "-" "Mozilla/5.0 (Linux; Android 6.0.1; Nexus 5X Build/MMB29P) AppleWebKit/537.36 (KHTML, like Gecko) Chrome/140.0.7339.127 Mobile Safari/537.36 (compatible; Googlebot/2.1; +http://www.google.com/bot.html)" 343 **0/343527**
66.249.70.36 - - [14/Sep/2025:05:35:06 -0700] "GET /market1886688628?kg=1883736702 HTTP/1.1" 200 22925 "-" "Mozilla/5.0 (Linux; Android 6.0.1; Nexus 5X Build/MMB29P) AppleWebKit/537.36 (KHTML, like Gecko) Chrome/140.0.7339.127 Mobile Safari/537.36 (compatible; Googlebot/2.1; +http://www.google.com/bot.html)" 281 **0/281539**
216.73.216.183 - - [14/Sep/2025:05:35:05 -0700] "GET /market1854563346?fileloc=%2Fhome%2Fvgijpbeijziw%2F.mysql_backup%2Fi6090429_wp1.sql.gz&path=%2Fhome%2Fvgijpbeijziw%2F.mysql_backup HTTP/2.0" 200 234320 "-" "Mozilla/5.0 AppleWebKit/537.36 (KHTML, like Gecko; compatible; ClaudeBot/1.0; +claudebot@anthropic.com)" 806 **0/806834**
66.249.64.12 - - [14/Sep/2025:05:35:06 -0700] "GET /?m=71672573930&filter=33bb93&share_to_url=shop.php?shop/customer/entry.aspx HTTP/1.1" 200 22752 "-" "Mozilla/5.0 (Linux; Android 6.0.1; Nexus 5X Build/MMB29P) AppleWebKit/537.36 (KHTML, like Gecko) Chrome/140.0.7339.127 Mobile Safari/537.36 (compatible; Googlebot/2.1; +http://www.google.com/bot.html)" 342 **0/342571**
66.249.64.10 - - [14/Sep/2025:05:35:06 -0700] "GET /?m=112123201930&filter=fbf241&share_to_url=article.php?shop/e/e009001036001/ HTTP/1.1" 200 22988 "-" "Mozilla/5.0 (Linux; Android 6.0.1; Nexus 5X Build/MMB29P) AppleWebKit/537.36 (KHTML, like Gecko) Chrome/140.0.7339.127 Mobile Safari/537.36 (compatible; Googlebot/2.1; +http://www.google.com/bot.html)" 293 **0/293224**
66.249.64.11 - - [14/Sep/2025:05:35:07 -0700] "GET /?m=94722766930&filter=cb107e&share_to_url=ideas.php?shop/pg/1AvailableInfo/ HTTP/1.1" 200 22812 "-" "Mozilla/5.0 (Linux; Android 6.0.1; Nexus 5X Build/MMB29P) AppleWebKit/537.36 (KHTML, like Gecko) Chrome/140.0.7339.127 Mobile Safari/537.36 (compatible; Googlebot/2.1; +http://www.google.com/bot.html)" 329 **0/329173**
66.249.70.37 - - [14/Sep/2025:05:35:07 -0700] "GET /market1887336554?kg=1884383614 HTTP/1.1" 200 22724 "-" "Mozilla/5.0 (Linux; Android 6.0.1; Nexus 5X Build/MMB29P) AppleWebKit/537.36 (KHTML, like Gecko) Chrome/140.0.7339.127 Mobile Safari/537.36 (compatible; Googlebot/2.1; +http://www.google.com/bot.html)" 285 **0/285142**
66.249.64.5 - - [14/Sep/2025:05:35:07 -0700] "GET /?m=114088328930&filter=637495&share_to_url=product.php?shop/pg/1005024164 HTTP/1.1" 200 23235 "-" "Mozilla/5.0 (Linux; Android 6.0.1; Nexus 5X Build/MMB29P) AppleWebKit/537.36 (KHTML, like Gecko) Chrome/140.0.7339.127 Mobile Safari/537.36 (compatible; Googlebot/2.1; +http://www.google.com/bot.html)" 338 **0/338359**
66.249.64.5 - - [14/Sep/2025:05:35:07 -0700] "GET /?m=109330170930&filter=00e3f9&share_to_url=product-page.php?shop/order/make_estimate.aspx HTTP/1.1" 200 22519 "-" "Mozilla/5.0 (Linux; Android 6.0.1; Nexus 5X Build/MMB29P) AppleWebKit/537.36 (KHTML, like Gecko) Chrome/140.0.7339.127 Mobile Safari/537.36 (compatible; Googlebot/2.1; +http://www.google.com/bot.html)" 310 **0/310799**
66.249.64.1 - - [14/Sep/2025:05:35:07 -0700] "GET /?m=104967718930&filter=3b7928&share_to_url=shop.php?hg/ HTTP/1.1" 200 22699 "-" "Mozilla/5.0 (Linux; Android 6.0.1; Nexus 5X Build/MMB29P) AppleWebKit/537.36 (KHTML, like Gecko) Chrome/140.0.7339.127 Mobile Safari/537.36 (compatible; Googlebot/2.1; +http://www.google.com/bot.html)" 275 **0/275534**
66.249.64.2 - - [14/Sep/2025:05:35:07 -0700] "GET /?m=71672573930&filter=33bb93&share_to_url=shop.php?shop/userreview/write.aspx HTTP/1.1" 200 22091 "-" "Mozilla/5.0 (Linux; Android 6.0.1; Nexus 5X Build/MMB29P) AppleWebKit/537.36 (KHTML, like Gecko) Chrome/140.0.7339.127 Mobile Safari/537.36 (compatible; Googlebot/2.1; +http://www.google.com/bot.html)" 326 **0/326977**
66.249.64.6 - - [14/Sep/2025:05:35:08 -0700] "GET /?m=94323588930&filter=c4771d&share_to_url=shopdetail.php?shop/userreview/write.aspx HTTP/1.1" 200 22774 "-" "Mozilla/5.0 (Linux; Android 6.0.1; Nexus 5X Build/MMB29P) AppleWebKit/537.36 (KHTML, like Gecko) Chrome/140.0.7339.127 Mobile Safari/537.36 (compatible; Googlebot/2.1; +http://www.google.com/bot.html)" 297 **0/297267**
66.249.64.4 - - [14/Sep/2025:05:35:08 -0700] "GET /?m=109330170930&filter=00e3f9&share_to_url=product-page.php?reserve/tool/ HTTP/1.1" 200 21983 "-" "Mozilla/5.0 (Linux; Android 6.0.1; Nexus 5X Build/MMB29P) AppleWebKit/537.36 (KHTML, like Gecko) Chrome/140.0.7339.127 Mobile Safari/537.36 (compatible; Googlebot/2.1; +http://www.google.com/bot.html)" 315 **0/315816**
66.249.70.33 - - [14/Sep/2025:05:35:08 -0700] "GET /market1885196501?kg=1882246910 HTTP/1.1" 200 23316 "-" "Mozilla/5.0 (Linux; Android 6.0.1; Nexus 5X Build/MMB29P) AppleWebKit/537.36 (KHTML, like Gecko) Chrome/140.0.7339.127 Mobile Safari/537.36 (compatible; Googlebot/2.1; +http://www.google.com/bot.html)" 286 **0/286986**
66.249.64.9 - - [14/Sep/2025:05:35:08 -0700] "GET /?m=34178176930&filter=5a650a&share_to_url=article.php?shop/pg/1AgreementInfo/ HTTP/1.1" 200 22817 "-" "Mozilla/5.0 (Linux; Android 6.0.1; Nexus 5X Build/MMB29P) AppleWebKit/537.36 (KHTML, like Gecko) Chrome/140.0.7339.127 Mobile Safari/537.36 (compatible; Googlebot/2.1; +http://www.google.com/bot.html)" 339 **0/339711**
136.243.228.194 - - [14/Sep/2025:05:35:08 -0700] "GET /market94542193?fileloc=/home/vgijpbeijziw/public_html/wp-activate.php&path=/home/vgijpbeijziw/public_html HTTP/1.1" 200 4683 "-" "Mozilla/5.0 (compatible; DataForSeoBot/1.0; +https://dataforseo.com/dataforseo-bot)" 1070 **1/1070694**
66.249.64.1 - - [14/Sep/2025:05:35:09 -0700] "GET /?m=34178176930&filter=5a650a&share_to_url=article.php?shop/customer/bookmark.aspx HTTP/1.1" 200 21935 "-" "Mozilla/5.0 (Linux; Android 6.0.1; Nexus 5X Build/MMB29P) AppleWebKit/537.36 (KHTML, like Gecko) Chrome/140.0.7339.127 Mobile Safari/537.36 (compatible; Googlebot/2.1; +http://www.google.com/bot.html)" 389 **0/389581**
216.73.216.183 - - [14/Sep/2025:05:35:08 -0700] "GET /market1854563346?fileloc=%2Fhome%2Fvgijpbeijziw%2Fpublic_html%2Fartoflivingdelhi.org%2Fschallfuns.php&path=%2Fhome%2Fvgijpbeijziw%2Fpublic_html%2Fartoflivingdelhi.org HTTP/2.0" 200 4611 "-" "Mozilla/5.0 AppleWebKit/537.36 (KHTML, like Gecko; compatible; ClaudeBot/1.0; +claudebot@anthropic.com)" 1154 **1/1154988**
66.249.64.4 - - [14/Sep/2025:05:35:09 -0700] "GET /?m=112123201930&filter=fbf241&share_to_url=article.php?jukyuban/ HTTP/1.1" 200 22622 "-" "Mozilla/5.0 (Linux; Android 6.0.1; Nexus 5X Build/MMB29P) AppleWebKit/537.36 (KHTML, like Gecko) Chrome/140.0.7339.127 Mobile Safari/537.36 (compatible; Googlebot/2.1; +http://www.google.com/bot.html)" 471 **0/471458**
66.249.70.39 - - [14/Sep/2025:05:35:09 -0700] "GET /market121023313?kg=0120834558 HTTP/1.1" 200 23319 "-" "Mozilla/5.0 (Linux; Android 6.0.1; Nexus 5X Build/MMB29P) AppleWebKit/537.36 (KHTML, like Gecko) Chrome/140.0.7339.127 Mobile Safari/537.36 (compatible; Googlebot/2.1; +http://www.google.com/bot.html)" 465 **0/465756**
66.249.64.5 - - [14/Sep/2025:05:35:10 -0700] "GET /market60536719?kg=0060442622 HTTP/1.1" 200 22464 "-" "Mozilla/5.0 (Linux; Android 6.0.1; Nexus 5X Build/MMB29P) AppleWebKit/537.36 (KHTML, like Gecko) Chrome/140.0.7339.127 Mobile Safari/537.36 (compatible; Googlebot/2.1; +http://www.google.com/bot.html)" 275 **0/275629**
66.249.64.7 - - [14/Sep/2025:05:35:10 -0700] "GET /?m=107482040930&filter=ef0611&share_to_url=discover.php?shop/cart/cart.aspx HTTP/1.1" 200 22268 "-" "Mozilla/5.0 (Linux; Android 6.0.1; Nexus 5X Build/MMB29P) AppleWebKit/537.36 (KHTML, like Gecko) Chrome/140.0.7339.127 Mobile Safari/537.36 (compatible; Googlebot/2.1; +http://www.google.com/bot.html)" 406 **0/406154**
66.249.70.34 - - [14/Sep/2025:05:35:10 -0700] "GET /market1878884415?kg=1875944702 HTTP/1.1" 200 22111 "-" "Mozilla/5.0 (Linux; Android 6.0.1; Nexus 5X Build/MMB29P) AppleWebKit/537.36 (KHTML, like Gecko) Chrome/140.0.7339.127 Mobile Safari/537.36 (compatible; Googlebot/2.1; +http://www.google.com/bot.html)" 276 **0/276432**
66.249.64.2 - - [14/Sep/2025:05:35:10 -0700] "GET /?m=103495209930&filter=0f0f79&share_to_url=goods.php?jukyuban/ HTTP/1.1" 200 22628 "-" "Mozilla/5.0 (Linux; Android 6.0.1; Nexus 5X Build/MMB29P) AppleWebKit/537.36 (KHTML, like Gecko) Chrome/140.0.7339.127 Mobile Safari/537.36 (compatible; Googlebot/2.1; +http://www.google.com/bot.html)" 305 **0/305476**
66.249.64.2 - - [14/Sep/2025:05:35:10 -0700] "GET /?m=103495209930&filter=0f0f79&share_to_url=goods.php?shop/cart/cart.aspx HTTP/1.1" 200 22260 "-" "Mozilla/5.0 (Linux; Android 6.0.1; Nexus 5X Build/MMB29P) AppleWebKit/537.36 (KHTML, like Gecko) Chrome/140.0.7339.127 Mobile Safari/537.36 (compatible; Googlebot/2.1; +http://www.google.com/bot.html)" 272 **0/272079**
66.249.70.33 - - [14/Sep/2025:05:35:11 -0700] "GET /market139087807?kg=0138870782 HTTP/1.1" 200 21662 "-" "Mozilla/5.0 (Linux; Android 6.0.1; Nexus 5X Build/MMB29P) AppleWebKit/537.36 (KHTML, like Gecko) Chrome/140.0.7339.127 Mobile Safari/537.36 (compatible; Googlebot/2.1; +http://www.google.com/bot.html)" 292 **0/292312**
66.249.64.10 - - [14/Sep/2025:05:35:11 -0700] "GET /?m=96928070930&filter=982a25&share_to_url=product-page.php?shop/userreview/write.aspx HTTP/1.1" 200 22092 "-" "Mozilla/5.0 (Linux; Android 6.0.1; Nexus 5X Build/MMB29P) AppleWebKit/537.36 (KHTML, like Gecko) Chrome/140.0.7339.127 Mobile Safari/537.36 (compatible; Googlebot/2.1; +http://www.google.com/bot.html)" 304 **0/304051**
66.249.64.8 - - [14/Sep/2025:05:35:11 -0700] "GET /?m=112123201930&filter=fbf241&share_to_url=article.php?reserve/tool/ HTTP/1.1" 200 22668 "-" "Mozilla/5.0 (Linux; Android 6.0.1; Nexus 5X Build/MMB29P) AppleWebKit/537.36 (KHTML, like Gecko) Chrome/140.0.7339.127 Mobile Safari/537.36 (compatible; Googlebot/2.1; +http://www.google.com/bot.html)" 317 **0/317111**
66.249.70.34 - - [14/Sep/2025:05:35:11 -0700] "GET /market1886426969?kg=1883475454 HTTP/1.1" 200 21974 "-" "Mozilla/5.0 (Linux; Android 6.0.1; Nexus 5X Build/MMB29P) AppleWebKit/537.36 (KHTML, like Gecko) Chrome/140.0.7339.127 Mobile Safari/537.36 (compatible; Googlebot/2.1; +http://www.google.com/bot.html)" 267 **0/267121**
66.249.64.9 - - [14/Sep/2025:05:35:11 -0700] "GET /?m=117449621930&filter=c0aed0&share_to_url=ideas.php?shop/pg/1Sitemap/ HTTP/1.1" 200 22816 "-" "Mozilla/5.0 (Linux; Android 6.0.1; Nexus 5X Build/MMB29P) AppleWebKit/537.36 (KHTML, like Gecko) Chrome/140.0.7339.127 Mobile Safari/537.36 (compatible; Googlebot/2.1; +http://www.google.com/bot.html)" 317 **0/317042**
66.249.70.32 - - [14/Sep/2025:05:35:11 -0700] "GET /?market1905401431?kg=1902420222 HTTP/1.1" 200 22460 "-" "Mozilla/5.0 (Linux; Android 6.0.1; Nexus 5X Build/MMB29P) AppleWebKit/537.36 (KHTML, like Gecko) Chrome/140.0.7339.127 Mobile Safari/537.36 (compatible; Googlebot/2.1; +http://www.google.com/bot.html)" 312 **0/312590**
216.73.216.183 - - [14/Sep/2025:05:35:11 -0700] "GET /market1854563346?fileloc=%2Fhome%2Fvgijpbeijziw%2Fpublic_html%2Ffonts%2Fflexslider-icon.woff&path=%2Fhome%2Fvgijpbeijziw%2Fpublic_html%2Ffonts HTTP/2.0" 200 3443 "-" "Mozilla/5.0 AppleWebKit/537.36 (KHTML, like Gecko; compatible; ClaudeBot/1.0; +claudebot@anthropic.com)" 552 **0/552361**
66.249.64.2 - - [14/Sep/2025:05:35:12 -0700] "GET /?m=112123201930&filter=fbf241&share_to_url=article.php?shop/customer/bookmark.aspx HTTP/1.1" 200 22634 "-" "Mozilla/5.0 (Linux; Android 6.0.1; Nexus 5X Build/MMB29P) AppleWebKit/537.36 (KHTML, like Gecko) Chrome/140.0.7339.127 Mobile Safari/537.36 (compatible; Googlebot/2.1; +http://www.google.com/bot.html)" 338 **0/338599**
66.249.64.8 - - [14/Sep/2025:05:35:12 -0700] "GET /?m=94323588930&filter=c4771d&share_to_url=shopdetail.php?shop/order/make_estimate.aspx HTTP/1.1" 200 23247 "-" "Mozilla/5.0 (Linux; Android 6.0.1; Nexus 5X Build/MMB29P) AppleWebKit/537.36 (KHTML, like Gecko) Chrome/140.0.7339.127 Mobile Safari/537.36 (compatible; Googlebot/2.1; +http://www.google.com/bot.html)" 393 **0/393197**
66.249.64.8 - - [14/Sep/2025:05:35:12 -0700] "GET /?m=103495209930&filter=0f0f79&share_to_url=goods.php?shop/pg/1Sitemap/ HTTP/1.1" 200 22816 "-" "Mozilla/5.0 (Linux; Android 6.0.1; Nexus 5X Build/MMB29P) AppleWebKit/537.36 (KHTML, like Gecko) Chrome/140.0.7339.127 Mobile Safari/537.36 (compatible; Googlebot/2.1; +http://www.google.com/bot.html)" 327 **0/327507**
66.249.64.7 - - [14/Sep/2025:05:35:12 -0700] "GET /?m=96928070930&filter=982a25&share_to_url=product-page.php?shop/customer/menu.aspx HTTP/1.1" 200 24865 "-" "Mozilla/5.0 (Linux; Android 6.0.1; Nexus 5X Build/MMB29P) AppleWebKit/537.36 (KHTML, like Gecko) Chrome/140.0.7339.127 Mobile Safari/537.36 (compatible; Googlebot/2.1; +http://www.google.com/bot.html)" 312 **0/312028**
66.249.70.34 - - [14/Sep/2025:05:35:12 -0700] "GET /market1886411202?kg=1883459710 HTTP/1.1" 200 24993 "-" "Mozilla/5.0 (Linux; Android 6.0.1; Nexus 5X Build/MMB29P) AppleWebKit/537.36 (KHTML, like Gecko) Chrome/140.0.7339.127 Mobile Safari/537.36 (compatible; Googlebot/2.1; +http://www.google.com/bot.html)" 292 **0/292346**
136.243.228.194 - - [14/Sep/2025:05:35:12 -0700] "GET /market94542193?fileloc=/home/vgijpbeijziw/public_html/deleteme.wpad8b3c3bb70e422993d54b7b2516cc1f.php&path=/home/vgijpbeijziw/public_html HTTP/1.1" 200 6076 "-" "Mozilla/5.0 (compatible; DataForSeoBot/1.0; +https://dataforseo.com/dataforseo-bot)" 524 **0/524318**
66.249.64.8 - - [14/Sep/2025:05:35:13 -0700] "GET /?m=96928070930&filter=982a25&share_to_url=product-page.php?shop/customer/bookmark_guest.aspx HTTP/1.1" 200 22357 "-" "Mozilla/5.0 (Linux; Android 6.0.1; Nexus 5X Build/MMB29P) AppleWebKit/537.36 (KHTML, like Gecko) Chrome/140.0.7339.127 Mobile Safari/537.36 (compatible; Googlebot/2.1; +http://www.google.com/bot.html)" 344 **0/344539**
66.249.64.7 - - [14/Sep/2025:05:35:13 -0700] "GET /?m=112123201930&filter=fbf241&share_to_url=article.php?toyu/top/CKmSpSfTop.jsp HTTP/1.1" 200 23065 "-" "Mozilla/5.0 (Linux; Android 6.0.1; Nexus 5X Build/MMB29P) AppleWebKit/537.36 (KHTML, like Gecko) Chrome/140.0.7339.127 Mobile Safari/537.36 (compatible; Googlebot/2.1; +http://www.google.com/bot.html)" 326 **0/326598**
66.249.64.5 - - [14/Sep/2025:05:35:13 -0700] "GET /?m=110901203930&filter=00e3f9&share_to_url=item.php?shop/category/categorylist.aspx HTTP/1.1" 200 22135 "-" "Mozilla/5.0 (Linux; Android 6.0.1; Nexus 5X Build/MMB29P) AppleWebKit/537.36 (KHTML, like Gecko) Chrome/140.0.7339.127 Mobile Safari/537.36 (compatible; Googlebot/2.1; +http://www.google.com/bot.html)" 274 **0/274179**
66.249.64.3 - - [14/Sep/2025:05:35:13 -0700] "GET /?m=96928070930&filter=982a25&share_to_url=product-page.php?shop/cart/cart.aspx HTTP/1.1" 200 22253 "-" "Mozilla/5.0 (Linux; Android 6.0.1; Nexus 5X Build/MMB29P) AppleWebKit/537.36 (KHTML, like Gecko) Chrome/140.0.7339.127 Mobile Safari/537.36 (compatible; Googlebot/2.1; +http://www.google.com/bot.html)" 348 **0/348716**
66.249.64.5 - - [14/Sep/2025:05:35:14 -0700] "GET /?m=90910404930&filter=295f95&share_to_url=item.php?reserve/tool/ HTTP/1.1" 200 22699 "-" "Mozilla/5.0 (Linux; Android 6.0.1; Nexus 5X Build/MMB29P) AppleWebKit/537.36 (KHTML, like Gecko) Chrome/140.0.7339.127 Mobile Safari/537.36 (compatible; Googlebot/2.1; +http://www.google.com/bot.html)" 309 **0/309126**
66.249.64.6 - - [14/Sep/2025:05:35:14 -0700] "GET /?m=103495209930&filter=0f0f79&share_to_url=goods.php?pw/ HTTP/1.1" 200 23168 "-" "Mozilla/5.0 (Linux; Android 6.0.1; Nexus 5X Build/MMB29P) AppleWebKit/537.36 (KHTML, like Gecko) Chrome/140.0.7339.127 Mobile Safari/537.36 (compatible; Googlebot/2.1; +http://www.google.com/bot.html)" 316 **0/316450**
66.249.64.2 - - [14/Sep/2025:05:35:14 -0700] "GET /?m=97888736930&filter=77d8e2&share_to_url=model.php?shop/pg/1Sitemap/ HTTP/1.1" 200 22812 "-" "Mozilla/5.0 (Linux; Android 6.0.1; Nexus 5X Build/MMB29P) AppleWebKit/537.36 (KHTML, like Gecko) Chrome/140.0.7339.127 Mobile Safari/537.36 (compatible; Googlebot/2.1; +http://www.google.com/bot.html)" 353 **0/353381**
66.249.64.9 - - [14/Sep/2025:05:35:14 -0700] "GET /?m=34178176930&filter=5a650a&share_to_url=article.php?shop/customer/menu.aspx HTTP/1.1" 200 24860 "-" "Mozilla/5.0 (Linux; Android 6.0.1; Nexus 5X Build/MMB29P) AppleWebKit/537.36 (KHTML, like Gecko) Chrome/140.0.7339.127 Mobile Safari/537.36 (compatible; Googlebot/2.1; +http://www.google.com/bot.html)" 304 **0/304410**
66.249.70.34 - - [14/Sep/2025:05:35:14 -0700] "GET /?market361497820?kg=0360932734 HTTP/1.1" 200 23118 "-" "Mozilla/5.0 (Linux; Android 6.0.1; Nexus 5X Build/MMB29P) AppleWebKit/537.36 (KHTML, like Gecko) Chrome/140.0.7339.127 Mobile Safari/537.36 (compatible; Googlebot/2.1; +http://www.google.com/bot.html)" 291 **0/291518**
66.249.64.8 - - [14/Sep/2025:05:35:14 -0700] "GET /?m=97191296930&filter=9e3833&share_to_url=article.php?shop/cart/cart.aspx HTTP/1.1" 200 22261 "-" "Mozilla/5.0 (Linux; Android 6.0.1; Nexus 5X Build/MMB29P) AppleWebKit/537.36 (KHTML, like Gecko) Chrome/140.0.7339.127 Mobile Safari/537.36 (compatible; Googlebot/2.1; +http://www.google.com/bot.html)" 313 **0/313917**
66.249.64.7 - - [14/Sep/2025:05:35:14 -0700] "GET /?m=107450575930&filter=660989&share_to_url=product-page.php?shop/order/make_estimate.aspx HTTP/1.1" 200 22522 "-" "Mozilla/5.0 (Linux; Android 6.0.1; Nexus 5X Build/MMB29P) AppleWebKit/537.36 (KHTML, like Gecko) Chrome/140.0.7339.127 Mobile Safari/537.36 (compatible; Googlebot/2.1; +http://www.google.com/bot.html)" 323 **0/323389**
114.119.132.131 - - [14/Sep/2025:05:35:14 -0700] "GET /market1560547129?path=/home/vgijpbeijziw/.sucuriquarantine HTTP/1.1" 200 2537 "https://otiadvisors.com/market1560547129?path=/home/vgijpbeijziw" "Mozilla/5.0 (Linux; Android 7.0;) AppleWebKit/537.36 (KHTML, like Gecko) Mobile Safari/537.36 (compatible; PetalBot;+https://webmaster.petalsearch.com/site/petalbot)" 897 **0/897125**
66.249.70.34 - - [14/Sep/2025:05:35:14 -0700] "GET /market1885430980?kg=1882481022 HTTP/1.1" 200 22047 "-" "Mozilla/5.0 (Linux; Android 6.0.1; Nexus 5X Build/MMB29P) AppleWebKit/537.36 (KHTML, like Gecko) Chrome/140.0.7339.127 Mobile Safari/537.36 (compatible; Googlebot/2.1; +http://www.google.com/bot.html)" 555 **0/555772**
66.249.64.6 - - [14/Sep/2025:05:35:14 -0700] "GET /?m=97054982930&filter=f6254f&share_to_url=shopdetail.php?shop/order/make_estimate.aspx HTTP/1.1" 200 23239 "-" "Mozilla/5.0 (Linux; Android 6.0.1; Nexus 5X Build/MMB29P) AppleWebKit/537.36 (KHTML, like Gecko) Chrome/140.0.7339.127 Mobile Safari/537.36 (compatible; Googlebot/2.1; +http://www.google.com/bot.html)" 493 **0/493962**
66.249.64.2 - - [14/Sep/2025:05:35:14 -0700] "GET /?m=110901203930&filter=00e3f9&share_to_url=item.php?shop/customer/bookmark.aspx HTTP/1.1" 200 21934 "-" "Mozilla/5.0 (Linux; Android 6.0.1; Nexus 5X Build/MMB29P) AppleWebKit/537.36 (KHTML, like Gecko) Chrome/140.0.7339.127 Mobile Safari/537.36 (compatible; Googlebot/2.1; +http://www.google.com/bot.html)" 494 **0/494355**
66.249.64.9 - - [14/Sep/2025:05:35:15 -0700] "GET /?m=101313040930&filter=c30a2b&share_to_url=shop.php?shop/customer/bookmark.aspx HTTP/1.1" 200 21935 "-" "Mozilla/5.0 (Linux; Android 6.0.1; Nexus 5X Build/MMB29P) AppleWebKit/537.36 (KHTML, like Gecko) Chrome/140.0.7339.127 Mobile Safari/537.36 (compatible; Googlebot/2.1; +http://www.google.com/bot.html)" 469 **0/469870**
66.249.70.32 - - [14/Sep/2025:05:35:15 -0700] "GET /market105158229?kg=0104994302 HTTP/1.1" 200 22074 "-" "Mozilla/5.0 (Linux; Android 6.0.1; Nexus 5X Build/MMB29P) AppleWebKit/537.36 (KHTML, like Gecko) Chrome/140.0.7339.127 Mobile Safari/537.36 (compatible; Googlebot/2.1; +http://www.google.com/bot.html)" 464 **0/464858**
66.249.64.6 - - [14/Sep/2025:05:35:15 -0700] "GET /?m=109824194930&filter=9dbc15&share_to_url=model.php?shop/category/categorylist.aspx HTTP/1.1" 200 22768 "-" "Mozilla/5.0 (Linux; Android 6.0.1; Nexus 5X Build/MMB29P) AppleWebKit/537.36 (KHTML, like Gecko) Chrome/140.0.7339.127 Mobile Safari/537.36 (compatible; Googlebot/2.1; +http://www.google.com/bot.html)" 318 **0/318461**
216.73.216.183 - - [14/Sep/2025:05:35:14 -0700] "GET /market1854563346?fileloc=%2Fhome%2Fvgijpbeijziw%2Fpublic_html%2Fwp-includes%2Fimages%2Fadmin-bar-sprite-2x.png&path=%2Fhome%2Fvgijpbeijziw%2Fpublic_html%2Fwp-includes%2Fimages HTTP/2.0" 200 5578 "-" "Mozilla/5.0 AppleWebKit/537.36 (KHTML, like Gecko; compatible; ClaudeBot/1.0; +claudebot@anthropic.com)" 1145 **1/1145805**
66.249.64.2 - - [14/Sep/2025:05:35:15 -0700] "GET /?m=34178176930&filter=5a650a&share_to_url=article.php?shop/pg/1005024164 HTTP/1.1" 200 23232 "-" "Mozilla/5.0 (Linux; Android 6.0.1; Nexus 5X Build/MMB29P) AppleWebKit/537.36 (KHTML, like Gecko) Chrome/140.0.7339.127 Mobile Safari/537.36 (compatible; Googlebot/2.1; +http://www.google.com/bot.html)" 394 **0/394816**
66.249.64.4 - - [14/Sep/2025:05:35:15 -0700] "GET /?m=97888736930&filter=77d8e2&share_to_url=model.php?information/privacy_policy.html HTTP/1.1" 200 25921 "-" "Mozilla/5.0 (Linux; Android 6.0.1; Nexus 5X Build/MMB29P) AppleWebKit/537.36 (KHTML, like Gecko) Chrome/140.0.7339.127 Mobile Safari/537.36 (compatible; Googlebot/2.1; +http://www.google.com/bot.html)" 356 **0/356056**
66.249.64.6 - - [14/Sep/2025:05:35:15 -0700] "GET /?m=110901203930&filter=00e3f9&share_to_url=item.php?shop/customer/bookmark_guest.aspx HTTP/1.1" 200 22366 "-" "Mozilla/5.0 (Linux; Android 6.0.1; Nexus 5X Build/MMB29P) AppleWebKit/537.36 (KHTML, like Gecko) Chrome/140.0.7339.127 Mobile Safari/537.36 (compatible; Googlebot/2.1; +http://www.google.com/bot.html)" 397 **0/397893**
66.249.64.8 - - [14/Sep/2025:05:35:16 -0700] "GET /?m=91290685930&filter=9faa8b&share_to_url=detail.php?shop/pg/1AvailableInfo/ HTTP/1.1" 200 22806 "-" "Mozilla/5.0 (Linux; Android 6.0.1; Nexus 5X Build/MMB29P) AppleWebKit/537.36 (KHTML, like Gecko) Chrome/140.0.7339.127 Mobile Safari/537.36 (compatible; Googlebot/2.1; +http://www.google.com/bot.html)" 325 **0/325857**
66.249.70.39 - - [14/Sep/2025:05:35:16 -0700] "GET /market1885490337?kg=1882540286 HTTP/1.1" 200 22709 "-" "Mozilla/5.0 (Linux; Android 6.0.1; Nexus 5X Build/MMB29P) AppleWebKit/537.36 (KHTML, like Gecko) Chrome/140.0.7339.127 Mobile Safari/537.36 (compatible; Googlebot/2.1; +http://www.google.com/bot.html)" 257 **0/257688**
66.249.64.2 - - [14/Sep/2025:05:35:16 -0700] "GET /?m=97888736930&filter=77d8e2&share_to_url=model.php?shop/customer/entry.aspx HTTP/1.1" 200 22749 "-" "Mozilla/5.0 (Linux; Android 6.0.1; Nexus 5X Build/MMB29P) AppleWebKit/537.36 (KHTML, like Gecko) Chrome/140.0.7339.127 Mobile Safari/537.36 (compatible; Googlebot/2.1; +http://www.google.com/bot.html)" 348 **0/348419**
66.249.70.39 - - [14/Sep/2025:05:35:17 -0700] "GET /market1885511232?kg=1882561150 HTTP/1.1" 200 21509 "-" "Mozilla/5.0 (Linux; Android 6.0.1; Nexus 5X Build/MMB29P) AppleWebKit/537.36 (KHTML, like Gecko) Chrome/140.0.7339.127 Mobile Safari/537.36 (compatible; Googlebot/2.1; +http://www.google.com/bot.html)" 399 **0/399691**
136.243.228.194 - - [14/Sep/2025:05:35:16 -0700] "GET /market94542193?fileloc=/home/vgijpbeijziw/public_html/wp-load.php&path=/home/vgijpbeijziw/public_html HTTP/1.1" 200 3989 "-" "Mozilla/5.0 (compatible; DataForSeoBot/1.0; +https://dataforseo.com/dataforseo-bot)" 808 **0/808587**
66.249.64.1 - - [14/Sep/2025:05:35:17 -0700] "GET /?m=97191296930&filter=9e3833&share_to_url=article.php?shop/customer/bookmark.aspx HTTP/1.1" 200 21929 "-" "Mozilla/5.0 (Linux; Android 6.0.1; Nexus 5X Build/MMB29P) AppleWebKit/537.36 (KHTML, like Gecko) Chrome/140.0.7339.127 Mobile Safari/537.36 (compatible; Googlebot/2.1; +http://www.google.com/bot.html)" 344 **0/344071**
66.249.64.2 - - [14/Sep/2025:05:35:17 -0700] "GET /?m=112123201930&filter=fbf241&share_to_url=article.php?contents/event/kansyasai/ HTTP/1.1" 200 23086 "-" "Mozilla/5.0 (Linux; Android 6.0.1; Nexus 5X Build/MMB29P) AppleWebKit/537.36 (KHTML, like Gecko) Chrome/140.0.7339.127 Mobile Safari/537.36 (compatible; Googlebot/2.1; +http://www.google.com/bot.html)" 300 **0/300378**
216.73.216.183 - - [14/Sep/2025:05:35:17 -0700] "GET /market1854563346?fileloc=%2Fhome%2Fvgijpbeijziw%2Fpublic_html%2FARTOFLIVINGDELHI.ORG%2Fassets%2Fcss%2Frs6.css&path=%2Fhome%2Fvgijpbeijziw%2Fpublic_html%2FARTOFLIVINGDELHI.ORG%2Fassets%2Fcss HTTP/2.0" 200 14089 "-" "Mozilla/5.0 AppleWebKit/537.36 (KHTML, like Gecko; compatible; ClaudeBot/1.0; +claudebot@anthropic.com)" 636 **0/636463**
66.249.64.6 - - [14/Sep/2025:05:35:18 -0700] "GET /?m=107718654930&filter=b96960&share_to_url=shopdetail.php?shop/customer/bookmark_guest.aspx HTTP/1.1" 200 22369 "-" "Mozilla/5.0 (Linux; Android 6.0.1; Nexus 5X Build/MMB29P) AppleWebKit/537.36 (KHTML, like Gecko) Chrome/140.0.7339.127 Mobile Safari/537.36 (compatible; Googlebot/2.1; +http://www.google.com/bot.html)" 374 **0/374813**
66.249.70.39 - - [14/Sep/2025:05:35:18 -0700] "GET /market65033614?kg=0064932478 HTTP/1.1" 200 22449 "-" "Mozilla/5.0 (Linux; Android 6.0.1; Nexus 5X Build/MMB29P) AppleWebKit/537.36 (KHTML, like Gecko) Chrome/140.0.7339.127 Mobile Safari/537.36 (compatible; Googlebot/2.1; +http://www.google.com/bot.html)" 529 **0/529329**
66.249.70.39 - - [14/Sep/2025:05:35:18 -0700] "GET /market1884416144?kg=1881467774 HTTP/1.1" 200 21632 "-" "Mozilla/5.0 (Linux; Android 6.0.1; Nexus 5X Build/MMB29P) AppleWebKit/537.36 (KHTML, like Gecko) Chrome/140.0.7339.127 Mobile Safari/537.36 (compatible; Googlebot/2.1; +http://www.google.com/bot.html)" 323 **0/323140**
107.180.57.159 - - [14/Sep/2025:05:30:18 -0700] "GET /ARTOFLIVINGDELHI.ORG/img/img/index.php?ARRAY=7o2230223n313735373835363631382p2231223n22687474703n5p2s5p2s7n733534307631336o6s2r62616o65742r6s6r655p2s3s6p633q7068705s636s64655s6n6326743q313735373835333031382q6436376132623832616538306639363634636632346432383839343732393662222p2232223n223231373437653765346636383135333730316436643235653234353630626162222p2233223n226231616666386161376538363561333763653066363134633539323434666263222p226175746s5s66696p655s6r616q65223n6r756p6p2p226175746s5s70617373223n6r756p6p2p2262696r675s70617373223n2231382q33392q35352q36322q37372q39302q3239227q HTTP/1.1" 503 92606 "-" "-" 300958 **300/300958545**
66.249.64.6 - - [14/Sep/2025:05:35:18 -0700] "GET /?m=100997778930&filter=5d39e0&share_to_url=item.php?contents/reform/ HTTP/1.1" 200 22642 "-" "Mozilla/5.0 (Linux; Android 6.0.1; Nexus 5X Build/MMB29P) AppleWebKit/537.36 (KHTML, like Gecko) Chrome/140.0.7339.127 Mobile Safari/537.36 (compatible; Googlebot/2.1; +http://www.google.com/bot.html)" 398 **0/398832**
66.249.64.4 - - [14/Sep/2025:05:35:19 -0700] "GET /?m=89131314930&filter=01c542&share_to_url=goods.php?reserve/tool/ HTTP/1.1" 200 22679 "-" "Mozilla/5.0 (Linux; Android 6.0.1; Nexus 5X Build/MMB29P) AppleWebKit/537.36 (KHTML, like Gecko) Chrome/140.0.7339.127 Mobile Safari/537.36 (compatible; Googlebot/2.1; +http://www.google.com/bot.html)" 299 **0/299636**
66.249.64.8 - - [14/Sep/2025:05:35:19 -0700] "GET /?m=102509983930&filter=ec1cf4&share_to_url=article.php?shop/pg/1howto/ HTTP/1.1" 200 22132 "-" "Mozilla/5.0 (Linux; Android 6.0.1; Nexus 5X Build/MMB29P) AppleWebKit/537.36 (KHTML, like Gecko) Chrome/140.0.7339.127 Mobile Safari/537.36 (compatible; Googlebot/2.1; +http://www.google.com/bot.html)" 314 **0/314539**
66.249.64.6 - - [14/Sep/2025:05:35:19 -0700] "GET /?m=114659082930&filter=c2a8f3&share_to_url=article.php?shop/storeSearch/CriteriaInput.aspx HTTP/1.1" 200 23031 "-" "Mozilla/5.0 (Linux; Android 6.0.1; Nexus 5X Build/MMB29P) AppleWebKit/537.36 (KHTML, like Gecko) Chrome/140.0.7339.127 Mobile Safari/537.36 (compatible; Googlebot/2.1; +http://www.google.com/bot.html)" 299 **0/299167**
66.249.64.2 - - [14/Sep/2025:05:35:19 -0700] "GET /?m=97888736930&filter=77d8e2&share_to_url=model.php?shop/customer/menu.aspx HTTP/1.1" 200 24860 "-" "Mozilla/5.0 (Linux; Android 6.0.1; Nexus 5X Build/MMB29P) AppleWebKit/537.36 (KHTML, like Gecko) Chrome/140.0.7339.127 Mobile Safari/537.36 (compatible; Googlebot/2.1; +http://www.google.com/bot.html)" 306 **0/306713**
66.249.70.33 - - [14/Sep/2025:05:35:20 -0700] "GET /market124406914?kg=0124212862 HTTP/1.1" 200 21811 "-" "Mozilla/5.0 (Linux; Android 6.0.1; Nexus 5X Build/MMB29P) AppleWebKit/537.36 (KHTML, like Gecko) Chrome/140.0.7339.127 Mobile Safari/537.36 (compatible; Googlebot/2.1; +http://www.google.com/bot.html)" 260 **0/260253**
66.249.64.4 - - [14/Sep/2025:05:35:20 -0700] "GET /?m=90910404930&filter=295f95&share_to_url=item.php?shop/order/make_estimate.aspx HTTP/1.1" 200 23247 "-" "Mozilla/5.0 (Linux; Android 6.0.1; Nexus 5X Build/MMB29P) AppleWebKit/537.36 (KHTML, like Gecko) Chrome/140.0.7339.127 Mobile Safari/537.36 (compatible; Googlebot/2.1; +http://www.google.com/bot.html)" 330 **0/330809**
66.249.64.5 - - [14/Sep/2025:05:35:20 -0700] "GET /?m=107639143930&filter=d0763d&share_to_url=shop.php?shop/customer/bookmark.aspx HTTP/1.1" 200 21933 "-" "Mozilla/5.0 (Linux; Android 6.0.1; Nexus 5X Build/MMB29P) AppleWebKit/537.36 (KHTML, like Gecko) Chrome/140.0.7339.127 Mobile Safari/537.36 (compatible; Googlebot/2.1; +http://www.google.com/bot.html)" 294 **0/294253**
66.249.70.39 - - [14/Sep/2025:05:35:20 -0700] "GET /market48402273?kg=0048327166 HTTP/1.1" 200 23094 "-" "Mozilla/5.0 (Linux; Android 6.0.1; Nexus 5X Build/MMB29P) AppleWebKit/537.36 (KHTML, like Gecko) Chrome/140.0.7339.127 Mobile Safari/537.36 (compatible; Googlebot/2.1; +http://www.google.com/bot.html)" 292 **0/292459**
66.249.64.2 - - [14/Sep/2025:05:35:20 -0700] "GET /?m=100997778930&filter=5d39e0&share_to_url=item.php?toyu/top/CKmSpSfTop.jsp HTTP/1.1" 200 23064 "-" "Mozilla/5.0 (Linux; Android 6.0.1; Nexus 5X Build/MMB29P) AppleWebKit/537.36 (KHTML, like Gecko) Chrome/140.0.7339.127 Mobile Safari/537.36 (compatible; Googlebot/2.1; +http://www.google.com/bot.html)" 310 **0/310651**
136.243.228.194 - - [14/Sep/2025:05:35:20 -0700] "GET /market94542193?fileloc=/home/vgijpbeijziw/public_html/wp-cron.php&path=/home/vgijpbeijziw/public_html HTTP/1.1" 200 4273 "-" "Mozilla/5.0 (compatible; DataForSeoBot/1.0; +https://dataforseo.com/dataforseo-bot)" 631 **0/631011**
66.249.70.32 - - [14/Sep/2025:05:35:20 -0700] "GET /market1883274261?kg=1880327678 HTTP/1.1" 200 22613 "-" "Mozilla/5.0 (Linux; Android 6.0.1; Nexus 5X Build/MMB29P) AppleWebKit/537.36 (KHTML, like Gecko) Chrome/140.0.7339.127 Mobile Safari/537.36 (compatible; Googlebot/2.1; +http://www.google.com/bot.html)" 316 **0/316634**
