66.249.70.33 - - [14/Sep/2025:05:38:37 -0700] "GET /market372818575?kg=0372235774 HTTP/1.1" 200 21869 "-" "Mozilla/5.0 (Linux; Android 6.0.1; Nexus 5X Build/MMB29P) AppleWebKit/537.36 (KHTML, like Gecko) Chrome/140.0.7339.127 Mobile Safari/537.36 (compatible; Googlebot/2.1; +http://www.google.com/bot.html)" 273 **0/273083**
66.249.64.3 - - [14/Sep/2025:05:38:37 -0700] "GET /?m=100893496930&filter=39b9c8&share_to_url=detail.php?shop/category/categorylist.aspx HTTP/1.1" 200 22760 "-" "Mozilla/5.0 (Linux; Android 6.0.1; Nexus 5X Build/MMB29P) AppleWebKit/537.36 (KHTML, like Gecko) Chrome/140.0.7339.127 Mobile Safari/537.36 (compatible; Googlebot/2.1; +http://www.google.com/bot.html)" 277 **0/277028**
66.249.70.36 - - [14/Sep/2025:05:38:38 -0700] "GET /market22731764?kg=0022696830 HTTP/1.1" 200 21954 "-" "Mozilla/5.0 (Linux; Android 6.0.1; Nexus 5X Build/MMB29P) AppleWebKit/537.36 (KHTML, like Gecko) Chrome/140.0.7339.127 Mobile Safari/537.36 (compatible; Googlebot/2.1; +http://www.google.com/bot.html)" 267 **0/267547**
66.249.64.4 - - [14/Sep/2025:05:38:38 -0700] "GET /?m=102861075930&filter=458d78&share_to_url=shop.php?toyu/top/CKmSpSfTop.jsp HTTP/1.1" 200 23075 "-" "Mozilla/5.0 (Linux; Android 6.0.1; Nexus 5X Build/MMB29P) AppleWebKit/537.36 (KHTML, like Gecko) Chrome/140.0.7339.127 Mobile Safari/537.36 (compatible; Googlebot/2.1; +http://www.google.com/bot.html)" 301 **0/301849**
66.249.64.8 - - [14/Sep/2025:05:38:38 -0700] "GET /?m=102861075930&filter=458d78&share_to_url=shop.php?shop/pg/1AgreementInfo/ HTTP/1.1" 200 22814 "-" "Mozilla/5.0 (Linux; Android 6.0.1; Nexus 5X Build/MMB29P) AppleWebKit/537.36 (KHTML, like Gecko) Chrome/140.0.7339.127 Mobile Safari/537.36 (compatible; Googlebot/2.1; +http://www.google.com/bot.html)" 315 **0/315935**
66.249.70.35 - - [14/Sep/2025:05:38:38 -0700] "GET /market23644040?kg=0023607678 HTTP/1.1" 200 21880 "-" "Mozilla/5.0 (Linux; Android 6.0.1; Nexus 5X Build/MMB29P) AppleWebKit/537.36 (KHTML, like Gecko) Chrome/140.0.7339.127 Mobile Safari/537.36 (compatible; Googlebot/2.1; +http://www.google.com/bot.html)" 381 **0/381622**
66.249.70.37 - - [14/Sep/2025:05:38:38 -0700] "GET /market1880561664?kg=1877619326 HTTP/1.1" 200 24254 "-" "Mozilla/5.0 (Linux; Android 6.0.1; Nexus 5X Build/MMB29P) AppleWebKit/537.36 (KHTML, like Gecko) Chrome/140.0.7339.127 Mobile Safari/537.36 (compatible; Googlebot/2.1; +http://www.google.com/bot.html)" 497 **0/497122**
66.249.64.1 - - [14/Sep/2025:05:38:38 -0700] "GET /?m=108347423930&filter=9410c4&share_to_url=model.php?information/privacy_policy.html HTTP/1.1" 200 25918 "-" "Mozilla/5.0 (Linux; Android 6.0.1; Nexus 5X Build/MMB29P) AppleWebKit/537.36 (KHTML, like Gecko) Chrome/140.0.7339.127 Mobile Safari/537.36 (compatible; Googlebot/2.1; +http://www.google.com/bot.html)" 421 **0/421928**
66.249.64.6 - - [14/Sep/2025:05:38:39 -0700] "GET /?m=102861075930&filter=458d78&share_to_url=shop.php?shop/customer/bookmark.aspx HTTP/1.1" 200 21939 "-" "Mozilla/5.0 (Linux; Android 6.0.1; Nexus 5X Build/MMB29P) AppleWebKit/537.36 (KHTML, like Gecko) Chrome/140.0.7339.127 Mobile Safari/537.36 (compatible; Googlebot/2.1; +http://www.google.com/bot.html)" 305 **0/305212**
66.249.70.33 - - [14/Sep/2025:05:38:39 -0700] "GET /market14138734?kg=0014117246 HTTP/1.1" 200 22515 "-" "Mozilla/5.0 (Linux; Android 6.0.1; Nexus 5X Build/MMB29P) AppleWebKit/537.36 (KHTML, like Gecko) Chrome/140.0.7339.127 Mobile Safari/537.36 (compatible; Googlebot/2.1; +http://www.google.com/bot.html)" 269 **0/269266**
66.249.70.36 - - [14/Sep/2025:05:38:39 -0700] "GET /market14230782?kg=0014209150 HTTP/1.1" 200 22715 "-" "Mozilla/5.0 (Linux; Android 6.0.1; Nexus 5X Build/MMB29P) AppleWebKit/537.36 (KHTML, like Gecko) Chrome/140.0.7339.127 Mobile Safari/537.36 (compatible; Googlebot/2.1; +http://www.google.com/bot.html)" 282 **0/282881**
66.249.64.6 - - [14/Sep/2025:05:38:39 -0700] "GET /?m=100893496930&filter=39b9c8&share_to_url=detail.php?shop/customer/bookmark.aspx HTTP/1.1" 200 21930 "-" "Mozilla/5.0 (Linux; Android 6.0.1; Nexus 5X Build/MMB29P) AppleWebKit/537.36 (KHTML, like Gecko) Chrome/140.0.7339.127 Mobile Safari/537.36 (compatible; Googlebot/2.1; +http://www.google.com/bot.html)" 387 **0/387433**
66.249.70.33 - - [14/Sep/2025:05:38:40 -0700] "GET /market14165783?kg=0014144254 HTTP/1.1" 200 22626 "-" "Mozilla/5.0 (Linux; Android 6.0.1; Nexus 5X Build/MMB29P) AppleWebKit/537.36 (KHTML, like Gecko) Chrome/140.0.7339.127 Mobile Safari/537.36 (compatible; Googlebot/2.1; +http://www.google.com/bot.html)" 409 **0/409187**
66.249.64.9 - - [14/Sep/2025:05:38:40 -0700] "GET /?m=102861075930&filter=458d78&share_to_url=shop.php?shop/pg/1sancyoku/ HTTP/1.1" 200 22820 "-" "Mozilla/5.0 (Linux; Android 6.0.1; Nexus 5X Build/MMB29P) AppleWebKit/537.36 (KHTML, like Gecko) Chrome/140.0.7339.127 Mobile Safari/537.36 (compatible; Googlebot/2.1; +http://www.google.com/bot.html)" 325 **0/325824**
66.249.64.8 - - [14/Sep/2025:05:38:40 -0700] "GET /?m=88065421930&filter=c9f9aa&share_to_url=ideas.php?shop/pg/1005024240/ HTTP/1.1" 200 22781 "-" "Mozilla/5.0 (Linux; Android 6.0.1; Nexus 5X Build/MMB29P) AppleWebKit/537.36 (KHTML, like Gecko) Chrome/140.0.7339.127 Mobile Safari/537.36 (compatible; Googlebot/2.1; +http://www.google.com/bot.html)" 285 **0/285088**
66.249.70.34 - - [14/Sep/2025:05:38:40 -0700] "GET /market14158990?kg=0014137470 HTTP/1.1" 200 23801 "-" "Mozilla/5.0 (Linux; Android 6.0.1; Nexus 5X Build/MMB29P) AppleWebKit/537.36 (KHTML, like Gecko) Chrome/140.0.7339.127 Mobile Safari/537.36 (compatible; Googlebot/2.1; +http://www.google.com/bot.html)" 292 **0/292502**
66.249.64.7 - - [14/Sep/2025:05:38:40 -0700] "GET /?m=114088328930&filter=637495&share_to_url=product.php?hg/ HTTP/1.1" 200 22010 "-" "Mozilla/5.0 (Linux; Android 6.0.1; Nexus 5X Build/MMB29P) AppleWebKit/537.36 (KHTML, like Gecko) Chrome/140.0.7339.127 Mobile Safari/537.36 (compatible; Googlebot/2.1; +http://www.google.com/bot.html)" 287 **0/287651**
66.249.70.39 - - [14/Sep/2025:05:38:41 -0700] "GET /market22812274?kg=0022777214 HTTP/1.1" 200 24036 "-" "Mozilla/5.0 (Linux; Android 6.0.1; Nexus 5X Build/MMB29P) AppleWebKit/537.36 (KHTML, like Gecko) Chrome/140.0.7339.127 Mobile Safari/537.36 (compatible; Googlebot/2.1; +http://www.google.com/bot.html)" 285 **0/285380**
136.243.228.194 - - [14/Sep/2025:05:38:41 -0700] "GET /market94258099?path=/home/vgijpbeijziw/public_html/535c106c HTTP/1.1" 200 2680 "-" "Mozilla/5.0 (compatible; DataForSeoBot/1.0; +https://dataforseo.com/dataforseo-bot)" 452 **0/452821**
66.249.70.36 - - [14/Sep/2025:05:38:41 -0700] "GET /market22779200?kg=0022744190 HTTP/1.1" 200 21469 "-" "Mozilla/5.0 (Linux; Android 6.0.1; Nexus 5X Build/MMB29P) AppleWebKit/537.36 (KHTML, like Gecko) Chrome/140.0.7339.127 Mobile Safari/537.36 (compatible; Googlebot/2.1; +http://www.google.com/bot.html)" 272 **0/272751**
66.249.70.38 - - [14/Sep/2025:05:38:41 -0700] "GET /market338983609?kg=0338453758 HTTP/1.1" 200 21875 "-" "Mozilla/5.0 (Linux; Android 6.0.1; Nexus 5X Build/MMB29P) AppleWebKit/537.36 (KHTML, like Gecko) Chrome/140.0.7339.127 Mobile Safari/537.36 (compatible; Googlebot/2.1; +http://www.google.com/bot.html)" 254 **0/254450**
66.249.64.9 - - [14/Sep/2025:05:38:41 -0700] "GET /?m=114088328930&filter=637495&share_to_url=product.php?contents/renga/ HTTP/1.1" 200 22747 "-" "Mozilla/5.0 (Linux; Android 6.0.1; Nexus 5X Build/MMB29P) AppleWebKit/537.36 (KHTML, like Gecko) Chrome/140.0.7339.127 Mobile Safari/537.36 (compatible; Googlebot/2.1; +http://www.google.com/bot.html)" 302 **0/302958**
66.249.70.36 - - [14/Sep/2025:05:38:41 -0700] "GET /market362857258?kg=0362290046 HTTP/1.1" 200 22341 "-" "Mozilla/5.0 (Linux; Android 6.0.1; Nexus 5X Build/MMB29P) AppleWebKit/537.36 (KHTML, like Gecko) Chrome/140.0.7339.127 Mobile Safari/537.36 (compatible; Googlebot/2.1; +http://www.google.com/bot.html)" 274 **0/274462**
66.249.70.33 - - [14/Sep/2025:05:38:41 -0700] "GET /market365788950?kg=0365217150 HTTP/1.1" 200 23170 "-" "Mozilla/5.0 (Linux; Android 6.0.1; Nexus 5X Build/MMB29P) AppleWebKit/537.36 (KHTML, like Gecko) Chrome/140.0.7339.127 Mobile Safari/537.36 (compatible; Googlebot/2.1; +http://www.google.com/bot.html)" 279 **0/279454**
66.249.64.1 - - [14/Sep/2025:05:38:42 -0700] "GET /?m=92349873930&filter=1926e0&share_to_url=goods.php?shop/pg/1howto/ HTTP/1.1" 200 22819 "-" "Mozilla/5.0 (Linux; Android 6.0.1; Nexus 5X Build/MMB29P) AppleWebKit/537.36 (KHTML, like Gecko) Chrome/140.0.7339.127 Mobile Safari/537.36 (compatible; Googlebot/2.1; +http://www.google.com/bot.html)" 306 **0/306332**
66.249.70.36 - - [14/Sep/2025:05:38:42 -0700] "GET /market17667070?kg=0017640062 HTTP/1.1" 200 22362 "-" "Mozilla/5.0 (Linux; Android 6.0.1; Nexus 5X Build/MMB29P) AppleWebKit/537.36 (KHTML, like Gecko) Chrome/140.0.7339.127 Mobile Safari/537.36 (compatible; Googlebot/2.1; +http://www.google.com/bot.html)" 279 **0/279533**
66.249.70.38 - - [14/Sep/2025:05:38:42 -0700] "GET /?market1904142759?kg=1901163518 HTTP/1.1" 200 21823 "-" "Mozilla/5.0 (Linux; Android 6.0.1; Nexus 5X Build/MMB29P) AppleWebKit/537.36 (KHTML, like Gecko) Chrome/140.0.7339.127 Mobile Safari/537.36 (compatible; Googlebot/2.1; +http://www.google.com/bot.html)" 290 **0/290996**
66.249.64.5 - - [14/Sep/2025:05:38:43 -0700] "GET /?m=114088328930&filter=637495&share_to_url=product.php?shop/storeSearch/CriteriaInput.aspx HTTP/1.1" 200 23034 "-" "Mozilla/5.0 (Linux; Android 6.0.1; Nexus 5X Build/MMB29P) AppleWebKit/537.36 (KHTML, like Gecko) Chrome/140.0.7339.127 Mobile Safari/537.36 (compatible; Googlebot/2.1; +http://www.google.com/bot.html)" 322 **0/322144**
66.249.70.36 - - [14/Sep/2025:05:38:43 -0700] "GET /market138831534?kg=0138614910 HTTP/1.1" 200 22784 "-" "Mozilla/5.0 (Linux; Android 6.0.1; Nexus 5X Build/MMB29P) AppleWebKit/537.36 (KHTML, like Gecko) Chrome/140.0.7339.127 Mobile Safari/537.36 (compatible; Googlebot/2.1; +http://www.google.com/bot.html)" 280 **0/280130**
66.249.70.38 - - [14/Sep/2025:05:38:43 -0700] "GET /market336116019?kg=0335590654 HTTP/1.1" 200 21850 "-" "Mozilla/5.0 (Linux; Android 6.0.1; Nexus 5X Build/MMB29P) AppleWebKit/537.36 (KHTML, like Gecko) Chrome/140.0.7339.127 Mobile Safari/537.36 (compatible; Googlebot/2.1; +http://www.google.com/bot.html)" 653 **0/653299**
66.249.70.32 - - [14/Sep/2025:05:38:43 -0700] "GET /market10665010?kg=0010648958 HTTP/1.1" 200 21596 "-" "Mozilla/5.0 (Linux; Android 6.0.1; Nexus 5X Build/MMB29P) AppleWebKit/537.36 (KHTML, like Gecko) Chrome/140.0.7339.127 Mobile Safari/537.36 (compatible; Googlebot/2.1; +http://www.google.com/bot.html)" 557 **0/557432**
66.249.70.36 - - [14/Sep/2025:05:38:44 -0700] "GET /?market1914813280?kg=1911817342 HTTP/1.1" 200 22197 "-" "Mozilla/5.0 (Linux; Android 6.0.1; Nexus 5X Build/MMB29P) AppleWebKit/537.36 (KHTML, like Gecko) Chrome/140.0.7339.127 Mobile Safari/537.36 (compatible; Googlebot/2.1; +http://www.google.com/bot.html)" 422 **0/422630**
66.249.70.39 - - [14/Sep/2025:05:38:44 -0700] "GET /market27764408?kg=0027721598 HTTP/1.1" 200 21649 "-" "Mozilla/5.0 (Linux; Android 6.0.1; Nexus 5X Build/MMB29P) AppleWebKit/537.36 (KHTML, like Gecko) Chrome/140.0.7339.127 Mobile Safari/537.36 (compatible; Googlebot/2.1; +http://www.google.com/bot.html)" 297 **0/297904**
66.249.64.4 - - [14/Sep/2025:05:38:44 -0700] "GET /?market49546337?kg=0049469438 HTTP/1.1" 200 23296 "-" "Mozilla/5.0 (Linux; Android 6.0.1; Nexus 5X Build/MMB29P) AppleWebKit/537.36 (KHTML, like Gecko) Chrome/140.0.7339.127 Mobile Safari/537.36 (compatible; Googlebot/2.1; +http://www.google.com/bot.html)" 266 **0/266310**
66.249.70.34 - - [14/Sep/2025:05:38:44 -0700] "GET /market28860395?kg=0028815870 HTTP/1.1" 200 21802 "-" "Mozilla/5.0 (Linux; Android 6.0.1; Nexus 5X Build/MMB29P) AppleWebKit/537.36 (KHTML, like Gecko) Chrome/140.0.7339.127 Mobile Safari/537.36 (compatible; Googlebot/2.1; +http://www.google.com/bot.html)" 311 **0/311212**
66.249.64.8 - - [14/Sep/2025:05:38:44 -0700] "GET /?m=114088328930&filter=637495&share_to_url=product.php?shop/customer/bookmark.aspx HTTP/1.1" 200 22645 "-" "Mozilla/5.0 (Linux; Android 6.0.1; Nexus 5X Build/MMB29P) AppleWebKit/537.36 (KHTML, like Gecko) Chrome/140.0.7339.127 Mobile Safari/537.36 (compatible; Googlebot/2.1; +http://www.google.com/bot.html)" 304 **0/304809**
66.249.64.11 - - [14/Sep/2025:05:38:45 -0700] "GET /?m=100135761930&filter=217709&share_to_url=model.php?information/privacy_policy.html HTTP/1.1" 200 25920 "-" "Mozilla/5.0 (Linux; Android 6.0.1; Nexus 5X Build/MMB29P) AppleWebKit/537.36 (KHTML, like Gecko) Chrome/140.0.7339.127 Mobile Safari/537.36 (compatible; Googlebot/2.1; +http://www.google.com/bot.html)" 339 **0/339592**
66.249.70.39 - - [14/Sep/2025:05:38:45 -0700] "GET /market108706055?kg=0108536574 HTTP/1.1" 200 22830 "-" "Mozilla/5.0 (Linux; Android 6.0.1; Nexus 5X Build/MMB29P) AppleWebKit/537.36 (KHTML, like Gecko) Chrome/140.0.7339.127 Mobile Safari/537.36 (compatible; Googlebot/2.1; +http://www.google.com/bot.html)" 289 **0/289183**
136.243.228.194 - - [14/Sep/2025:05:38:45 -0700] "GET /market94258099?path=/home/vgijpbeijziw/public_html/images HTTP/1.1" 200 4645 "-" "Mozilla/5.0 (compatible; DataForSeoBot/1.0; +https://dataforseo.com/dataforseo-bot)" 372 **0/372496**
66.249.70.34 - - [14/Sep/2025:05:38:45 -0700] "GET /market25842424?kg=0025802622 HTTP/1.1" 200 22847 "-" "Mozilla/5.0 (Linux; Android 6.0.1; Nexus 5X Build/MMB29P) AppleWebKit/537.36 (KHTML, like Gecko) Chrome/140.0.7339.127 Mobile Safari/537.36 (compatible; Googlebot/2.1; +http://www.google.com/bot.html)" 260 **0/260651**
66.249.70.39 - - [14/Sep/2025:05:38:45 -0700] "GET /market29548706?kg=0029503102 HTTP/1.1" 200 22097 "-" "Mozilla/5.0 (Linux; Android 6.0.1; Nexus 5X Build/MMB29P) AppleWebKit/537.36 (KHTML, like Gecko) Chrome/140.0.7339.127 Mobile Safari/537.36 (compatible; Googlebot/2.1; +http://www.google.com/bot.html)" 291 **0/291346**
66.249.70.35 - - [14/Sep/2025:05:38:45 -0700] "GET /market30207912?kg=0030161278 HTTP/1.1" 200 23228 "-" "Mozilla/5.0 (Linux; Android 6.0.1; Nexus 5X Build/MMB29P) AppleWebKit/537.36 (KHTML, like Gecko) Chrome/140.0.7339.127 Mobile Safari/537.36 (compatible; Googlebot/2.1; +http://www.google.com/bot.html)" 254 **0/254806**
66.249.64.7 - - [14/Sep/2025:05:38:45 -0700] "GET /?m=102509983930&filter=ec1cf4&share_to_url=article.php?jukyuban/ HTTP/1.1" 200 22627 "-" "Mozilla/5.0 (Linux; Android 6.0.1; Nexus 5X Build/MMB29P) AppleWebKit/537.36 (KHTML, like Gecko) Chrome/140.0.7339.127 Mobile Safari/537.36 (compatible; Googlebot/2.1; +http://www.google.com/bot.html)" 283 **0/283685**
66.249.70.35 - - [14/Sep/2025:05:38:46 -0700] "GET /market77658427?kg=0077537534 HTTP/1.1" 200 21587 "-" "Mozilla/5.0 (Linux; Android 6.0.1; Nexus 5X Build/MMB29P) AppleWebKit/537.36 (KHTML, like Gecko) Chrome/140.0.7339.127 Mobile Safari/537.36 (compatible; Googlebot/2.1; +http://www.google.com/bot.html)" 285 **0/285098**
66.249.70.39 - - [14/Sep/2025:05:38:46 -0700] "GET /market360625798?kg=0360062078 HTTP/1.1" 200 22515 "-" "Mozilla/5.0 (Linux; Android 6.0.1; Nexus 5X Build/MMB29P) AppleWebKit/537.36 (KHTML, like Gecko) Chrome/140.0.7339.127 Mobile Safari/537.36 (compatible; Googlebot/2.1; +http://www.google.com/bot.html)" 274 **0/274298**
66.249.70.38 - - [14/Sep/2025:05:38:46 -0700] "GET /market61500789?kg=0061405182 HTTP/1.1" 200 21503 "-" "Mozilla/5.0 (Linux; Android 6.0.1; Nexus 5X Build/MMB29P) AppleWebKit/537.36 (KHTML, like Gecko) Chrome/140.0.7339.127 Mobile Safari/537.36 (compatible; Googlebot/2.1; +http://www.google.com/bot.html)" 271 **0/271641**
66.249.70.33 - - [14/Sep/2025:05:38:47 -0700] "GET /?market1869689097?kg=1866763774 HTTP/1.1" 200 21978 "-" "Mozilla/5.0 (Linux; Android 6.0.1; Nexus 5X Build/MMB29P) AppleWebKit/537.36 (KHTML, like Gecko) Chrome/140.0.7339.127 Mobile Safari/537.36 (compatible; Googlebot/2.1; +http://www.google.com/bot.html)" 283 **0/283236**
66.249.70.32 - - [14/Sep/2025:05:38:47 -0700] "GET /market65030409?kg=0064929278 HTTP/1.1" 200 22724 "-" "Mozilla/5.0 (Linux; Android 6.0.1; Nexus 5X Build/MMB29P) AppleWebKit/537.36 (KHTML, like Gecko) Chrome/140.0.7339.127 Mobile Safari/537.36 (compatible; Googlebot/2.1; +http://www.google.com/bot.html)" 271 **0/271014**
66.249.64.8 - - [14/Sep/2025:05:38:47 -0700] "GET /?m=92349873930&filter=1926e0&share_to_url=goods.php?shop/cart/cart.aspx HTTP/1.1" 200 22235 "-" "Mozilla/5.0 (Linux; Android 6.0.1; Nexus 5X Build/MMB29P) AppleWebKit/537.36 (KHTML, like Gecko) Chrome/140.0.7339.127 Mobile Safari/537.36 (compatible; Googlebot/2.1; +http://www.google.com/bot.html)" 300 **0/300970**
66.249.70.38 - - [14/Sep/2025:05:38:48 -0700] "GET /market25937038?kg=0025897086 HTTP/1.1" 200 22399 "-" "Mozilla/5.0 (Linux; Android 6.0.1; Nexus 5X Build/MMB29P) AppleWebKit/537.36 (KHTML, like Gecko) Chrome/140.0.7339.127 Mobile Safari/537.36 (compatible; Googlebot/2.1; +http://www.google.com/bot.html)" 261 **0/261066**
66.249.64.4 - - [14/Sep/2025:05:38:48 -0700] "GET /?m=95736961930&filter=49e0b4&share_to_url=detail.php?contents/event/kansyasai/ HTTP/1.1" 200 23071 "-" "Mozilla/5.0 (Linux; Android 6.0.1; Nexus 5X Build/MMB29P) AppleWebKit/537.36 (KHTML, like Gecko) Chrome/140.0.7339.127 Mobile Safari/537.36 (compatible; Googlebot/2.1; +http://www.google.com/bot.html)" 297 **0/297046**
66.249.70.36 - - [14/Sep/2025:05:38:49 -0700] "GET /market28371183?kg=0028327422 HTTP/1.1" 200 22547 "-" "Mozilla/5.0 (Linux; Android 6.0.1; Nexus 5X Build/MMB29P) AppleWebKit/537.36 (KHTML, like Gecko) Chrome/140.0.7339.127 Mobile Safari/537.36 (compatible; Googlebot/2.1; +http://www.google.com/bot.html)" 252 **0/252115**
66.249.64.4 - - [14/Sep/2025:05:38:49 -0700] "GET /?m=114088328930&filter=637495&share_to_url=product.php?shop/pg/1howto/ HTTP/1.1" 200 22132 "-" "Mozilla/5.0 (Linux; Android 6.0.1; Nexus 5X Build/MMB29P) AppleWebKit/537.36 (KHTML, like Gecko) Chrome/140.0.7339.127 Mobile Safari/537.36 (compatible; Googlebot/2.1; +http://www.google.com/bot.html)" 322 **0/322844**
66.249.64.9 - - [14/Sep/2025:05:38:49 -0700] "GET /?m=110168470930&filter=69b40b&share_to_url=goods.php?shop/customer/bookmark.aspx HTTP/1.1" 200 21934 "-" "Mozilla/5.0 (Linux; Android 6.0.1; Nexus 5X Build/MMB29P) AppleWebKit/537.36 (KHTML, like Gecko) Chrome/140.0.7339.127 Mobile Safari/537.36 (compatible; Googlebot/2.1; +http://www.google.com/bot.html)" 366 **0/366047**
136.243.228.194 - - [14/Sep/2025:05:38:49 -0700] "GET /market94258099?fileloc=/home/vgijpbeijziw/public_html/deleteme.wpebd3bb0d040645b883a94b7158fb67cc.php&path=/home/vgijpbeijziw/public_html HTTP/1.1" 200 6076 "-" "Mozilla/5.0 (compatible; DataForSeoBot/1.0; +https://dataforseo.com/dataforseo-bot)" 573 **0/573426**
66.249.70.37 - - [14/Sep/2025:05:38:49 -0700] "GET /market20803114?kg=0020771198 HTTP/1.1" 200 21872 "-" "Mozilla/5.0 (Linux; Android 6.0.1; Nexus 5X Build/MMB29P) AppleWebKit/537.36 (KHTML, like Gecko) Chrome/140.0.7339.127 Mobile Safari/537.36 (compatible; Googlebot/2.1; +http://www.google.com/bot.html)" 370 **0/370358**
66.249.64.12 - - [14/Sep/2025:05:38:50 -0700] "GET /?m=102509983930&filter=ec1cf4&share_to_url=article.php?shop/storeSearch/CriteriaInput.aspx HTTP/1.1" 200 23034 "-" "Mozilla/5.0 (Linux; Android 6.0.1; Nexus 5X Build/MMB29P) AppleWebKit/537.36 (KHTML, like Gecko) Chrome/140.0.7339.127 Mobile Safari/537.36 (compatible; Googlebot/2.1; +http://www.google.com/bot.html)" 291 **0/291223**
66.249.70.34 - - [14/Sep/2025:05:38:50 -0700] "GET /market20816192?kg=0020784254 HTTP/1.1" 200 24084 "-" "Mozilla/5.0 (Linux; Android 6.0.1; Nexus 5X Build/MMB29P) AppleWebKit/537.36 (KHTML, like Gecko) Chrome/140.0.7339.127 Mobile Safari/537.36 (compatible; Googlebot/2.1; +http://www.google.com/bot.html)" 317 **0/317322**
66.249.70.33 - - [14/Sep/2025:05:38:50 -0700] "GET /market266113988?kg=0265698174 HTTP/1.1" 200 22154 "-" "Mozilla/5.0 (Linux; Android 6.0.1; Nexus 5X Build/MMB29P) AppleWebKit/537.36 (KHTML, like Gecko) Chrome/140.0.7339.127 Mobile Safari/537.36 (compatible; Googlebot/2.1; +http://www.google.com/bot.html)" 263 **0/263352**
66.249.64.11 - - [14/Sep/2025:05:38:50 -0700] "GET /?m=95736961930&filter=49e0b4&share_to_url=detail.php?shop/pg/1005024240/ HTTP/1.1" 200 22066 "-" "Mozilla/5.0 (Linux; Android 6.0.1; Nexus 5X Build/MMB29P) AppleWebKit/537.36 (KHTML, like Gecko) Chrome/140.0.7339.127 Mobile Safari/537.36 (compatible; Googlebot/2.1; +http://www.google.com/bot.html)" 322 **0/322656**
66.249.64.12 - - [14/Sep/2025:05:38:50 -0700] "GET /?m=92349873930&filter=1926e0&share_to_url=goods.php?shop/storeSearch/CriteriaInput.aspx HTTP/1.1" 200 23021 "-" "Mozilla/5.0 (Linux; Android 6.0.1; Nexus 5X Build/MMB29P) AppleWebKit/537.36 (KHTML, like Gecko) Chrome/140.0.7339.127 Mobile Safari/537.36 (compatible; Googlebot/2.1; +http://www.google.com/bot.html)" 327 **0/327264**
66.249.64.5 - - [14/Sep/2025:05:38:51 -0700] "GET /?m=102509983930&filter=ec1cf4&share_to_url=article.php?shop/pg/1005024240/ HTTP/1.1" 200 22072 "-" "Mozilla/5.0 (Linux; Android 6.0.1; Nexus 5X Build/MMB29P) AppleWebKit/537.36 (KHTML, like Gecko) Chrome/140.0.7339.127 Mobile Safari/537.36 (compatible; Googlebot/2.1; +http://www.google.com/bot.html)" 269 **0/269012**
66.249.70.32 - - [14/Sep/2025:05:38:51 -0700] "GET /market20476204?kg=0020444798 HTTP/1.1" 200 22776 "-" "Mozilla/5.0 (Linux; Android 6.0.1; Nexus 5X Build/MMB29P) AppleWebKit/537.36 (KHTML, like Gecko) Chrome/140.0.7339.127 Mobile Safari/537.36 (compatible; Googlebot/2.1; +http://www.google.com/bot.html)" 259 **0/259368**
66.249.70.34 - - [14/Sep/2025:05:38:51 -0700] "GET /market454802363?kg=0454091262 HTTP/1.1" 200 21691 "-" "Mozilla/5.0 (Linux; Android 6.0.1; Nexus 5X Build/MMB29P) AppleWebKit/537.36 (KHTML, like Gecko) Chrome/140.0.7339.127 Mobile Safari/537.36 (compatible; Googlebot/2.1; +http://www.google.com/bot.html)" 260 **0/260666**
66.249.64.12 - - [14/Sep/2025:05:38:51 -0700] "GET /?m=95736961930&filter=49e0b4&share_to_url=detail.php?toyu/top/CSfTop.jsp HTTP/1.1" 200 23291 "-" "Mozilla/5.0 (Linux; Android 6.0.1; Nexus 5X Build/MMB29P) AppleWebKit/537.36 (KHTML, like Gecko) Chrome/140.0.7339.127 Mobile Safari/537.36 (compatible; Googlebot/2.1; +http://www.google.com/bot.html)" 300 **0/300170**
66.249.70.34 - - [14/Sep/2025:05:38:52 -0700] "GET /market20446075?kg=0020414718 HTTP/1.1" 200 21720 "-" "Mozilla/5.0 (Linux; Android 6.0.1; Nexus 5X Build/MMB29P) AppleWebKit/537.36 (KHTML, like Gecko) Chrome/140.0.7339.127 Mobile Safari/537.36 (compatible; Googlebot/2.1; +http://www.google.com/bot.html)" 273 **0/273943**
66.249.70.32 - - [14/Sep/2025:05:38:52 -0700] "GET /market20388002?kg=0020356734 HTTP/1.1" 200 22796 "-" "Mozilla/5.0 (Linux; Android 6.0.1; Nexus 5X Build/MMB29P) AppleWebKit/537.36 (KHTML, like Gecko) Chrome/140.0.7339.127 Mobile Safari/537.36 (compatible; Googlebot/2.1; +http://www.google.com/bot.html)" 256 **0/256232**
66.249.64.7 - - [14/Sep/2025:05:38:52 -0700] "GET /?m=114088328930&filter=637495&share_to_url=product.php?shop/customer/entry.aspx HTTP/1.1" 200 22104 "-" "Mozilla/5.0 (Linux; Android 6.0.1; Nexus 5X Build/MMB29P) AppleWebKit/537.36 (KHTML, like Gecko) Chrome/140.0.7339.127 Mobile Safari/537.36 (compatible; Googlebot/2.1; +http://www.google.com/bot.html)" 315 **0/315405**
66.249.70.37 - - [14/Sep/2025:05:38:52 -0700] "GET /market20406974?kg=0020375678 HTTP/1.1" 200 22397 "-" "Mozilla/5.0 (Linux; Android 6.0.1; Nexus 5X Build/MMB29P) AppleWebKit/537.36 (KHTML, like Gecko) Chrome/140.0.7339.127 Mobile Safari/537.36 (compatible; Googlebot/2.1; +http://www.google.com/bot.html)" 376 **0/376983**
136.243.228.194 - - [14/Sep/2025:05:38:52 -0700] "GET /market94258099?path=/home HTTP/1.1" 200 2530 "-" "Mozilla/5.0 (compatible; DataForSeoBot/1.0; +https://dataforseo.com/dataforseo-bot)" 563 **0/563290**
66.249.64.2 - - [14/Sep/2025:05:38:52 -0700] "GET /?m=95736961930&filter=49e0b4&share_to_url=detail.php?toyu/top/CKmSpSfTop.jsp HTTP/1.1" 200 22341 "-" "Mozilla/5.0 (Linux; Android 6.0.1; Nexus 5X Build/MMB29P) AppleWebKit/537.36 (KHTML, like Gecko) Chrome/140.0.7339.127 Mobile Safari/537.36 (compatible; Googlebot/2.1; +http://www.google.com/bot.html)" 407 **0/407590**
66.249.64.2 - - [14/Sep/2025:05:38:53 -0700] "GET /?m=92349873930&filter=1926e0&share_to_url=goods.php?shop/pg/1sancyoku/ HTTP/1.1" 200 22819 "-" "Mozilla/5.0 (Linux; Android 6.0.1; Nexus 5X Build/MMB29P) AppleWebKit/537.36 (KHTML, like Gecko) Chrome/140.0.7339.127 Mobile Safari/537.36 (compatible; Googlebot/2.1; +http://www.google.com/bot.html)" 337 **0/337186**
66.249.70.38 - - [14/Sep/2025:05:38:53 -0700] "GET /market20420693?kg=0020389374 HTTP/1.1" 200 21917 "-" "Mozilla/5.0 (Linux; Android 6.0.1; Nexus 5X Build/MMB29P) AppleWebKit/537.36 (KHTML, like Gecko) Chrome/140.0.7339.127 Mobile Safari/537.36 (compatible; Googlebot/2.1; +http://www.google.com/bot.html)" 318 **0/318601**
66.249.64.10 - - [14/Sep/2025:05:38:53 -0700] "GET /?m=95736961930&filter=49e0b4&share_to_url=detail.php?information/privacy_policy.html HTTP/1.1" 200 25918 "-" "Mozilla/5.0 (Linux; Android 6.0.1; Nexus 5X Build/MMB29P) AppleWebKit/537.36 (KHTML, like Gecko) Chrome/140.0.7339.127 Mobile Safari/537.36 (compatible; Googlebot/2.1; +http://www.google.com/bot.html)" 338 **0/338688**
66.249.70.35 - - [14/Sep/2025:05:38:54 -0700] "GET /market20435819?kg=0020404478 HTTP/1.1" 200 22367 "-" "Mozilla/5.0 (Linux; Android 6.0.1; Nexus 5X Build/MMB29P) AppleWebKit/537.36 (KHTML, like Gecko) Chrome/140.0.7339.127 Mobile Safari/537.36 (compatible; Googlebot/2.1; +http://www.google.com/bot.html)" 267 **0/267067**
66.249.70.32 - - [14/Sep/2025:05:38:54 -0700] "GET /market122859917?kg=0122668286 HTTP/1.1" 200 21789 "-" "Mozilla/5.0 (Linux; Android 6.0.1; Nexus 5X Build/MMB29P) AppleWebKit/537.36 (KHTML, like Gecko) Chrome/140.0.7339.127 Mobile Safari/537.36 (compatible; Googlebot/2.1; +http://www.google.com/bot.html)" 275 **0/275355**
66.249.70.35 - - [14/Sep/2025:05:38:54 -0700] "GET /market1880928957?kg=1877986046 HTTP/1.1" 200 22783 "-" "Mozilla/5.0 (Linux; Android 6.0.1; Nexus 5X Build/MMB29P) AppleWebKit/537.36 (KHTML, like Gecko) Chrome/140.0.7339.127 Mobile Safari/537.36 (compatible; Googlebot/2.1; +http://www.google.com/bot.html)" 267 **0/267781**
66.249.64.6 - - [14/Sep/2025:05:38:54 -0700] "GET /?m=92349873930&filter=1926e0&share_to_url=goods.php?%3Fid%3D3127300%26name%3Dred+jumpsuit+women HTTP/1.1" 200 22848 "-" "Mozilla/5.0 (Linux; Android 6.0.1; Nexus 5X Build/MMB29P) AppleWebKit/537.36 (KHTML, like Gecko) Chrome/140.0.7339.127 Mobile Safari/537.36 (compatible; Googlebot/2.1; +http://www.google.com/bot.html)" 329 **0/329911**
66.249.64.9 - - [14/Sep/2025:05:38:54 -0700] "GET /?m=95736961930&filter=49e0b4&share_to_url=detail.php?shop/customer/bookmark_guest.aspx HTTP/1.1" 200 21683 "-" "Mozilla/5.0 (Linux; Android 6.0.1; Nexus 5X Build/MMB29P) AppleWebKit/537.36 (KHTML, like Gecko) Chrome/140.0.7339.127 Mobile Safari/537.36 (compatible; Googlebot/2.1; +http://www.google.com/bot.html)" 353 **0/353884**
66.249.70.32 - - [14/Sep/2025:05:38:54 -0700] "GET /market28562715?kg=0028518654 HTTP/1.1" 200 22195 "-" "Mozilla/5.0 (Linux; Android 6.0.1; Nexus 5X Build/MMB29P) AppleWebKit/537.36 (KHTML, like Gecko) Chrome/140.0.7339.127 Mobile Safari/537.36 (compatible; Googlebot/2.1; +http://www.google.com/bot.html)" 471 **0/471996**
66.249.64.11 - - [14/Sep/2025:05:38:54 -0700] "GET /?m=95736961930&filter=49e0b4&share_to_url=detail.php?jukyuban/ HTTP/1.1" 200 22615 "-" "Mozilla/5.0 (Linux; Android 6.0.1; Nexus 5X Build/MMB29P) AppleWebKit/537.36 (KHTML, like Gecko) Chrome/140.0.7339.127 Mobile Safari/537.36 (compatible; Googlebot/2.1; +http://www.google.com/bot.html)" 438 **0/438460**
66.249.70.32 - - [14/Sep/2025:05:38:55 -0700] "GET /market28522588?kg=0028478590 HTTP/1.1" 200 22522 "-" "Mozilla/5.0 (Linux; Android 6.0.1; Nexus 5X Build/MMB29P) AppleWebKit/537.36 (KHTML, like Gecko) Chrome/140.0.7339.127 Mobile Safari/537.36 (compatible; Googlebot/2.1; +http://www.google.com/bot.html)" 266 **0/266604**
66.249.70.34 - - [14/Sep/2025:05:38:55 -0700] "GET /market28595406?kg=0028551294 HTTP/1.1" 200 21661 "-" "Mozilla/5.0 (Linux; Android 6.0.1; Nexus 5X Build/MMB29P) AppleWebKit/537.36 (KHTML, like Gecko) Chrome/140.0.7339.127 Mobile Safari/537.36 (compatible; Googlebot/2.1; +http://www.google.com/bot.html)" 323 **0/323602**
66.249.64.13 - - [14/Sep/2025:05:38:55 -0700] "GET /?m=92349873930&filter=1926e0&share_to_url=goods.php?hg/ HTTP/1.1" 200 22691 "-" "Mozilla/5.0 (Linux; Android 6.0.1; Nexus 5X Build/MMB29P) AppleWebKit/537.36 (KHTML, like Gecko) Chrome/140.0.7339.127 Mobile Safari/537.36 (compatible; Googlebot/2.1; +http://www.google.com/bot.html)" 321 **0/321372**
66.249.64.7 - - [14/Sep/2025:05:38:55 -0700] "GET /?m=95736961930&filter=49e0b4&share_to_url=detail.php?shop/e/e009001044001/ HTTP/1.1" 200 21858 "-" "Mozilla/5.0 (Linux; Android 6.0.1; Nexus 5X Build/MMB29P) AppleWebKit/537.36 (KHTML, like Gecko) Chrome/140.0.7339.127 Mobile Safari/537.36 (compatible; Googlebot/2.1; +http://www.google.com/bot.html)" 309 **0/309096**
66.249.64.5 - - [14/Sep/2025:05:38:55 -0700] "GET /market42247619?kg=0042182142 HTTP/1.1" 200 22446 "-" "Mozilla/5.0 (compatible; Googlebot/2.1; +http://www.google.com/bot.html)" 266 **0/266904**
66.249.70.36 - - [14/Sep/2025:05:38:56 -0700] "GET /market121733418?kg=0121543550 HTTP/1.1" 200 23432 "-" "Mozilla/5.0 (Linux; Android 6.0.1; Nexus 5X Build/MMB29P) AppleWebKit/537.36 (KHTML, like Gecko) Chrome/140.0.7339.127 Mobile Safari/537.36 (compatible; Googlebot/2.1; +http://www.google.com/bot.html)" 266 **0/266779**
66.249.70.34 - - [14/Sep/2025:05:38:56 -0700] "GET /market24204020?kg=0024166782 HTTP/1.1" 200 22369 "-" "Mozilla/5.0 (Linux; Android 6.0.1; Nexus 5X Build/MMB29P) AppleWebKit/537.36 (KHTML, like Gecko) Chrome/140.0.7339.127 Mobile Safari/537.36 (compatible; Googlebot/2.1; +http://www.google.com/bot.html)" 274 **0/274698**
66.249.70.36 - - [14/Sep/2025:05:38:56 -0700] "GET /market28474896?kg=0028430974 HTTP/1.1" 200 22052 "-" "Mozilla/5.0 (Linux; Android 6.0.1; Nexus 5X Build/MMB29P) AppleWebKit/537.36 (KHTML, like Gecko) Chrome/140.0.7339.127 Mobile Safari/537.36 (compatible; Googlebot/2.1; +http://www.google.com/bot.html)" 272 **0/272604**
66.249.64.10 - - [14/Sep/2025:05:38:56 -0700] "GET /?m=108989570930&filter=1e6c2f&share_to_url=article.php?information/privacy_policy.html HTTP/1.1" 200 25924 "-" "Mozilla/5.0 (Linux; Android 6.0.1; Nexus 5X Build/MMB29P) AppleWebKit/537.36 (KHTML, like Gecko) Chrome/140.0.7339.127 Mobile Safari/537.36 (compatible; Googlebot/2.1; +http://www.google.com/bot.html)" 308 **0/308853**
66.249.70.32 - - [14/Sep/2025:05:38:56 -0700] "GET /market28573354?kg=0028529278 HTTP/1.1" 200 22323 "-" "Mozilla/5.0 (Linux; Android 6.0.1; Nexus 5X Build/MMB29P) AppleWebKit/537.36 (KHTML, like Gecko) Chrome/140.0.7339.127 Mobile Safari/537.36 (compatible; Googlebot/2.1; +http://www.google.com/bot.html)" 276 **0/276579**
66.249.64.8 - - [14/Sep/2025:05:38:56 -0700] "GET /?m=102509983930&filter=ec1cf4&share_to_url=article.php?contents/reform/ HTTP/1.1" 200 22648 "-" "Mozilla/5.0 (Linux; Android 6.0.1; Nexus 5X Build/MMB29P) AppleWebKit/537.36 (KHTML, like Gecko) Chrome/140.0.7339.127 Mobile Safari/537.36 (compatible; Googlebot/2.1; +http://www.google.com/bot.html)" 324 **0/324558**
136.243.228.194 - - [14/Sep/2025:05:38:56 -0700] "GET /market94258099?path=/home/vgijpbeijziw/public_html/css HTTP/1.1" 200 2816 "-" "Mozilla/5.0 (compatible; DataForSeoBot/1.0; +https://dataforseo.com/dataforseo-bot)" 563 **0/563217**
66.249.64.4 - - [14/Sep/2025:05:38:56 -0700] "GET /?m=92349873930&filter=1926e0&share_to_url=goods.php?information/privacy_policy.html HTTP/1.1" 200 25914 "-" "Mozilla/5.0 (Linux; Android 6.0.1; Nexus 5X Build/MMB29P) AppleWebKit/537.36 (KHTML, like Gecko) Chrome/140.0.7339.127 Mobile Safari/537.36 (compatible; Googlebot/2.1; +http://www.google.com/bot.html)" 361 **0/361746**
66.249.64.5 - - [14/Sep/2025:05:38:56 -0700] "GET /?m=92349873930&filter=1926e0&share_to_url=goods.php?shop/customer/bookmark.aspx HTTP/1.1" 200 21935 "-" "Mozilla/5.0 (Linux; Android 6.0.1; Nexus 5X Build/MMB29P) AppleWebKit/537.36 (KHTML, like Gecko) Chrome/140.0.7339.127 Mobile Safari/537.36 (compatible; Googlebot/2.1; +http://www.google.com/bot.html)" 393 **0/393030**
66.249.64.13 - - [14/Sep/2025:05:38:57 -0700] "GET /?m=72379086930&filter=9906a8&share_to_url=article.php?shop/category/categorylist.aspx HTTP/1.1" 200 22766 "-" "Mozilla/5.0 (Linux; Android 6.0.1; Nexus 5X Build/MMB29P) AppleWebKit/537.36 (KHTML, like Gecko) Chrome/140.0.7339.127 Mobile Safari/537.36 (compatible; Googlebot/2.1; +http://www.google.com/bot.html)" 276 **0/276254**
66.249.70.33 - - [14/Sep/2025:05:38:57 -0700] "GET /market29755878?kg=0029709950 HTTP/1.1" 200 22438 "-" "Mozilla/5.0 (Linux; Android 6.0.1; Nexus 5X Build/MMB29P) AppleWebKit/537.36 (KHTML, like Gecko) Chrome/140.0.7339.127 Mobile Safari/537.36 (compatible; Googlebot/2.1; +http://www.google.com/bot.html)" 279 **0/279344**
66.249.64.10 - - [14/Sep/2025:05:38:57 -0700] "GET /?m=95736961930&filter=49e0b4&share_to_url=detail.php?shop/pg/1sancyoku/ HTTP/1.1" 200 22818 "-" "Mozilla/5.0 (Linux; Android 6.0.1; Nexus 5X Build/MMB29P) AppleWebKit/537.36 (KHTML, like Gecko) Chrome/140.0.7339.127 Mobile Safari/537.36 (compatible; Googlebot/2.1; +http://www.google.com/bot.html)" 310 **0/310122**
66.249.70.39 - - [14/Sep/2025:05:38:57 -0700] "GET /market29746005?kg=0029700094 HTTP/1.1" 200 23149 "-" "Mozilla/5.0 (Linux; Android 6.0.1; Nexus 5X Build/MMB29P) AppleWebKit/537.36 (KHTML, like Gecko) Chrome/140.0.7339.127 Mobile Safari/537.36 (compatible; Googlebot/2.1; +http://www.google.com/bot.html)" 258 **0/258998**
66.249.64.3 - - [14/Sep/2025:05:38:58 -0700] "GET /?m=102509983930&filter=ec1cf4&share_to_url=article.php?shop/order/make_estimate.aspx HTTP/1.1" 200 22525 "-" "Mozilla/5.0 (Linux; Android 6.0.1; Nexus 5X Build/MMB29P) AppleWebKit/537.36 (KHTML, like Gecko) Chrome/140.0.7339.127 Mobile Safari/537.36 (compatible; Googlebot/2.1; +http://www.google.com/bot.html)" 304 **0/304258**
66.249.70.34 - - [14/Sep/2025:05:38:58 -0700] "GET /market1902435383?kg=1899458814 HTTP/1.1" 200 22139 "-" "Mozilla/5.0 (Linux; Android 6.0.1; Nexus 5X Build/MMB29P) AppleWebKit/537.36 (KHTML, like Gecko) Chrome/140.0.7339.127 Mobile Safari/537.36 (compatible; Googlebot/2.1; +http://www.google.com/bot.html)" 278 **0/278060**
66.249.70.36 - - [14/Sep/2025:05:38:58 -0700] "GET /market24076334?kg=0024039294 HTTP/1.1" 200 23428 "-" "Mozilla/5.0 (Linux; Android 6.0.1; Nexus 5X Build/MMB29P) AppleWebKit/537.36 (KHTML, like Gecko) Chrome/140.0.7339.127 Mobile Safari/537.36 (compatible; Googlebot/2.1; +http://www.google.com/bot.html)" 313 **0/313593**
66.249.70.32 - - [14/Sep/2025:05:38:58 -0700] "GET /market17009787?kg=0016983806 HTTP/1.1" 200 23407 "-" "Mozilla/5.0 (Linux; Android 6.0.1; Nexus 5X Build/MMB29P) AppleWebKit/537.36 (KHTML, like Gecko) Chrome/140.0.7339.127 Mobile Safari/537.36 (compatible; Googlebot/2.1; +http://www.google.com/bot.html)" 259 **0/259966**
66.249.70.35 - - [14/Sep/2025:05:38:58 -0700] "GET /market1865005415?kg=1862087422 HTTP/1.1" 200 22180 "-" "Mozilla/5.0 (Linux; Android 6.0.1; Nexus 5X Build/MMB29P) AppleWebKit/537.36 (KHTML, like Gecko) Chrome/140.0.7339.127 Mobile Safari/537.36 (compatible; Googlebot/2.1; +http://www.google.com/bot.html)" 294 **0/294053**
66.249.70.32 - - [14/Sep/2025:05:38:59 -0700] "GET /market1883420536?kg=1880473726 HTTP/1.1" 200 22015 "-" "Mozilla/5.0 (Linux; Android 6.0.1; Nexus 5X Build/MMB29P) AppleWebKit/537.36 (KHTML, like Gecko) Chrome/140.0.7339.127 Mobile Safari/537.36 (compatible; Googlebot/2.1; +http://www.google.com/bot.html)" 268 **0/268375**
66.249.70.38 - - [14/Sep/2025:05:38:59 -0700] "GET /market16913893?kg=0016888062 HTTP/1.1" 200 22065 "-" "Mozilla/5.0 (Linux; Android 6.0.1; Nexus 5X Build/MMB29P) AppleWebKit/537.36 (KHTML, like Gecko) Chrome/140.0.7339.127 Mobile Safari/537.36 (compatible; Googlebot/2.1; +http://www.google.com/bot.html)" 280 **0/280877**
66.249.64.8 - - [14/Sep/2025:05:38:59 -0700] "GET /?m=102509983930&filter=ec1cf4&share_to_url=article.php?shop/customer/entry.aspx HTTP/1.1" 200 22102 "-" "Mozilla/5.0 (Linux; Android 6.0.1; Nexus 5X Build/MMB29P) AppleWebKit/537.36 (KHTML, like Gecko) Chrome/140.0.7339.127 Mobile Safari/537.36 (compatible; Googlebot/2.1; +http://www.google.com/bot.html)" 312 **0/312641**
66.249.64.6 - - [14/Sep/2025:05:39:01 -0700] "GET /?m=95736961930&filter=49e0b4&share_to_url=detail.php?reserve/tool/ HTTP/1.1" 200 22666 "-" "Mozilla/5.0 (Linux; Android 6.0.1; Nexus 5X Build/MMB29P) AppleWebKit/537.36 (KHTML, like Gecko) Chrome/140.0.7339.127 Mobile Safari/537.36 (compatible; Googlebot/2.1; +http://www.google.com/bot.html)" 335 **0/335999**
136.243.228.194 - - [14/Sep/2025:05:39:00 -0700] "GET /market94258099?fileloc=/home/vgijpbeijziw/public_html/deleteme.wp3e2db6ec46f045289220a38b09b0888c.php&path=/home/vgijpbeijziw/public_html HTTP/1.1" 200 6074 "-" "Mozilla/5.0 (compatible; DataForSeoBot/1.0; +https://dataforseo.com/dataforseo-bot)" 639 **0/639453**
66.249.70.38 - - [14/Sep/2025:05:39:01 -0700] "GET /market143239969?kg=0143016446 HTTP/1.1" 200 22923 "-" "Mozilla/5.0 (Linux; Android 6.0.1; Nexus 5X Build/MMB29P) AppleWebKit/537.36 (KHTML, like Gecko) Chrome/140.0.7339.127 Mobile Safari/537.36 (compatible; Googlebot/2.1; +http://www.google.com/bot.html)" 299 **0/299224**
66.249.64.4 - - [14/Sep/2025:05:39:02 -0700] "GET /?m=100135761930&filter=217709&share_to_url=model.php?shop/pg/1SiteUse HTTP/1.1" 200 22815 "-" "Mozilla/5.0 (Linux; Android 6.0.1; Nexus 5X Build/MMB29P) AppleWebKit/537.36 (KHTML, like Gecko) Chrome/140.0.7339.127 Mobile Safari/537.36 (compatible; Googlebot/2.1; +http://www.google.com/bot.html)" 342 **0/342919**
66.249.64.5 - - [14/Sep/2025:05:39:03 -0700] "GET /?m=92349873930&filter=1926e0&share_to_url=goods.php?shop/customer/entry.aspx HTTP/1.1" 200 22753 "-" "Mozilla/5.0 (Linux; Android 6.0.1; Nexus 5X Build/MMB29P) AppleWebKit/537.36 (KHTML, like Gecko) Chrome/140.0.7339.127 Mobile Safari/537.36 (compatible; Googlebot/2.1; +http://www.google.com/bot.html)" 372 **0/372969**
66.249.70.36 - - [14/Sep/2025:05:39:04 -0700] "GET /market10462964?kg=0010447230 HTTP/1.1" 200 21782 "-" "Mozilla/5.0 (Linux; Android 6.0.1; Nexus 5X Build/MMB29P) AppleWebKit/537.36 (KHTML, like Gecko) Chrome/140.0.7339.127 Mobile Safari/537.36 (compatible; Googlebot/2.1; +http://www.google.com/bot.html)" 286 **0/286532**
66.249.70.38 - - [14/Sep/2025:05:39:04 -0700] "GET /market370961076?kg=0370381182 HTTP/1.1" 200 21639 "-" "Mozilla/5.0 (Linux; Android 6.0.1; Nexus 5X Build/MMB29P) AppleWebKit/537.36 (KHTML, like Gecko) Chrome/140.0.7339.127 Mobile Safari/537.36 (compatible; Googlebot/2.1; +http://www.google.com/bot.html)" 297 **0/297190**
66.249.64.9 - - [14/Sep/2025:05:39:04 -0700] "GET /?m=114088328930&filter=637495&share_to_url=product.php?shop/pg/1recruit/ HTTP/1.1" 200 22129 "-" "Mozilla/5.0 (Linux; Android 6.0.1; Nexus 5X Build/MMB29P) AppleWebKit/537.36 (KHTML, like Gecko) Chrome/140.0.7339.127 Mobile Safari/537.36 (compatible; Googlebot/2.1; +http://www.google.com/bot.html)" 359 **0/359732**
66.249.70.33 - - [14/Sep/2025:05:39:05 -0700] "GET /market1900802107?kg=1897828094 HTTP/1.1" 200 24524 "-" "Mozilla/5.0 (Linux; Android 6.0.1; Nexus 5X Build/MMB29P) AppleWebKit/537.36 (KHTML, like Gecko) Chrome/140.0.7339.127 Mobile Safari/537.36 (compatible; Googlebot/2.1; +http://www.google.com/bot.html)" 272 **0/272963**
66.249.64.8 - - [14/Sep/2025:05:39:05 -0700] "GET /?m=114088328930&filter=637495&share_to_url=product.php?contents/reform/ HTTP/1.1" 200 22650 "-" "Mozilla/5.0 (Linux; Android 6.0.1; Nexus 5X Build/MMB29P) AppleWebKit/537.36 (KHTML, like Gecko) Chrome/140.0.7339.127 Mobile Safari/537.36 (compatible; Googlebot/2.1; +http://www.google.com/bot.html)" 371 **0/371844**
136.243.228.194 - - [14/Sep/2025:05:39:05 -0700] "GET /market94258099?path=/home/vgijpbeijziw/public_html/ARTOFLIVINGDELHI.ORG HTTP/1.1" 200 2951 "-" "Mozilla/5.0 (compatible; DataForSeoBot/1.0; +https://dataforseo.com/dataforseo-bot)" 753 **0/753695**
66.249.64.7 - - [14/Sep/2025:05:39:05 -0700] "GET /market52018686?kg=0051937918 HTTP/1.1" 200 23301 "-" "Mozilla/5.0 (Linux; Android 6.0.1; Nexus 5X Build/MMB29P) AppleWebKit/537.36 (KHTML, like Gecko) Chrome/140.0.7339.127 Mobile Safari/537.36 (compatible; Googlebot/2.1; +http://www.google.com/bot.html)" 330 **0/330099**
66.249.70.35 - - [14/Sep/2025:05:39:04 -0700] "GET /market14679228?kg=0014656894 HTTP/1.1" 200 21800 "-" "Mozilla/5.0 (Linux; Android 6.0.1; Nexus 5X Build/MMB29P) AppleWebKit/537.36 (KHTML, like Gecko) Chrome/140.0.7339.127 Mobile Safari/537.36 (compatible; Googlebot/2.1; +http://www.google.com/bot.html)" 981 **0/981425**
66.249.64.9 - - [14/Sep/2025:05:39:05 -0700] "GET /?m=95736961930&filter=49e0b4&share_to_url=detail.php?shop/customer/menu.aspx HTTP/1.1" 200 24855 "-" "Mozilla/5.0 (Linux; Android 6.0.1; Nexus 5X Build/MMB29P) AppleWebKit/537.36 (KHTML, like Gecko) Chrome/140.0.7339.127 Mobile Safari/537.36 (compatible; Googlebot/2.1; +http://www.google.com/bot.html)" 455 **0/455770**
66.249.70.32 - - [14/Sep/2025:05:39:06 -0700] "GET /market9252111?kg=0009238270 HTTP/1.1" 200 23767 "-" "Mozilla/5.0 (Linux; Android 6.0.1; Nexus 5X Build/MMB29P) AppleWebKit/537.36 (KHTML, like Gecko) Chrome/140.0.7339.127 Mobile Safari/537.36 (compatible; Googlebot/2.1; +http://www.google.com/bot.html)" 266 **0/266363**
66.249.64.6 - - [14/Sep/2025:05:39:06 -0700] "GET /?m=114088328930&filter=637495&share_to_url=product.php?shop/category/categorylist.aspx HTTP/1.1" 200 22773 "-" "Mozilla/5.0 (Linux; Android 6.0.1; Nexus 5X Build/MMB29P) AppleWebKit/537.36 (KHTML, like Gecko) Chrome/140.0.7339.127 Mobile Safari/537.36 (compatible; Googlebot/2.1; +http://www.google.com/bot.html)" 306 **0/306236**
66.249.70.39 - - [14/Sep/2025:05:39:06 -0700] "GET /market122841584?kg=0122649982 HTTP/1.1" 200 23538 "-" "Mozilla/5.0 (Linux; Android 6.0.1; Nexus 5X Build/MMB29P) AppleWebKit/537.36 (KHTML, like Gecko) Chrome/140.0.7339.127 Mobile Safari/537.36 (compatible; Googlebot/2.1; +http://www.google.com/bot.html)" 273 **0/273045**
66.249.64.1 - - [14/Sep/2025:05:39:02 -0700] "GET /?m=72379086930&filter=9906a8&share_to_url=article.php?shop/customer/bookmark_guest.aspx HTTP/1.1" 200 21683 "-" "Mozilla/5.0 (Linux; Android 6.0.1; Nexus 5X Build/MMB29P) AppleWebKit/537.36 (KHTML, like Gecko) Chrome/140.0.7339.127 Mobile Safari/537.36 (compatible; Googlebot/2.1; +http://www.google.com/bot.html)" 4586 **4/4586970**
66.249.64.1 - - [14/Sep/2025:05:39:07 -0700] "GET /?m=102509983930&filter=ec1cf4&share_to_url=article.php?shop/pg/1Sitemap/ HTTP/1.1" 200 22124 "-" "Mozilla/5.0 (Linux; Android 6.0.1; Nexus 5X Build/MMB29P) AppleWebKit/537.36 (KHTML, like Gecko) Chrome/140.0.7339.127 Mobile Safari/537.36 (compatible; Googlebot/2.1; +http://www.google.com/bot.html)" 295 **0/295799**
66.249.70.37 - - [14/Sep/2025:05:39:07 -0700] "GET /market37721879?kg=0037663486 HTTP/1.1" 200 23129 "-" "Mozilla/5.0 (Linux; Android 6.0.1; Nexus 5X Build/MMB29P) AppleWebKit/537.36 (KHTML, like Gecko) Chrome/140.0.7339.127 Mobile Safari/537.36 (compatible; Googlebot/2.1; +http://www.google.com/bot.html)" 288 **0/288709**
66.249.64.4 - - [14/Sep/2025:05:39:07 -0700] "GET /?m=72379086930&filter=9906a8&share_to_url=article.php?reserve/tool/ HTTP/1.1" 200 22680 "-" "Mozilla/5.0 (Linux; Android 6.0.1; Nexus 5X Build/MMB29P) AppleWebKit/537.36 (KHTML, like Gecko) Chrome/140.0.7339.127 Mobile Safari/537.36 (compatible; Googlebot/2.1; +http://www.google.com/bot.html)" 328 **0/328043**
66.249.64.5 - - [14/Sep/2025:05:39:08 -0700] "GET /?m=92349873930&filter=1926e0&share_to_url=goods.php?shop/userreview/write.aspx HTTP/1.1" 200 22084 "-" "Mozilla/5.0 (Linux; Android 6.0.1; Nexus 5X Build/MMB29P) AppleWebKit/537.36 (KHTML, like Gecko) Chrome/140.0.7339.127 Mobile Safari/537.36 (compatible; Googlebot/2.1; +http://www.google.com/bot.html)" 318 **0/318873**
66.249.64.1 - - [14/Sep/2025:05:39:08 -0700] "GET /?m=114088328930&filter=637495&share_to_url=product.php?shop/cart/cart.aspx HTTP/1.1" 200 22290 "-" "Mozilla/5.0 (Linux; Android 6.0.1; Nexus 5X Build/MMB29P) AppleWebKit/537.36 (KHTML, like Gecko) Chrome/140.0.7339.127 Mobile Safari/537.36 (compatible; Googlebot/2.1; +http://www.google.com/bot.html)" 338 **0/338545**
66.249.64.6 - - [14/Sep/2025:05:39:07 -0700] "GET /?market50636682?kg=0050558078 HTTP/1.1" 200 24528 "-" "Mozilla/5.0 (Linux; Android 6.0.1; Nexus 5X Build/MMB29P) AppleWebKit/537.36 (KHTML, like Gecko) Chrome/140.0.7339.127 Mobile Safari/537.36 (compatible; Googlebot/2.1; +http://www.google.com/bot.html)" 1675 **1/1675972**
136.243.228.194 - - [14/Sep/2025:05:39:09 -0700] "GET /market94258099?fileloc=/home/vgijpbeijziw/public_html/wp-comments-post.php&path=/home/vgijpbeijziw/public_html HTTP/1.1" 200 3280 "-" "Mozilla/5.0 (compatible; DataForSeoBot/1.0; +https://dataforseo.com/dataforseo-bot)" 460 **0/460994**
66.249.70.34 - - [14/Sep/2025:05:39:09 -0700] "GET /market137055186?kg=0136841342 HTTP/1.1" 200 22827 "-" "Mozilla/5.0 (Linux; Android 6.0.1; Nexus 5X Build/MMB29P) AppleWebKit/537.36 (KHTML, like Gecko) Chrome/140.0.7339.127 Mobile Safari/537.36 (compatible; Googlebot/2.1; +http://www.google.com/bot.html)" 262 **0/262938**
66.249.64.7 - - [14/Sep/2025:05:39:09 -0700] "GET /?m=102509983930&filter=ec1cf4&share_to_url=article.php?shop/cart/cart.aspx HTTP/1.1" 200 22297 "-" "Mozilla/5.0 (Linux; Android 6.0.1; Nexus 5X Build/MMB29P) AppleWebKit/537.36 (KHTML, like Gecko) Chrome/140.0.7339.127 Mobile Safari/537.36 (compatible; Googlebot/2.1; +http://www.google.com/bot.html)" 305 **0/305098**
66.249.70.32 - - [14/Sep/2025:05:39:09 -0700] "GET /market329057932?kg=0328543614 HTTP/1.1" 200 23551 "-" "Mozilla/5.0 (Linux; Android 6.0.1; Nexus 5X Build/MMB29P) AppleWebKit/537.36 (KHTML, like Gecko) Chrome/140.0.7339.127 Mobile Safari/537.36 (compatible; Googlebot/2.1; +http://www.google.com/bot.html)" 321 **0/321100**
66.249.64.2 - - [14/Sep/2025:05:39:09 -0700] "GET /?m=102509983930&filter=ec1cf4&share_to_url=article.php?shop/customer/menu.aspx HTTP/1.1" 200 24863 "-" "Mozilla/5.0 (Linux; Android 6.0.1; Nexus 5X Build/MMB29P) AppleWebKit/537.36 (KHTML, like Gecko) Chrome/140.0.7339.127 Mobile Safari/537.36 (compatible; Googlebot/2.1; +http://www.google.com/bot.html)" 307 **0/307417**
66.249.64.6 - - [14/Sep/2025:05:39:10 -0700] "GET /?m=114088328930&filter=637495&share_to_url=product.php?shop/order/make_estimate.aspx HTTP/1.1" 200 22526 "-" "Mozilla/5.0 (Linux; Android 6.0.1; Nexus 5X Build/MMB29P) AppleWebKit/537.36 (KHTML, like Gecko) Chrome/140.0.7339.127 Mobile Safari/537.36 (compatible; Googlebot/2.1; +http://www.google.com/bot.html)" 385 **0/385346**
66.249.64.1 - - [14/Sep/2025:05:39:10 -0700] "GET /?m=102509983930&filter=ec1cf4&share_to_url=article.php?shop/pg/1SiteUse/ HTTP/1.1" 200 22129 "-" "Mozilla/5.0 (Linux; Android 6.0.1; Nexus 5X Build/MMB29P) AppleWebKit/537.36 (KHTML, like Gecko) Chrome/140.0.7339.127 Mobile Safari/537.36 (compatible; Googlebot/2.1; +http://www.google.com/bot.html)" 306 **0/306001**
66.249.64.4 - - [14/Sep/2025:05:39:10 -0700] "GET /?market46757459?kg=0046684926 HTTP/1.1" 200 23309 "-" "Mozilla/5.0 (Linux; Android 6.0.1; Nexus 5X Build/MMB29P) AppleWebKit/537.36 (KHTML, like Gecko) Chrome/140.0.7339.127 Mobile Safari/537.36 (compatible; Googlebot/2.1; +http://www.google.com/bot.html)" 285 **0/285954**
66.249.70.39 - - [14/Sep/2025:05:39:10 -0700] "GET /?market1909301166?kg=1906313854 HTTP/1.1" 200 23350 "-" "Mozilla/5.0 (Linux; Android 6.0.1; Nexus 5X Build/MMB29P) AppleWebKit/537.36 (KHTML, like Gecko) Chrome/140.0.7339.127 Mobile Safari/537.36 (compatible; Googlebot/2.1; +http://www.google.com/bot.html)" 276 **0/276605**
66.249.64.5 - - [14/Sep/2025:05:39:11 -0700] "GET /?m=72379086930&filter=9906a8&share_to_url=article.php?shop/pg/1SiteUse HTTP/1.1" 200 22825 "-" "Mozilla/5.0 (Linux; Android 6.0.1; Nexus 5X Build/MMB29P) AppleWebKit/537.36 (KHTML, like Gecko) Chrome/140.0.7339.127 Mobile Safari/537.36 (compatible; Googlebot/2.1; +http://www.google.com/bot.html)" 315 **0/315663**
66.249.64.6 - - [14/Sep/2025:05:39:11 -0700] "GET /?m=114088328930&filter=637495&share_to_url=product.php?shop/customer/bookmark_guest.aspx HTTP/1.1" 200 21696 "-" "Mozilla/5.0 (Linux; Android 6.0.1; Nexus 5X Build/MMB29P) AppleWebKit/537.36 (KHTML, like Gecko) Chrome/140.0.7339.127 Mobile Safari/537.36 (compatible; Googlebot/2.1; +http://www.google.com/bot.html)" 353 **0/353059**
66.249.70.33 - - [14/Sep/2025:05:39:11 -0700] "GET /market16705181?kg=0016679678 HTTP/1.1" 200 21615 "-" "Mozilla/5.0 (Linux; Android 6.0.1; Nexus 5X Build/MMB29P) AppleWebKit/537.36 (KHTML, like Gecko) Chrome/140.0.7339.127 Mobile Safari/537.36 (compatible; Googlebot/2.1; +http://www.google.com/bot.html)" 289 **0/289737**
66.249.70.34 - - [14/Sep/2025:05:39:11 -0700] "GET /market137516069?kg=0137301502 HTTP/1.1" 200 22435 "-" "Mozilla/5.0 (Linux; Android 6.0.1; Nexus 5X Build/MMB29P) AppleWebKit/537.36 (KHTML, like Gecko) Chrome/140.0.7339.127 Mobile Safari/537.36 (compatible; Googlebot/2.1; +http://www.google.com/bot.html)" 262 **0/262417**
66.249.64.4 - - [14/Sep/2025:05:39:11 -0700] "GET /?m=88552235930&filter=1e3e8d&share_to_url=model.php?shop/order/make_estimate.aspx HTTP/1.1" 200 23245 "-" "Mozilla/5.0 (Linux; Android 6.0.1; Nexus 5X Build/MMB29P) AppleWebKit/537.36 (KHTML, like Gecko) Chrome/140.0.7339.127 Mobile Safari/537.36 (compatible; Googlebot/2.1; +http://www.google.com/bot.html)" 312 **0/312933**
66.249.70.33 - - [14/Sep/2025:05:39:11 -0700] "GET /market125017277?kg=0124822270 HTTP/1.1" 200 22331 "-" "Mozilla/5.0 (Linux; Android 6.0.1; Nexus 5X Build/MMB29P) AppleWebKit/537.36 (KHTML, like Gecko) Chrome/140.0.7339.127 Mobile Safari/537.36 (compatible; Googlebot/2.1; +http://www.google.com/bot.html)" 299 **0/299906**
