66.249.70.33 - - [14/Sep/2025:05:39:12 -0700] "GET /market96544429?kg=0096393982 HTTP/1.1" 200 21810 "-" "Mozilla/5.0 (Linux; Android 6.0.1; Nexus 5X Build/MMB29P) AppleWebKit/537.36 (KHTML, like Gecko) Chrome/140.0.7339.127 Mobile Safari/537.36 (compatible; Googlebot/2.1; +http://www.google.com/bot.html)" 289 **0/289945**
66.249.64.1 - - [14/Sep/2025:05:39:12 -0700] "GET /?m=88552235930&filter=1e3e8d&share_to_url=model.php?shop/pg/1005024164 HTTP/1.1" 200 23233 "-" "Mozilla/5.0 (Linux; Android 6.0.1; Nexus 5X Build/MMB29P) AppleWebKit/537.36 (KHTML, like Gecko) Chrome/140.0.7339.127 Mobile Safari/537.36 (compatible; Googlebot/2.1; +http://www.google.com/bot.html)" 322 **0/322117**
66.249.70.39 - - [14/Sep/2025:05:39:12 -0700] "GET /market47219366?kg=0047146110 HTTP/1.1" 200 22562 "-" "Mozilla/5.0 (Linux; Android 6.0.1; Nexus 5X Build/MMB29P) AppleWebKit/537.36 (KHTML, like Gecko) Chrome/140.0.7339.127 Mobile Safari/537.36 (compatible; Googlebot/2.1; +http://www.google.com/bot.html)" 262 **0/262336**
66.249.64.4 - - [14/Sep/2025:05:39:12 -0700] "GET /?m=88552235930&filter=1e3e8d&share_to_url=model.php?information/privacy_policy.html HTTP/1.1" 200 25917 "-" "Mozilla/5.0 (Linux; Android 6.0.1; Nexus 5X Build/MMB29P) AppleWebKit/537.36 (KHTML, like Gecko) Chrome/140.0.7339.127 Mobile Safari/537.36 (compatible; Googlebot/2.1; +http://www.google.com/bot.html)" 383 **0/383455**
136.243.228.194 - - [14/Sep/2025:05:39:12 -0700] "GET /market94258099?path=/home/vgijpbeijziw/public_html/BEYONDBREATH.IN HTTP/1.1" 200 2704 "-" "Mozilla/5.0 (compatible; DataForSeoBot/1.0; +https://dataforseo.com/dataforseo-bot)" 647 **0/647018**
66.249.64.5 - - [14/Sep/2025:05:39:13 -0700] "GET /?m=88552235930&filter=1e3e8d&share_to_url=model.php?shop/cart/cart.aspx HTTP/1.1" 200 22240 "-" "Mozilla/5.0 (Linux; Android 6.0.1; Nexus 5X Build/MMB29P) AppleWebKit/537.36 (KHTML, like Gecko) Chrome/140.0.7339.127 Mobile Safari/537.36 (compatible; Googlebot/2.1; +http://www.google.com/bot.html)" 352 **0/352688**
66.249.70.37 - - [14/Sep/2025:05:39:13 -0700] "GET /?market503245920?kg=0502459006 HTTP/1.1" 200 22185 "-" "Mozilla/5.0 (Linux; Android 6.0.1; Nexus 5X Build/MMB29P) AppleWebKit/537.36 (KHTML, like Gecko) Chrome/140.0.7339.127 Mobile Safari/537.36 (compatible; Googlebot/2.1; +http://www.google.com/bot.html)" 302 **0/302304**
66.249.70.32 - - [14/Sep/2025:05:39:13 -0700] "GET /?market55285879?kg=0055199998 HTTP/1.1" 200 22466 "-" "Mozilla/5.0 (Linux; Android 6.0.1; Nexus 5X Build/MMB29P) AppleWebKit/537.36 (KHTML, like Gecko) Chrome/140.0.7339.127 Mobile Safari/537.36 (compatible; Googlebot/2.1; +http://www.google.com/bot.html)" 277 **0/277416**
66.249.64.4 - - [14/Sep/2025:05:39:14 -0700] "GET /?m=88552235930&filter=1e3e8d&share_to_url=model.php?shop/category/categorylist.aspx HTTP/1.1" 200 22140 "-" "Mozilla/5.0 (Linux; Android 6.0.1; Nexus 5X Build/MMB29P) AppleWebKit/537.36 (KHTML, like Gecko) Chrome/140.0.7339.127 Mobile Safari/537.36 (compatible; Googlebot/2.1; +http://www.google.com/bot.html)" 289 **0/289892**
66.249.70.37 - - [14/Sep/2025:05:39:14 -0700] "GET /market91253206?kg=0091111038 HTTP/1.1" 200 22175 "-" "Mozilla/5.0 (Linux; Android 6.0.1; Nexus 5X Build/MMB29P) AppleWebKit/537.36 (KHTML, like Gecko) Chrome/140.0.7339.127 Mobile Safari/537.36 (compatible; Googlebot/2.1; +http://www.google.com/bot.html)" 283 **0/283666**
66.249.70.35 - - [14/Sep/2025:05:39:14 -0700] "GET /market61023242?kg=0060928382 HTTP/1.1" 200 21819 "-" "Mozilla/5.0 (Linux; Android 6.0.1; Nexus 5X Build/MMB29P) AppleWebKit/537.36 (KHTML, like Gecko) Chrome/140.0.7339.127 Mobile Safari/537.36 (compatible; Googlebot/2.1; +http://www.google.com/bot.html)" 305 **0/305017**
66.249.70.33 - - [14/Sep/2025:05:39:14 -0700] "GET /market505443149?kg=0504652798 HTTP/1.1" 200 24374 "-" "Mozilla/5.0 (Linux; Android 6.0.1; Nexus 5X Build/MMB29P) AppleWebKit/537.36 (KHTML, like Gecko) Chrome/140.0.7339.127 Mobile Safari/537.36 (compatible; Googlebot/2.1; +http://www.google.com/bot.html)" 319 **0/319385**
66.249.64.4 - - [14/Sep/2025:05:39:14 -0700] "GET /?m=110793754930&filter=892b7d&share_to_url=product.php?shop/customer/entry.aspx HTTP/1.1" 200 22100 "-" "Mozilla/5.0 (Linux; Android 6.0.1; Nexus 5X Build/MMB29P) AppleWebKit/537.36 (KHTML, like Gecko) Chrome/140.0.7339.127 Mobile Safari/537.36 (compatible; Googlebot/2.1; +http://www.google.com/bot.html)" 332 **0/332035**
66.249.70.37 - - [14/Sep/2025:05:39:14 -0700] "GET /market108145690?kg=0107977086 HTTP/1.1" 200 23725 "-" "Mozilla/5.0 (Linux; Android 6.0.1; Nexus 5X Build/MMB29P) AppleWebKit/537.36 (KHTML, like Gecko) Chrome/140.0.7339.127 Mobile Safari/537.36 (compatible; Googlebot/2.1; +http://www.google.com/bot.html)" 300 **0/300758**
66.249.64.1 - - [14/Sep/2025:05:39:14 -0700] "GET /?m=88552235930&filter=1e3e8d&share_to_url=model.php?shop/customer/menu.aspx HTTP/1.1" 200 24857 "-" "Mozilla/5.0 (Linux; Android 6.0.1; Nexus 5X Build/MMB29P) AppleWebKit/537.36 (KHTML, like Gecko) Chrome/140.0.7339.127 Mobile Safari/537.36 (compatible; Googlebot/2.1; +http://www.google.com/bot.html)" 307 **0/307199**
66.249.70.35 - - [14/Sep/2025:05:39:14 -0700] "GET /market55072680?kg=0054987134 HTTP/1.1" 200 21737 "-" "Mozilla/5.0 (Linux; Android 6.0.1; Nexus 5X Build/MMB29P) AppleWebKit/537.36 (KHTML, like Gecko) Chrome/140.0.7339.127 Mobile Safari/537.36 (compatible; Googlebot/2.1; +http://www.google.com/bot.html)" 289 **0/289770**
66.249.64.2 - - [14/Sep/2025:05:39:15 -0700] "GET /?m=88552235930&filter=1e3e8d&share_to_url=model.php?shop/pg/1SiteUse/ HTTP/1.1" 200 22825 "-" "Mozilla/5.0 (Linux; Android 6.0.1; Nexus 5X Build/MMB29P) AppleWebKit/537.36 (KHTML, like Gecko) Chrome/140.0.7339.127 Mobile Safari/537.36 (compatible; Googlebot/2.1; +http://www.google.com/bot.html)" 301 **0/301919**
66.249.64.5 - - [14/Sep/2025:05:39:15 -0700] "GET /?m=88552235930&filter=1e3e8d&share_to_url=model.php?shop/pg/1Sitemap/ HTTP/1.1" 200 22818 "-" "Mozilla/5.0 (Linux; Android 6.0.1; Nexus 5X Build/MMB29P) AppleWebKit/537.36 (KHTML, like Gecko) Chrome/140.0.7339.127 Mobile Safari/537.36 (compatible; Googlebot/2.1; +http://www.google.com/bot.html)" 305 **0/305411**
66.249.70.36 - - [14/Sep/2025:05:39:16 -0700] "GET /market1890162479?kg=1887205118 HTTP/1.1" 200 22990 "-" "Mozilla/5.0 (Linux; Android 6.0.1; Nexus 5X Build/MMB29P) AppleWebKit/537.36 (KHTML, like Gecko) Chrome/140.0.7339.127 Mobile Safari/537.36 (compatible; Googlebot/2.1; +http://www.google.com/bot.html)" 287 **0/287311**
66.249.70.36 - - [14/Sep/2025:05:39:16 -0700] "GET /market37330867?kg=0037273086 HTTP/1.1" 200 21561 "-" "Mozilla/5.0 (Linux; Android 6.0.1; Nexus 5X Build/MMB29P) AppleWebKit/537.36 (KHTML, like Gecko) Chrome/140.0.7339.127 Mobile Safari/537.36 (compatible; Googlebot/2.1; +http://www.google.com/bot.html)" 280 **0/280513**
66.249.64.3 - - [14/Sep/2025:05:39:16 -0700] "GET /?m=88552235930&filter=1e3e8d&share_to_url=model.php?shop/pg/1recruit/ HTTP/1.1" 200 22822 "-" "Mozilla/5.0 (Linux; Android 6.0.1; Nexus 5X Build/MMB29P) AppleWebKit/537.36 (KHTML, like Gecko) Chrome/140.0.7339.127 Mobile Safari/537.36 (compatible; Googlebot/2.1; +http://www.google.com/bot.html)" 301 **0/301264**
66.249.70.34 - - [14/Sep/2025:05:39:16 -0700] "GET /market39236058?kg=0039175294 HTTP/1.1" 200 22133 "-" "Mozilla/5.0 (Linux; Android 6.0.1; Nexus 5X Build/MMB29P) AppleWebKit/537.36 (KHTML, like Gecko) Chrome/140.0.7339.127 Mobile Safari/537.36 (compatible; Googlebot/2.1; +http://www.google.com/bot.html)" 285 **0/285716**
136.243.228.194 - - [14/Sep/2025:05:39:16 -0700] "GET /market94258099?fileloc=/home/vgijpbeijziw/public_html/deleteme.wp55b873b5f24f42629c7b0afad515d55d.php&path=/home/vgijpbeijziw/public_html HTTP/1.1" 200 6075 "-" "Mozilla/5.0 (compatible; DataForSeoBot/1.0; +https://dataforseo.com/dataforseo-bot)" 489 **0/489207**
66.249.64.4 - - [14/Sep/2025:05:39:17 -0700] "GET /?m=110793754930&filter=892b7d&share_to_url=product.php?shop/storeSearch/CriteriaInput.aspx HTTP/1.1" 200 23030 "-" "Mozilla/5.0 (Linux; Android 6.0.1; Nexus 5X Build/MMB29P) AppleWebKit/537.36 (KHTML, like Gecko) Chrome/140.0.7339.127 Mobile Safari/537.36 (compatible; Googlebot/2.1; +http://www.google.com/bot.html)" 315 **0/315104**
66.249.64.2 - - [14/Sep/2025:05:39:17 -0700] "GET /?m=88552235930&filter=1e3e8d&share_to_url=model.php?shop/pg/1005024240/ HTTP/1.1" 200 22777 "-" "Mozilla/5.0 (Linux; Android 6.0.1; Nexus 5X Build/MMB29P) AppleWebKit/537.36 (KHTML, like Gecko) Chrome/140.0.7339.127 Mobile Safari/537.36 (compatible; Googlebot/2.1; +http://www.google.com/bot.html)" 272 **0/272896**
66.249.64.5 - - [14/Sep/2025:05:39:17 -0700] "GET /?m=88552235930&filter=1e3e8d&share_to_url=model.php?shop/userreview/write.aspx HTTP/1.1" 200 22092 "-" "Mozilla/5.0 (Linux; Android 6.0.1; Nexus 5X Build/MMB29P) AppleWebKit/537.36 (KHTML, like Gecko) Chrome/140.0.7339.127 Mobile Safari/537.36 (compatible; Googlebot/2.1; +http://www.google.com/bot.html)" 297 **0/297587**
66.249.64.1 - - [14/Sep/2025:05:39:18 -0700] "GET /?m=102509983930&filter=ec1cf4&share_to_url=article.php?shop/pg/1AvailableInfo/ HTTP/1.1" 200 22812 "-" "Mozilla/5.0 (Linux; Android 6.0.1; Nexus 5X Build/MMB29P) AppleWebKit/537.36 (KHTML, like Gecko) Chrome/140.0.7339.127 Mobile Safari/537.36 (compatible; Googlebot/2.1; +http://www.google.com/bot.html)" 356 **0/356947**
66.249.64.3 - - [14/Sep/2025:05:39:18 -0700] "GET /?m=88552235930&filter=1e3e8d&share_to_url=model.php?reserve/tool/ HTTP/1.1" 200 22679 "-" "Mozilla/5.0 (Linux; Android 6.0.1; Nexus 5X Build/MMB29P) AppleWebKit/537.36 (KHTML, like Gecko) Chrome/140.0.7339.127 Mobile Safari/537.36 (compatible; Googlebot/2.1; +http://www.google.com/bot.html)" 316 **0/316227**
66.249.70.36 - - [14/Sep/2025:05:39:18 -0700] "GET /market359516223?kg=0358954238 HTTP/1.1" 200 22818 "-" "Mozilla/5.0 (Linux; Android 6.0.1; Nexus 5X Build/MMB29P) AppleWebKit/537.36 (KHTML, like Gecko) Chrome/140.0.7339.127 Mobile Safari/537.36 (compatible; Googlebot/2.1; +http://www.google.com/bot.html)" 338 **0/338613**
66.249.70.35 - - [14/Sep/2025:05:39:18 -0700] "GET /market282924680?kg=0282482558 HTTP/1.1" 200 21691 "-" "Mozilla/5.0 (Linux; Android 6.0.1; Nexus 5X Build/MMB29P) AppleWebKit/537.36 (KHTML, like Gecko) Chrome/140.0.7339.127 Mobile Safari/537.36 (compatible; Googlebot/2.1; +http://www.google.com/bot.html)" 304 **0/304981**
66.249.64.4 - - [14/Sep/2025:05:39:18 -0700] "GET /market47781271?kg=0047707134 HTTP/1.1" 200 24083 "-" "Mozilla/5.0 (Linux; Android 6.0.1; Nexus 5X Build/MMB29P) AppleWebKit/537.36 (KHTML, like Gecko) Chrome/140.0.7339.127 Mobile Safari/537.36 (compatible; Googlebot/2.1; +http://www.google.com/bot.html)" 275 **0/275312**
66.249.64.4 - - [14/Sep/2025:05:39:19 -0700] "GET /?m=88552235930&filter=1e3e8d&share_to_url=model.php?shop/pg/1AgreementInfo/ HTTP/1.1" 200 22814 "-" "Mozilla/5.0 (Linux; Android 6.0.1; Nexus 5X Build/MMB29P) AppleWebKit/537.36 (KHTML, like Gecko) Chrome/140.0.7339.127 Mobile Safari/537.36 (compatible; Googlebot/2.1; +http://www.google.com/bot.html)" 307 **0/307565**
66.249.64.4 - - [14/Sep/2025:05:39:19 -0700] "GET /?m=88552235930&filter=1e3e8d&share_to_url=model.php?shop/pg/1SiteUse HTTP/1.1" 200 22825 "-" "Mozilla/5.0 (Linux; Android 6.0.1; Nexus 5X Build/MMB29P) AppleWebKit/537.36 (KHTML, like Gecko) Chrome/140.0.7339.127 Mobile Safari/537.36 (compatible; Googlebot/2.1; +http://www.google.com/bot.html)" 315 **0/315829**
66.249.64.2 - - [14/Sep/2025:05:39:19 -0700] "GET /?m=88552235930&filter=1e3e8d&share_to_url=model.php?shop/pg/1howto/ HTTP/1.1" 200 22823 "-" "Mozilla/5.0 (Linux; Android 6.0.1; Nexus 5X Build/MMB29P) AppleWebKit/537.36 (KHTML, like Gecko) Chrome/140.0.7339.127 Mobile Safari/537.36 (compatible; Googlebot/2.1; +http://www.google.com/bot.html)" 290 **0/290209**
66.249.70.33 - - [14/Sep/2025:05:39:19 -0700] "GET /market1873177306?kg=1870246526 HTTP/1.1" 200 22023 "-" "Mozilla/5.0 (Linux; Android 6.0.1; Nexus 5X Build/MMB29P) AppleWebKit/537.36 (KHTML, like Gecko) Chrome/140.0.7339.127 Mobile Safari/537.36 (compatible; Googlebot/2.1; +http://www.google.com/bot.html)" 260 **0/260813**
66.249.70.35 - - [14/Sep/2025:05:39:20 -0700] "GET /market1899785090?kg=1896812670 HTTP/1.1" 200 21629 "-" "Mozilla/5.0 (Linux; Android 6.0.1; Nexus 5X Build/MMB29P) AppleWebKit/537.36 (KHTML, like Gecko) Chrome/140.0.7339.127 Mobile Safari/537.36 (compatible; Googlebot/2.1; +http://www.google.com/bot.html)" 270 **0/270125**
66.249.70.39 - - [14/Sep/2025:05:39:20 -0700] "GET /market122816327?kg=0122624766 HTTP/1.1" 200 21987 "-" "Mozilla/5.0 (Linux; Android 6.0.1; Nexus 5X Build/MMB29P) AppleWebKit/537.36 (KHTML, like Gecko) Chrome/140.0.7339.127 Mobile Safari/537.36 (compatible; Googlebot/2.1; +http://www.google.com/bot.html)" 276 **0/276430**
66.249.64.2 - - [14/Sep/2025:05:39:20 -0700] "GET /?m=110793754930&filter=892b7d&share_to_url=product.php?toyu/top/CKmSpSfTop.jsp HTTP/1.1" 200 23066 "-" "Mozilla/5.0 (Linux; Android 6.0.1; Nexus 5X Build/MMB29P) AppleWebKit/537.36 (KHTML, like Gecko) Chrome/140.0.7339.127 Mobile Safari/537.36 (compatible; Googlebot/2.1; +http://www.google.com/bot.html)" 319 **0/319499**
66.249.70.35 - - [14/Sep/2025:05:39:20 -0700] "GET /market38731587?kg=0038671614 HTTP/1.1" 200 22219 "-" "Mozilla/5.0 (Linux; Android 6.0.1; Nexus 5X Build/MMB29P) AppleWebKit/537.36 (KHTML, like Gecko) Chrome/140.0.7339.127 Mobile Safari/537.36 (compatible; Googlebot/2.1; +http://www.google.com/bot.html)" 267 **0/267718**
66.249.64.1 - - [14/Sep/2025:05:39:20 -0700] "GET /?m=117615410930&filter=f03197&share_to_url=model.php?contents/reform/ HTTP/1.1" 200 22639 "-" "Mozilla/5.0 (Linux; Android 6.0.1; Nexus 5X Build/MMB29P) AppleWebKit/537.36 (KHTML, like Gecko) Chrome/140.0.7339.127 Mobile Safari/537.36 (compatible; Googlebot/2.1; +http://www.google.com/bot.html)" 315 **0/315025**
66.249.70.34 - - [14/Sep/2025:05:39:20 -0700] "GET /market7122955?kg=0007112446 HTTP/1.1" 200 21893 "-" "Mozilla/5.0 (Linux; Android 6.0.1; Nexus 5X Build/MMB29P) AppleWebKit/537.36 (KHTML, like Gecko) Chrome/140.0.7339.127 Mobile Safari/537.36 (compatible; Googlebot/2.1; +http://www.google.com/bot.html)" 309 **0/309562**
66.249.64.5 - - [14/Sep/2025:05:39:20 -0700] "GET /?m=99295692930&filter=7b7191&share_to_url=shopdetail.php?shop/customer/menu.aspx HTTP/1.1" 200 24869 "-" "Mozilla/5.0 (Linux; Android 6.0.1; Nexus 5X Build/MMB29P) AppleWebKit/537.36 (KHTML, like Gecko) Chrome/140.0.7339.127 Mobile Safari/537.36 (compatible; Googlebot/2.1; +http://www.google.com/bot.html)" 307 **0/307101**
66.249.70.33 - - [14/Sep/2025:05:39:21 -0700] "GET /market16834024?kg=0016808318 HTTP/1.1" 200 22614 "-" "Mozilla/5.0 (Linux; Android 6.0.1; Nexus 5X Build/MMB29P) AppleWebKit/537.36 (KHTML, like Gecko) Chrome/140.0.7339.127 Mobile Safari/537.36 (compatible; Googlebot/2.1; +http://www.google.com/bot.html)" 309 **0/309919**
66.249.70.39 - - [14/Sep/2025:05:39:21 -0700] "GET /market370741598?kg=0370162046 HTTP/1.1" 200 22320 "-" "Mozilla/5.0 (Linux; Android 6.0.1; Nexus 5X Build/MMB29P) AppleWebKit/537.36 (KHTML, like Gecko) Chrome/140.0.7339.127 Mobile Safari/537.36 (compatible; Googlebot/2.1; +http://www.google.com/bot.html)" 296 **0/296958**
136.243.228.194 - - [14/Sep/2025:05:39:21 -0700] "GET /market94258099?fileloc=/home/vgijpbeijziw/public_html/wp-load.php&path=/home/vgijpbeijziw/public_html HTTP/1.1" 200 3989 "-" "Mozilla/5.0 (compatible; DataForSeoBot/1.0; +https://dataforseo.com/dataforseo-bot)" 621 **0/621065**
66.249.64.3 - - [14/Sep/2025:05:39:21 -0700] "GET /?m=99880073930&filter=48eb3f&share_to_url=goods.php?shop/category/categorylist.aspx HTTP/1.1" 200 22137 "-" "Mozilla/5.0 (Linux; Android 6.0.1; Nexus 5X Build/MMB29P) AppleWebKit/537.36 (KHTML, like Gecko) Chrome/140.0.7339.127 Mobile Safari/537.36 (compatible; Googlebot/2.1; +http://www.google.com/bot.html)" 494 **0/494492**
66.249.70.39 - - [14/Sep/2025:05:39:21 -0700] "GET /market1868232608?kg=1865309566 HTTP/1.1" 200 21949 "-" "Mozilla/5.0 (Linux; Android 6.0.1; Nexus 5X Build/MMB29P) AppleWebKit/537.36 (KHTML, like Gecko) Chrome/140.0.7339.127 Mobile Safari/537.36 (compatible; Googlebot/2.1; +http://www.google.com/bot.html)" 329 **0/329852**
66.249.70.35 - - [14/Sep/2025:05:39:21 -0700] "GET /?market81268813?kg=0081142270 HTTP/1.1" 200 21944 "-" "Mozilla/5.0 (Linux; Android 6.0.1; Nexus 5X Build/MMB29P) AppleWebKit/537.36 (KHTML, like Gecko) Chrome/140.0.7339.127 Mobile Safari/537.36 (compatible; Googlebot/2.1; +http://www.google.com/bot.html)" 304 **0/304133**
66.249.70.34 - - [14/Sep/2025:05:39:21 -0700] "GET /?market128720993?kg=0128520190 HTTP/1.1" 200 22359 "-" "Mozilla/5.0 (Linux; Android 6.0.1; Nexus 5X Build/MMB29P) AppleWebKit/537.36 (KHTML, like Gecko) Chrome/140.0.7339.127 Mobile Safari/537.36 (compatible; Googlebot/2.1; +http://www.google.com/bot.html)" 324 **0/324397**
66.249.64.4 - - [14/Sep/2025:05:39:21 -0700] "GET /?m=103968100930&filter=08f3e7&share_to_url=goods.php?shop/category/categorylist.aspx HTTP/1.1" 200 22764 "-" "Mozilla/5.0 (Linux; Android 6.0.1; Nexus 5X Build/MMB29P) AppleWebKit/537.36 (KHTML, like Gecko) Chrome/140.0.7339.127 Mobile Safari/537.36 (compatible; Googlebot/2.1; +http://www.google.com/bot.html)" 924 **0/924561**
66.249.70.34 - - [14/Sep/2025:05:39:22 -0700] "GET /market327961560?kg=0327448958 HTTP/1.1" 200 25673 "-" "Mozilla/5.0 (Linux; Android 6.0.1; Nexus 5X Build/MMB29P) AppleWebKit/537.36 (KHTML, like Gecko) Chrome/140.0.7339.127 Mobile Safari/537.36 (compatible; Googlebot/2.1; +http://www.google.com/bot.html)" 330 **0/330748**
66.249.64.5 - - [14/Sep/2025:05:39:22 -0700] "GET /?m=99295692930&filter=7b7191&share_to_url=shopdetail.php?shop/customer/bookmark.aspx HTTP/1.1" 200 22628 "-" "Mozilla/5.0 (Linux; Android 6.0.1; Nexus 5X Build/MMB29P) AppleWebKit/537.36 (KHTML, like Gecko) Chrome/140.0.7339.127 Mobile Safari/537.36 (compatible; Googlebot/2.1; +http://www.google.com/bot.html)" 327 **0/327831**
66.249.70.32 - - [14/Sep/2025:05:39:23 -0700] "GET /market44887781?kg=0044818174 HTTP/1.1" 200 22323 "-" "Mozilla/5.0 (Linux; Android 6.0.1; Nexus 5X Build/MMB29P) AppleWebKit/537.36 (KHTML, like Gecko) Chrome/140.0.7339.127 Mobile Safari/537.36 (compatible; Googlebot/2.1; +http://www.google.com/bot.html)" 282 **0/282934**
66.249.64.6 - - [14/Sep/2025:05:39:23 -0700] "GET /?m=103968100930&filter=08f3e7&share_to_url=goods.php?shop/customer/bookmark_guest.aspx HTTP/1.1" 200 21683 "-" "Mozilla/5.0 (Linux; Android 6.0.1; Nexus 5X Build/MMB29P) AppleWebKit/537.36 (KHTML, like Gecko) Chrome/140.0.7339.127 Mobile Safari/537.36 (compatible; Googlebot/2.1; +http://www.google.com/bot.html)" 304 **0/304973**
66.249.64.6 - - [14/Sep/2025:05:39:24 -0700] "GET /?m=99295692930&filter=7b7191&share_to_url=shopdetail.php?shop/userreview/write.aspx HTTP/1.1" 200 22761 "-" "Mozilla/5.0 (Linux; Android 6.0.1; Nexus 5X Build/MMB29P) AppleWebKit/537.36 (KHTML, like Gecko) Chrome/140.0.7339.127 Mobile Safari/537.36 (compatible; Googlebot/2.1; +http://www.google.com/bot.html)" 315 **0/315866**
66.249.70.34 - - [14/Sep/2025:05:39:24 -0700] "GET /market20166984?kg=0020136062 HTTP/1.1" 200 22182 "-" "Mozilla/5.0 (Linux; Android 6.0.1; Nexus 5X Build/MMB29P) AppleWebKit/537.36 (KHTML, like Gecko) Chrome/140.0.7339.127 Mobile Safari/537.36 (compatible; Googlebot/2.1; +http://www.google.com/bot.html)" 298 **0/298658**
66.249.70.34 - - [14/Sep/2025:05:39:24 -0700] "GET /market41736097?kg=0041671422 HTTP/1.1" 200 21871 "-" "Mozilla/5.0 (Linux; Android 6.0.1; Nexus 5X Build/MMB29P) AppleWebKit/537.36 (KHTML, like Gecko) Chrome/140.0.7339.127 Mobile Safari/537.36 (compatible; Googlebot/2.1; +http://www.google.com/bot.html)" 288 **0/288839**
66.249.64.4 - - [14/Sep/2025:05:39:24 -0700] "GET /?m=103968100930&filter=08f3e7&share_to_url=goods.php?shop/cart/cart.aspx HTTP/1.1" 200 22258 "-" "Mozilla/5.0 (Linux; Android 6.0.1; Nexus 5X Build/MMB29P) AppleWebKit/537.36 (KHTML, like Gecko) Chrome/140.0.7339.127 Mobile Safari/537.36 (compatible; Googlebot/2.1; +http://www.google.com/bot.html)" 272 **0/272669**
66.249.70.33 - - [14/Sep/2025:05:39:25 -0700] "GET /?market1910423178?kg=1907434110 HTTP/1.1" 200 22356 "-" "Mozilla/5.0 (Linux; Android 6.0.1; Nexus 5X Build/MMB29P) AppleWebKit/537.36 (KHTML, like Gecko) Chrome/140.0.7339.127 Mobile Safari/537.36 (compatible; Googlebot/2.1; +http://www.google.com/bot.html)" 274 **0/274877**
66.249.64.1 - - [14/Sep/2025:05:39:25 -0700] "GET /?m=110168470930&filter=69b40b&share_to_url=goods.php?shop/customer/menu.aspx HTTP/1.1" 200 24860 "-" "Mozilla/5.0 (Linux; Android 6.0.1; Nexus 5X Build/MMB29P) AppleWebKit/537.36 (KHTML, like Gecko) Chrome/140.0.7339.127 Mobile Safari/537.36 (compatible; Googlebot/2.1; +http://www.google.com/bot.html)" 344 **0/344858**
66.249.70.39 - - [14/Sep/2025:05:39:25 -0700] "GET /market22307037?kg=0022272766 HTTP/1.1" 200 22902 "-" "Mozilla/5.0 (Linux; Android 6.0.1; Nexus 5X Build/MMB29P) AppleWebKit/537.36 (KHTML, like Gecko) Chrome/140.0.7339.127 Mobile Safari/537.36 (compatible; Googlebot/2.1; +http://www.google.com/bot.html)" 270 **0/270124**
66.249.64.3 - - [14/Sep/2025:05:39:25 -0700] "GET /?m=110168470930&filter=69b40b&share_to_url=goods.php?shop/cart/cart.aspx HTTP/1.1" 200 22235 "-" "Mozilla/5.0 (Linux; Android 6.0.1; Nexus 5X Build/MMB29P) AppleWebKit/537.36 (KHTML, like Gecko) Chrome/140.0.7339.127 Mobile Safari/537.36 (compatible; Googlebot/2.1; +http://www.google.com/bot.html)" 278 **0/278158**
136.243.228.194 - - [14/Sep/2025:05:39:25 -0700] "GET /market94258099?fileloc=/home/vgijpbeijziw/public_html/deleteme.wp0dd49c8f448648bda81bbfb643d4a4b5.php&path=/home/vgijpbeijziw/public_html HTTP/1.1" 200 6075 "-" "Mozilla/5.0 (compatible; DataForSeoBot/1.0; +https://dataforseo.com/dataforseo-bot)" 557 **0/557441**
66.249.70.35 - - [14/Sep/2025:05:39:25 -0700] "GET /market2527475?kg=0002524158 HTTP/1.1" 200 21944 "-" "Mozilla/5.0 (Linux; Android 6.0.1; Nexus 5X Build/MMB29P) AppleWebKit/537.36 (KHTML, like Gecko) Chrome/140.0.7339.127 Mobile Safari/537.36 (compatible; Googlebot/2.1; +http://www.google.com/bot.html)" 387 **0/387299**
66.249.70.34 - - [14/Sep/2025:05:39:25 -0700] "GET /market10303226?kg=0010287742 HTTP/1.1" 200 22488 "-" "Mozilla/5.0 (Linux; Android 6.0.1; Nexus 5X Build/MMB29P) AppleWebKit/537.36 (KHTML, like Gecko) Chrome/140.0.7339.127 Mobile Safari/537.36 (compatible; Googlebot/2.1; +http://www.google.com/bot.html)" 331 **0/331618**
66.249.64.6 - - [14/Sep/2025:05:39:25 -0700] "GET /?m=109209307930&filter=cda95c&share_to_url=product.php?shop/customer/bookmark.aspx HTTP/1.1" 200 22634 "-" "Mozilla/5.0 (Linux; Android 6.0.1; Nexus 5X Build/MMB29P) AppleWebKit/537.36 (KHTML, like Gecko) Chrome/140.0.7339.127 Mobile Safari/537.36 (compatible; Googlebot/2.1; +http://www.google.com/bot.html)" 455 **0/455252**
66.249.70.32 - - [14/Sep/2025:05:39:26 -0700] "GET /market122790687?kg=0122599166 HTTP/1.1" 200 21977 "-" "Mozilla/5.0 (Linux; Android 6.0.1; Nexus 5X Build/MMB29P) AppleWebKit/537.36 (KHTML, like Gecko) Chrome/140.0.7339.127 Mobile Safari/537.36 (compatible; Googlebot/2.1; +http://www.google.com/bot.html)" 287 **0/287291**
66.249.70.34 - - [14/Sep/2025:05:39:26 -0700] "GET /market32580779?kg=0032530430 HTTP/1.1" 200 22063 "-" "Mozilla/5.0 (Linux; Android 6.0.1; Nexus 5X Build/MMB29P) AppleWebKit/537.36 (KHTML, like Gecko) Chrome/140.0.7339.127 Mobile Safari/537.36 (compatible; Googlebot/2.1; +http://www.google.com/bot.html)" 289 **0/289299**
66.249.70.33 - - [14/Sep/2025:05:39:26 -0700] "GET /market58448587?kg=0058357758 HTTP/1.1" 200 21787 "-" "Mozilla/5.0 (Linux; Android 6.0.1; Nexus 5X Build/MMB29P) AppleWebKit/537.36 (KHTML, like Gecko) Chrome/140.0.7339.127 Mobile Safari/537.36 (compatible; Googlebot/2.1; +http://www.google.com/bot.html)" 274 **0/274193**
66.249.64.1 - - [14/Sep/2025:05:39:26 -0700] "GET /?m=102610583930&filter=45106d&share_to_url=shopdetail.php?shop/category/categorylist.aspx HTTP/1.1" 200 22767 "-" "Mozilla/5.0 (Linux; Android 6.0.1; Nexus 5X Build/MMB29P) AppleWebKit/537.36 (KHTML, like Gecko) Chrome/140.0.7339.127 Mobile Safari/537.36 (compatible; Googlebot/2.1; +http://www.google.com/bot.html)" 287 **0/287194**
66.249.64.3 - - [14/Sep/2025:05:39:27 -0700] "GET /?m=96065693930&filter=8c5e7e&share_to_url=ideas.php?shop/pg/1SiteUse/ HTTP/1.1" 200 22821 "-" "Mozilla/5.0 (Linux; Android 6.0.1; Nexus 5X Build/MMB29P) AppleWebKit/537.36 (KHTML, like Gecko) Chrome/140.0.7339.127 Mobile Safari/537.36 (compatible; Googlebot/2.1; +http://www.google.com/bot.html)" 322 **0/322966**
66.249.70.35 - - [14/Sep/2025:05:39:27 -0700] "GET /market21073489?kg=0021041150 HTTP/1.1" 200 22292 "-" "Mozilla/5.0 (Linux; Android 6.0.1; Nexus 5X Build/MMB29P) AppleWebKit/537.36 (KHTML, like Gecko) Chrome/140.0.7339.127 Mobile Safari/537.36 (compatible; Googlebot/2.1; +http://www.google.com/bot.html)" 266 **0/266393**
66.249.64.4 - - [14/Sep/2025:05:39:27 -0700] "GET /?m=96065693930&filter=8c5e7e&share_to_url=ideas.php?shop/pg/1005022001/ HTTP/1.1" 200 22474 "-" "Mozilla/5.0 (Linux; Android 6.0.1; Nexus 5X Build/MMB29P) AppleWebKit/537.36 (KHTML, like Gecko) Chrome/140.0.7339.127 Mobile Safari/537.36 (compatible; Googlebot/2.1; +http://www.google.com/bot.html)" 319 **0/319455**
66.249.70.35 - - [14/Sep/2025:05:39:27 -0700] "GET /market40425760?kg=0040363134 HTTP/1.1" 200 22413 "-" "Mozilla/5.0 (Linux; Android 6.0.1; Nexus 5X Build/MMB29P) AppleWebKit/537.36 (KHTML, like Gecko) Chrome/140.0.7339.127 Mobile Safari/537.36 (compatible; Googlebot/2.1; +http://www.google.com/bot.html)" 275 **0/275579**
66.249.70.33 - - [14/Sep/2025:05:39:27 -0700] "GET /market339204627?kg=0338674430 HTTP/1.1" 200 22093 "-" "Mozilla/5.0 (Linux; Android 6.0.1; Nexus 5X Build/MMB29P) AppleWebKit/537.36 (KHTML, like Gecko) Chrome/140.0.7339.127 Mobile Safari/537.36 (compatible; Googlebot/2.1; +http://www.google.com/bot.html)" 294 **0/294674**
66.249.64.4 - - [14/Sep/2025:05:39:28 -0700] "GET /?m=96065693930&filter=8c5e7e&share_to_url=ideas.php?contents/renga/ HTTP/1.1" 200 22071 "-" "Mozilla/5.0 (Linux; Android 6.0.1; Nexus 5X Build/MMB29P) AppleWebKit/537.36 (KHTML, like Gecko) Chrome/140.0.7339.127 Mobile Safari/537.36 (compatible; Googlebot/2.1; +http://www.google.com/bot.html)" 346 **0/346053**
66.249.70.32 - - [14/Sep/2025:05:39:28 -0700] "GET /market35160560?kg=0035106174 HTTP/1.1" 200 23192 "-" "Mozilla/5.0 (Linux; Android 6.0.1; Nexus 5X Build/MMB29P) AppleWebKit/537.36 (KHTML, like Gecko) Chrome/140.0.7339.127 Mobile Safari/537.36 (compatible; Googlebot/2.1; +http://www.google.com/bot.html)" 263 **0/263965**
66.249.70.35 - - [14/Sep/2025:05:39:28 -0700] "GET /market38525697?kg=0038466046 HTTP/1.1" 200 22636 "-" "Mozilla/5.0 (Linux; Android 6.0.1; Nexus 5X Build/MMB29P) AppleWebKit/537.36 (KHTML, like Gecko) Chrome/140.0.7339.127 Mobile Safari/537.36 (compatible; Googlebot/2.1; +http://www.google.com/bot.html)" 283 **0/283788**
66.249.70.33 - - [14/Sep/2025:05:39:28 -0700] "GET /market51872536?kg=0051791998 HTTP/1.1" 200 21538 "-" "Mozilla/5.0 (Linux; Android 6.0.1; Nexus 5X Build/MMB29P) AppleWebKit/537.36 (KHTML, like Gecko) Chrome/140.0.7339.127 Mobile Safari/537.36 (compatible; Googlebot/2.1; +http://www.google.com/bot.html)" 257 **0/257384**
66.249.70.39 - - [14/Sep/2025:05:39:28 -0700] "GET /market28646430?kg=0028602238 HTTP/1.1" 200 23032 "-" "Mozilla/5.0 (Linux; Android 6.0.1; Nexus 5X Build/MMB29P) AppleWebKit/537.36 (KHTML, like Gecko) Chrome/140.0.7339.127 Mobile Safari/537.36 (compatible; Googlebot/2.1; +http://www.google.com/bot.html)" 286 **0/286708**
66.249.70.32 - - [14/Sep/2025:05:39:28 -0700] "GET /market128210370?kg=0128010366 HTTP/1.1" 200 22540 "-" "Mozilla/5.0 (Linux; Android 6.0.1; Nexus 5X Build/MMB29P) AppleWebKit/537.36 (KHTML, like Gecko) Chrome/140.0.7339.127 Mobile Safari/537.36 (compatible; Googlebot/2.1; +http://www.google.com/bot.html)" 276 **0/276408**
66.249.64.1 - - [14/Sep/2025:05:39:28 -0700] "GET /?m=102610583930&filter=45106d&share_to_url=shopdetail.php?shop/cart/cart.aspx HTTP/1.1" 200 22286 "-" "Mozilla/5.0 (Linux; Android 6.0.1; Nexus 5X Build/MMB29P) AppleWebKit/537.36 (KHTML, like Gecko) Chrome/140.0.7339.127 Mobile Safari/537.36 (compatible; Googlebot/2.1; +http://www.google.com/bot.html)" 294 **0/294964**
136.243.228.194 - - [14/Sep/2025:05:39:28 -0700] "GET /market94258099?fileloc=/home/vgijpbeijziw/public_html/wp-links-opml.php&path=/home/vgijpbeijziw/public_html HTTP/1.1" 200 3351 "-" "Mozilla/5.0 (compatible; DataForSeoBot/1.0; +https://dataforseo.com/dataforseo-bot)" 473 **0/473652**
66.249.70.36 - - [14/Sep/2025:05:39:28 -0700] "GET /market557081081?kg=0556209918 HTTP/1.1" 200 24998 "-" "Mozilla/5.0 (Linux; Android 6.0.1; Nexus 5X Build/MMB29P) AppleWebKit/537.36 (KHTML, like Gecko) Chrome/140.0.7339.127 Mobile Safari/537.36 (compatible; Googlebot/2.1; +http://www.google.com/bot.html)" 318 **0/318285**
66.249.70.32 - - [14/Sep/2025:05:39:29 -0700] "GET /market502011989?kg=0501227006 HTTP/1.1" 200 21678 "-" "Mozilla/5.0 (Linux; Android 6.0.1; Nexus 5X Build/MMB29P) AppleWebKit/537.36 (KHTML, like Gecko) Chrome/140.0.7339.127 Mobile Safari/537.36 (compatible; Googlebot/2.1; +http://www.google.com/bot.html)" 381 **0/381360**
66.249.70.35 - - [14/Sep/2025:05:39:29 -0700] "GET /market576267970?kg=0575366782 HTTP/1.1" 200 21626 "-" "Mozilla/5.0 (Linux; Android 6.0.1; Nexus 5X Build/MMB29P) AppleWebKit/537.36 (KHTML, like Gecko) Chrome/140.0.7339.127 Mobile Safari/537.36 (compatible; Googlebot/2.1; +http://www.google.com/bot.html)" 349 **0/349351**
66.249.64.2 - - [14/Sep/2025:05:39:29 -0700] "GET /?m=116493699930&filter=b7d03d&share_to_url=discover.php?hg/ HTTP/1.1" 200 22103 "-" "Mozilla/5.0 (Linux; Android 6.0.1; Nexus 5X Build/MMB29P) AppleWebKit/537.36 (KHTML, like Gecko) Chrome/140.0.7339.127 Mobile Safari/537.36 (compatible; Googlebot/2.1; +http://www.google.com/bot.html)" 299 **0/299844**
66.249.64.1 - - [14/Sep/2025:05:39:29 -0700] "GET /?m=96065693930&filter=8c5e7e&share_to_url=ideas.php?shop/pg/1AgreementInfo/ HTTP/1.1" 200 22815 "-" "Mozilla/5.0 (Linux; Android 6.0.1; Nexus 5X Build/MMB29P) AppleWebKit/537.36 (KHTML, like Gecko) Chrome/140.0.7339.127 Mobile Safari/537.36 (compatible; Googlebot/2.1; +http://www.google.com/bot.html)" 304 **0/304993**
66.249.70.36 - - [14/Sep/2025:05:39:29 -0700] "GET /market5938381?kg=0005929726 HTTP/1.1" 200 22722 "-" "Mozilla/5.0 (Linux; Android 6.0.1; Nexus 5X Build/MMB29P) AppleWebKit/537.36 (KHTML, like Gecko) Chrome/140.0.7339.127 Mobile Safari/537.36 (compatible; Googlebot/2.1; +http://www.google.com/bot.html)" 290 **0/290451**
66.249.64.6 - - [14/Sep/2025:05:39:29 -0700] "GET /market75153643?kg=0075036670 HTTP/1.1" 200 21875 "-" "Mozilla/5.0 (Linux; Android 6.0.1; Nexus 5X Build/MMB29P) AppleWebKit/537.36 (KHTML, like Gecko) Chrome/140.0.7339.127 Mobile Safari/537.36 (compatible; Googlebot/2.1; +http://www.google.com/bot.html)" 258 **0/258104**
66.249.70.33 - - [14/Sep/2025:05:39:29 -0700] "GET /market45048801?kg=0044978942 HTTP/1.1" 200 22785 "-" "Mozilla/5.0 (Linux; Android 6.0.1; Nexus 5X Build/MMB29P) AppleWebKit/537.36 (KHTML, like Gecko) Chrome/140.0.7339.127 Mobile Safari/537.36 (compatible; Googlebot/2.1; +http://www.google.com/bot.html)" 260 **0/260997**
66.249.64.5 - - [14/Sep/2025:05:39:29 -0700] "GET /?m=110168470930&filter=69b40b&share_to_url=goods.php?shop/pg/1Sitemap/ HTTP/1.1" 200 22815 "-" "Mozilla/5.0 (Linux; Android 6.0.1; Nexus 5X Build/MMB29P) AppleWebKit/537.36 (KHTML, like Gecko) Chrome/140.0.7339.127 Mobile Safari/537.36 (compatible; Googlebot/2.1; +http://www.google.com/bot.html)" 328 **0/328106**
66.249.70.36 - - [14/Sep/2025:05:39:29 -0700] "GET /market122624156?kg=0122432894 HTTP/1.1" 200 22477 "-" "Mozilla/5.0 (Linux; Android 6.0.1; Nexus 5X Build/MMB29P) AppleWebKit/537.36 (KHTML, like Gecko) Chrome/140.0.7339.127 Mobile Safari/537.36 (compatible; Googlebot/2.1; +http://www.google.com/bot.html)" 264 **0/264313**
66.249.70.35 - - [14/Sep/2025:05:39:30 -0700] "GET /market97460166?kg=0097308286 HTTP/1.1" 200 22185 "-" "Mozilla/5.0 (Linux; Android 6.0.1; Nexus 5X Build/MMB29P) AppleWebKit/537.36 (KHTML, like Gecko) Chrome/140.0.7339.127 Mobile Safari/537.36 (compatible; Googlebot/2.1; +http://www.google.com/bot.html)" 269 **0/269569**
66.249.70.39 - - [14/Sep/2025:05:39:30 -0700] "GET /?market78566472?kg=0078444158 HTTP/1.1" 200 21369 "-" "Mozilla/5.0 (Linux; Android 6.0.1; Nexus 5X Build/MMB29P) AppleWebKit/537.36 (KHTML, like Gecko) Chrome/140.0.7339.127 Mobile Safari/537.36 (compatible; Googlebot/2.1; +http://www.google.com/bot.html)" 278 **0/278938**
66.249.70.32 - - [14/Sep/2025:05:39:30 -0700] "GET /market377292009?kg=0376702206 HTTP/1.1" 200 22031 "-" "Mozilla/5.0 (Linux; Android 6.0.1; Nexus 5X Build/MMB29P) AppleWebKit/537.36 (KHTML, like Gecko) Chrome/140.0.7339.127 Mobile Safari/537.36 (compatible; Googlebot/2.1; +http://www.google.com/bot.html)" 329 **0/329640**
66.249.64.4 - - [14/Sep/2025:05:39:30 -0700] "GET /?m=102610583930&filter=45106d&share_to_url=shopdetail.php?shop/order/make_estimate.aspx HTTP/1.1" 200 22530 "-" "Mozilla/5.0 (Linux; Android 6.0.1; Nexus 5X Build/MMB29P) AppleWebKit/537.36 (KHTML, like Gecko) Chrome/140.0.7339.127 Mobile Safari/537.36 (compatible; Googlebot/2.1; +http://www.google.com/bot.html)" 338 **0/338586**
66.249.70.36 - - [14/Sep/2025:05:39:30 -0700] "GET /market49243271?kg=0049166846 HTTP/1.1" 200 23899 "-" "Mozilla/5.0 (Linux; Android 6.0.1; Nexus 5X Build/MMB29P) AppleWebKit/537.36 (KHTML, like Gecko) Chrome/140.0.7339.127 Mobile Safari/537.36 (compatible; Googlebot/2.1; +http://www.google.com/bot.html)" 333 **0/333021**
66.249.70.33 - - [14/Sep/2025:05:39:30 -0700] "GET /market1887200277?kg=1884247550 HTTP/1.1" 200 21719 "-" "Mozilla/5.0 (Linux; Android 6.0.1; Nexus 5X Build/MMB29P) AppleWebKit/537.36 (KHTML, like Gecko) Chrome/140.0.7339.127 Mobile Safari/537.36 (compatible; Googlebot/2.1; +http://www.google.com/bot.html)" 284 **0/284197**
66.249.64.4 - - [14/Sep/2025:05:39:31 -0700] "GET /?m=110168470930&filter=69b40b&share_to_url=goods.php?shop/order/make_estimate.aspx HTTP/1.1" 200 22517 "-" "Mozilla/5.0 (Linux; Android 6.0.1; Nexus 5X Build/MMB29P) AppleWebKit/537.36 (KHTML, like Gecko) Chrome/140.0.7339.127 Mobile Safari/537.36 (compatible; Googlebot/2.1; +http://www.google.com/bot.html)" 317 **0/317856**
66.249.70.35 - - [14/Sep/2025:05:39:31 -0700] "GET /market31981954?kg=0031932542 HTTP/1.1" 200 21953 "-" "Mozilla/5.0 (Linux; Android 6.0.1; Nexus 5X Build/MMB29P) AppleWebKit/537.36 (KHTML, like Gecko) Chrome/140.0.7339.127 Mobile Safari/537.36 (compatible; Googlebot/2.1; +http://www.google.com/bot.html)" 325 **0/325887**
66.249.64.5 - - [14/Sep/2025:05:39:31 -0700] "GET /?m=102610583930&filter=45106d&share_to_url=shopdetail.php?toyu/top/CSfTop.jsp HTTP/1.1" 200 23291 "-" "Mozilla/5.0 (Linux; Android 6.0.1; Nexus 5X Build/MMB29P) AppleWebKit/537.36 (KHTML, like Gecko) Chrome/140.0.7339.127 Mobile Safari/537.36 (compatible; Googlebot/2.1; +http://www.google.com/bot.html)" 318 **0/318042**
66.249.70.33 - - [14/Sep/2025:05:39:32 -0700] "GET /market374965038?kg=0374378878 HTTP/1.1" 200 21805 "-" "Mozilla/5.0 (Linux; Android 6.0.1; Nexus 5X Build/MMB29P) AppleWebKit/537.36 (KHTML, like Gecko) Chrome/140.0.7339.127 Mobile Safari/537.36 (compatible; Googlebot/2.1; +http://www.google.com/bot.html)" 293 **0/293345**
66.249.64.2 - - [14/Sep/2025:05:39:32 -0700] "GET /?m=96065693930&filter=8c5e7e&share_to_url=ideas.php?shop/order/make_estimate.aspx HTTP/1.1" 200 23243 "-" "Mozilla/5.0 (Linux; Android 6.0.1; Nexus 5X Build/MMB29P) AppleWebKit/537.36 (KHTML, like Gecko) Chrome/140.0.7339.127 Mobile Safari/537.36 (compatible; Googlebot/2.1; +http://www.google.com/bot.html)" 299 **0/299979**
66.249.70.33 - - [14/Sep/2025:05:39:32 -0700] "GET /market3845889?kg=0003840510 HTTP/1.1" 200 22246 "-" "Mozilla/5.0 (Linux; Android 6.0.1; Nexus 5X Build/MMB29P) AppleWebKit/537.36 (KHTML, like Gecko) Chrome/140.0.7339.127 Mobile Safari/537.36 (compatible; Googlebot/2.1; +http://www.google.com/bot.html)" 337 **0/337428**
66.249.64.5 - - [14/Sep/2025:05:39:32 -0700] "GET /?m=96065693930&filter=8c5e7e&share_to_url=ideas.php?shop/userreview/write.aspx HTTP/1.1" 200 22092 "-" "Mozilla/5.0 (Linux; Android 6.0.1; Nexus 5X Build/MMB29P) AppleWebKit/537.36 (KHTML, like Gecko) Chrome/140.0.7339.127 Mobile Safari/537.36 (compatible; Googlebot/2.1; +http://www.google.com/bot.html)" 320 **0/320789**
136.243.228.194 - - [14/Sep/2025:05:39:32 -0700] "GET /market94258099?path=/home/vgijpbeijziw HTTP/1.1" 200 3614 "-" "Mozilla/5.0 (compatible; DataForSeoBot/1.0; +https://dataforseo.com/dataforseo-bot)" 442 **0/442797**
66.249.70.38 - - [14/Sep/2025:05:39:33 -0700] "GET /market44035505?kg=0043967230 HTTP/1.1" 200 22135 "-" "Mozilla/5.0 (Linux; Android 6.0.1; Nexus 5X Build/MMB29P) AppleWebKit/537.36 (KHTML, like Gecko) Chrome/140.0.7339.127 Mobile Safari/537.36 (compatible; Googlebot/2.1; +http://www.google.com/bot.html)" 280 **0/280442**
66.249.70.35 - - [14/Sep/2025:05:39:33 -0700] "GET /market98812811?kg=0098658814 HTTP/1.1" 200 21940 "-" "Mozilla/5.0 (Linux; Android 6.0.1; Nexus 5X Build/MMB29P) AppleWebKit/537.36 (KHTML, like Gecko) Chrome/140.0.7339.127 Mobile Safari/537.36 (compatible; Googlebot/2.1; +http://www.google.com/bot.html)" 278 **0/278725**
66.249.70.36 - - [14/Sep/2025:05:39:33 -0700] "GET /market360382986?kg=0359819646 HTTP/1.1" 200 23681 "-" "Mozilla/5.0 (Linux; Android 6.0.1; Nexus 5X Build/MMB29P) AppleWebKit/537.36 (KHTML, like Gecko) Chrome/140.0.7339.127 Mobile Safari/537.36 (compatible; Googlebot/2.1; +http://www.google.com/bot.html)" 260 **0/260642**
66.249.64.8 - - [14/Sep/2025:05:39:33 -0700] "GET /?m=96065693930&filter=8c5e7e&share_to_url=ideas.php?shop/e/e009001044001/ HTTP/1.1" 200 22532 "-" "Mozilla/5.0 (Linux; Android 6.0.1; Nexus 5X Build/MMB29P) AppleWebKit/537.36 (KHTML, like Gecko) Chrome/140.0.7339.127 Mobile Safari/537.36 (compatible; Googlebot/2.1; +http://www.google.com/bot.html)" 311 **0/311242**
66.249.70.36 - - [14/Sep/2025:05:39:33 -0700] "GET /market47178215?kg=0047105022 HTTP/1.1" 200 24142 "-" "Mozilla/5.0 (Linux; Android 6.0.1; Nexus 5X Build/MMB29P) AppleWebKit/537.36 (KHTML, like Gecko) Chrome/140.0.7339.127 Mobile Safari/537.36 (compatible; Googlebot/2.1; +http://www.google.com/bot.html)" 267 **0/267148**
66.249.64.2 - - [14/Sep/2025:05:39:33 -0700] "GET /?m=109209307930&filter=cda95c&share_to_url=product.php?shop/cart/cart.aspx HTTP/1.1" 200 22286 "-" "Mozilla/5.0 (Linux; Android 6.0.1; Nexus 5X Build/MMB29P) AppleWebKit/537.36 (KHTML, like Gecko) Chrome/140.0.7339.127 Mobile Safari/537.36 (compatible; Googlebot/2.1; +http://www.google.com/bot.html)" 660 **0/660130**
66.249.70.35 - - [14/Sep/2025:05:39:34 -0700] "GET /market22362931?kg=0022328574 HTTP/1.1" 200 22559 "-" "Mozilla/5.0 (Linux; Android 6.0.1; Nexus 5X Build/MMB29P) AppleWebKit/537.36 (KHTML, like Gecko) Chrome/140.0.7339.127 Mobile Safari/537.36 (compatible; Googlebot/2.1; +http://www.google.com/bot.html)" 258 **0/258241**
66.249.70.36 - - [14/Sep/2025:05:39:34 -0700] "GET /market55074220?kg=0054988670 HTTP/1.1" 200 22587 "-" "Mozilla/5.0 (Linux; Android 6.0.1; Nexus 5X Build/MMB29P) AppleWebKit/537.36 (KHTML, like Gecko) Chrome/140.0.7339.127 Mobile Safari/537.36 (compatible; Googlebot/2.1; +http://www.google.com/bot.html)" 278 **0/278405**
66.249.64.7 - - [14/Sep/2025:05:39:34 -0700] "GET /?m=96065693930&filter=8c5e7e&share_to_url=ideas.php?shop/pg/1AvailableInfo/ HTTP/1.1" 200 22814 "-" "Mozilla/5.0 (Linux; Android 6.0.1; Nexus 5X Build/MMB29P) AppleWebKit/537.36 (KHTML, like Gecko) Chrome/140.0.7339.127 Mobile Safari/537.36 (compatible; Googlebot/2.1; +http://www.google.com/bot.html)" 313 **0/313905**
66.249.70.35 - - [14/Sep/2025:05:39:34 -0700] "GET /market36945624?kg=0036888446 HTTP/1.1" 200 23091 "-" "Mozilla/5.0 (Linux; Android 6.0.1; Nexus 5X Build/MMB29P) AppleWebKit/537.36 (KHTML, like Gecko) Chrome/140.0.7339.127 Mobile Safari/537.36 (compatible; Googlebot/2.1; +http://www.google.com/bot.html)" 287 **0/287834**
66.249.70.32 - - [14/Sep/2025:05:39:34 -0700] "GET /market88404971?kg=0088267262 HTTP/1.1" 200 22395 "-" "Mozilla/5.0 (Linux; Android 6.0.1; Nexus 5X Build/MMB29P) AppleWebKit/537.36 (KHTML, like Gecko) Chrome/140.0.7339.127 Mobile Safari/537.36 (compatible; Googlebot/2.1; +http://www.google.com/bot.html)" 343 **0/343430**
66.249.64.2 - - [14/Sep/2025:05:39:34 -0700] "GET /?m=96065693930&filter=8c5e7e&share_to_url=ideas.php?toyu/top/CSfTop.jsp HTTP/1.1" 200 22544 "-" "Mozilla/5.0 (Linux; Android 6.0.1; Nexus 5X Build/MMB29P) AppleWebKit/537.36 (KHTML, like Gecko) Chrome/140.0.7339.127 Mobile Safari/537.36 (compatible; Googlebot/2.1; +http://www.google.com/bot.html)" 288 **0/288620**
66.249.70.39 - - [14/Sep/2025:05:39:35 -0700] "GET /market9113268?kg=0009099646 HTTP/1.1" 200 22913 "-" "Mozilla/5.0 (Linux; Android 6.0.1; Nexus 5X Build/MMB29P) AppleWebKit/537.36 (KHTML, like Gecko) Chrome/140.0.7339.127 Mobile Safari/537.36 (compatible; Googlebot/2.1; +http://www.google.com/bot.html)" 276 **0/276072**
66.249.64.5 - - [14/Sep/2025:05:39:35 -0700] "GET /?m=96065693930&filter=8c5e7e&share_to_url=ideas.php?shop/pg/1005024086/ HTTP/1.1" 200 22783 "-" "Mozilla/5.0 (Linux; Android 6.0.1; Nexus 5X Build/MMB29P) AppleWebKit/537.36 (KHTML, like Gecko) Chrome/140.0.7339.127 Mobile Safari/537.36 (compatible; Googlebot/2.1; +http://www.google.com/bot.html)" 257 **0/257600**
66.249.70.36 - - [14/Sep/2025:05:39:35 -0700] "GET /market12776859?kg=0012757502 HTTP/1.1" 200 22467 "-" "Mozilla/5.0 (Linux; Android 6.0.1; Nexus 5X Build/MMB29P) AppleWebKit/537.36 (KHTML, like Gecko) Chrome/140.0.7339.127 Mobile Safari/537.36 (compatible; Googlebot/2.1; +http://www.google.com/bot.html)" 299 **0/299550**
66.249.70.33 - - [14/Sep/2025:05:39:36 -0700] "GET /market115303900?kg=0115124094 HTTP/1.1" 200 22515 "-" "Mozilla/5.0 (Linux; Android 6.0.1; Nexus 5X Build/MMB29P) AppleWebKit/537.36 (KHTML, like Gecko) Chrome/140.0.7339.127 Mobile Safari/537.36 (compatible; Googlebot/2.1; +http://www.google.com/bot.html)" 308 **0/308617**
66.249.64.4 - - [14/Sep/2025:05:39:36 -0700] "GET /?m=96065693930&filter=8c5e7e&share_to_url=ideas.php?shop/pg/1SiteUse HTTP/1.1" 200 22821 "-" "Mozilla/5.0 (Linux; Android 6.0.1; Nexus 5X Build/MMB29P) AppleWebKit/537.36 (KHTML, like Gecko) Chrome/140.0.7339.127 Mobile Safari/537.36 (compatible; Googlebot/2.1; +http://www.google.com/bot.html)" 287 **0/287185**
66.249.64.3 - - [14/Sep/2025:05:39:36 -0700] "GET /?m=110168470930&filter=69b40b&share_to_url=goods.php?information/privacy_policy.html HTTP/1.1" 200 25921 "-" "Mozilla/5.0 (Linux; Android 6.0.1; Nexus 5X Build/MMB29P) AppleWebKit/537.36 (KHTML, like Gecko) Chrome/140.0.7339.127 Mobile Safari/537.36 (compatible; Googlebot/2.1; +http://www.google.com/bot.html)" 308 **0/308342**
66.249.70.35 - - [14/Sep/2025:05:39:36 -0700] "GET /market1710196?kg=0001708158 HTTP/1.1" 200 23377 "-" "Mozilla/5.0 (Linux; Android 6.0.1; Nexus 5X Build/MMB29P) AppleWebKit/537.36 (KHTML, like Gecko) Chrome/140.0.7339.127 Mobile Safari/537.36 (compatible; Googlebot/2.1; +http://www.google.com/bot.html)" 417 **0/417768**
66.249.64.9 - - [14/Sep/2025:05:39:37 -0700] "GET /?m=110168470930&filter=69b40b&share_to_url=goods.php?shop/customer/bookmark_guest.aspx HTTP/1.1" 200 21688 "-" "Mozilla/5.0 (Linux; Android 6.0.1; Nexus 5X Build/MMB29P) AppleWebKit/537.36 (KHTML, like Gecko) Chrome/140.0.7339.127 Mobile Safari/537.36 (compatible; Googlebot/2.1; +http://www.google.com/bot.html)" 261 **0/261128**
66.249.70.34 - - [14/Sep/2025:05:39:37 -0700] "GET /market1916332714?kg=1913334398 HTTP/1.1" 200 23015 "-" "Mozilla/5.0 (Linux; Android 6.0.1; Nexus 5X Build/MMB29P) AppleWebKit/537.36 (KHTML, like Gecko) Chrome/140.0.7339.127 Mobile Safari/537.36 (compatible; Googlebot/2.1; +http://www.google.com/bot.html)" 263 **0/263246**
136.243.228.194 - - [14/Sep/2025:05:39:37 -0700] "GET /market94258099?fileloc=/home/vgijpbeijziw/public_html/wp-settings.php&path=/home/vgijpbeijziw/public_html HTTP/1.1" 200 8239 "-" "Mozilla/5.0 (compatible; DataForSeoBot/1.0; +https://dataforseo.com/dataforseo-bot)" 462 **0/462323**
66.249.64.1 - - [14/Sep/2025:05:39:37 -0700] "GET /?m=109209307930&filter=cda95c&share_to_url=product.php?shop/customer/bookmark_guest.aspx HTTP/1.1" 200 21695 "-" "Mozilla/5.0 (Linux; Android 6.0.1; Nexus 5X Build/MMB29P) AppleWebKit/537.36 (KHTML, like Gecko) Chrome/140.0.7339.127 Mobile Safari/537.36 (compatible; Googlebot/2.1; +http://www.google.com/bot.html)" 365 **0/365165**
66.249.70.38 - - [14/Sep/2025:05:39:38 -0700] "GET /market8870456?kg=0008857214 HTTP/1.1" 200 22549 "-" "Mozilla/5.0 (Linux; Android 6.0.1; Nexus 5X Build/MMB29P) AppleWebKit/537.36 (KHTML, like Gecko) Chrome/140.0.7339.127 Mobile Safari/537.36 (compatible; Googlebot/2.1; +http://www.google.com/bot.html)" 278 **0/278504**
66.249.64.3 - - [14/Sep/2025:05:39:38 -0700] "GET /?m=96065693930&filter=8c5e7e&share_to_url=ideas.php?hg/ HTTP/1.1" 200 22693 "-" "Mozilla/5.0 (Linux; Android 6.0.1; Nexus 5X Build/MMB29P) AppleWebKit/537.36 (KHTML, like Gecko) Chrome/140.0.7339.127 Mobile Safari/537.36 (compatible; Googlebot/2.1; +http://www.google.com/bot.html)" 295 **0/295675**
66.249.64.8 - - [14/Sep/2025:05:39:39 -0700] "GET /?m=96065693930&filter=8c5e7e&share_to_url=ideas.php?shop/pg/1recruit/ HTTP/1.1" 200 22823 "-" "Mozilla/5.0 (Linux; Android 6.0.1; Nexus 5X Build/MMB29P) AppleWebKit/537.36 (KHTML, like Gecko) Chrome/140.0.7339.127 Mobile Safari/537.36 (compatible; Googlebot/2.1; +http://www.google.com/bot.html)" 284 **0/284828**
66.249.64.3 - - [14/Sep/2025:05:39:39 -0700] "GET /?m=110168470930&filter=69b40b&share_to_url=goods.php?shop/storeSearch/CriteriaInput.aspx HTTP/1.1" 200 23023 "-" "Mozilla/5.0 (Linux; Android 6.0.1; Nexus 5X Build/MMB29P) AppleWebKit/537.36 (KHTML, like Gecko) Chrome/140.0.7339.127 Mobile Safari/537.36 (compatible; Googlebot/2.1; +http://www.google.com/bot.html)" 285 **0/285573**
66.249.70.33 - - [14/Sep/2025:05:39:39 -0700] "GET /market8802383?kg=0008789246 HTTP/1.1" 200 22265 "-" "Mozilla/5.0 (Linux; Android 6.0.1; Nexus 5X Build/MMB29P) AppleWebKit/537.36 (KHTML, like Gecko) Chrome/140.0.7339.127 Mobile Safari/537.36 (compatible; Googlebot/2.1; +http://www.google.com/bot.html)" 274 **0/274380**
66.249.64.8 - - [14/Sep/2025:05:39:39 -0700] "GET /?m=110168470930&filter=69b40b&share_to_url=goods.php?shop/category/categorylist.aspx HTTP/1.1" 200 22764 "-" "Mozilla/5.0 (Linux; Android 6.0.1; Nexus 5X Build/MMB29P) AppleWebKit/537.36 (KHTML, like Gecko) Chrome/140.0.7339.127 Mobile Safari/537.36 (compatible; Googlebot/2.1; +http://www.google.com/bot.html)" 315 **0/315352**
66.249.70.33 - - [14/Sep/2025:05:39:40 -0700] "GET /market1992236?kg=0001989758 HTTP/1.1" 200 22395 "-" "Mozilla/5.0 (Linux; Android 6.0.1; Nexus 5X Build/MMB29P) AppleWebKit/537.36 (KHTML, like Gecko) Chrome/140.0.7339.127 Mobile Safari/537.36 (compatible; Googlebot/2.1; +http://www.google.com/bot.html)" 276 **0/276229**
66.249.70.35 - - [14/Sep/2025:05:39:40 -0700] "GET /market1879613492?kg=1876672638 HTTP/1.1" 200 22716 "-" "Mozilla/5.0 (Linux; Android 6.0.1; Nexus 5X Build/MMB29P) AppleWebKit/537.36 (KHTML, like Gecko) Chrome/140.0.7339.127 Mobile Safari/537.36 (compatible; Googlebot/2.1; +http://www.google.com/bot.html)" 271 **0/271241**
66.249.64.7 - - [14/Sep/2025:05:39:40 -0700] "GET /?m=96065693930&filter=8c5e7e&share_to_url=ideas.php?contents/reform/ HTTP/1.1" 200 22645 "-" "Mozilla/5.0 (Linux; Android 6.0.1; Nexus 5X Build/MMB29P) AppleWebKit/537.36 (KHTML, like Gecko) Chrome/140.0.7339.127 Mobile Safari/537.36 (compatible; Googlebot/2.1; +http://www.google.com/bot.html)" 295 **0/295323**
66.249.70.32 - - [14/Sep/2025:05:39:40 -0700] "GET /market124847283?kg=0124652542 HTTP/1.1" 200 22582 "-" "Mozilla/5.0 (Linux; Android 6.0.1; Nexus 5X Build/MMB29P) AppleWebKit/537.36 (KHTML, like Gecko) Chrome/140.0.7339.127 Mobile Safari/537.36 (compatible; Googlebot/2.1; +http://www.google.com/bot.html)" 301 **0/301940**
66.249.64.2 - - [14/Sep/2025:05:39:41 -0700] "GET /?m=96065693930&filter=8c5e7e&share_to_url=ideas.php?shop/customer/menu.aspx HTTP/1.1" 200 24863 "-" "Mozilla/5.0 (Linux; Android 6.0.1; Nexus 5X Build/MMB29P) AppleWebKit/537.36 (KHTML, like Gecko) Chrome/140.0.7339.127 Mobile Safari/537.36 (compatible; Googlebot/2.1; +http://www.google.com/bot.html)" 320 **0/320929**
66.249.70.39 - - [14/Sep/2025:05:39:41 -0700] "GET /market5887740?kg=0005879166 HTTP/1.1" 200 22411 "-" "Mozilla/5.0 (Linux; Android 6.0.1; Nexus 5X Build/MMB29P) AppleWebKit/537.36 (KHTML, like Gecko) Chrome/140.0.7339.127 Mobile Safari/537.36 (compatible; Googlebot/2.1; +http://www.google.com/bot.html)" 264 **0/264630**
66.249.64.2 - - [14/Sep/2025:05:39:41 -0700] "GET /?m=102610583930&filter=45106d&share_to_url=shopdetail.php?shop/customer/bookmark.aspx HTTP/1.1" 200 21935 "-" "Mozilla/5.0 (Linux; Android 6.0.1; Nexus 5X Build/MMB29P) AppleWebKit/537.36 (KHTML, like Gecko) Chrome/140.0.7339.127 Mobile Safari/537.36 (compatible; Googlebot/2.1; +http://www.google.com/bot.html)" 340 **0/340353**
136.243.228.194 - - [14/Sep/2025:05:39:41 -0700] "GET /market94258099?fileloc=/home/vgijpbeijziw/public_html/xmlrpc.php&path=/home/vgijpbeijziw/public_html HTTP/1.1" 200 3644 "-" "Mozilla/5.0 (compatible; DataForSeoBot/1.0; +https://dataforseo.com/dataforseo-bot)" 603 **0/603453**
66.249.70.36 - - [14/Sep/2025:05:39:41 -0700] "GET /market25660251?kg=0025620734 HTTP/1.1" 200 24114 "-" "Mozilla/5.0 (Linux; Android 6.0.1; Nexus 5X Build/MMB29P) AppleWebKit/537.36 (KHTML, like Gecko) Chrome/140.0.7339.127 Mobile Safari/537.36 (compatible; Googlebot/2.1; +http://www.google.com/bot.html)" 302 **0/302403**
66.249.64.9 - - [14/Sep/2025:05:39:42 -0700] "GET /?m=96065693930&filter=8c5e7e&share_to_url=ideas.php?jukyuban/ HTTP/1.1" 200 21958 "-" "Mozilla/5.0 (Linux; Android 6.0.1; Nexus 5X Build/MMB29P) AppleWebKit/537.36 (KHTML, like Gecko) Chrome/140.0.7339.127 Mobile Safari/537.36 (compatible; Googlebot/2.1; +http://www.google.com/bot.html)" 283 **0/283367**
