66.249.64.5 - - [14/Sep/2025:05:34:31 -0700] "GET /?m=102186806930&filter=17ee8f&share_to_url=item.php?shop/customer/entry.aspx HTTP/1.1" 200 22757 "-" "Mozilla/5.0 (Linux; Android 6.0.1; Nexus 5X Build/MMB29P) AppleWebKit/537.36 (KHTML, like Gecko) Chrome/140.0.7339.127 Mobile Safari/537.36 (compatible; Googlebot/2.1; +http://www.google.com/bot.html)" 310 **0/310839**
66.249.64.4 - - [14/Sep/2025:05:34:31 -0700] "GET /?m=109798484930&filter=b650cc&share_to_url=ideas.php?shop/cart/cart.aspx HTTP/1.1" 200 22240 "-" "Mozilla/5.0 (Linux; Android 6.0.1; Nexus 5X Build/MMB29P) AppleWebKit/537.36 (KHTML, like Gecko) Chrome/140.0.7339.127 Mobile Safari/537.36 (compatible; Googlebot/2.1; +http://www.google.com/bot.html)" 281 **0/281547**
66.249.64.5 - - [14/Sep/2025:05:34:31 -0700] "GET /?m=102186806930&filter=17ee8f&share_to_url=item.php?shop/userreview/write.aspx HTTP/1.1" 200 22089 "-" "Mozilla/5.0 (Linux; Android 6.0.1; Nexus 5X Build/MMB29P) AppleWebKit/537.36 (KHTML, like Gecko) Chrome/140.0.7339.127 Mobile Safari/537.36 (compatible; Googlebot/2.1; +http://www.google.com/bot.html)" 300 **0/300803**
66.249.64.4 - - [14/Sep/2025:05:34:31 -0700] "GET /?m=117374712930&filter=85e71b&share_to_url=article.php?shop/pg/1sancyoku/ HTTP/1.1" 200 22127 "-" "Mozilla/5.0 (Linux; Android 6.0.1; Nexus 5X Build/MMB29P) AppleWebKit/537.36 (KHTML, like Gecko) Chrome/140.0.7339.127 Mobile Safari/537.36 (compatible; Googlebot/2.1; +http://www.google.com/bot.html)" 303 **0/303731**
66.249.64.4 - - [14/Sep/2025:05:34:32 -0700] "GET /?m=102186806930&filter=17ee8f&share_to_url=item.php?shop/customer/bookmark_guest.aspx HTTP/1.1" 200 22370 "-" "Mozilla/5.0 (Linux; Android 6.0.1; Nexus 5X Build/MMB29P) AppleWebKit/537.36 (KHTML, like Gecko) Chrome/140.0.7339.127 Mobile Safari/537.36 (compatible; Googlebot/2.1; +http://www.google.com/bot.html)" 274 **0/274450**
66.249.70.34 - - [14/Sep/2025:05:34:32 -0700] "GET /market54250273?kg=0054166014 HTTP/1.1" 200 23972 "-" "Mozilla/5.0 (Linux; Android 6.0.1; Nexus 5X Build/MMB29P) AppleWebKit/537.36 (KHTML, like Gecko) Chrome/140.0.7339.127 Mobile Safari/537.36 (compatible; Googlebot/2.1; +http://www.google.com/bot.html)" 269 **0/269565**
66.249.70.39 - - [14/Sep/2025:05:34:32 -0700] "GET /market374599666?kg=0374014078 HTTP/1.1" 200 22388 "-" "Mozilla/5.0 (Linux; Android 6.0.1; Nexus 5X Build/MMB29P) AppleWebKit/537.36 (KHTML, like Gecko) Chrome/140.0.7339.127 Mobile Safari/537.36 (compatible; Googlebot/2.1; +http://www.google.com/bot.html)" 252 **0/252247**
66.249.64.4 - - [14/Sep/2025:05:34:32 -0700] "GET /?m=110923674930&filter=5a203a&share_to_url=article.php?reserve/tool/ HTTP/1.1" 200 22681 "-" "Mozilla/5.0 (Linux; Android 6.0.1; Nexus 5X Build/MMB29P) AppleWebKit/537.36 (KHTML, like Gecko) Chrome/140.0.7339.127 Mobile Safari/537.36 (compatible; Googlebot/2.1; +http://www.google.com/bot.html)" 398 **0/398824**
136.243.228.194 - - [14/Sep/2025:05:34:32 -0700] "GET /market94542193?path=/home/vgijpbeijziw/public_html/js HTTP/1.1" 200 2850 "-" "Mozilla/5.0 (compatible; DataForSeoBot/1.0; +https://dataforseo.com/dataforseo-bot)" 637 **0/637792**
66.249.70.33 - - [14/Sep/2025:05:34:33 -0700] "GET /?market1864823242?kg=1861905534 HTTP/1.1" 200 21931 "-" "Mozilla/5.0 (Linux; Android 6.0.1; Nexus 5X Build/MMB29P) AppleWebKit/537.36 (KHTML, like Gecko) Chrome/140.0.7339.127 Mobile Safari/537.36 (compatible; Googlebot/2.1; +http://www.google.com/bot.html)" 274 **0/274784**
66.249.70.39 - - [14/Sep/2025:05:34:33 -0700] "GET /market54173609?kg=0054089470 HTTP/1.1" 200 22421 "-" "Mozilla/5.0 (Linux; Android 6.0.1; Nexus 5X Build/MMB29P) AppleWebKit/537.36 (KHTML, like Gecko) Chrome/140.0.7339.127 Mobile Safari/537.36 (compatible; Googlebot/2.1; +http://www.google.com/bot.html)" 350 **0/350990**
66.249.70.39 - - [14/Sep/2025:05:34:33 -0700] "GET /?market41702638?kg=0041638014 HTTP/1.1" 200 21829 "-" "Mozilla/5.0 (Linux; Android 6.0.1; Nexus 5X Build/MMB29P) AppleWebKit/537.36 (KHTML, like Gecko) Chrome/140.0.7339.127 Mobile Safari/537.36 (compatible; Googlebot/2.1; +http://www.google.com/bot.html)" 257 **0/257014**
66.249.64.2 - - [14/Sep/2025:05:34:33 -0700] "GET /?m=99457281930&filter=181363&share_to_url=article.php?information/privacy_policy.html HTTP/1.1" 200 26798 "-" "Mozilla/5.0 (Linux; Android 6.0.1; Nexus 5X Build/MMB29P) AppleWebKit/537.36 (KHTML, like Gecko) Chrome/140.0.7339.127 Mobile Safari/537.36 (compatible; Googlebot/2.1; +http://www.google.com/bot.html)" 302 **0/302518**
66.249.64.1 - - [14/Sep/2025:05:34:33 -0700] "GET /?m=106881629930&filter=4f6451&share_to_url=product-page.php?shop/pg/1005022001 HTTP/1.1" 200 22482 "-" "Mozilla/5.0 (Linux; Android 6.0.1; Nexus 5X Build/MMB29P) AppleWebKit/537.36 (KHTML, like Gecko) Chrome/140.0.7339.127 Mobile Safari/537.36 (compatible; Googlebot/2.1; +http://www.google.com/bot.html)" 398 **0/398509**
216.73.216.183 - - [14/Sep/2025:05:34:33 -0700] "GET /market1854563346?fileloc=%2Fhome%2Fvgijpbeijziw%2Fpublic_html%2Fwp-admin%2Fincludes%2Fclass-wp-site-icon.php&path=%2Fhome%2Fvgijpbeijziw%2Fpublic_html%2Fwp-admin%2Fincludes HTTP/2.0" 200 4306 "-" "Mozilla/5.0 AppleWebKit/537.36 (KHTML, like Gecko; compatible; ClaudeBot/1.0; +claudebot@anthropic.com)" 395 **0/395292**
66.249.64.2 - - [14/Sep/2025:05:34:33 -0700] "GET /?m=97205194930&filter=9e3833&share_to_url=item.php?reserve/tool/ HTTP/1.1" 200 22672 "-" "Mozilla/5.0 (Linux; Android 6.0.1; Nexus 5X Build/MMB29P) AppleWebKit/537.36 (KHTML, like Gecko) Chrome/140.0.7339.127 Mobile Safari/537.36 (compatible; Googlebot/2.1; +http://www.google.com/bot.html)" 320 **0/320525**
66.249.70.32 - - [14/Sep/2025:05:34:34 -0700] "GET /market25988060?kg=0025948030 HTTP/1.1" 200 22831 "-" "Mozilla/5.0 (Linux; Android 6.0.1; Nexus 5X Build/MMB29P) AppleWebKit/537.36 (KHTML, like Gecko) Chrome/140.0.7339.127 Mobile Safari/537.36 (compatible; Googlebot/2.1; +http://www.google.com/bot.html)" 344 **0/344946**
66.249.64.2 - - [14/Sep/2025:05:34:34 -0700] "GET /?m=97054982930&filter=f6254f&share_to_url=shopdetail.php?shop/pg/1sancyoku/ HTTP/1.1" 200 22827 "-" "Mozilla/5.0 (Linux; Android 6.0.1; Nexus 5X Build/MMB29P) AppleWebKit/537.36 (KHTML, like Gecko) Chrome/140.0.7339.127 Mobile Safari/537.36 (compatible; Googlebot/2.1; +http://www.google.com/bot.html)" 294 **0/294995**
66.249.64.5 - - [14/Sep/2025:05:34:34 -0700] "GET /?m=33579500930&filter=f4e98c&share_to_url=pin.php?shop/customer/entry.aspx HTTP/1.1" 200 22091 "-" "Mozilla/5.0 (Linux; Android 6.0.1; Nexus 5X Build/MMB29P) AppleWebKit/537.36 (KHTML, like Gecko) Chrome/140.0.7339.127 Mobile Safari/537.36 (compatible; Googlebot/2.1; +http://www.google.com/bot.html)" 319 **0/319047**
66.249.64.2 - - [14/Sep/2025:05:34:34 -0700] "GET /?m=110923674930&filter=5a203a&share_to_url=article.php?shop/category/categorylist.aspx HTTP/1.1" 200 22768 "-" "Mozilla/5.0 (Linux; Android 6.0.1; Nexus 5X Build/MMB29P) AppleWebKit/537.36 (KHTML, like Gecko) Chrome/140.0.7339.127 Mobile Safari/537.36 (compatible; Googlebot/2.1; +http://www.google.com/bot.html)" 273 **0/273316**
66.249.64.5 - - [14/Sep/2025:05:34:34 -0700] "GET /?m=110923674930&filter=5a203a&share_to_url=article.php?shop/cart/cart.aspx HTTP/1.1" 200 22284 "-" "Mozilla/5.0 (Linux; Android 6.0.1; Nexus 5X Build/MMB29P) AppleWebKit/537.36 (KHTML, like Gecko) Chrome/140.0.7339.127 Mobile Safari/537.36 (compatible; Googlebot/2.1; +http://www.google.com/bot.html)" 356 **0/356880**
66.249.70.33 - - [14/Sep/2025:05:34:34 -0700] "GET /market1872982954?kg=1870052478 HTTP/1.1" 200 22367 "-" "Mozilla/5.0 (Linux; Android 6.0.1; Nexus 5X Build/MMB29P) AppleWebKit/537.36 (KHTML, like Gecko) Chrome/140.0.7339.127 Mobile Safari/537.36 (compatible; Googlebot/2.1; +http://www.google.com/bot.html)" 396 **0/396525**
66.249.64.3 - - [14/Sep/2025:05:34:34 -0700] "GET /?m=106694835930&filter=0aca29&share_to_url=article.php?shop/pg/1005024010/ HTTP/1.1" 200 22075 "-" "Mozilla/5.0 (Linux; Android 6.0.1; Nexus 5X Build/MMB29P) AppleWebKit/537.36 (KHTML, like Gecko) Chrome/140.0.7339.127 Mobile Safari/537.36 (compatible; Googlebot/2.1; +http://www.google.com/bot.html)" 401 **0/401777**
66.249.64.6 - - [14/Sep/2025:05:34:35 -0700] "GET /?m=108989570930&filter=1e6c2f&share_to_url=article.php?shop/customer/entry.aspx HTTP/1.1" 200 22102 "-" "Mozilla/5.0 (Linux; Android 6.0.1; Nexus 5X Build/MMB29P) AppleWebKit/537.36 (KHTML, like Gecko) Chrome/140.0.7339.127 Mobile Safari/537.36 (compatible; Googlebot/2.1; +http://www.google.com/bot.html)" 296 **0/296735**
66.249.64.2 - - [14/Sep/2025:05:34:35 -0700] "GET /?m=90283058930&filter=217709&share_to_url=detail.php?shop/customer/bookmark_guest.aspx HTTP/1.1" 200 21686 "-" "Mozilla/5.0 (Linux; Android 6.0.1; Nexus 5X Build/MMB29P) AppleWebKit/537.36 (KHTML, like Gecko) Chrome/140.0.7339.127 Mobile Safari/537.36 (compatible; Googlebot/2.1; +http://www.google.com/bot.html)" 270 **0/270855**
66.249.64.6 - - [14/Sep/2025:05:34:35 -0700] "GET /?m=108989570930&filter=1e6c2f&share_to_url=article.php?shop/userreview/write.aspx HTTP/1.1" 200 22770 "-" "Mozilla/5.0 (Linux; Android 6.0.1; Nexus 5X Build/MMB29P) AppleWebKit/537.36 (KHTML, like Gecko) Chrome/140.0.7339.127 Mobile Safari/537.36 (compatible; Googlebot/2.1; +http://www.google.com/bot.html)" 317 **0/317219**
66.249.70.33 - - [14/Sep/2025:05:34:35 -0700] "GET /market1873047439?kg=1870116862 HTTP/1.1" 200 21802 "-" "Mozilla/5.0 (Linux; Android 6.0.1; Nexus 5X Build/MMB29P) AppleWebKit/537.36 (KHTML, like Gecko) Chrome/140.0.7339.127 Mobile Safari/537.36 (compatible; Googlebot/2.1; +http://www.google.com/bot.html)" 249 **0/249809**
66.249.64.4 - - [14/Sep/2025:05:34:35 -0700] "GET /?m=110923674930&filter=5a203a&share_to_url=article.php?shop/storeSearch/CriteriaInput.aspx HTTP/1.1" 200 23033 "-" "Mozilla/5.0 (Linux; Android 6.0.1; Nexus 5X Build/MMB29P) AppleWebKit/537.36 (KHTML, like Gecko) Chrome/140.0.7339.127 Mobile Safari/537.36 (compatible; Googlebot/2.1; +http://www.google.com/bot.html)" 331 **0/331463**
66.249.64.5 - - [14/Sep/2025:05:34:36 -0700] "GET /?m=90283058930&filter=217709&share_to_url=detail.php?shop/pg/1Sitemap/ HTTP/1.1" 200 22816 "-" "Mozilla/5.0 (Linux; Android 6.0.1; Nexus 5X Build/MMB29P) AppleWebKit/537.36 (KHTML, like Gecko) Chrome/140.0.7339.127 Mobile Safari/537.36 (compatible; Googlebot/2.1; +http://www.google.com/bot.html)" 282 **0/282223**
66.249.64.3 - - [14/Sep/2025:05:34:36 -0700] "GET /?m=110923674930&filter=5a203a&share_to_url=article.php?shop/pg/1AgreementInfo/ HTTP/1.1" 200 22814 "-" "Mozilla/5.0 (Linux; Android 6.0.1; Nexus 5X Build/MMB29P) AppleWebKit/537.36 (KHTML, like Gecko) Chrome/140.0.7339.127 Mobile Safari/537.36 (compatible; Googlebot/2.1; +http://www.google.com/bot.html)" 295 **0/295338**
136.243.228.194 - - [14/Sep/2025:05:34:36 -0700] "GET /market94542193?fileloc=/home/vgijpbeijziw/public_html/blfxy.php&path=/home/vgijpbeijziw/public_html HTTP/1.1" 200 5545 "-" "Mozilla/5.0 (compatible; DataForSeoBot/1.0; +https://dataforseo.com/dataforseo-bot)" 493 **0/493497**
66.249.64.6 - - [14/Sep/2025:05:34:36 -0700] "GET /?m=110923674930&filter=5a203a&share_to_url=article.php?shop/pg/1005024086/ HTTP/1.1" 200 22076 "-" "Mozilla/5.0 (Linux; Android 6.0.1; Nexus 5X Build/MMB29P) AppleWebKit/537.36 (KHTML, like Gecko) Chrome/140.0.7339.127 Mobile Safari/537.36 (compatible; Googlebot/2.1; +http://www.google.com/bot.html)" 313 **0/313238**
66.249.70.35 - - [14/Sep/2025:05:34:36 -0700] "GET /market26411380?kg=0026370686 HTTP/1.1" 200 23344 "-" "Mozilla/5.0 (Linux; Android 6.0.1; Nexus 5X Build/MMB29P) AppleWebKit/537.36 (KHTML, like Gecko) Chrome/140.0.7339.127 Mobile Safari/537.36 (compatible; Googlebot/2.1; +http://www.google.com/bot.html)" 323 **0/323620**
66.249.64.6 - - [14/Sep/2025:05:34:37 -0700] "GET /?m=109798484930&filter=b650cc&share_to_url=ideas.php?toyu/top/CSfTop.jsp HTTP/1.1" 200 23294 "-" "Mozilla/5.0 (Linux; Android 6.0.1; Nexus 5X Build/MMB29P) AppleWebKit/537.36 (KHTML, like Gecko) Chrome/140.0.7339.127 Mobile Safari/537.36 (compatible; Googlebot/2.1; +http://www.google.com/bot.html)" 318 **0/318579**
216.73.216.183 - - [14/Sep/2025:05:34:36 -0700] "GET /market1854563346?fileloc=%2Fhome%2Fvgijpbeijziw%2Fpublic_html%2Fwp-admin%2Fincludes%2Fclass-ftp.php&path=%2Fhome%2Fvgijpbeijziw%2Fpublic_html%2Fwp-admin%2Fincludes HTTP/2.0" 200 8948 "-" "Mozilla/5.0 AppleWebKit/537.36 (KHTML, like Gecko; compatible; ClaudeBot/1.0; +claudebot@anthropic.com)" 802 **0/802789**
66.249.64.2 - - [14/Sep/2025:05:34:37 -0700] "GET /?m=90283058930&filter=217709&share_to_url=detail.php?shop/cart/cart.aspx HTTP/1.1" 200 22256 "-" "Mozilla/5.0 (Linux; Android 6.0.1; Nexus 5X Build/MMB29P) AppleWebKit/537.36 (KHTML, like Gecko) Chrome/140.0.7339.127 Mobile Safari/537.36 (compatible; Googlebot/2.1; +http://www.google.com/bot.html)" 336 **0/336438**
66.249.70.35 - - [14/Sep/2025:05:34:37 -0700] "GET /market25363853?kg=0025324798 HTTP/1.1" 200 22454 "-" "Mozilla/5.0 (Linux; Android 6.0.1; Nexus 5X Build/MMB29P) AppleWebKit/537.36 (KHTML, like Gecko) Chrome/140.0.7339.127 Mobile Safari/537.36 (compatible; Googlebot/2.1; +http://www.google.com/bot.html)" 276 **0/276915**
66.249.64.4 - - [14/Sep/2025:05:34:37 -0700] "GET /?m=96752778930&filter=49b1f8&share_to_url=shopdetail.php?jukyuban/ HTTP/1.1" 200 22625 "-" "Mozilla/5.0 (Linux; Android 6.0.1; Nexus 5X Build/MMB29P) AppleWebKit/537.36 (KHTML, like Gecko) Chrome/140.0.7339.127 Mobile Safari/537.36 (compatible; Googlebot/2.1; +http://www.google.com/bot.html)" 289 **0/289632**
66.249.64.3 - - [14/Sep/2025:05:34:38 -0700] "GET /?m=104010386930&filter=392673&share_to_url=shop.php?%3Fid%3D3521376%26name%3Dceline+c+store+charm+pouch HTTP/1.1" 200 22864 "-" "Mozilla/5.0 (Linux; Android 6.0.1; Nexus 5X Build/MMB29P) AppleWebKit/537.36 (KHTML, like Gecko) Chrome/140.0.7339.127 Mobile Safari/537.36 (compatible; Googlebot/2.1; +http://www.google.com/bot.html)" 328 **0/328703**
107.180.57.159 - - [14/Sep/2025:05:29:38 -0700] "GET /ARTOFLIVINGDELHI.ORG/img/img/index.php?ARRAY=7o2230223n313735373835363537382p2231223n22687474703n5p2s5p2s7n733534307631336o6s2r62616o65742r6s6r655p2s3s6p633q7068705s636s64655s6n6326743q313735373835323937382q3432646261653465636135646437336331643038666532303537333166656637222p2232223n223231373437653765346636383135333730316436643235653234353630626162222p2233223n226231616666386161376538363561333763653066363134633539323434666263222p226175746s5s66696p655s6r616q65223n6r756p6p2p226175746s5s70617373223n6r756p6p2p2262696r675s70617373223n2231382q33392q35352q36322q37372q39302q3239227q HTTP/1.1" 503 92606 "-" "-" 300531 **300/300531075**
66.249.64.6 - - [14/Sep/2025:05:34:38 -0700] "GET /?m=106881629930&filter=4f6451&share_to_url=product-page.php?shop/order/make_estimate.aspx HTTP/1.1" 200 22521 "-" "Mozilla/5.0 (Linux; Android 6.0.1; Nexus 5X Build/MMB29P) AppleWebKit/537.36 (KHTML, like Gecko) Chrome/140.0.7339.127 Mobile Safari/537.36 (compatible; Googlebot/2.1; +http://www.google.com/bot.html)" 307 **0/307897**
66.249.70.34 - - [14/Sep/2025:05:34:38 -0700] "GET /market3056173?kg=0003052030 HTTP/1.1" 200 22231 "-" "Mozilla/5.0 (Linux; Android 6.0.1; Nexus 5X Build/MMB29P) AppleWebKit/537.36 (KHTML, like Gecko) Chrome/140.0.7339.127 Mobile Safari/537.36 (compatible; Googlebot/2.1; +http://www.google.com/bot.html)" 277 **0/277251**
66.249.64.7 - - [14/Sep/2025:05:34:39 -0700] "GET /?m=90283058930&filter=217709&share_to_url=detail.php?jukyuban/ HTTP/1.1" 200 22618 "-" "Mozilla/5.0 (Linux; Android 6.0.1; Nexus 5X Build/MMB29P) AppleWebKit/537.36 (KHTML, like Gecko) Chrome/140.0.7339.127 Mobile Safari/537.36 (compatible; Googlebot/2.1; +http://www.google.com/bot.html)" 391 **0/391804**
66.249.64.2 - - [14/Sep/2025:05:34:39 -0700] "GET /?m=104010386930&filter=392673&share_to_url=shop.php?shop/pg/1AgreementInfo/ HTTP/1.1" 200 22812 "-" "Mozilla/5.0 (Linux; Android 6.0.1; Nexus 5X Build/MMB29P) AppleWebKit/537.36 (KHTML, like Gecko) Chrome/140.0.7339.127 Mobile Safari/537.36 (compatible; Googlebot/2.1; +http://www.google.com/bot.html)" 308 **0/308332**
66.249.64.6 - - [14/Sep/2025:05:34:39 -0700] "GET /?m=115802715930&filter=92f1eb&share_to_url=goods.php?shop/e/e009001044001/ HTTP/1.1" 200 21867 "-" "Mozilla/5.0 (Linux; Android 6.0.1; Nexus 5X Build/MMB29P) AppleWebKit/537.36 (KHTML, like Gecko) Chrome/140.0.7339.127 Mobile Safari/537.36 (compatible; Googlebot/2.1; +http://www.google.com/bot.html)" 314 **0/314452**
66.249.70.35 - - [14/Sep/2025:05:34:39 -0700] "GET /market3151426?kg=0003147134 HTTP/1.1" 200 22920 "-" "Mozilla/5.0 (Linux; Android 6.0.1; Nexus 5X Build/MMB29P) AppleWebKit/537.36 (KHTML, like Gecko) Chrome/140.0.7339.127 Mobile Safari/537.36 (compatible; Googlebot/2.1; +http://www.google.com/bot.html)" 278 **0/278281**
66.249.64.1 - - [14/Sep/2025:05:34:39 -0700] "GET /?m=104010386930&filter=392673&share_to_url=shop.php?shop/pg/1howto/ HTTP/1.1" 200 22820 "-" "Mozilla/5.0 (Linux; Android 6.0.1; Nexus 5X Build/MMB29P) AppleWebKit/537.36 (KHTML, like Gecko) Chrome/140.0.7339.127 Mobile Safari/537.36 (compatible; Googlebot/2.1; +http://www.google.com/bot.html)" 298 **0/298410**
216.73.216.183 - - [14/Sep/2025:05:34:39 -0700] "GET /market1854563346?fileloc=%2Fhome%2Fvgijpbeijziw%2Fpublic_html%2Fwp-admin%2Fincludes%2Ffile.php&path=%2Fhome%2Fvgijpbeijziw%2Fpublic_html%2Fwp-admin%2Fincludes HTTP/2.0" 200 26309 "-" "Mozilla/5.0 AppleWebKit/537.36 (KHTML, like Gecko; compatible; ClaudeBot/1.0; +claudebot@anthropic.com)" 576 **0/576579**
66.249.64.2 - - [14/Sep/2025:05:34:40 -0700] "GET /?m=104010386930&filter=392673&share_to_url=shop.php?information/privacy_policy.html HTTP/1.1" 200 25919 "-" "Mozilla/5.0 (Linux; Android 6.0.1; Nexus 5X Build/MMB29P) AppleWebKit/537.36 (KHTML, like Gecko) Chrome/140.0.7339.127 Mobile Safari/537.36 (compatible; Googlebot/2.1; +http://www.google.com/bot.html)" 379 **0/379446**
66.249.64.8 - - [14/Sep/2025:05:34:40 -0700] "GET /?m=104010386930&filter=392673&share_to_url=shop.php?shop/pg/1005024164 HTTP/1.1" 200 23237 "-" "Mozilla/5.0 (Linux; Android 6.0.1; Nexus 5X Build/MMB29P) AppleWebKit/537.36 (KHTML, like Gecko) Chrome/140.0.7339.127 Mobile Safari/537.36 (compatible; Googlebot/2.1; +http://www.google.com/bot.html)" 412 **0/412769**
66.249.70.39 - - [14/Sep/2025:05:34:40 -0700] "GET /market367402611?kg=0366828286 HTTP/1.1" 200 23659 "-" "Mozilla/5.0 (Linux; Android 6.0.1; Nexus 5X Build/MMB29P) AppleWebKit/537.36 (KHTML, like Gecko) Chrome/140.0.7339.127 Mobile Safari/537.36 (compatible; Googlebot/2.1; +http://www.google.com/bot.html)" 308 **0/308872**
66.249.64.1 - - [14/Sep/2025:05:34:40 -0700] "GET /?m=90283058930&filter=217709&share_to_url=detail.php?shop/order/make_estimate.aspx HTTP/1.1" 200 22515 "-" "Mozilla/5.0 (Linux; Android 6.0.1; Nexus 5X Build/MMB29P) AppleWebKit/537.36 (KHTML, like Gecko) Chrome/140.0.7339.127 Mobile Safari/537.36 (compatible; Googlebot/2.1; +http://www.google.com/bot.html)" 344 **0/344411**
66.249.70.34 - - [14/Sep/2025:05:34:40 -0700] "GET /market3050662?kg=0003046526 HTTP/1.1" 200 22123 "-" "Mozilla/5.0 (Linux; Android 6.0.1; Nexus 5X Build/MMB29P) AppleWebKit/537.36 (KHTML, like Gecko) Chrome/140.0.7339.127 Mobile Safari/537.36 (compatible; Googlebot/2.1; +http://www.google.com/bot.html)" 292 **0/292803**
136.243.228.194 - - [14/Sep/2025:05:34:40 -0700] "GET /market94542193?fileloc=/home/vgijpbeijziw/public_html/wp-signup.php&path=/home/vgijpbeijziw/public_html HTTP/1.1" 200 10250 "-" "Mozilla/5.0 (compatible; DataForSeoBot/1.0; +https://dataforseo.com/dataforseo-bot)" 459 **0/459367**
66.249.64.3 - - [14/Sep/2025:05:34:40 -0700] "GET /?m=104010386930&filter=392673&share_to_url=shop.php?shop/customer/entry.aspx HTTP/1.1" 200 22749 "-" "Mozilla/5.0 (Linux; Android 6.0.1; Nexus 5X Build/MMB29P) AppleWebKit/537.36 (KHTML, like Gecko) Chrome/140.0.7339.127 Mobile Safari/537.36 (compatible; Googlebot/2.1; +http://www.google.com/bot.html)" 317 **0/317603**
66.249.64.8 - - [14/Sep/2025:05:34:41 -0700] "GET /?m=104010386930&filter=392673&share_to_url=shop.php?shop/pg/1005024010/ HTTP/1.1" 200 22788 "-" "Mozilla/5.0 (Linux; Android 6.0.1; Nexus 5X Build/MMB29P) AppleWebKit/537.36 (KHTML, like Gecko) Chrome/140.0.7339.127 Mobile Safari/537.36 (compatible; Googlebot/2.1; +http://www.google.com/bot.html)" 292 **0/292008**
66.249.64.4 - - [14/Sep/2025:05:34:41 -0700] "GET /?m=104010386930&filter=392673&share_to_url=shop.php?shop/order/make_estimate.aspx HTTP/1.1" 200 23243 "-" "Mozilla/5.0 (Linux; Android 6.0.1; Nexus 5X Build/MMB29P) AppleWebKit/537.36 (KHTML, like Gecko) Chrome/140.0.7339.127 Mobile Safari/537.36 (compatible; Googlebot/2.1; +http://www.google.com/bot.html)" 354 **0/354454**
66.249.64.3 - - [14/Sep/2025:05:34:41 -0700] "GET /?m=110923674930&filter=5a203a&share_to_url=article.php?shop/pg/1sancyoku/ HTTP/1.1" 200 22132 "-" "Mozilla/5.0 (Linux; Android 6.0.1; Nexus 5X Build/MMB29P) AppleWebKit/537.36 (KHTML, like Gecko) Chrome/140.0.7339.127 Mobile Safari/537.36 (compatible; Googlebot/2.1; +http://www.google.com/bot.html)" 393 **0/393317**
66.249.64.9 - - [14/Sep/2025:05:34:41 -0700] "GET /?m=103495209930&filter=0f0f79&share_to_url=goods.php?shop/pg/1005024164 HTTP/1.1" 200 23243 "-" "Mozilla/5.0 (Linux; Android 6.0.1; Nexus 5X Build/MMB29P) AppleWebKit/537.36 (KHTML, like Gecko) Chrome/140.0.7339.127 Mobile Safari/537.36 (compatible; Googlebot/2.1; +http://www.google.com/bot.html)" 313 **0/313425**
66.249.70.36 - - [14/Sep/2025:05:34:41 -0700] "GET /market19215990?kg=0019186558 HTTP/1.1" 200 22297 "-" "Mozilla/5.0 (Linux; Android 6.0.1; Nexus 5X Build/MMB29P) AppleWebKit/537.36 (KHTML, like Gecko) Chrome/140.0.7339.127 Mobile Safari/537.36 (compatible; Googlebot/2.1; +http://www.google.com/bot.html)" 285 **0/285918**
66.249.64.9 - - [14/Sep/2025:05:34:42 -0700] "GET /?m=104010386930&filter=392673&share_to_url=shop.php?jukyuban/ HTTP/1.1" 200 21948 "-" "Mozilla/5.0 (Linux; Android 6.0.1; Nexus 5X Build/MMB29P) AppleWebKit/537.36 (KHTML, like Gecko) Chrome/140.0.7339.127 Mobile Safari/537.36 (compatible; Googlebot/2.1; +http://www.google.com/bot.html)" 418 **0/418040**
66.249.64.5 - - [14/Sep/2025:05:34:42 -0700] "GET /?m=107482040930&filter=ef0611&share_to_url=discover.php?shop/e/e009001044001/ HTTP/1.1" 200 22539 "-" "Mozilla/5.0 (Linux; Android 6.0.1; Nexus 5X Build/MMB29P) AppleWebKit/537.36 (KHTML, like Gecko) Chrome/140.0.7339.127 Mobile Safari/537.36 (compatible; Googlebot/2.1; +http://www.google.com/bot.html)" 386 **0/386531**
66.249.64.6 - - [14/Sep/2025:05:34:42 -0700] "GET /?m=104010386930&filter=392673&share_to_url=shop.php?reserve/tool/ HTTP/1.1" 200 22677 "-" "Mozilla/5.0 (Linux; Android 6.0.1; Nexus 5X Build/MMB29P) AppleWebKit/537.36 (KHTML, like Gecko) Chrome/140.0.7339.127 Mobile Safari/537.36 (compatible; Googlebot/2.1; +http://www.google.com/bot.html)" 319 **0/319055**
66.249.64.5 - - [14/Sep/2025:05:34:42 -0700] "GET /?m=98983989930&filter=637495&share_to_url=pin.php?shop/storeSearch/CriteriaInput.aspx HTTP/1.1" 200 23021 "-" "Mozilla/5.0 (Linux; Android 6.0.1; Nexus 5X Build/MMB29P) AppleWebKit/537.36 (KHTML, like Gecko) Chrome/140.0.7339.127 Mobile Safari/537.36 (compatible; Googlebot/2.1; +http://www.google.com/bot.html)" 289 **0/289497**
66.249.70.34 - - [14/Sep/2025:05:34:42 -0700] "GET /market1890772842?kg=1887814526 HTTP/1.1" 200 23150 "-" "Mozilla/5.0 (Linux; Android 6.0.1; Nexus 5X Build/MMB29P) AppleWebKit/537.36 (KHTML, like Gecko) Chrome/140.0.7339.127 Mobile Safari/537.36 (compatible; Googlebot/2.1; +http://www.google.com/bot.html)" 326 **0/326353**
216.73.216.183 - - [14/Sep/2025:05:34:42 -0700] "GET /market1854563346?fileloc=%2Fhome%2Fvgijpbeijziw%2Fpublic_html%2Fwp-includes%2Fblocks%2Fimage%2Fview.js&path=%2Fhome%2Fvgijpbeijziw%2Fpublic_html%2Fwp-includes%2Fblocks%2Fimage HTTP/2.0" 200 6954 "-" "Mozilla/5.0 AppleWebKit/537.36 (KHTML, like Gecko; compatible; ClaudeBot/1.0; +claudebot@anthropic.com)" 437 **0/437580**
66.249.70.34 - - [14/Sep/2025:05:34:43 -0700] "GET /market337453536?kg=0336926078 HTTP/1.1" 200 21763 "-" "Mozilla/5.0 (Linux; Android 6.0.1; Nexus 5X Build/MMB29P) AppleWebKit/537.36 (KHTML, like Gecko) Chrome/140.0.7339.127 Mobile Safari/537.36 (compatible; Googlebot/2.1; +http://www.google.com/bot.html)" 295 **0/295140**
66.249.64.8 - - [14/Sep/2025:05:34:43 -0700] "GET /?m=97888736930&filter=77d8e2&share_to_url=model.php?reserve/tool/ HTTP/1.1" 200 22676 "-" "Mozilla/5.0 (Linux; Android 6.0.1; Nexus 5X Build/MMB29P) AppleWebKit/537.36 (KHTML, like Gecko) Chrome/140.0.7339.127 Mobile Safari/537.36 (compatible; Googlebot/2.1; +http://www.google.com/bot.html)" 297 **0/297770**
66.249.64.6 - - [14/Sep/2025:05:34:43 -0700] "GET /?market69453329?kg=0069345278 HTTP/1.1" 200 23151 "-" "Mozilla/5.0 (Linux; Android 6.0.1; Nexus 5X Build/MMB29P) AppleWebKit/537.36 (KHTML, like Gecko) Chrome/140.0.7339.127 Mobile Safari/537.36 (compatible; Googlebot/2.1; +http://www.google.com/bot.html)" 275 **0/275297**
66.249.64.9 - - [14/Sep/2025:05:34:43 -0700] "GET /?m=104010386930&filter=392673&share_to_url=shop.php?shop/cart/cart.aspx HTTP/1.1" 200 22237 "-" "Mozilla/5.0 (Linux; Android 6.0.1; Nexus 5X Build/MMB29P) AppleWebKit/537.36 (KHTML, like Gecko) Chrome/140.0.7339.127 Mobile Safari/537.36 (compatible; Googlebot/2.1; +http://www.google.com/bot.html)" 301 **0/301338**
66.249.64.1 - - [14/Sep/2025:05:34:43 -0700] "GET /?m=98983989930&filter=637495&share_to_url=pin.php?shop/category/categorylist.aspx HTTP/1.1" 200 22767 "-" "Mozilla/5.0 (Linux; Android 6.0.1; Nexus 5X Build/MMB29P) AppleWebKit/537.36 (KHTML, like Gecko) Chrome/140.0.7339.127 Mobile Safari/537.36 (compatible; Googlebot/2.1; +http://www.google.com/bot.html)" 268 **0/268130**
66.249.64.8 - - [14/Sep/2025:05:34:43 -0700] "GET /?m=99429779930&filter=3b7928&share_to_url=goods.php?reserve/tool HTTP/1.1" 200 22675 "-" "Mozilla/5.0 (Linux; Android 6.0.1; Nexus 5X Build/MMB29P) AppleWebKit/537.36 (KHTML, like Gecko) Chrome/140.0.7339.127 Mobile Safari/537.36 (compatible; Googlebot/2.1; +http://www.google.com/bot.html)" 371 **0/371921**
66.249.64.9 - - [14/Sep/2025:05:34:44 -0700] "GET /?m=97888736930&filter=77d8e2&share_to_url=model.php?shop/pg/1SiteUse/ HTTP/1.1" 200 22816 "-" "Mozilla/5.0 (Linux; Android 6.0.1; Nexus 5X Build/MMB29P) AppleWebKit/537.36 (KHTML, like Gecko) Chrome/140.0.7339.127 Mobile Safari/537.36 (compatible; Googlebot/2.1; +http://www.google.com/bot.html)" 325 **0/325238**
66.249.70.34 - - [14/Sep/2025:05:34:44 -0700] "GET /market13162100?kg=0013142142 HTTP/1.1" 200 23197 "-" "Mozilla/5.0 (Linux; Android 6.0.1; Nexus 5X Build/MMB29P) AppleWebKit/537.36 (KHTML, like Gecko) Chrome/140.0.7339.127 Mobile Safari/537.36 (compatible; Googlebot/2.1; +http://www.google.com/bot.html)" 306 **0/306845**
66.249.70.35 - - [14/Sep/2025:05:34:44 -0700] "GET /market1888791245?kg=1885836030 HTTP/1.1" 200 21864 "-" "Mozilla/5.0 (Linux; Android 6.0.1; Nexus 5X Build/MMB29P) AppleWebKit/537.36 (KHTML, like Gecko) Chrome/140.0.7339.127 Mobile Safari/537.36 (compatible; Googlebot/2.1; +http://www.google.com/bot.html)" 285 **0/285597**
66.249.64.5 - - [14/Sep/2025:05:34:44 -0700] "GET /?m=109824194930&filter=9dbc15&share_to_url=model.php?contents/reform/ HTTP/1.1" 200 22641 "-" "Mozilla/5.0 (Linux; Android 6.0.1; Nexus 5X Build/MMB29P) AppleWebKit/537.36 (KHTML, like Gecko) Chrome/140.0.7339.127 Mobile Safari/537.36 (compatible; Googlebot/2.1; +http://www.google.com/bot.html)" 332 **0/332071**
66.249.64.9 - - [14/Sep/2025:05:34:44 -0700] "GET /?m=102861075930&filter=458d78&share_to_url=shop.php?shop/storeSearch/CriteriaInput.aspx HTTP/1.1" 200 23027 "-" "Mozilla/5.0 (Linux; Android 6.0.1; Nexus 5X Build/MMB29P) AppleWebKit/537.36 (KHTML, like Gecko) Chrome/140.0.7339.127 Mobile Safari/537.36 (compatible; Googlebot/2.1; +http://www.google.com/bot.html)" 357 **0/357024**
66.249.64.7 - - [14/Sep/2025:05:34:44 -0700] "GET /?m=98983989930&filter=637495&share_to_url=pin.php?information/privacy_policy.html HTTP/1.1" 200 25923 "-" "Mozilla/5.0 (Linux; Android 6.0.1; Nexus 5X Build/MMB29P) AppleWebKit/537.36 (KHTML, like Gecko) Chrome/140.0.7339.127 Mobile Safari/537.36 (compatible; Googlebot/2.1; +http://www.google.com/bot.html)" 298 **0/298445**
66.249.64.9 - - [14/Sep/2025:05:34:44 -0700] "GET /?m=112123201930&filter=fbf241&share_to_url=article.php?toyu/top/CSfTop.jsp HTTP/1.1" 200 22523 "-" "Mozilla/5.0 (Linux; Android 6.0.1; Nexus 5X Build/MMB29P) AppleWebKit/537.36 (KHTML, like Gecko) Chrome/140.0.7339.127 Mobile Safari/537.36 (compatible; Googlebot/2.1; +http://www.google.com/bot.html)" 291 **0/291277**
66.249.64.10 - - [14/Sep/2025:05:34:44 -0700] "GET /?m=104010386930&filter=392673&share_to_url=shop.php?contents/renga/ HTTP/1.1" 200 22069 "-" "Mozilla/5.0 (Linux; Android 6.0.1; Nexus 5X Build/MMB29P) AppleWebKit/537.36 (KHTML, like Gecko) Chrome/140.0.7339.127 Mobile Safari/537.36 (compatible; Googlebot/2.1; +http://www.google.com/bot.html)" 278 **0/278927**
66.249.70.36 - - [14/Sep/2025:05:34:45 -0700] "GET /market21993072?kg=0021959294 HTTP/1.1" 200 23083 "-" "Mozilla/5.0 (Linux; Android 6.0.1; Nexus 5X Build/MMB29P) AppleWebKit/537.36 (KHTML, like Gecko) Chrome/140.0.7339.127 Mobile Safari/537.36 (compatible; Googlebot/2.1; +http://www.google.com/bot.html)" 360 **0/360047**
136.243.228.194 - - [14/Sep/2025:05:34:45 -0700] "GET /market94542193?fileloc=/home/vgijpbeijziw/public_html/readme.html&path=/home/vgijpbeijziw/public_html HTTP/1.1" 200 5150 "-" "Mozilla/5.0 (compatible; DataForSeoBot/1.0; +https://dataforseo.com/dataforseo-bot)" 432 **0/432367**
66.249.64.5 - - [14/Sep/2025:05:34:45 -0700] "GET /?m=94323588930&filter=c4771d&share_to_url=shopdetail.php?shop/customer/bookmark_guest.aspx HTTP/1.1" 200 22377 "-" "Mozilla/5.0 (Linux; Android 6.0.1; Nexus 5X Build/MMB29P) AppleWebKit/537.36 (KHTML, like Gecko) Chrome/140.0.7339.127 Mobile Safari/537.36 (compatible; Googlebot/2.1; +http://www.google.com/bot.html)" 356 **0/356967**
66.249.64.3 - - [14/Sep/2025:05:34:45 -0700] "GET /?m=97888736930&filter=77d8e2&share_to_url=model.php?shop/pg/1AgreementInfo/ HTTP/1.1" 200 22809 "-" "Mozilla/5.0 (Linux; Android 6.0.1; Nexus 5X Build/MMB29P) AppleWebKit/537.36 (KHTML, like Gecko) Chrome/140.0.7339.127 Mobile Safari/537.36 (compatible; Googlebot/2.1; +http://www.google.com/bot.html)" 686 **0/686090**
66.249.64.8 - - [14/Sep/2025:05:34:45 -0700] "GET /?m=112123201930&filter=fbf241&share_to_url=article.php?contents/reform/ HTTP/1.1" 200 22648 "-" "Mozilla/5.0 (Linux; Android 6.0.1; Nexus 5X Build/MMB29P) AppleWebKit/537.36 (KHTML, like Gecko) Chrome/140.0.7339.127 Mobile Safari/537.36 (compatible; Googlebot/2.1; +http://www.google.com/bot.html)" 632 **0/632679**
66.249.64.11 - - [14/Sep/2025:05:34:45 -0700] "GET /?m=104010386930&filter=392673&share_to_url=shop.php?shop/category/categorylist.aspx HTTP/1.1" 200 22140 "-" "Mozilla/5.0 (Linux; Android 6.0.1; Nexus 5X Build/MMB29P) AppleWebKit/537.36 (KHTML, like Gecko) Chrome/140.0.7339.127 Mobile Safari/537.36 (compatible; Googlebot/2.1; +http://www.google.com/bot.html)" 540 **0/540801**
66.249.64.7 - - [14/Sep/2025:05:34:46 -0700] "GET /?m=97888736930&filter=77d8e2&share_to_url=model.php?hg/ HTTP/1.1" 200 22693 "-" "Mozilla/5.0 (Linux; Android 6.0.1; Nexus 5X Build/MMB29P) AppleWebKit/537.36 (KHTML, like Gecko) Chrome/140.0.7339.127 Mobile Safari/537.36 (compatible; Googlebot/2.1; +http://www.google.com/bot.html)" 308 **0/308213**
66.249.70.36 - - [14/Sep/2025:05:34:46 -0700] "GET /market1871920557?kg=1868991742 HTTP/1.1" 200 22679 "-" "Mozilla/5.0 (Linux; Android 6.0.1; Nexus 5X Build/MMB29P) AppleWebKit/537.36 (KHTML, like Gecko) Chrome/140.0.7339.127 Mobile Safari/537.36 (compatible; Googlebot/2.1; +http://www.google.com/bot.html)" 330 **0/330098**
216.73.216.183 - - [14/Sep/2025:05:34:45 -0700] "GET /market1854563346?fileloc=%2Fhome%2Fvgijpbeijziw%2Fpublic_html%2Fwp-admin%2Fincludes%2Ftheme.php&path=%2Fhome%2Fvgijpbeijziw%2Fpublic_html%2Fwp-admin%2Fincludes HTTP/2.0" 200 13560 "-" "Mozilla/5.0 AppleWebKit/537.36 (KHTML, like Gecko; compatible; ClaudeBot/1.0; +claudebot@anthropic.com)" 1069 **1/1069950**
66.249.64.4 - - [14/Sep/2025:05:34:46 -0700] "GET /?m=110446751930&filter=94ce45&share_to_url=ideas.php?shop/customer/bookmark.aspx HTTP/1.1" 200 21933 "-" "Mozilla/5.0 (Linux; Android 6.0.1; Nexus 5X Build/MMB29P) AppleWebKit/537.36 (KHTML, like Gecko) Chrome/140.0.7339.127 Mobile Safari/537.36 (compatible; Googlebot/2.1; +http://www.google.com/bot.html)" 299 **0/299695**
66.249.64.8 - - [14/Sep/2025:05:34:46 -0700] "GET /?m=104010386930&filter=392673&share_to_url=shop.php?toyu/top/CKmSpSfTop.jsp HTTP/1.1" 200 23073 "-" "Mozilla/5.0 (Linux; Android 6.0.1; Nexus 5X Build/MMB29P) AppleWebKit/537.36 (KHTML, like Gecko) Chrome/140.0.7339.127 Mobile Safari/537.36 (compatible; Googlebot/2.1; +http://www.google.com/bot.html)" 308 **0/308597**
66.249.64.6 - - [14/Sep/2025:05:34:47 -0700] "GET /?m=110446751930&filter=94ce45&share_to_url=ideas.php?shop/order/make_estimate.aspx HTTP/1.1" 200 22520 "-" "Mozilla/5.0 (Linux; Android 6.0.1; Nexus 5X Build/MMB29P) AppleWebKit/537.36 (KHTML, like Gecko) Chrome/140.0.7339.127 Mobile Safari/537.36 (compatible; Googlebot/2.1; +http://www.google.com/bot.html)" 292 **0/292825**
66.249.70.34 - - [14/Sep/2025:05:34:47 -0700] "GET /market1890736946?kg=1887778686 HTTP/1.1" 200 22880 "-" "Mozilla/5.0 (Linux; Android 6.0.1; Nexus 5X Build/MMB29P) AppleWebKit/537.36 (KHTML, like Gecko) Chrome/140.0.7339.127 Mobile Safari/537.36 (compatible; Googlebot/2.1; +http://www.google.com/bot.html)" 283 **0/283237**
66.249.64.1 - - [14/Sep/2025:05:34:47 -0700] "GET /?m=117615410930&filter=f03197&share_to_url=model.php?reserve/tool/ HTTP/1.1" 200 22672 "-" "Mozilla/5.0 (Linux; Android 6.0.1; Nexus 5X Build/MMB29P) AppleWebKit/537.36 (KHTML, like Gecko) Chrome/140.0.7339.127 Mobile Safari/537.36 (compatible; Googlebot/2.1; +http://www.google.com/bot.html)" 321 **0/321042**
66.249.70.39 - - [14/Sep/2025:05:34:47 -0700] "GET /market19665335?kg=0019635198 HTTP/1.1" 200 22637 "-" "Mozilla/5.0 (Linux; Android 6.0.1; Nexus 5X Build/MMB29P) AppleWebKit/537.36 (KHTML, like Gecko) Chrome/140.0.7339.127 Mobile Safari/537.36 (compatible; Googlebot/2.1; +http://www.google.com/bot.html)" 312 **0/312748**
66.249.64.1 - - [14/Sep/2025:05:34:48 -0700] "GET /?m=110923674930&filter=5a203a&share_to_url=article.php?shop/pg/1005024164 HTTP/1.1" 200 23243 "-" "Mozilla/5.0 (Linux; Android 6.0.1; Nexus 5X Build/MMB29P) AppleWebKit/537.36 (KHTML, like Gecko) Chrome/140.0.7339.127 Mobile Safari/537.36 (compatible; Googlebot/2.1; +http://www.google.com/bot.html)" 309 **0/309909**
66.249.64.1 - - [14/Sep/2025:05:34:48 -0700] "GET /?m=112794890930&filter=5b9871&share_to_url=detail.php?shop/pg/1005024240/ HTTP/1.1" 200 22072 "-" "Mozilla/5.0 (Linux; Android 6.0.1; Nexus 5X Build/MMB29P) AppleWebKit/537.36 (KHTML, like Gecko) Chrome/140.0.7339.127 Mobile Safari/537.36 (compatible; Googlebot/2.1; +http://www.google.com/bot.html)" 276 **0/276489**
66.249.64.6 - - [14/Sep/2025:05:34:48 -0700] "GET /?m=117615410930&filter=f03197&share_to_url=model.php?shop/pg/1SiteUse HTTP/1.1" 200 22818 "-" "Mozilla/5.0 (Linux; Android 6.0.1; Nexus 5X Build/MMB29P) AppleWebKit/537.36 (KHTML, like Gecko) Chrome/140.0.7339.127 Mobile Safari/537.36 (compatible; Googlebot/2.1; +http://www.google.com/bot.html)" 307 **0/307207**
66.249.70.35 - - [14/Sep/2025:05:34:48 -0700] "GET /market1889890822?kg=1886933886 HTTP/1.1" 200 22743 "-" "Mozilla/5.0 (Linux; Android 6.0.1; Nexus 5X Build/MMB29P) AppleWebKit/537.36 (KHTML, like Gecko) Chrome/140.0.7339.127 Mobile Safari/537.36 (compatible; Googlebot/2.1; +http://www.google.com/bot.html)" 267 **0/267803**
66.249.64.5 - - [14/Sep/2025:05:34:48 -0700] "GET /?m=47218559930&filter=3b7928&share_to_url=product.php?reserve/tool HTTP/1.1" 200 22677 "-" "Mozilla/5.0 (Linux; Android 6.0.1; Nexus 5X Build/MMB29P) AppleWebKit/537.36 (KHTML, like Gecko) Chrome/140.0.7339.127 Mobile Safari/537.36 (compatible; Googlebot/2.1; +http://www.google.com/bot.html)" 300 **0/300045**
216.73.216.183 - - [14/Sep/2025:05:34:48 -0700] "GET /market1854563346?fileloc=%2Fhome%2Fvgijpbeijziw%2Fpublic_html%2Fwp-admin%2Fincludes%2Fclass-theme-upgrader-skin.php&path=%2Fhome%2Fvgijpbeijziw%2Fpublic_html%2Fwp-admin%2Fincludes HTTP/2.0" 200 3579 "-" "Mozilla/5.0 AppleWebKit/537.36 (KHTML, like Gecko; compatible; ClaudeBot/1.0; +claudebot@anthropic.com)" 563 **0/563032**
66.249.64.9 - - [14/Sep/2025:05:34:49 -0700] "GET /?m=108303370930&filter=f2bc99&share_to_url=product.php?reserve/tool/ HTTP/1.1" 200 22677 "-" "Mozilla/5.0 (Linux; Android 6.0.1; Nexus 5X Build/MMB29P) AppleWebKit/537.36 (KHTML, like Gecko) Chrome/140.0.7339.127 Mobile Safari/537.36 (compatible; Googlebot/2.1; +http://www.google.com/bot.html)" 300 **0/300385**
66.249.64.5 - - [14/Sep/2025:05:34:49 -0700] "GET /?m=117374712930&filter=85e71b&share_to_url=article.php?shop/cart/cart.aspx HTTP/1.1" 200 22268 "-" "Mozilla/5.0 (Linux; Android 6.0.1; Nexus 5X Build/MMB29P) AppleWebKit/537.36 (KHTML, like Gecko) Chrome/140.0.7339.127 Mobile Safari/537.36 (compatible; Googlebot/2.1; +http://www.google.com/bot.html)" 336 **0/336918**
136.243.228.194 - - [14/Sep/2025:05:34:48 -0700] "GET /market94542193?fileloc=/home/vgijpbeijziw/public_html/deleteme.wp38a165e166204a30be44e69ce81ff7ec.php&path=/home/vgijpbeijziw/public_html HTTP/1.1" 200 6075 "-" "Mozilla/5.0 (compatible; DataForSeoBot/1.0; +https://dataforseo.com/dataforseo-bot)" 616 **0/616265**
66.249.64.13 - - [14/Sep/2025:05:34:49 -0700] "GET /?m=117615410930&filter=f03197&share_to_url=model.php?shop/pg/1005022001/ HTTP/1.1" 200 22476 "-" "Mozilla/5.0 (Linux; Android 6.0.1; Nexus 5X Build/MMB29P) AppleWebKit/537.36 (KHTML, like Gecko) Chrome/140.0.7339.127 Mobile Safari/537.36 (compatible; Googlebot/2.1; +http://www.google.com/bot.html)" 337 **0/337724**
66.249.64.4 - - [14/Sep/2025:05:34:49 -0700] "GET /?m=101313040930&filter=c30a2b&share_to_url=shop.php?shop/pg/1SiteUse/ HTTP/1.1" 200 22825 "-" "Mozilla/5.0 (Linux; Android 6.0.1; Nexus 5X Build/MMB29P) AppleWebKit/537.36 (KHTML, like Gecko) Chrome/140.0.7339.127 Mobile Safari/537.36 (compatible; Googlebot/2.1; +http://www.google.com/bot.html)" 388 **0/388221**
66.249.64.8 - - [14/Sep/2025:05:34:49 -0700] "GET /?m=103495209930&filter=0f0f79&share_to_url=goods.php?%3Fid%3D3503824%26name%3Davio+von+lana+grossa+wolle HTTP/1.1" 200 22874 "-" "Mozilla/5.0 (Linux; Android 6.0.1; Nexus 5X Build/MMB29P) AppleWebKit/537.36 (KHTML, like Gecko) Chrome/140.0.7339.127 Mobile Safari/537.36 (compatible; Googlebot/2.1; +http://www.google.com/bot.html)" 355 **0/355965**
66.249.70.34 - - [14/Sep/2025:05:34:49 -0700] "GET /market1889858645?kg=1886901758 HTTP/1.1" 200 22036 "-" "Mozilla/5.0 (Linux; Android 6.0.1; Nexus 5X Build/MMB29P) AppleWebKit/537.36 (KHTML, like Gecko) Chrome/140.0.7339.127 Mobile Safari/537.36 (compatible; Googlebot/2.1; +http://www.google.com/bot.html)" 291 **0/291716**
66.249.64.3 - - [14/Sep/2025:05:34:49 -0700] "GET /?m=117615410930&filter=f03197&share_to_url=model.php?shop/pg/1005024240/ HTTP/1.1" 200 22073 "-" "Mozilla/5.0 (Linux; Android 6.0.1; Nexus 5X Build/MMB29P) AppleWebKit/537.36 (KHTML, like Gecko) Chrome/140.0.7339.127 Mobile Safari/537.36 (compatible; Googlebot/2.1; +http://www.google.com/bot.html)" 334 **0/334146**
66.249.64.13 - - [14/Sep/2025:05:34:50 -0700] "GET /?m=94722766930&filter=cb107e&share_to_url=ideas.php?shop/customer/entry.aspx HTTP/1.1" 200 22749 "-" "Mozilla/5.0 (Linux; Android 6.0.1; Nexus 5X Build/MMB29P) AppleWebKit/537.36 (KHTML, like Gecko) Chrome/140.0.7339.127 Mobile Safari/537.36 (compatible; Googlebot/2.1; +http://www.google.com/bot.html)" 338 **0/338335**
66.249.64.1 - - [14/Sep/2025:05:34:50 -0700] "GET /?m=112794890930&filter=5b9871&share_to_url=detail.php?contents/event/kansyasai/ HTTP/1.1" 200 22371 "-" "Mozilla/5.0 (Linux; Android 6.0.1; Nexus 5X Build/MMB29P) AppleWebKit/537.36 (KHTML, like Gecko) Chrome/140.0.7339.127 Mobile Safari/537.36 (compatible; Googlebot/2.1; +http://www.google.com/bot.html)" 316 **0/316156**
66.249.64.13 - - [14/Sep/2025:05:34:50 -0700] "GET /?m=117615410930&filter=f03197&share_to_url=model.php?toyu/top/CSfTop.jsp HTTP/1.1" 200 23289 "-" "Mozilla/5.0 (Linux; Android 6.0.1; Nexus 5X Build/MMB29P) AppleWebKit/537.36 (KHTML, like Gecko) Chrome/140.0.7339.127 Mobile Safari/537.36 (compatible; Googlebot/2.1; +http://www.google.com/bot.html)" 322 **0/322191**
66.249.64.8 - - [14/Sep/2025:05:34:50 -0700] "GET /?m=96752778930&filter=49b1f8&share_to_url=shopdetail.php?shop/customer/bookmark.aspx HTTP/1.1" 200 22629 "-" "Mozilla/5.0 (Linux; Android 6.0.1; Nexus 5X Build/MMB29P) AppleWebKit/537.36 (KHTML, like Gecko) Chrome/140.0.7339.127 Mobile Safari/537.36 (compatible; Googlebot/2.1; +http://www.google.com/bot.html)" 331 **0/331295**
66.249.70.35 - - [14/Sep/2025:05:34:50 -0700] "GET /market1889689933?kg=1886733310 HTTP/1.1" 200 23953 "-" "Mozilla/5.0 (Linux; Android 6.0.1; Nexus 5X Build/MMB29P) AppleWebKit/537.36 (KHTML, like Gecko) Chrome/140.0.7339.127 Mobile Safari/537.36 (compatible; Googlebot/2.1; +http://www.google.com/bot.html)" 266 **0/266764**
66.249.64.1 - - [14/Sep/2025:05:34:50 -0700] "GET /?m=89486333930&filter=51cda5&share_to_url=pin.php?jukyuban HTTP/1.1" 200 21936 "-" "Mozilla/5.0 (Linux; Android 6.0.1; Nexus 5X Build/MMB29P) AppleWebKit/537.36 (KHTML, like Gecko) Chrome/140.0.7339.127 Mobile Safari/537.36 (compatible; Googlebot/2.1; +http://www.google.com/bot.html)" 265 **0/265173**
66.249.64.12 - - [14/Sep/2025:05:34:51 -0700] "GET /?m=112794890930&filter=5b9871&share_to_url=detail.php?shop/storeSearch/CriteriaInput.aspx HTTP/1.1" 200 23018 "-" "Mozilla/5.0 (Linux; Android 6.0.1; Nexus 5X Build/MMB29P) AppleWebKit/537.36 (KHTML, like Gecko) Chrome/140.0.7339.127 Mobile Safari/537.36 (compatible; Googlebot/2.1; +http://www.google.com/bot.html)" 372 **0/372252**
66.249.64.13 - - [14/Sep/2025:05:34:51 -0700] "GET /?m=96089517930&filter=4216ac&share_to_url=product.php?shop/order/make_estimate.aspx HTTP/1.1" 200 23246 "-" "Mozilla/5.0 (Linux; Android 6.0.1; Nexus 5X Build/MMB29P) AppleWebKit/537.36 (KHTML, like Gecko) Chrome/140.0.7339.127 Mobile Safari/537.36 (compatible; Googlebot/2.1; +http://www.google.com/bot.html)" 321 **0/321900**
66.249.64.5 - - [14/Sep/2025:05:34:51 -0700] "GET /?m=88426120930&filter=44495f&share_to_url=shopdetail.php?contents/event/kansyasai/ HTTP/1.1" 200 23081 "-" "Mozilla/5.0 (Linux; Android 6.0.1; Nexus 5X Build/MMB29P) AppleWebKit/537.36 (KHTML, like Gecko) Chrome/140.0.7339.127 Mobile Safari/537.36 (compatible; Googlebot/2.1; +http://www.google.com/bot.html)" 318 **0/318895**
66.249.70.33 - - [14/Sep/2025:05:34:51 -0700] "GET /market1889620703?kg=1886664190 HTTP/1.1" 200 21884 "-" "Mozilla/5.0 (Linux; Android 6.0.1; Nexus 5X Build/MMB29P) AppleWebKit/537.36 (KHTML, like Gecko) Chrome/140.0.7339.127 Mobile Safari/537.36 (compatible; Googlebot/2.1; +http://www.google.com/bot.html)" 290 **0/290791**
216.73.216.183 - - [14/Sep/2025:05:34:51 -0700] "GET /market1854563346?fileloc=%2Fhome%2Fvgijpbeijziw%2Fpublic_html%2Fwp-admin%2Fincludes%2Fprivacy-tools.php&path=%2Fhome%2Fvgijpbeijziw%2Fpublic_html%2Fwp-admin%2Fincludes HTTP/2.0" 200 10047 "-" "Mozilla/5.0 AppleWebKit/537.36 (KHTML, like Gecko; compatible; ClaudeBot/1.0; +claudebot@anthropic.com)" 587 **0/587145**
66.249.64.3 - - [14/Sep/2025:05:34:52 -0700] "GET /?m=112794890930&filter=5b9871&share_to_url=detail.php?shop/pg/1005024086/ HTTP/1.1" 200 22077 "-" "Mozilla/5.0 (Linux; Android 6.0.1; Nexus 5X Build/MMB29P) AppleWebKit/537.36 (KHTML, like Gecko) Chrome/140.0.7339.127 Mobile Safari/537.36 (compatible; Googlebot/2.1; +http://www.google.com/bot.html)" 261 **0/261825**
136.243.228.194 - - [14/Sep/2025:05:34:52 -0700] "GET /market94542193?path=/home/vgijpbeijziw/public_html/meditatenow.in HTTP/1.1" 200 2732 "-" "Mozilla/5.0 (compatible; DataForSeoBot/1.0; +https://dataforseo.com/dataforseo-bot)" 405 **0/405004**
66.249.70.32 - - [14/Sep/2025:05:34:52 -0700] "GET /market1889592757?kg=1886636286 HTTP/1.1" 200 23816 "-" "Mozilla/5.0 (Linux; Android 6.0.1; Nexus 5X Build/MMB29P) AppleWebKit/537.36 (KHTML, like Gecko) Chrome/140.0.7339.127 Mobile Safari/537.36 (compatible; Googlebot/2.1; +http://www.google.com/bot.html)" 282 **0/282919**
66.249.64.9 - - [14/Sep/2025:05:34:53 -0700] "GET /?m=97888736930&filter=77d8e2&share_to_url=model.php?contents/reform/ HTTP/1.1" 200 22644 "-" "Mozilla/5.0 (Linux; Android 6.0.1; Nexus 5X Build/MMB29P) AppleWebKit/537.36 (KHTML, like Gecko) Chrome/140.0.7339.127 Mobile Safari/537.36 (compatible; Googlebot/2.1; +http://www.google.com/bot.html)" 304 **0/304453**
66.249.64.10 - - [14/Sep/2025:05:34:53 -0700] "GET /?m=88426120930&filter=44495f&share_to_url=shopdetail.php?shop/userreview/write.aspx HTTP/1.1" 200 22766 "-" "Mozilla/5.0 (Linux; Android 6.0.1; Nexus 5X Build/MMB29P) AppleWebKit/537.36 (KHTML, like Gecko) Chrome/140.0.7339.127 Mobile Safari/537.36 (compatible; Googlebot/2.1; +http://www.google.com/bot.html)" 294 **0/294535**
66.249.64.11 - - [14/Sep/2025:05:34:53 -0700] "GET /?m=112794890930&filter=5b9871&share_to_url=detail.php?toyu/top/CKmSpSfTop.jsp HTTP/1.1" 200 22349 "-" "Mozilla/5.0 (Linux; Android 6.0.1; Nexus 5X Build/MMB29P) AppleWebKit/537.36 (KHTML, like Gecko) Chrome/140.0.7339.127 Mobile Safari/537.36 (compatible; Googlebot/2.1; +http://www.google.com/bot.html)" 328 **0/328950**
66.249.64.1 - - [14/Sep/2025:05:34:53 -0700] "GET /?m=88426120930&filter=44495f&share_to_url=shopdetail.php?shop/category/categorylist.aspx HTTP/1.1" 200 22764 "-" "Mozilla/5.0 (Linux; Android 6.0.1; Nexus 5X Build/MMB29P) AppleWebKit/537.36 (KHTML, like Gecko) Chrome/140.0.7339.127 Mobile Safari/537.36 (compatible; Googlebot/2.1; +http://www.google.com/bot.html)" 293 **0/293602**
66.249.64.10 - - [14/Sep/2025:05:34:53 -0700] "GET /?m=88643801930&filter=aa18f2&share_to_url=pin.php?contents/reform/ HTTP/1.1" 200 22635 "-" "Mozilla/5.0 (Linux; Android 6.0.1; Nexus 5X Build/MMB29P) AppleWebKit/537.36 (KHTML, like Gecko) Chrome/140.0.7339.127 Mobile Safari/537.36 (compatible; Googlebot/2.1; +http://www.google.com/bot.html)" 334 **0/334632**
66.249.70.37 - - [14/Sep/2025:05:34:54 -0700] "GET /market130229530?kg=0130026366 HTTP/1.1" 200 21831 "-" "Mozilla/5.0 (Linux; Android 6.0.1; Nexus 5X Build/MMB29P) AppleWebKit/537.36 (KHTML, like Gecko) Chrome/140.0.7339.127 Mobile Safari/537.36 (compatible; Googlebot/2.1; +http://www.google.com/bot.html)" 320 **0/320420**
66.249.64.15 - - [14/Sep/2025:05:34:54 -0700] "GET /?m=106287555930&filter=06642e&share_to_url=model.php?shop/category/categorylist.aspx HTTP/1.1" 200 22766 "-" "Mozilla/5.0 (Linux; Android 6.0.1; Nexus 5X Build/MMB29P) AppleWebKit/537.36 (KHTML, like Gecko) Chrome/140.0.7339.127 Mobile Safari/537.36 (compatible; Googlebot/2.1; +http://www.google.com/bot.html)" 304 **0/304612**
66.249.70.33 - - [14/Sep/2025:05:34:54 -0700] "GET /market1890104662?kg=1887147390 HTTP/1.1" 200 22088 "-" "Mozilla/5.0 (Linux; Android 6.0.1; Nexus 5X Build/MMB29P) AppleWebKit/537.36 (KHTML, like Gecko) Chrome/140.0.7339.127 Mobile Safari/537.36 (compatible; Googlebot/2.1; +http://www.google.com/bot.html)" 353 **0/353649**
66.249.64.9 - - [14/Sep/2025:05:34:54 -0700] "GET /?m=96928070930&filter=982a25&share_to_url=product-page.php?shop/category/categorylist.aspx HTTP/1.1" 200 22137 "-" "Mozilla/5.0 (Linux; Android 6.0.1; Nexus 5X Build/MMB29P) AppleWebKit/537.36 (KHTML, like Gecko) Chrome/140.0.7339.127 Mobile Safari/537.36 (compatible; Googlebot/2.1; +http://www.google.com/bot.html)" 349 **0/349216**
66.249.70.36 - - [14/Sep/2025:05:34:54 -0700] "GET /market1890038254?kg=1887081086 HTTP/1.1" 200 22146 "-" "Mozilla/5.0 (Linux; Android 6.0.1; Nexus 5X Build/MMB29P) AppleWebKit/537.36 (KHTML, like Gecko) Chrome/140.0.7339.127 Mobile Safari/537.36 (compatible; Googlebot/2.1; +http://www.google.com/bot.html)" 647 **0/647970**
66.249.64.13 - - [14/Sep/2025:05:34:54 -0700] "GET /?m=88426120930&filter=44495f&share_to_url=shopdetail.php?shop/cart/cart.aspx HTTP/1.1" 200 22252 "-" "Mozilla/5.0 (Linux; Android 6.0.1; Nexus 5X Build/MMB29P) AppleWebKit/537.36 (KHTML, like Gecko) Chrome/140.0.7339.127 Mobile Safari/537.36 (compatible; Googlebot/2.1; +http://www.google.com/bot.html)" 566 **0/566924**
66.249.64.2 - - [14/Sep/2025:05:34:54 -0700] "GET /?m=88426120930&filter=44495f&share_to_url=shopdetail.php?shop/pg/1AgreementInfo/ HTTP/1.1" 200 22807 "-" "Mozilla/5.0 (Linux; Android 6.0.1; Nexus 5X Build/MMB29P) AppleWebKit/537.36 (KHTML, like Gecko) Chrome/140.0.7339.127 Mobile Safari/537.36 (compatible; Googlebot/2.1; +http://www.google.com/bot.html)" 524 **0/524367**
66.249.64.6 - - [14/Sep/2025:05:34:54 -0700] "GET /?m=112794890930&filter=5b9871&share_to_url=detail.php?shop/category/categorylist.aspx HTTP/1.1" 200 22763 "-" "Mozilla/5.0 (Linux; Android 6.0.1; Nexus 5X Build/MMB29P) AppleWebKit/537.36 (KHTML, like Gecko) Chrome/140.0.7339.127 Mobile Safari/537.36 (compatible; Googlebot/2.1; +http://www.google.com/bot.html)" 307 **0/307931**
66.249.64.7 - - [14/Sep/2025:05:34:55 -0700] "GET /?m=88426120930&filter=44495f&share_to_url=shopdetail.php?shop/pg/1Sitemap/ HTTP/1.1" 200 22805 "-" "Mozilla/5.0 (Linux; Android 6.0.1; Nexus 5X Build/MMB29P) AppleWebKit/537.36 (KHTML, like Gecko) Chrome/140.0.7339.127 Mobile Safari/537.36 (compatible; Googlebot/2.1; +http://www.google.com/bot.html)" 385 **0/385116**
216.73.216.183 - - [14/Sep/2025:05:34:54 -0700] "GET /market1854563346?fileloc=%2Fhome%2Fvgijpbeijziw%2Fpublic_html%2Fwp-admin%2Fincludes%2Ftaxonomy.php&path=%2Fhome%2Fvgijpbeijziw%2Fpublic_html%2Fwp-admin%2Fincludes HTTP/2.0" 200 4563 "-" "Mozilla/5.0 AppleWebKit/537.36 (KHTML, like Gecko; compatible; ClaudeBot/1.0; +claudebot@anthropic.com)" 691 **0/691039**
66.249.64.10 - - [14/Sep/2025:05:34:55 -0700] "GET /?m=88426120930&filter=44495f&share_to_url=shopdetail.php?toyu/top/CKmSpSfTop.jsp HTTP/1.1" 200 23066 "-" "Mozilla/5.0 (Linux; Android 6.0.1; Nexus 5X Build/MMB29P) AppleWebKit/537.36 (KHTML, like Gecko) Chrome/140.0.7339.127 Mobile Safari/537.36 (compatible; Googlebot/2.1; +http://www.google.com/bot.html)" 305 **0/305125**
