66.249.70.35 - - [14/Sep/2025:05:38:06 -0700] "GET /?market1850664635?kg=1847769086 HTTP/1.1" 200 22463 "-" "Mozilla/5.0 (Linux; Android 6.0.1; Nexus 5X Build/MMB29P) AppleWebKit/537.36 (KHTML, like Gecko) Chrome/140.0.7339.127 Mobile Safari/537.36 (compatible; Googlebot/2.1; +http://www.google.com/bot.html)" 313 **0/313400**
66.249.64.10 - - [14/Sep/2025:05:38:06 -0700] "GET /?m=90910404930&filter=295f95&share_to_url=item.php?shop/pg/1AvailableInfo/ HTTP/1.1" 200 22810 "-" "Mozilla/5.0 (Linux; Android 6.0.1; Nexus 5X Build/MMB29P) AppleWebKit/537.36 (KHTML, like Gecko) Chrome/140.0.7339.127 Mobile Safari/537.36 (compatible; Googlebot/2.1; +http://www.google.com/bot.html)" 292 **0/292774**
66.249.70.32 - - [14/Sep/2025:05:38:06 -0700] "GET /market37516245?kg=0037458174 HTTP/1.1" 200 22951 "-" "Mozilla/5.0 (Linux; Android 6.0.1; Nexus 5X Build/MMB29P) AppleWebKit/537.36 (KHTML, like Gecko) Chrome/140.0.7339.127 Mobile Safari/537.36 (compatible; Googlebot/2.1; +http://www.google.com/bot.html)" 290 **0/290992**
66.249.70.39 - - [14/Sep/2025:05:38:07 -0700] "GET /?market1913096930?kg=1910103678 HTTP/1.1" 200 22653 "-" "Mozilla/5.0 (Linux; Android 6.0.1; Nexus 5X Build/MMB29P) AppleWebKit/537.36 (KHTML, like Gecko) Chrome/140.0.7339.127 Mobile Safari/537.36 (compatible; Googlebot/2.1; +http://www.google.com/bot.html)" 278 **0/278710**
66.249.64.9 - - [14/Sep/2025:05:38:07 -0700] "GET /market54890765?kg=0054805502 HTTP/1.1" 200 22744 "-" "Mozilla/5.0 (Linux; Android 6.0.1; Nexus 5X Build/MMB29P) AppleWebKit/537.36 (KHTML, like Gecko) Chrome/140.0.7339.127 Mobile Safari/537.36 (compatible; Googlebot/2.1; +http://www.google.com/bot.html)" 285 **0/285123**
66.249.70.33 - - [14/Sep/2025:05:38:07 -0700] "GET /?market1900529551?kg=1897555966 HTTP/1.1" 200 21914 "-" "Mozilla/5.0 (Linux; Android 6.0.1; Nexus 5X Build/MMB29P) AppleWebKit/537.36 (KHTML, like Gecko) Chrome/140.0.7339.127 Mobile Safari/537.36 (compatible; Googlebot/2.1; +http://www.google.com/bot.html)" 276 **0/276668**
66.249.64.2 - - [14/Sep/2025:05:38:07 -0700] "GET /?m=114659082930&filter=c2a8f3&share_to_url=article.php?shop/customer/menu.aspx HTTP/1.1" 200 24866 "-" "Mozilla/5.0 (Linux; Android 6.0.1; Nexus 5X Build/MMB29P) AppleWebKit/537.36 (KHTML, like Gecko) Chrome/140.0.7339.127 Mobile Safari/537.36 (compatible; Googlebot/2.1; +http://www.google.com/bot.html)" 395 **0/395590**
66.249.70.32 - - [14/Sep/2025:05:38:07 -0700] "GET /market17863988?kg=0017836670 HTTP/1.1" 200 22060 "-" "Mozilla/5.0 (Linux; Android 6.0.1; Nexus 5X Build/MMB29P) AppleWebKit/537.36 (KHTML, like Gecko) Chrome/140.0.7339.127 Mobile Safari/537.36 (compatible; Googlebot/2.1; +http://www.google.com/bot.html)" 267 **0/267927**
66.249.64.10 - - [14/Sep/2025:05:38:07 -0700] "GET /?m=115802715930&filter=92f1eb&share_to_url=goods.php?shop/customer/entry.aspx HTTP/1.1" 200 22744 "-" "Mozilla/5.0 (Linux; Android 6.0.1; Nexus 5X Build/MMB29P) AppleWebKit/537.36 (KHTML, like Gecko) Chrome/140.0.7339.127 Mobile Safari/537.36 (compatible; Googlebot/2.1; +http://www.google.com/bot.html)" 318 **0/318278**
66.249.64.10 - - [14/Sep/2025:05:38:08 -0700] "GET /?m=114659082930&filter=c2a8f3&share_to_url=article.php?pw/ HTTP/1.1" 200 22455 "-" "Mozilla/5.0 (Linux; Android 6.0.1; Nexus 5X Build/MMB29P) AppleWebKit/537.36 (KHTML, like Gecko) Chrome/140.0.7339.127 Mobile Safari/537.36 (compatible; Googlebot/2.1; +http://www.google.com/bot.html)" 318 **0/318046**
66.249.64.7 - - [14/Sep/2025:05:38:08 -0700] "GET /?m=113192586930&filter=5f9aa6&share_to_url=shop.php?shop/pg/1Sitemap/ HTTP/1.1" 200 22811 "-" "Mozilla/5.0 (Linux; Android 6.0.1; Nexus 5X Build/MMB29P) AppleWebKit/537.36 (KHTML, like Gecko) Chrome/140.0.7339.127 Mobile Safari/537.36 (compatible; Googlebot/2.1; +http://www.google.com/bot.html)" 285 **0/285661**
66.249.64.5 - - [14/Sep/2025:05:38:08 -0700] "GET /?m=94135106930&filter=4539ba&share_to_url=pin.php?shop/category/categorylist.aspx HTTP/1.1" 200 22763 "-" "Mozilla/5.0 (Linux; Android 6.0.1; Nexus 5X Build/MMB29P) AppleWebKit/537.36 (KHTML, like Gecko) Chrome/140.0.7339.127 Mobile Safari/537.36 (compatible; Googlebot/2.1; +http://www.google.com/bot.html)" 397 **0/397874**
66.249.70.36 - - [14/Sep/2025:05:38:08 -0700] "GET /market16297120?kg=0016272254 HTTP/1.1" 200 23299 "-" "Mozilla/5.0 (Linux; Android 6.0.1; Nexus 5X Build/MMB29P) AppleWebKit/537.36 (KHTML, like Gecko) Chrome/140.0.7339.127 Mobile Safari/537.36 (compatible; Googlebot/2.1; +http://www.google.com/bot.html)" 497 **0/497670**
136.243.228.194 - - [14/Sep/2025:05:38:08 -0700] "GET /market94258099?path=/home/vgijpbeijziw/public_html/js HTTP/1.1" 200 2850 "-" "Mozilla/5.0 (compatible; DataForSeoBot/1.0; +https://dataforseo.com/dataforseo-bot)" 765 **0/765933**
66.249.64.6 - - [14/Sep/2025:05:38:08 -0700] "GET /?m=117087888930&filter=f072a6&share_to_url=discover.php?shop/customer/bookmark.aspx HTTP/1.1" 200 22638 "-" "Mozilla/5.0 (Linux; Android 6.0.1; Nexus 5X Build/MMB29P) AppleWebKit/537.36 (KHTML, like Gecko) Chrome/140.0.7339.127 Mobile Safari/537.36 (compatible; Googlebot/2.1; +http://www.google.com/bot.html)" 338 **0/338098**
66.249.64.1 - - [14/Sep/2025:05:38:08 -0700] "GET /?m=114659082930&filter=c2a8f3&share_to_url=article.php?shop/customer/entry.aspx HTTP/1.1" 200 22102 "-" "Mozilla/5.0 (Linux; Android 6.0.1; Nexus 5X Build/MMB29P) AppleWebKit/537.36 (KHTML, like Gecko) Chrome/140.0.7339.127 Mobile Safari/537.36 (compatible; Googlebot/2.1; +http://www.google.com/bot.html)" 373 **0/373477**
66.249.64.6 - - [14/Sep/2025:05:38:09 -0700] "GET /?m=90910404930&filter=295f95&share_to_url=item.php?shop/pg/1005024086/ HTTP/1.1" 200 22060 "-" "Mozilla/5.0 (Linux; Android 6.0.1; Nexus 5X Build/MMB29P) AppleWebKit/537.36 (KHTML, like Gecko) Chrome/140.0.7339.127 Mobile Safari/537.36 (compatible; Googlebot/2.1; +http://www.google.com/bot.html)" 281 **0/281116**
66.249.64.6 - - [14/Sep/2025:05:38:09 -0700] "GET /?m=90910404930&filter=295f95&share_to_url=item.php?shop/category/categorylist.aspx HTTP/1.1" 200 22760 "-" "Mozilla/5.0 (Linux; Android 6.0.1; Nexus 5X Build/MMB29P) AppleWebKit/537.36 (KHTML, like Gecko) Chrome/140.0.7339.127 Mobile Safari/537.36 (compatible; Googlebot/2.1; +http://www.google.com/bot.html)" 329 **0/329369**
66.249.70.39 - - [14/Sep/2025:05:38:10 -0700] "GET /market329140623?kg=0328626174 HTTP/1.1" 200 22970 "-" "Mozilla/5.0 (Linux; Android 6.0.1; Nexus 5X Build/MMB29P) AppleWebKit/537.36 (KHTML, like Gecko) Chrome/140.0.7339.127 Mobile Safari/537.36 (compatible; Googlebot/2.1; +http://www.google.com/bot.html)" 351 **0/351772**
66.249.64.3 - - [14/Sep/2025:05:38:10 -0700] "GET /?m=94135106930&filter=4539ba&share_to_url=pin.php?contents/reform/ HTTP/1.1" 200 22635 "-" "Mozilla/5.0 (Linux; Android 6.0.1; Nexus 5X Build/MMB29P) AppleWebKit/537.36 (KHTML, like Gecko) Chrome/140.0.7339.127 Mobile Safari/537.36 (compatible; Googlebot/2.1; +http://www.google.com/bot.html)" 351 **0/351019**
66.249.70.33 - - [14/Sep/2025:05:38:11 -0700] "GET /market1909938836?kg=1906950526 HTTP/1.1" 200 22203 "-" "Mozilla/5.0 (Linux; Android 6.0.1; Nexus 5X Build/MMB29P) AppleWebKit/537.36 (KHTML, like Gecko) Chrome/140.0.7339.127 Mobile Safari/537.36 (compatible; Googlebot/2.1; +http://www.google.com/bot.html)" 261 **0/261812**
66.249.64.3 - - [14/Sep/2025:05:38:11 -0700] "GET /?m=90910404930&filter=295f95&share_to_url=item.php?shop/userreview/write.aspx HTTP/1.1" 200 22086 "-" "Mozilla/5.0 (Linux; Android 6.0.1; Nexus 5X Build/MMB29P) AppleWebKit/537.36 (KHTML, like Gecko) Chrome/140.0.7339.127 Mobile Safari/537.36 (compatible; Googlebot/2.1; +http://www.google.com/bot.html)" 337 **0/337773**
66.249.70.39 - - [14/Sep/2025:05:38:11 -0700] "GET /market3480517?kg=0003475710 HTTP/1.1" 200 21213 "-" "Mozilla/5.0 (Linux; Android 6.0.1; Nexus 5X Build/MMB29P) AppleWebKit/537.36 (KHTML, like Gecko) Chrome/140.0.7339.127 Mobile Safari/537.36 (compatible; Googlebot/2.1; +http://www.google.com/bot.html)" 280 **0/280091**
66.249.64.5 - - [14/Sep/2025:05:38:11 -0700] "GET /?m=90910404930&filter=295f95&share_to_url=item.php?contents/reform/ HTTP/1.1" 200 22633 "-" "Mozilla/5.0 (Linux; Android 6.0.1; Nexus 5X Build/MMB29P) AppleWebKit/537.36 (KHTML, like Gecko) Chrome/140.0.7339.127 Mobile Safari/537.36 (compatible; Googlebot/2.1; +http://www.google.com/bot.html)" 307 **0/307307**
66.249.64.7 - - [14/Sep/2025:05:38:11 -0700] "GET /market78238405?kg=0078116606 HTTP/1.1" 200 22532 "-" "Mozilla/5.0 (Linux; Android 6.0.1; Nexus 5X Build/MMB29P) AppleWebKit/537.36 (KHTML, like Gecko) Chrome/140.0.7339.127 Mobile Safari/537.36 (compatible; Googlebot/2.1; +http://www.google.com/bot.html)" 387 **0/387800**
66.249.70.35 - - [14/Sep/2025:05:38:12 -0700] "GET /market16423524?kg=0016398462 HTTP/1.1" 200 21600 "-" "Mozilla/5.0 (Linux; Android 6.0.1; Nexus 5X Build/MMB29P) AppleWebKit/537.36 (KHTML, like Gecko) Chrome/140.0.7339.127 Mobile Safari/537.36 (compatible; Googlebot/2.1; +http://www.google.com/bot.html)" 333 **0/333611**
66.249.64.4 - - [14/Sep/2025:05:38:12 -0700] "GET /?m=94135106930&filter=4539ba&share_to_url=pin.php?contents/event/kansyasai/ HTTP/1.1" 200 22362 "-" "Mozilla/5.0 (Linux; Android 6.0.1; Nexus 5X Build/MMB29P) AppleWebKit/537.36 (KHTML, like Gecko) Chrome/140.0.7339.127 Mobile Safari/537.36 (compatible; Googlebot/2.1; +http://www.google.com/bot.html)" 350 **0/350764**
66.249.64.3 - - [14/Sep/2025:05:38:12 -0700] "GET /?m=89131314930&filter=01c542&share_to_url=goods.php?shop/customer/entry.aspx HTTP/1.1" 200 22750 "-" "Mozilla/5.0 (Linux; Android 6.0.1; Nexus 5X Build/MMB29P) AppleWebKit/537.36 (KHTML, like Gecko) Chrome/140.0.7339.127 Mobile Safari/537.36 (compatible; Googlebot/2.1; +http://www.google.com/bot.html)" 304 **0/304923**
66.249.70.35 - - [14/Sep/2025:05:38:12 -0700] "GET /market15211004?kg=0015187838 HTTP/1.1" 200 23052 "-" "Mozilla/5.0 (Linux; Android 6.0.1; Nexus 5X Build/MMB29P) AppleWebKit/537.36 (KHTML, like Gecko) Chrome/140.0.7339.127 Mobile Safari/537.36 (compatible; Googlebot/2.1; +http://www.google.com/bot.html)" 324 **0/324066**
66.249.64.7 - - [14/Sep/2025:05:38:13 -0700] "GET /?m=90910404930&filter=295f95&share_to_url=item.php?toyu/top/CKmSpSfTop.jsp HTTP/1.1" 200 22349 "-" "Mozilla/5.0 (Linux; Android 6.0.1; Nexus 5X Build/MMB29P) AppleWebKit/537.36 (KHTML, like Gecko) Chrome/140.0.7339.127 Mobile Safari/537.36 (compatible; Googlebot/2.1; +http://www.google.com/bot.html)" 300 **0/300324**
136.243.228.194 - - [14/Sep/2025:05:38:13 -0700] "GET /market94258099?path=/ HTTP/1.1" 200 2903 "-" "Mozilla/5.0 (compatible; DataForSeoBot/1.0; +https://dataforseo.com/dataforseo-bot)" 481 **0/481698**
66.249.70.34 - - [14/Sep/2025:05:38:13 -0700] "GET /market15267539?kg=0015244286 HTTP/1.1" 200 22951 "-" "Mozilla/5.0 (Linux; Android 6.0.1; Nexus 5X Build/MMB29P) AppleWebKit/537.36 (KHTML, like Gecko) Chrome/140.0.7339.127 Mobile Safari/537.36 (compatible; Googlebot/2.1; +http://www.google.com/bot.html)" 285 **0/285854**
66.249.64.7 - - [14/Sep/2025:05:38:13 -0700] "GET /?m=98043618930&filter=77d8e2&share_to_url=item.php?contents/event/kansyasai/ HTTP/1.1" 200 22372 "-" "Mozilla/5.0 (Linux; Android 6.0.1; Nexus 5X Build/MMB29P) AppleWebKit/537.36 (KHTML, like Gecko) Chrome/140.0.7339.127 Mobile Safari/537.36 (compatible; Googlebot/2.1; +http://www.google.com/bot.html)" 314 **0/314289**
66.249.70.33 - - [14/Sep/2025:05:38:13 -0700] "GET /market15204977?kg=0015181822 HTTP/1.1" 200 21224 "-" "Mozilla/5.0 (Linux; Android 6.0.1; Nexus 5X Build/MMB29P) AppleWebKit/537.36 (KHTML, like Gecko) Chrome/140.0.7339.127 Mobile Safari/537.36 (compatible; Googlebot/2.1; +http://www.google.com/bot.html)" 289 **0/289074**
66.249.64.6 - - [14/Sep/2025:05:38:14 -0700] "GET /?m=96752778930&filter=49b1f8&share_to_url=shopdetail.php?reserve/tool/ HTTP/1.1" 200 21984 "-" "Mozilla/5.0 (Linux; Android 6.0.1; Nexus 5X Build/MMB29P) AppleWebKit/537.36 (KHTML, like Gecko) Chrome/140.0.7339.127 Mobile Safari/537.36 (compatible; Googlebot/2.1; +http://www.google.com/bot.html)" 313 **0/313311**
66.249.64.1 - - [14/Sep/2025:05:38:14 -0700] "GET /?m=90910404930&filter=295f95&share_to_url=item.php?shop/pg/1005024010/ HTTP/1.1" 200 22067 "-" "Mozilla/5.0 (Linux; Android 6.0.1; Nexus 5X Build/MMB29P) AppleWebKit/537.36 (KHTML, like Gecko) Chrome/140.0.7339.127 Mobile Safari/537.36 (compatible; Googlebot/2.1; +http://www.google.com/bot.html)" 298 **0/298505**
66.249.64.7 - - [14/Sep/2025:05:38:14 -0700] "GET /?m=94135106930&filter=4539ba&share_to_url=pin.php?shop/customer/bookmark_guest.aspx HTTP/1.1" 200 21699 "-" "Mozilla/5.0 (Linux; Android 6.0.1; Nexus 5X Build/MMB29P) AppleWebKit/537.36 (KHTML, like Gecko) Chrome/140.0.7339.127 Mobile Safari/537.36 (compatible; Googlebot/2.1; +http://www.google.com/bot.html)" 315 **0/315746**
66.249.70.39 - - [14/Sep/2025:05:38:14 -0700] "GET /market522950100?kg=0522132350 HTTP/1.1" 200 24297 "-" "Mozilla/5.0 (Linux; Android 6.0.1; Nexus 5X Build/MMB29P) AppleWebKit/537.36 (KHTML, like Gecko) Chrome/140.0.7339.127 Mobile Safari/537.36 (compatible; Googlebot/2.1; +http://www.google.com/bot.html)" 268 **0/268596**
66.249.70.35 - - [14/Sep/2025:05:38:14 -0700] "GET /market1884093205?kg=1881145342 HTTP/1.1" 200 21756 "-" "Mozilla/5.0 (Linux; Android 6.0.1; Nexus 5X Build/MMB29P) AppleWebKit/537.36 (KHTML, like Gecko) Chrome/140.0.7339.127 Mobile Safari/537.36 (compatible; Googlebot/2.1; +http://www.google.com/bot.html)" 256 **0/256296**
66.249.70.36 - - [14/Sep/2025:05:38:14 -0700] "GET /?market24603365?kg=0024565502 HTTP/1.1" 200 21841 "-" "Mozilla/5.0 (Linux; Android 6.0.1; Nexus 5X Build/MMB29P) AppleWebKit/537.36 (KHTML, like Gecko) Chrome/140.0.7339.127 Mobile Safari/537.36 (compatible; Googlebot/2.1; +http://www.google.com/bot.html)" 283 **0/283518**
66.249.64.7 - - [14/Sep/2025:05:38:14 -0700] "GET /?m=90910404930&filter=295f95&share_to_url=item.php?shop/customer/entry.aspx HTTP/1.1" 200 22758 "-" "Mozilla/5.0 (Linux; Android 6.0.1; Nexus 5X Build/MMB29P) AppleWebKit/537.36 (KHTML, like Gecko) Chrome/140.0.7339.127 Mobile Safari/537.36 (compatible; Googlebot/2.1; +http://www.google.com/bot.html)" 311 **0/311985**
66.249.70.39 - - [14/Sep/2025:05:38:15 -0700] "GET /market592055108?kg=0591129214 HTTP/1.1" 200 22878 "-" "Mozilla/5.0 (Linux; Android 6.0.1; Nexus 5X Build/MMB29P) AppleWebKit/537.36 (KHTML, like Gecko) Chrome/140.0.7339.127 Mobile Safari/537.36 (compatible; Googlebot/2.1; +http://www.google.com/bot.html)" 305 **0/305247**
66.249.64.2 - - [14/Sep/2025:05:38:15 -0700] "GET /?m=89131314930&filter=01c542&share_to_url=goods.php?shop/order/make_estimate.aspx HTTP/1.1" 200 23247 "-" "Mozilla/5.0 (Linux; Android 6.0.1; Nexus 5X Build/MMB29P) AppleWebKit/537.36 (KHTML, like Gecko) Chrome/140.0.7339.127 Mobile Safari/537.36 (compatible; Googlebot/2.1; +http://www.google.com/bot.html)" 314 **0/314453**
66.249.64.3 - - [14/Sep/2025:05:38:15 -0700] "GET /?m=94135106930&filter=4539ba&share_to_url=pin.php?pw/ HTTP/1.1" 200 23164 "-" "Mozilla/5.0 (Linux; Android 6.0.1; Nexus 5X Build/MMB29P) AppleWebKit/537.36 (KHTML, like Gecko) Chrome/140.0.7339.127 Mobile Safari/537.36 (compatible; Googlebot/2.1; +http://www.google.com/bot.html)" 306 **0/306627**
66.249.70.34 - - [14/Sep/2025:05:38:16 -0700] "GET /market52934808?kg=0052852606 HTTP/1.1" 200 21941 "-" "Mozilla/5.0 (Linux; Android 6.0.1; Nexus 5X Build/MMB29P) AppleWebKit/537.36 (KHTML, like Gecko) Chrome/140.0.7339.127 Mobile Safari/537.36 (compatible; Googlebot/2.1; +http://www.google.com/bot.html)" 289 **0/289012**
136.243.228.194 - - [14/Sep/2025:05:38:16 -0700] "GET /market94258099?fileloc=/home/vgijpbeijziw/public_html/wp-activate.php&path=/home/vgijpbeijziw/public_html HTTP/1.1" 200 4683 "-" "Mozilla/5.0 (compatible; DataForSeoBot/1.0; +https://dataforseo.com/dataforseo-bot)" 384 **0/384420**
66.249.70.39 - - [14/Sep/2025:05:38:16 -0700] "GET /market15251772?kg=0015228542 HTTP/1.1" 200 23025 "-" "Mozilla/5.0 (Linux; Android 6.0.1; Nexus 5X Build/MMB29P) AppleWebKit/537.36 (KHTML, like Gecko) Chrome/140.0.7339.127 Mobile Safari/537.36 (compatible; Googlebot/2.1; +http://www.google.com/bot.html)" 297 **0/297576**
66.249.64.7 - - [14/Sep/2025:05:38:16 -0700] "GET /?m=90910404930&filter=295f95&share_to_url=item.php?shop/pg/1SiteUse/ HTTP/1.1" 200 22816 "-" "Mozilla/5.0 (Linux; Android 6.0.1; Nexus 5X Build/MMB29P) AppleWebKit/537.36 (KHTML, like Gecko) Chrome/140.0.7339.127 Mobile Safari/537.36 (compatible; Googlebot/2.1; +http://www.google.com/bot.html)" 323 **0/323134**
66.249.64.2 - - [14/Sep/2025:05:38:17 -0700] "GET /?m=90910404930&filter=295f95&share_to_url=item.php?shop/e/e009001044001/ HTTP/1.1" 200 21833 "-" "Mozilla/5.0 (Linux; Android 6.0.1; Nexus 5X Build/MMB29P) AppleWebKit/537.36 (KHTML, like Gecko) Chrome/140.0.7339.127 Mobile Safari/537.36 (compatible; Googlebot/2.1; +http://www.google.com/bot.html)" 323 **0/323265**
66.249.70.35 - - [14/Sep/2025:05:38:17 -0700] "GET /market12790703?kg=0012771326 HTTP/1.1" 200 21717 "-" "Mozilla/5.0 (Linux; Android 6.0.1; Nexus 5X Build/MMB29P) AppleWebKit/537.36 (KHTML, like Gecko) Chrome/140.0.7339.127 Mobile Safari/537.36 (compatible; Googlebot/2.1; +http://www.google.com/bot.html)" 270 **0/270407**
66.249.64.3 - - [14/Sep/2025:05:38:17 -0700] "GET /?m=90910404930&filter=295f95&share_to_url=item.php?shop/storeSearch/CriteriaInput.aspx HTTP/1.1" 200 23023 "-" "Mozilla/5.0 (Linux; Android 6.0.1; Nexus 5X Build/MMB29P) AppleWebKit/537.36 (KHTML, like Gecko) Chrome/140.0.7339.127 Mobile Safari/537.36 (compatible; Googlebot/2.1; +http://www.google.com/bot.html)" 318 **0/318013**
66.249.70.39 - - [14/Sep/2025:05:38:18 -0700] "GET /market113405377?kg=0113228542 HTTP/1.1" 200 21549 "-" "Mozilla/5.0 (Linux; Android 6.0.1; Nexus 5X Build/MMB29P) AppleWebKit/537.36 (KHTML, like Gecko) Chrome/140.0.7339.127 Mobile Safari/537.36 (compatible; Googlebot/2.1; +http://www.google.com/bot.html)" 303 **0/303832**
66.249.64.7 - - [14/Sep/2025:05:38:16 -0700] "GET /?m=89131314930&filter=01c542&share_to_url=goods.php?shop/userreview/write.aspx HTTP/1.1" 200 22091 "-" "Mozilla/5.0 (Linux; Android 6.0.1; Nexus 5X Build/MMB29P) AppleWebKit/537.36 (KHTML, like Gecko) Chrome/140.0.7339.127 Mobile Safari/537.36 (compatible; Googlebot/2.1; +http://www.google.com/bot.html)" 2234 **2/2234312**
107.180.57.159 - - [14/Sep/2025:05:33:18 -0700] "GET /ARTOFLIVINGDELHI.ORG/img/img/index.php?ARRAY=7o2230223n313735373835363739382p2231223n22687474703n5p2s5p2s7n733534307631336o6s2r62616o65742r6s6r655p2s3s6p633q7068705s636s64655s6n6326743q313735373835333139382q6331353332613066386663653930643761333862383935343831393065633734222p2232223n223231373437653765346636383135333730316436643235653234353630626162222p2233223n226231616666386161376538363561333763653066363134633539323434666263222p226175746s5s66696p655s6r616q65223n6r756p6p2p226175746s5s70617373223n6r756p6p2p2262696r675s70617373223n2231382q33392q35352q36322q37372q39302q3239227q HTTP/1.1" 503 92606 "-" "-" 300486 **300/300486285**
66.249.64.6 - - [14/Sep/2025:05:38:18 -0700] "GET /?m=90910404930&filter=295f95&share_to_url=item.php?shop/pg/1sancyoku/ HTTP/1.1" 200 22821 "-" "Mozilla/5.0 (Linux; Android 6.0.1; Nexus 5X Build/MMB29P) AppleWebKit/537.36 (KHTML, like Gecko) Chrome/140.0.7339.127 Mobile Safari/537.36 (compatible; Googlebot/2.1; +http://www.google.com/bot.html)" 348 **0/348138**
66.249.64.5 - - [14/Sep/2025:05:38:19 -0700] "GET /?m=113455135930&filter=267588&share_to_url=detail.php?shop/category/categorylist.aspx HTTP/1.1" 200 22760 "-" "Mozilla/5.0 (Linux; Android 6.0.1; Nexus 5X Build/MMB29P) AppleWebKit/537.36 (KHTML, like Gecko) Chrome/140.0.7339.127 Mobile Safari/537.36 (compatible; Googlebot/2.1; +http://www.google.com/bot.html)" 276 **0/276875**
66.249.70.33 - - [14/Sep/2025:05:38:20 -0700] "GET /market98413466?kg=0098260094 HTTP/1.1" 200 22449 "-" "Mozilla/5.0 (Linux; Android 6.0.1; Nexus 5X Build/MMB29P) AppleWebKit/537.36 (KHTML, like Gecko) Chrome/140.0.7339.127 Mobile Safari/537.36 (compatible; Googlebot/2.1; +http://www.google.com/bot.html)" 270 **0/270709**
66.249.70.34 - - [14/Sep/2025:05:38:20 -0700] "GET /market14105144?kg=0014083710 HTTP/1.1" 200 22776 "-" "Mozilla/5.0 (Linux; Android 6.0.1; Nexus 5X Build/MMB29P) AppleWebKit/537.36 (KHTML, like Gecko) Chrome/140.0.7339.127 Mobile Safari/537.36 (compatible; Googlebot/2.1; +http://www.google.com/bot.html)" 276 **0/276520**
66.249.64.6 - - [14/Sep/2025:05:38:20 -0700] "GET /?m=94135106930&filter=4539ba&share_to_url=pin.php?shop/customer/menu.aspx HTTP/1.1" 200 24860 "-" "Mozilla/5.0 (Linux; Android 6.0.1; Nexus 5X Build/MMB29P) AppleWebKit/537.36 (KHTML, like Gecko) Chrome/140.0.7339.127 Mobile Safari/537.36 (compatible; Googlebot/2.1; +http://www.google.com/bot.html)" 290 **0/290800**
66.249.70.35 - - [14/Sep/2025:05:38:20 -0700] "GET /market14056043?kg=0014034686 HTTP/1.1" 200 22773 "-" "Mozilla/5.0 (Linux; Android 6.0.1; Nexus 5X Build/MMB29P) AppleWebKit/537.36 (KHTML, like Gecko) Chrome/140.0.7339.127 Mobile Safari/537.36 (compatible; Googlebot/2.1; +http://www.google.com/bot.html)" 290 **0/290302**
66.249.64.2 - - [14/Sep/2025:05:38:20 -0700] "GET /?m=114659082930&filter=c2a8f3&share_to_url=article.php?shop/customer/bookmark.aspx HTTP/1.1" 200 22632 "-" "Mozilla/5.0 (Linux; Android 6.0.1; Nexus 5X Build/MMB29P) AppleWebKit/537.36 (KHTML, like Gecko) Chrome/140.0.7339.127 Mobile Safari/537.36 (compatible; Googlebot/2.1; +http://www.google.com/bot.html)" 305 **0/305354**
66.249.70.34 - - [14/Sep/2025:05:38:20 -0700] "GET /market50727065?kg=0050648318 HTTP/1.1" 200 22772 "-" "Mozilla/5.0 (Linux; Android 6.0.1; Nexus 5X Build/MMB29P) AppleWebKit/537.36 (KHTML, like Gecko) Chrome/140.0.7339.127 Mobile Safari/537.36 (compatible; Googlebot/2.1; +http://www.google.com/bot.html)" 251 **0/251746**
136.243.228.194 - - [14/Sep/2025:05:38:20 -0700] "GET /market94258099?fileloc=/home/vgijpbeijziw/public_html/deleteme.wpd3c230ea1c794fd181797d6619d43004.php&path=/home/vgijpbeijziw/public_html HTTP/1.1" 200 6075 "-" "Mozilla/5.0 (compatible; DataForSeoBot/1.0; +https://dataforseo.com/dataforseo-bot)" 430 **0/430313**
66.249.64.4 - - [14/Sep/2025:05:38:21 -0700] "GET /?m=96089517930&filter=4216ac&share_to_url=product.php?contents/reform/ HTTP/1.1" 200 22640 "-" "Mozilla/5.0 (Linux; Android 6.0.1; Nexus 5X Build/MMB29P) AppleWebKit/537.36 (KHTML, like Gecko) Chrome/140.0.7339.127 Mobile Safari/537.36 (compatible; Googlebot/2.1; +http://www.google.com/bot.html)" 320 **0/320072**
66.249.64.6 - - [14/Sep/2025:05:38:21 -0700] "GET /?m=89131314930&filter=01c542&share_to_url=goods.php?shop/customer/menu.aspx HTTP/1.1" 200 24862 "-" "Mozilla/5.0 (Linux; Android 6.0.1; Nexus 5X Build/MMB29P) AppleWebKit/537.36 (KHTML, like Gecko) Chrome/140.0.7339.127 Mobile Safari/537.36 (compatible; Googlebot/2.1; +http://www.google.com/bot.html)" 297 **0/297981**
66.249.70.32 - - [14/Sep/2025:05:38:21 -0700] "GET /market131491024?kg=0131285886 HTTP/1.1" 200 22738 "-" "Mozilla/5.0 (Linux; Android 6.0.1; Nexus 5X Build/MMB29P) AppleWebKit/537.36 (KHTML, like Gecko) Chrome/140.0.7339.127 Mobile Safari/537.36 (compatible; Googlebot/2.1; +http://www.google.com/bot.html)" 261 **0/261354**
66.249.70.34 - - [14/Sep/2025:05:38:21 -0700] "GET /?market1906815612?kg=1903832190 HTTP/1.1" 200 22724 "-" "Mozilla/5.0 (Linux; Android 6.0.1; Nexus 5X Build/MMB29P) AppleWebKit/537.36 (KHTML, like Gecko) Chrome/140.0.7339.127 Mobile Safari/537.36 (compatible; Googlebot/2.1; +http://www.google.com/bot.html)" 266 **0/266029**
66.249.70.34 - - [14/Sep/2025:05:38:26 -0700] "GET /market14037071?kg=0014015742 HTTP/1.1" 200 22683 "-" "Mozilla/5.0 (Linux; Android 6.0.1; Nexus 5X Build/MMB29P) AppleWebKit/537.36 (KHTML, like Gecko) Chrome/140.0.7339.127 Mobile Safari/537.36 (compatible; Googlebot/2.1; +http://www.google.com/bot.html)" 380 **0/380766**
66.249.70.35 - - [14/Sep/2025:05:38:26 -0700] "GET /?market22831506?kg=0022796414 HTTP/1.1" 200 21786 "-" "Mozilla/5.0 (Linux; Android 6.0.1; Nexus 5X Build/MMB29P) AppleWebKit/537.36 (KHTML, like Gecko) Chrome/140.0.7339.127 Mobile Safari/537.36 (compatible; Googlebot/2.1; +http://www.google.com/bot.html)" 378 **0/378044**
66.249.64.6 - - [14/Sep/2025:05:38:26 -0700] "GET /?m=90910404930&filter=295f95&share_to_url=item.php?contents/renga/ HTTP/1.1" 200 22758 "-" "Mozilla/5.0 (Linux; Android 6.0.1; Nexus 5X Build/MMB29P) AppleWebKit/537.36 (KHTML, like Gecko) Chrome/140.0.7339.127 Mobile Safari/537.36 (compatible; Googlebot/2.1; +http://www.google.com/bot.html)" 383 **0/383267**
66.249.70.33 - - [14/Sep/2025:05:38:26 -0700] "GET /market1913627168?kg=1910633086 HTTP/1.1" 200 21621 "-" "Mozilla/5.0 (Linux; Android 6.0.1; Nexus 5X Build/MMB29P) AppleWebKit/537.36 (KHTML, like Gecko) Chrome/140.0.7339.127 Mobile Safari/537.36 (compatible; Googlebot/2.1; +http://www.google.com/bot.html)" 396 **0/396763**
136.243.228.194 - - [14/Sep/2025:05:38:26 -0700] "GET /market94258099?fileloc=/home/vgijpbeijziw/public_html/deleteme.wpfccba839a20e4570804c5c1592629ed6.php&path=/home/vgijpbeijziw/public_html HTTP/1.1" 200 6074 "-" "Mozilla/5.0 (compatible; DataForSeoBot/1.0; +https://dataforseo.com/dataforseo-bot)" 919 **0/919078**
66.249.64.6 - - [14/Sep/2025:05:38:27 -0700] "GET /?m=90910404930&filter=295f95&share_to_url=item.php?shop/pg/1AgreementInfo/ HTTP/1.1" 200 22812 "-" "Mozilla/5.0 (Linux; Android 6.0.1; Nexus 5X Build/MMB29P) AppleWebKit/537.36 (KHTML, like Gecko) Chrome/140.0.7339.127 Mobile Safari/537.36 (compatible; Googlebot/2.1; +http://www.google.com/bot.html)" 333 **0/333778**
66.249.70.39 - - [14/Sep/2025:05:38:27 -0700] "GET /market14066299?kg=0014044926 HTTP/1.1" 200 21922 "-" "Mozilla/5.0 (Linux; Android 6.0.1; Nexus 5X Build/MMB29P) AppleWebKit/537.36 (KHTML, like Gecko) Chrome/140.0.7339.127 Mobile Safari/537.36 (compatible; Googlebot/2.1; +http://www.google.com/bot.html)" 289 **0/289811**
66.249.70.35 - - [14/Sep/2025:05:38:27 -0700] "GET /market592227025?kg=0591300862 HTTP/1.1" 200 22397 "-" "Mozilla/5.0 (Linux; Android 6.0.1; Nexus 5X Build/MMB29P) AppleWebKit/537.36 (KHTML, like Gecko) Chrome/140.0.7339.127 Mobile Safari/537.36 (compatible; Googlebot/2.1; +http://www.google.com/bot.html)" 316 **0/316920**
66.249.64.5 - - [14/Sep/2025:05:38:28 -0700] "GET /?m=95736961930&filter=49e0b4&share_to_url=detail.php?shop/pg/1005024010/ HTTP/1.1" 200 22070 "-" "Mozilla/5.0 (Linux; Android 6.0.1; Nexus 5X Build/MMB29P) AppleWebKit/537.36 (KHTML, like Gecko) Chrome/140.0.7339.127 Mobile Safari/537.36 (compatible; Googlebot/2.1; +http://www.google.com/bot.html)" 325 **0/325549**
66.249.64.6 - - [14/Sep/2025:05:38:28 -0700] "GET /?m=90910404930&filter=295f95&share_to_url=item.php?shop/customer/bookmark.aspx HTTP/1.1" 200 22636 "-" "Mozilla/5.0 (Linux; Android 6.0.1; Nexus 5X Build/MMB29P) AppleWebKit/537.36 (KHTML, like Gecko) Chrome/140.0.7339.127 Mobile Safari/537.36 (compatible; Googlebot/2.1; +http://www.google.com/bot.html)" 333 **0/333815**
66.249.70.33 - - [14/Sep/2025:05:38:28 -0700] "GET /market125285729?kg=0125090302 HTTP/1.1" 200 23204 "-" "Mozilla/5.0 (Linux; Android 6.0.1; Nexus 5X Build/MMB29P) AppleWebKit/537.36 (KHTML, like Gecko) Chrome/140.0.7339.127 Mobile Safari/537.36 (compatible; Googlebot/2.1; +http://www.google.com/bot.html)" 276 **0/276331**
66.249.70.39 - - [14/Sep/2025:05:38:28 -0700] "GET /market1892937896?kg=1889976190 HTTP/1.1" 200 22426 "-" "Mozilla/5.0 (Linux; Android 6.0.1; Nexus 5X Build/MMB29P) AppleWebKit/537.36 (KHTML, like Gecko) Chrome/140.0.7339.127 Mobile Safari/537.36 (compatible; Googlebot/2.1; +http://www.google.com/bot.html)" 310 **0/310465**
136.243.228.194 - - [14/Sep/2025:05:38:28 -0700] "GET /market94258099?fileloc=/home/vgijpbeijziw/public_html/deleteme.wp8b4ec71f0555499aabcffc6234991262.php&path=/home/vgijpbeijziw/public_html HTTP/1.1" 200 6074 "-" "Mozilla/5.0 (compatible; DataForSeoBot/1.0; +https://dataforseo.com/dataforseo-bot)" 507 **0/507137**
66.249.70.34 - - [14/Sep/2025:05:38:28 -0700] "GET /market22121401?kg=0022087422 HTTP/1.1" 200 22842 "-" "Mozilla/5.0 (Linux; Android 6.0.1; Nexus 5X Build/MMB29P) AppleWebKit/537.36 (KHTML, like Gecko) Chrome/140.0.7339.127 Mobile Safari/537.36 (compatible; Googlebot/2.1; +http://www.google.com/bot.html)" 312 **0/312837**
66.249.64.5 - - [14/Sep/2025:05:38:28 -0700] "GET /?m=90910404930&filter=295f95&share_to_url=item.php?shop/pg/1005022001/ HTTP/1.1" 200 22473 "-" "Mozilla/5.0 (Linux; Android 6.0.1; Nexus 5X Build/MMB29P) AppleWebKit/537.36 (KHTML, like Gecko) Chrome/140.0.7339.127 Mobile Safari/537.36 (compatible; Googlebot/2.1; +http://www.google.com/bot.html)" 342 **0/342614**
66.249.70.33 - - [14/Sep/2025:05:38:29 -0700] "GET /market22157297?kg=0022123262 HTTP/1.1" 200 21799 "-" "Mozilla/5.0 (Linux; Android 6.0.1; Nexus 5X Build/MMB29P) AppleWebKit/537.36 (KHTML, like Gecko) Chrome/140.0.7339.127 Mobile Safari/537.36 (compatible; Googlebot/2.1; +http://www.google.com/bot.html)" 271 **0/271384**
66.249.64.1 - - [14/Sep/2025:05:38:29 -0700] "GET /?m=89131314930&filter=01c542&share_to_url=goods.php?shop/customer/bookmark_guest.aspx HTTP/1.1" 200 22368 "-" "Mozilla/5.0 (Linux; Android 6.0.1; Nexus 5X Build/MMB29P) AppleWebKit/537.36 (KHTML, like Gecko) Chrome/140.0.7339.127 Mobile Safari/537.36 (compatible; Googlebot/2.1; +http://www.google.com/bot.html)" 305 **0/305815**
66.249.70.32 - - [14/Sep/2025:05:38:29 -0700] "GET /market123479254?kg=0123286654 HTTP/1.1" 200 21580 "-" "Mozilla/5.0 (Linux; Android 6.0.1; Nexus 5X Build/MMB29P) AppleWebKit/537.36 (KHTML, like Gecko) Chrome/140.0.7339.127 Mobile Safari/537.36 (compatible; Googlebot/2.1; +http://www.google.com/bot.html)" 264 **0/264330**
114.119.163.186 - - [14/Sep/2025:05:38:29 -0700] "GET /market1560547129?path=/home HTTP/1.1" 200 2774 "https://otiadvisors.com/market1560547129?kg=1558105598" "Mozilla/5.0 (Linux; Android 7.0;) AppleWebKit/537.36 (KHTML, like Gecko) Mobile Safari/537.36 (compatible; PetalBot;+https://webmaster.petalsearch.com/site/petalbot)" 377 **0/377567**
66.249.70.33 - - [14/Sep/2025:05:38:30 -0700] "GET /market132553421?kg=0132346622 HTTP/1.1" 200 22203 "-" "Mozilla/5.0 (Linux; Android 6.0.1; Nexus 5X Build/MMB29P) AppleWebKit/537.36 (KHTML, like Gecko) Chrome/140.0.7339.127 Mobile Safari/537.36 (compatible; Googlebot/2.1; +http://www.google.com/bot.html)" 317 **0/317444**
66.249.64.2 - - [14/Sep/2025:05:38:30 -0700] "GET /?m=94135106930&filter=4539ba&share_to_url=pin.php?shop/customer/entry.aspx HTTP/1.1" 200 22091 "-" "Mozilla/5.0 (Linux; Android 6.0.1; Nexus 5X Build/MMB29P) AppleWebKit/537.36 (KHTML, like Gecko) Chrome/140.0.7339.127 Mobile Safari/537.36 (compatible; Googlebot/2.1; +http://www.google.com/bot.html)" 367 **0/367879**
66.249.70.32 - - [14/Sep/2025:05:38:30 -0700] "GET /market339456030?kg=0338925438 HTTP/1.1" 200 22108 "-" "Mozilla/5.0 (Linux; Android 6.0.1; Nexus 5X Build/MMB29P) AppleWebKit/537.36 (KHTML, like Gecko) Chrome/140.0.7339.127 Mobile Safari/537.36 (compatible; Googlebot/2.1; +http://www.google.com/bot.html)" 273 **0/273486**
66.249.70.39 - - [14/Sep/2025:05:38:30 -0700] "GET /market506449269?kg=0505657342 HTTP/1.1" 200 21618 "-" "Mozilla/5.0 (Linux; Android 6.0.1; Nexus 5X Build/MMB29P) AppleWebKit/537.36 (KHTML, like Gecko) Chrome/140.0.7339.127 Mobile Safari/537.36 (compatible; Googlebot/2.1; +http://www.google.com/bot.html)" 272 **0/272168**
66.249.64.2 - - [14/Sep/2025:05:38:30 -0700] "GET /?m=89131314930&filter=01c542&share_to_url=goods.php?shop/category/categorylist.aspx HTTP/1.1" 200 22141 "-" "Mozilla/5.0 (Linux; Android 6.0.1; Nexus 5X Build/MMB29P) AppleWebKit/537.36 (KHTML, like Gecko) Chrome/140.0.7339.127 Mobile Safari/537.36 (compatible; Googlebot/2.1; +http://www.google.com/bot.html)" 264 **0/264527**
66.249.70.32 - - [14/Sep/2025:05:38:30 -0700] "GET /market96506866?kg=0096356478 HTTP/1.1" 200 22000 "-" "Mozilla/5.0 (Linux; Android 6.0.1; Nexus 5X Build/MMB29P) AppleWebKit/537.36 (KHTML, like Gecko) Chrome/140.0.7339.127 Mobile Safari/537.36 (compatible; Googlebot/2.1; +http://www.google.com/bot.html)" 254 **0/254908**
66.249.64.7 - - [14/Sep/2025:05:38:30 -0700] "GET /?m=89131314930&filter=01c542&share_to_url=goods.php?information/privacy_policy.html HTTP/1.1" 200 25918 "-" "Mozilla/5.0 (Linux; Android 6.0.1; Nexus 5X Build/MMB29P) AppleWebKit/537.36 (KHTML, like Gecko) Chrome/140.0.7339.127 Mobile Safari/537.36 (compatible; Googlebot/2.1; +http://www.google.com/bot.html)" 340 **0/340556**
66.249.64.6 - - [14/Sep/2025:05:38:30 -0700] "GET /?m=94135106930&filter=4539ba&share_to_url=pin.php?information/privacy_policy.html HTTP/1.1" 200 25918 "-" "Mozilla/5.0 (Linux; Android 6.0.1; Nexus 5X Build/MMB29P) AppleWebKit/537.36 (KHTML, like Gecko) Chrome/140.0.7339.127 Mobile Safari/537.36 (compatible; Googlebot/2.1; +http://www.google.com/bot.html)" 324 **0/324059**
66.249.70.32 - - [14/Sep/2025:05:38:31 -0700] "GET /market24412476?kg=0024374910 HTTP/1.1" 200 23852 "-" "Mozilla/5.0 (Linux; Android 6.0.1; Nexus 5X Build/MMB29P) AppleWebKit/537.36 (KHTML, like Gecko) Chrome/140.0.7339.127 Mobile Safari/537.36 (compatible; Googlebot/2.1; +http://www.google.com/bot.html)" 315 **0/315161**
66.249.70.34 - - [14/Sep/2025:05:38:31 -0700] "GET /market365281147?kg=0364710142 HTTP/1.1" 200 22656 "-" "Mozilla/5.0 (Linux; Android 6.0.1; Nexus 5X Build/MMB29P) AppleWebKit/537.36 (KHTML, like Gecko) Chrome/140.0.7339.127 Mobile Safari/537.36 (compatible; Googlebot/2.1; +http://www.google.com/bot.html)" 274 **0/274095**
66.249.70.35 - - [14/Sep/2025:05:38:31 -0700] "GET /market70724438?kg=0070614398 HTTP/1.1" 200 22902 "-" "Mozilla/5.0 (Linux; Android 6.0.1; Nexus 5X Build/MMB29P) AppleWebKit/537.36 (KHTML, like Gecko) Chrome/140.0.7339.127 Mobile Safari/537.36 (compatible; Googlebot/2.1; +http://www.google.com/bot.html)" 301 **0/301943**
66.249.64.5 - - [14/Sep/2025:05:38:31 -0700] "GET /?m=94135106930&filter=4539ba&share_to_url=pin.php?reserve/tool/ HTTP/1.1" 200 21976 "-" "Mozilla/5.0 (Linux; Android 6.0.1; Nexus 5X Build/MMB29P) AppleWebKit/537.36 (KHTML, like Gecko) Chrome/140.0.7339.127 Mobile Safari/537.36 (compatible; Googlebot/2.1; +http://www.google.com/bot.html)" 335 **0/335687**
66.249.70.32 - - [14/Sep/2025:05:38:31 -0700] "GET /market576126821?kg=0575225854 HTTP/1.1" 200 22260 "-" "Mozilla/5.0 (Linux; Android 6.0.1; Nexus 5X Build/MMB29P) AppleWebKit/537.36 (KHTML, like Gecko) Chrome/140.0.7339.127 Mobile Safari/537.36 (compatible; Googlebot/2.1; +http://www.google.com/bot.html)" 280 **0/280368**
66.249.70.35 - - [14/Sep/2025:05:38:31 -0700] "GET /market24460037?kg=0024422398 HTTP/1.1" 200 22311 "-" "Mozilla/5.0 (Linux; Android 6.0.1; Nexus 5X Build/MMB29P) AppleWebKit/537.36 (KHTML, like Gecko) Chrome/140.0.7339.127 Mobile Safari/537.36 (compatible; Googlebot/2.1; +http://www.google.com/bot.html)" 253 **0/253073**
66.249.70.34 - - [14/Sep/2025:05:38:31 -0700] "GET /market25408465?kg=0025369342 HTTP/1.1" 200 21993 "-" "Mozilla/5.0 (Linux; Android 6.0.1; Nexus 5X Build/MMB29P) AppleWebKit/537.36 (KHTML, like Gecko) Chrome/140.0.7339.127 Mobile Safari/537.36 (compatible; Googlebot/2.1; +http://www.google.com/bot.html)" 266 **0/266794**
66.249.70.33 - - [14/Sep/2025:05:38:31 -0700] "GET /market592083953?kg=0591158014 HTTP/1.1" 200 22175 "-" "Mozilla/5.0 (Linux; Android 6.0.1; Nexus 5X Build/MMB29P) AppleWebKit/537.36 (KHTML, like Gecko) Chrome/140.0.7339.127 Mobile Safari/537.36 (compatible; Googlebot/2.1; +http://www.google.com/bot.html)" 255 **0/255970**
66.249.64.8 - - [14/Sep/2025:05:38:31 -0700] "GET /?m=102895780930&filter=a342dd&share_to_url=product-page.php?shop/pg/1howto/ HTTP/1.1" 200 22133 "-" "Mozilla/5.0 (Linux; Android 6.0.1; Nexus 5X Build/MMB29P) AppleWebKit/537.36 (KHTML, like Gecko) Chrome/140.0.7339.127 Mobile Safari/537.36 (compatible; Googlebot/2.1; +http://www.google.com/bot.html)" 310 **0/310947**
66.249.64.7 - - [14/Sep/2025:05:38:32 -0700] "GET /?m=114659082930&filter=c2a8f3&share_to_url=article.php?toyu/top/CSfTop.jsp HTTP/1.1" 200 22525 "-" "Mozilla/5.0 (Linux; Android 6.0.1; Nexus 5X Build/MMB29P) AppleWebKit/537.36 (KHTML, like Gecko) Chrome/140.0.7339.127 Mobile Safari/537.36 (compatible; Googlebot/2.1; +http://www.google.com/bot.html)" 309 **0/309793**
66.249.70.39 - - [14/Sep/2025:05:38:32 -0700] "GET /market19873148?kg=0019842686 HTTP/1.1" 200 22561 "-" "Mozilla/5.0 (Linux; Android 6.0.1; Nexus 5X Build/MMB29P) AppleWebKit/537.36 (KHTML, like Gecko) Chrome/140.0.7339.127 Mobile Safari/537.36 (compatible; Googlebot/2.1; +http://www.google.com/bot.html)" 276 **0/276238**
66.249.64.2 - - [14/Sep/2025:05:38:32 -0700] "GET /?m=105470819930&filter=39b9c8&share_to_url=shopdetail.php?shop/customer/bookmark_guest.aspx HTTP/1.1" 200 22375 "-" "Mozilla/5.0 (Linux; Android 6.0.1; Nexus 5X Build/MMB29P) AppleWebKit/537.36 (KHTML, like Gecko) Chrome/140.0.7339.127 Mobile Safari/537.36 (compatible; Googlebot/2.1; +http://www.google.com/bot.html)" 293 **0/293758**
66.249.64.8 - - [14/Sep/2025:05:38:32 -0700] "GET /?m=115802715930&filter=92f1eb&share_to_url=goods.php?shop/storeSearch/CriteriaInput.aspx HTTP/1.1" 200 23026 "-" "Mozilla/5.0 (Linux; Android 6.0.1; Nexus 5X Build/MMB29P) AppleWebKit/537.36 (KHTML, like Gecko) Chrome/140.0.7339.127 Mobile Safari/537.36 (compatible; Googlebot/2.1; +http://www.google.com/bot.html)" 316 **0/316109**
66.249.70.32 - - [14/Sep/2025:05:38:32 -0700] "GET /market328024380?kg=0327511678 HTTP/1.1" 200 22089 "-" "Mozilla/5.0 (Linux; Android 6.0.1; Nexus 5X Build/MMB29P) AppleWebKit/537.36 (KHTML, like Gecko) Chrome/140.0.7339.127 Mobile Safari/537.36 (compatible; Googlebot/2.1; +http://www.google.com/bot.html)" 306 **0/306168**
66.249.70.32 - - [14/Sep/2025:05:38:32 -0700] "GET /market22671768?kg=0022636926 HTTP/1.1" 200 23548 "-" "Mozilla/5.0 (Linux; Android 6.0.1; Nexus 5X Build/MMB29P) AppleWebKit/537.36 (KHTML, like Gecko) Chrome/140.0.7339.127 Mobile Safari/537.36 (compatible; Googlebot/2.1; +http://www.google.com/bot.html)" 295 **0/295750**
66.249.70.35 - - [14/Sep/2025:05:38:32 -0700] "GET /market522805746?kg=0521988222 HTTP/1.1" 200 23300 "-" "Mozilla/5.0 (Linux; Android 6.0.1; Nexus 5X Build/MMB29P) AppleWebKit/537.36 (KHTML, like Gecko) Chrome/140.0.7339.127 Mobile Safari/537.36 (compatible; Googlebot/2.1; +http://www.google.com/bot.html)" 295 **0/295697**
66.249.70.33 - - [14/Sep/2025:05:38:32 -0700] "GET /market47342182?kg=0047268734 HTTP/1.1" 200 22042 "-" "Mozilla/5.0 (Linux; Android 6.0.1; Nexus 5X Build/MMB29P) AppleWebKit/537.36 (KHTML, like Gecko) Chrome/140.0.7339.127 Mobile Safari/537.36 (compatible; Googlebot/2.1; +http://www.google.com/bot.html)" 304 **0/304514**
66.249.64.1 - - [14/Sep/2025:05:38:32 -0700] "GET /?m=104021540930&filter=f2aff4&share_to_url=model.php?shop/customer/entry.aspx HTTP/1.1" 200 22739 "-" "Mozilla/5.0 (Linux; Android 6.0.1; Nexus 5X Build/MMB29P) AppleWebKit/537.36 (KHTML, like Gecko) Chrome/140.0.7339.127 Mobile Safari/537.36 (compatible; Googlebot/2.1; +http://www.google.com/bot.html)" 293 **0/293190**
66.249.70.34 - - [14/Sep/2025:05:38:33 -0700] "GET /?market498708900?kg=0497929086 HTTP/1.1" 200 22461 "-" "Mozilla/5.0 (Linux; Android 6.0.1; Nexus 5X Build/MMB29P) AppleWebKit/537.36 (KHTML, like Gecko) Chrome/140.0.7339.127 Mobile Safari/537.36 (compatible; Googlebot/2.1; +http://www.google.com/bot.html)" 300 **0/300833**
66.249.70.39 - - [14/Sep/2025:05:38:33 -0700] "GET /market54311170?kg=0054226814 HTTP/1.1" 200 21691 "-" "Mozilla/5.0 (Linux; Android 6.0.1; Nexus 5X Build/MMB29P) AppleWebKit/537.36 (KHTML, like Gecko) Chrome/140.0.7339.127 Mobile Safari/537.36 (compatible; Googlebot/2.1; +http://www.google.com/bot.html)" 289 **0/289307**
136.243.228.194 - - [14/Sep/2025:05:38:33 -0700] "GET /market94258099?fileloc=/home/vgijpbeijziw/public_html/deleteme.wp4003c021c88140cba175df1de9a281ec.php&path=/home/vgijpbeijziw/public_html HTTP/1.1" 200 6075 "-" "Mozilla/5.0 (compatible; DataForSeoBot/1.0; +https://dataforseo.com/dataforseo-bot)" 473 **0/473836**
66.249.64.3 - - [14/Sep/2025:05:38:33 -0700] "GET /?m=104021540930&filter=f2aff4&share_to_url=model.php?shop/order/make_estimate.aspx HTTP/1.1" 200 22518 "-" "Mozilla/5.0 (Linux; Android 6.0.1; Nexus 5X Build/MMB29P) AppleWebKit/537.36 (KHTML, like Gecko) Chrome/140.0.7339.127 Mobile Safari/537.36 (compatible; Googlebot/2.1; +http://www.google.com/bot.html)" 305 **0/305783**
66.249.70.33 - - [14/Sep/2025:05:38:33 -0700] "GET /market22670486?kg=0022635646 HTTP/1.1" 200 22585 "-" "Mozilla/5.0 (Linux; Android 6.0.1; Nexus 5X Build/MMB29P) AppleWebKit/537.36 (KHTML, like Gecko) Chrome/140.0.7339.127 Mobile Safari/537.36 (compatible; Googlebot/2.1; +http://www.google.com/bot.html)" 275 **0/275656**
66.249.64.1 - - [14/Sep/2025:05:38:33 -0700] "GET /?m=104021540930&filter=f2aff4&share_to_url=model.php?shop/cart/cart.aspx HTTP/1.1" 200 22262 "-" "Mozilla/5.0 (Linux; Android 6.0.1; Nexus 5X Build/MMB29P) AppleWebKit/537.36 (KHTML, like Gecko) Chrome/140.0.7339.127 Mobile Safari/537.36 (compatible; Googlebot/2.1; +http://www.google.com/bot.html)" 290 **0/290079**
66.249.64.7 - - [14/Sep/2025:05:38:34 -0700] "GET /?m=104021540930&filter=f2aff4&share_to_url=model.php?information/privacy_policy.html HTTP/1.1" 200 25920 "-" "Mozilla/5.0 (Linux; Android 6.0.1; Nexus 5X Build/MMB29P) AppleWebKit/537.36 (KHTML, like Gecko) Chrome/140.0.7339.127 Mobile Safari/537.36 (compatible; Googlebot/2.1; +http://www.google.com/bot.html)" 299 **0/299694**
66.249.70.33 - - [14/Sep/2025:05:38:34 -0700] "GET /market22668563?kg=0022633726 HTTP/1.1" 200 22165 "-" "Mozilla/5.0 (Linux; Android 6.0.1; Nexus 5X Build/MMB29P) AppleWebKit/537.36 (KHTML, like Gecko) Chrome/140.0.7339.127 Mobile Safari/537.36 (compatible; Googlebot/2.1; +http://www.google.com/bot.html)" 288 **0/288566**
66.249.64.5 - - [14/Sep/2025:05:38:34 -0700] "GET /?m=102861075930&filter=458d78&share_to_url=shop.php?shop/customer/menu.aspx HTTP/1.1" 200 24863 "-" "Mozilla/5.0 (Linux; Android 6.0.1; Nexus 5X Build/MMB29P) AppleWebKit/537.36 (KHTML, like Gecko) Chrome/140.0.7339.127 Mobile Safari/537.36 (compatible; Googlebot/2.1; +http://www.google.com/bot.html)" 304 **0/304624**
66.249.70.34 - - [14/Sep/2025:05:38:34 -0700] "GET /market22661512?kg=0022626686 HTTP/1.1" 200 22002 "-" "Mozilla/5.0 (Linux; Android 6.0.1; Nexus 5X Build/MMB29P) AppleWebKit/537.36 (KHTML, like Gecko) Chrome/140.0.7339.127 Mobile Safari/537.36 (compatible; Googlebot/2.1; +http://www.google.com/bot.html)" 285 **0/285085**
66.249.64.2 - - [14/Sep/2025:05:38:34 -0700] "GET /?m=102861075930&filter=458d78&share_to_url=shop.php?contents/event/kansyasai/ HTTP/1.1" 200 23082 "-" "Mozilla/5.0 (Linux; Android 6.0.1; Nexus 5X Build/MMB29P) AppleWebKit/537.36 (KHTML, like Gecko) Chrome/140.0.7339.127 Mobile Safari/537.36 (compatible; Googlebot/2.1; +http://www.google.com/bot.html)" 304 **0/304903**
66.249.70.35 - - [14/Sep/2025:05:38:34 -0700] "GET /market27815432?kg=0027772542 HTTP/1.1" 200 22036 "-" "Mozilla/5.0 (Linux; Android 6.0.1; Nexus 5X Build/MMB29P) AppleWebKit/537.36 (KHTML, like Gecko) Chrome/140.0.7339.127 Mobile Safari/537.36 (compatible; Googlebot/2.1; +http://www.google.com/bot.html)" 270 **0/270600**
66.249.70.39 - - [14/Sep/2025:05:38:34 -0700] "GET /market1864005963?kg=1861089534 HTTP/1.1" 200 22240 "-" "Mozilla/5.0 (Linux; Android 6.0.1; Nexus 5X Build/MMB29P) AppleWebKit/537.36 (KHTML, like Gecko) Chrome/140.0.7339.127 Mobile Safari/537.36 (compatible; Googlebot/2.1; +http://www.google.com/bot.html)" 313 **0/313405**
66.249.64.5 - - [14/Sep/2025:05:38:34 -0700] "GET /?m=108347423930&filter=9410c4&share_to_url=model.php?shop/category/categorylist.aspx HTTP/1.1" 200 22772 "-" "Mozilla/5.0 (Linux; Android 6.0.1; Nexus 5X Build/MMB29P) AppleWebKit/537.36 (KHTML, like Gecko) Chrome/140.0.7339.127 Mobile Safari/537.36 (compatible; Googlebot/2.1; +http://www.google.com/bot.html)" 258 **0/258100**
66.249.70.35 - - [14/Sep/2025:05:38:35 -0700] "GET /market22670228?kg=0022635390 HTTP/1.1" 200 22129 "-" "Mozilla/5.0 (Linux; Android 6.0.1; Nexus 5X Build/MMB29P) AppleWebKit/537.36 (KHTML, like Gecko) Chrome/140.0.7339.127 Mobile Safari/537.36 (compatible; Googlebot/2.1; +http://www.google.com/bot.html)" 302 **0/302955**
66.249.70.35 - - [14/Sep/2025:05:38:35 -0700] "GET /market22695868?kg=0022660990 HTTP/1.1" 200 21734 "-" "Mozilla/5.0 (Linux; Android 6.0.1; Nexus 5X Build/MMB29P) AppleWebKit/537.36 (KHTML, like Gecko) Chrome/140.0.7339.127 Mobile Safari/537.36 (compatible; Googlebot/2.1; +http://www.google.com/bot.html)" 281 **0/281069**
66.249.64.5 - - [14/Sep/2025:05:38:35 -0700] "GET /?m=88065421930&filter=c9f9aa&share_to_url=ideas.php?shop/order/make_estimate.aspx HTTP/1.1" 200 23243 "-" "Mozilla/5.0 (Linux; Android 6.0.1; Nexus 5X Build/MMB29P) AppleWebKit/537.36 (KHTML, like Gecko) Chrome/140.0.7339.127 Mobile Safari/537.36 (compatible; Googlebot/2.1; +http://www.google.com/bot.html)" 301 **0/301565**
66.249.64.8 - - [14/Sep/2025:05:38:35 -0700] "GET /?m=88799097930&filter=b7d03d&share_to_url=detail.php?reserve/tool/ HTTP/1.1" 200 22696 "-" "Mozilla/5.0 (Linux; Android 6.0.1; Nexus 5X Build/MMB29P) AppleWebKit/537.36 (KHTML, like Gecko) Chrome/140.0.7339.127 Mobile Safari/537.36 (compatible; Googlebot/2.1; +http://www.google.com/bot.html)" 292 **0/292546**
66.249.70.35 - - [14/Sep/2025:05:38:35 -0700] "GET /market16909148?kg=0016883326 HTTP/1.1" 200 21515 "-" "Mozilla/5.0 (Linux; Android 6.0.1; Nexus 5X Build/MMB29P) AppleWebKit/537.36 (KHTML, like Gecko) Chrome/140.0.7339.127 Mobile Safari/537.36 (compatible; Googlebot/2.1; +http://www.google.com/bot.html)" 270 **0/270203**
66.249.64.6 - - [14/Sep/2025:05:38:35 -0700] "GET /?m=102861075930&filter=458d78&share_to_url=shop.php?shop/cart/cart.aspx HTTP/1.1" 200 22236 "-" "Mozilla/5.0 (Linux; Android 6.0.1; Nexus 5X Build/MMB29P) AppleWebKit/537.36 (KHTML, like Gecko) Chrome/140.0.7339.127 Mobile Safari/537.36 (compatible; Googlebot/2.1; +http://www.google.com/bot.html)" 384 **0/384629**
66.249.64.7 - - [14/Sep/2025:05:38:35 -0700] "GET /?m=92349873930&filter=1926e0&share_to_url=goods.php?shop/pg/1AvailableInfo/ HTTP/1.1" 200 22810 "-" "Mozilla/5.0 (Linux; Android 6.0.1; Nexus 5X Build/MMB29P) AppleWebKit/537.36 (KHTML, like Gecko) Chrome/140.0.7339.127 Mobile Safari/537.36 (compatible; Googlebot/2.1; +http://www.google.com/bot.html)" 294 **0/294386**
66.249.70.39 - - [14/Sep/2025:05:38:35 -0700] "GET /market1901192861?kg=1898218238 HTTP/1.1" 200 22523 "-" "Mozilla/5.0 (Linux; Android 6.0.1; Nexus 5X Build/MMB29P) AppleWebKit/537.36 (KHTML, like Gecko) Chrome/140.0.7339.127 Mobile Safari/537.36 (compatible; Googlebot/2.1; +http://www.google.com/bot.html)" 327 **0/327788**
66.249.64.5 - - [14/Sep/2025:05:38:35 -0700] "GET /?m=102861075930&filter=458d78&share_to_url=shop.php?shop/customer/entry.aspx HTTP/1.1" 200 22751 "-" "Mozilla/5.0 (Linux; Android 6.0.1; Nexus 5X Build/MMB29P) AppleWebKit/537.36 (KHTML, like Gecko) Chrome/140.0.7339.127 Mobile Safari/537.36 (compatible; Googlebot/2.1; +http://www.google.com/bot.html)" 398 **0/398976**
66.249.64.3 - - [14/Sep/2025:05:38:36 -0700] "GET /?m=102861075930&filter=458d78&share_to_url=shop.php?shop/pg/1AvailableInfo/ HTTP/1.1" 200 22814 "-" "Mozilla/5.0 (Linux; Android 6.0.1; Nexus 5X Build/MMB29P) AppleWebKit/537.36 (KHTML, like Gecko) Chrome/140.0.7339.127 Mobile Safari/537.36 (compatible; Googlebot/2.1; +http://www.google.com/bot.html)" 294 **0/294036**
66.249.70.33 - - [14/Sep/2025:05:38:36 -0700] "GET /?market111350962?kg=0111177342 HTTP/1.1" 200 22465 "-" "Mozilla/5.0 (Linux; Android 6.0.1; Nexus 5X Build/MMB29P) AppleWebKit/537.36 (KHTML, like Gecko) Chrome/140.0.7339.127 Mobile Safari/537.36 (compatible; Googlebot/2.1; +http://www.google.com/bot.html)" 261 **0/261884**
66.249.70.39 - - [14/Sep/2025:05:38:36 -0700] "GET /market22850736?kg=0022815614 HTTP/1.1" 200 22993 "-" "Mozilla/5.0 (Linux; Android 6.0.1; Nexus 5X Build/MMB29P) AppleWebKit/537.36 (KHTML, like Gecko) Chrome/140.0.7339.127 Mobile Safari/537.36 (compatible; Googlebot/2.1; +http://www.google.com/bot.html)" 291 **0/291955**
66.249.64.6 - - [14/Sep/2025:05:38:36 -0700] "GET /?m=102861075930&filter=458d78&share_to_url=shop.php?shop/order/make_estimate.aspx HTTP/1.1" 200 23247 "-" "Mozilla/5.0 (Linux; Android 6.0.1; Nexus 5X Build/MMB29P) AppleWebKit/537.36 (KHTML, like Gecko) Chrome/140.0.7339.127 Mobile Safari/537.36 (compatible; Googlebot/2.1; +http://www.google.com/bot.html)" 305 **0/305115**
66.249.70.33 - - [14/Sep/2025:05:38:37 -0700] "GET /market22730099?kg=0022695166 HTTP/1.1" 200 22221 "-" "Mozilla/5.0 (Linux; Android 6.0.1; Nexus 5X Build/MMB29P) AppleWebKit/537.36 (KHTML, like Gecko) Chrome/140.0.7339.127 Mobile Safari/537.36 (compatible; Googlebot/2.1; +http://www.google.com/bot.html)" 362 **0/362608**
66.249.70.39 - - [14/Sep/2025:05:38:37 -0700] "GET /market22794584?kg=0022759550 HTTP/1.1" 200 22354 "-" "Mozilla/5.0 (Linux; Android 6.0.1; Nexus 5X Build/MMB29P) AppleWebKit/537.36 (KHTML, like Gecko) Chrome/140.0.7339.127 Mobile Safari/537.36 (compatible; Googlebot/2.1; +http://www.google.com/bot.html)" 335 **0/335037**
136.243.228.194 - - [14/Sep/2025:05:38:36 -0700] "GET /market94258099?path=/home/vgijpbeijziw/public_html/crystal HTTP/1.1" 200 2736 "-" "Mozilla/5.0 (compatible; DataForSeoBot/1.0; +https://dataforseo.com/dataforseo-bot)" 728 **0/728081**
66.249.64.8 - - [14/Sep/2025:05:38:37 -0700] "GET /?m=108347423930&filter=9410c4&share_to_url=model.php?reserve/tool/ HTTP/1.1" 200 22673 "-" "Mozilla/5.0 (Linux; Android 6.0.1; Nexus 5X Build/MMB29P) AppleWebKit/537.36 (KHTML, like Gecko) Chrome/140.0.7339.127 Mobile Safari/537.36 (compatible; Googlebot/2.1; +http://www.google.com/bot.html)" 341 **0/341906**
66.249.70.33 - - [14/Sep/2025:05:38:37 -0700] "GET /market22824838?kg=0022789758 HTTP/1.1" 200 23211 "-" "Mozilla/5.0 (Linux; Android 6.0.1; Nexus 5X Build/MMB29P) AppleWebKit/537.36 (KHTML, like Gecko) Chrome/140.0.7339.127 Mobile Safari/537.36 (compatible; Googlebot/2.1; +http://www.google.com/bot.html)" 293 **0/293126**
