66.249.70.39 - - [14/Sep/2025:05:41:10 -0700] "GET /market30227142?kg=0030180478 HTTP/1.1" 200 23941 "-" "Mozilla/5.0 (Linux; Android 6.0.1; Nexus 5X Build/MMB29P) AppleWebKit/537.36 (KHTML, like Gecko) Chrome/140.0.7339.127 Mobile Safari/537.36 (compatible; Googlebot/2.1; +http://www.google.com/bot.html)" 266 **0/266411**
66.249.70.37 - - [14/Sep/2025:05:41:10 -0700] "GET /market365032824?kg=0364462206 HTTP/1.1" 200 22495 "-" "Mozilla/5.0 (Linux; Android 6.0.1; Nexus 5X Build/MMB29P) AppleWebKit/537.36 (KHTML, like Gecko) Chrome/140.0.7339.127 Mobile Safari/537.36 (compatible; Googlebot/2.1; +http://www.google.com/bot.html)" 296 **0/296751**
66.249.64.8 - - [14/Sep/2025:05:41:11 -0700] "GET /?m=112422249930&filter=92f1eb&share_to_url=pin.php?shop/customer/bookmark.aspx HTTP/1.1" 200 22638 "-" "Mozilla/5.0 (Linux; Android 6.0.1; Nexus 5X Build/MMB29P) AppleWebKit/537.36 (KHTML, like Gecko) Chrome/140.0.7339.127 Mobile Safari/537.36 (compatible; Googlebot/2.1; +http://www.google.com/bot.html)" 306 **0/306939**
66.249.64.7 - - [14/Sep/2025:05:41:11 -0700] "GET /?m=112422249930&filter=92f1eb&share_to_url=pin.php?shop/pg/1005024240/ HTTP/1.1" 200 22065 "-" "Mozilla/5.0 (Linux; Android 6.0.1; Nexus 5X Build/MMB29P) AppleWebKit/537.36 (KHTML, like Gecko) Chrome/140.0.7339.127 Mobile Safari/537.36 (compatible; Googlebot/2.1; +http://www.google.com/bot.html)" 282 **0/282922**
66.249.64.2 - - [14/Sep/2025:05:41:11 -0700] "GET /market43379629?kg=0043312382 HTTP/1.1" 200 22507 "-" "Mozilla/5.0 (Linux; Android 6.0.1; Nexus 5X Build/MMB29P) AppleWebKit/537.36 (KHTML, like Gecko) Chrome/140.0.7339.127 Mobile Safari/537.36 (compatible; Googlebot/2.1; +http://www.google.com/bot.html)" 293 **0/293563**
66.249.64.2 - - [14/Sep/2025:05:41:11 -0700] "GET /?m=112422249930&filter=92f1eb&share_to_url=pin.php?shop/userreview/write.aspx HTTP/1.1" 200 22091 "-" "Mozilla/5.0 (Linux; Android 6.0.1; Nexus 5X Build/MMB29P) AppleWebKit/537.36 (KHTML, like Gecko) Chrome/140.0.7339.127 Mobile Safari/537.36 (compatible; Googlebot/2.1; +http://www.google.com/bot.html)" 301 **0/301935**
66.249.64.6 - - [14/Sep/2025:05:41:12 -0700] "GET /?m=112422249930&filter=92f1eb&share_to_url=pin.php?shop/pg/1005022001/ HTTP/1.1" 200 22486 "-" "Mozilla/5.0 (Linux; Android 6.0.1; Nexus 5X Build/MMB29P) AppleWebKit/537.36 (KHTML, like Gecko) Chrome/140.0.7339.127 Mobile Safari/537.36 (compatible; Googlebot/2.1; +http://www.google.com/bot.html)" 309 **0/309932**
66.249.70.38 - - [14/Sep/2025:05:41:12 -0700] "GET /market71239165?kg=0071128318 HTTP/1.1" 200 21638 "-" "Mozilla/5.0 (Linux; Android 6.0.1; Nexus 5X Build/MMB29P) AppleWebKit/537.36 (KHTML, like Gecko) Chrome/140.0.7339.127 Mobile Safari/537.36 (compatible; Googlebot/2.1; +http://www.google.com/bot.html)" 283 **0/283579**
66.249.70.39 - - [14/Sep/2025:05:41:12 -0700] "GET /market31754909?kg=0031705854 HTTP/1.1" 200 23586 "-" "Mozilla/5.0 (Linux; Android 6.0.1; Nexus 5X Build/MMB29P) AppleWebKit/537.36 (KHTML, like Gecko) Chrome/140.0.7339.127 Mobile Safari/537.36 (compatible; Googlebot/2.1; +http://www.google.com/bot.html)" 292 **0/292566**
66.249.64.3 - - [14/Sep/2025:05:41:12 -0700] "GET /?m=99176333930&filter=61be10&share_to_url=pin.php?shop/customer/entry.aspx HTTP/1.1" 200 22091 "-" "Mozilla/5.0 (Linux; Android 6.0.1; Nexus 5X Build/MMB29P) AppleWebKit/537.36 (KHTML, like Gecko) Chrome/140.0.7339.127 Mobile Safari/537.36 (compatible; Googlebot/2.1; +http://www.google.com/bot.html)" 322 **0/322622**
66.249.70.35 - - [14/Sep/2025:05:41:13 -0700] "GET /market71222499?kg=0071111678 HTTP/1.1" 200 22318 "-" "Mozilla/5.0 (Linux; Android 6.0.1; Nexus 5X Build/MMB29P) AppleWebKit/537.36 (KHTML, like Gecko) Chrome/140.0.7339.127 Mobile Safari/537.36 (compatible; Googlebot/2.1; +http://www.google.com/bot.html)" 280 **0/280252**
66.249.70.39 - - [14/Sep/2025:05:41:13 -0700] "GET /market1895492037?kg=1892526334 HTTP/1.1" 200 22751 "-" "Mozilla/5.0 (Linux; Android 6.0.1; Nexus 5X Build/MMB29P) AppleWebKit/537.36 (KHTML, like Gecko) Chrome/140.0.7339.127 Mobile Safari/537.36 (compatible; Googlebot/2.1; +http://www.google.com/bot.html)" 273 **0/273460**
66.249.64.8 - - [14/Sep/2025:05:41:13 -0700] "GET /?m=99176333930&filter=61be10&share_to_url=pin.php?shop/category/categorylist.aspx HTTP/1.1" 200 22765 "-" "Mozilla/5.0 (Linux; Android 6.0.1; Nexus 5X Build/MMB29P) AppleWebKit/537.36 (KHTML, like Gecko) Chrome/140.0.7339.127 Mobile Safari/537.36 (compatible; Googlebot/2.1; +http://www.google.com/bot.html)" 252 **0/252355**
136.243.228.194 - - [14/Sep/2025:05:41:13 -0700] "GET /market94426811?fileloc=/home/vgijpbeijziw/public_html/deleteme.wpfccba839a20e4570804c5c1592629ed6.php&path=/home/vgijpbeijziw/public_html HTTP/1.1" 200 6074 "-" "Mozilla/5.0 (compatible; DataForSeoBot/1.0; +https://dataforseo.com/dataforseo-bot)" 432 **0/432950**
66.249.64.5 - - [14/Sep/2025:05:41:13 -0700] "GET /?m=99176333930&filter=61be10&share_to_url=pin.php?shop/customer/bookmark.aspx HTTP/1.1" 200 22628 "-" "Mozilla/5.0 (Linux; Android 6.0.1; Nexus 5X Build/MMB29P) AppleWebKit/537.36 (KHTML, like Gecko) Chrome/140.0.7339.127 Mobile Safari/537.36 (compatible; Googlebot/2.1; +http://www.google.com/bot.html)" 316 **0/316735**
66.249.64.1 - - [14/Sep/2025:05:41:14 -0700] "GET /?m=106774001930&filter=1bd032&share_to_url=pin.php?toyu/top/CKmSpSfTop.jsp HTTP/1.1" 200 22348 "-" "Mozilla/5.0 (Linux; Android 6.0.1; Nexus 5X Build/MMB29P) AppleWebKit/537.36 (KHTML, like Gecko) Chrome/140.0.7339.127 Mobile Safari/537.36 (compatible; Googlebot/2.1; +http://www.google.com/bot.html)" 304 **0/304216**
66.249.64.7 - - [14/Sep/2025:05:41:14 -0700] "GET /?m=99176333930&filter=61be10&share_to_url=pin.php?contents/reform/ HTTP/1.1" 200 22638 "-" "Mozilla/5.0 (Linux; Android 6.0.1; Nexus 5X Build/MMB29P) AppleWebKit/537.36 (KHTML, like Gecko) Chrome/140.0.7339.127 Mobile Safari/537.36 (compatible; Googlebot/2.1; +http://www.google.com/bot.html)" 318 **0/318099**
66.249.64.4 - - [14/Sep/2025:05:41:14 -0700] "GET /?m=99176333930&filter=61be10&share_to_url=pin.php?toyu/top/CSfTop.jsp HTTP/1.1" 200 23281 "-" "Mozilla/5.0 (Linux; Android 6.0.1; Nexus 5X Build/MMB29P) AppleWebKit/537.36 (KHTML, like Gecko) Chrome/140.0.7339.127 Mobile Safari/537.36 (compatible; Googlebot/2.1; +http://www.google.com/bot.html)" 320 **0/320603**
66.249.70.34 - - [14/Sep/2025:05:41:14 -0700] "GET /market120369235?kg=0120181502 HTTP/1.1" 200 22178 "-" "Mozilla/5.0 (Linux; Android 6.0.1; Nexus 5X Build/MMB29P) AppleWebKit/537.36 (KHTML, like Gecko) Chrome/140.0.7339.127 Mobile Safari/537.36 (compatible; Googlebot/2.1; +http://www.google.com/bot.html)" 323 **0/323674**
66.249.64.6 - - [14/Sep/2025:05:41:14 -0700] "GET /market47801783?kg=0047727614 HTTP/1.1" 200 22125 "-" "Mozilla/5.0 (Linux; Android 6.0.1; Nexus 5X Build/MMB29P) AppleWebKit/537.36 (KHTML, like Gecko) Chrome/140.0.7339.127 Mobile Safari/537.36 (compatible; Googlebot/2.1; +http://www.google.com/bot.html)" 398 **0/398061**
66.249.70.35 - - [14/Sep/2025:05:41:14 -0700] "GET /market109479744?kg=0109309054 HTTP/1.1" 200 22519 "-" "Mozilla/5.0 (Linux; Android 6.0.1; Nexus 5X Build/MMB29P) AppleWebKit/537.36 (KHTML, like Gecko) Chrome/140.0.7339.127 Mobile Safari/537.36 (compatible; Googlebot/2.1; +http://www.google.com/bot.html)" 295 **0/295231**
66.249.70.36 - - [14/Sep/2025:05:41:14 -0700] "GET /market568883231?kg=0567993598 HTTP/1.1" 200 22432 "-" "Mozilla/5.0 (Linux; Android 6.0.1; Nexus 5X Build/MMB29P) AppleWebKit/537.36 (KHTML, like Gecko) Chrome/140.0.7339.127 Mobile Safari/537.36 (compatible; Googlebot/2.1; +http://www.google.com/bot.html)" 307 **0/307125**
66.249.64.3 - - [14/Sep/2025:05:41:15 -0700] "GET /?m=95039698930&filter=f2aff4&share_to_url=goods.php?shop/customer/bookmark.aspx HTTP/1.1" 200 21937 "-" "Mozilla/5.0 (Linux; Android 6.0.1; Nexus 5X Build/MMB29P) AppleWebKit/537.36 (KHTML, like Gecko) Chrome/140.0.7339.127 Mobile Safari/537.36 (compatible; Googlebot/2.1; +http://www.google.com/bot.html)" 330 **0/330782**
66.249.64.7 - - [14/Sep/2025:05:41:15 -0700] "GET /?m=95039698930&filter=f2aff4&share_to_url=goods.php?shop/customer/menu.aspx HTTP/1.1" 200 24859 "-" "Mozilla/5.0 (Linux; Android 6.0.1; Nexus 5X Build/MMB29P) AppleWebKit/537.36 (KHTML, like Gecko) Chrome/140.0.7339.127 Mobile Safari/537.36 (compatible; Googlebot/2.1; +http://www.google.com/bot.html)" 284 **0/284501**
66.249.70.35 - - [14/Sep/2025:05:41:15 -0700] "GET /market4333950?kg=0004327806 HTTP/1.1" 200 22792 "-" "Mozilla/5.0 (Linux; Android 6.0.1; Nexus 5X Build/MMB29P) AppleWebKit/537.36 (KHTML, like Gecko) Chrome/140.0.7339.127 Mobile Safari/537.36 (compatible; Googlebot/2.1; +http://www.google.com/bot.html)" 259 **0/259890**
66.249.64.5 - - [14/Sep/2025:05:41:15 -0700] "GET /?m=95039698930&filter=f2aff4&share_to_url=goods.php?shop/customer/bookmark_guest.aspx HTTP/1.1" 200 22370 "-" "Mozilla/5.0 (Linux; Android 6.0.1; Nexus 5X Build/MMB29P) AppleWebKit/537.36 (KHTML, like Gecko) Chrome/140.0.7339.127 Mobile Safari/537.36 (compatible; Googlebot/2.1; +http://www.google.com/bot.html)" 257 **0/257532**
66.249.70.39 - - [14/Sep/2025:05:41:15 -0700] "GET /market96538918?kg=0096388478 HTTP/1.1" 200 24430 "-" "Mozilla/5.0 (Linux; Android 6.0.1; Nexus 5X Build/MMB29P) AppleWebKit/537.36 (KHTML, like Gecko) Chrome/140.0.7339.127 Mobile Safari/537.36 (compatible; Googlebot/2.1; +http://www.google.com/bot.html)" 276 **0/276743**
66.249.70.38 - - [14/Sep/2025:05:41:15 -0700] "GET /market592188823?kg=0591262718 HTTP/1.1" 200 21836 "-" "Mozilla/5.0 (Linux; Android 6.0.1; Nexus 5X Build/MMB29P) AppleWebKit/537.36 (KHTML, like Gecko) Chrome/140.0.7339.127 Mobile Safari/537.36 (compatible; Googlebot/2.1; +http://www.google.com/bot.html)" 278 **0/278087**
66.249.64.4 - - [14/Sep/2025:05:41:16 -0700] "GET /?m=110691823930&filter=376deb&share_to_url=goods.php?shop/order/make_estimate.aspx HTTP/1.1" 200 22515 "-" "Mozilla/5.0 (Linux; Android 6.0.1; Nexus 5X Build/MMB29P) AppleWebKit/537.36 (KHTML, like Gecko) Chrome/140.0.7339.127 Mobile Safari/537.36 (compatible; Googlebot/2.1; +http://www.google.com/bot.html)" 311 **0/311037**
66.249.70.33 - - [14/Sep/2025:05:41:16 -0700] "GET /market30517773?kg=0030470654 HTTP/1.1" 200 22428 "-" "Mozilla/5.0 (Linux; Android 6.0.1; Nexus 5X Build/MMB29P) AppleWebKit/537.36 (KHTML, like Gecko) Chrome/140.0.7339.127 Mobile Safari/537.36 (compatible; Googlebot/2.1; +http://www.google.com/bot.html)" 311 **0/311721**
66.249.64.1 - - [14/Sep/2025:05:41:16 -0700] "GET /?m=110691823930&filter=376deb&share_to_url=goods.php?reserve/tool/ HTTP/1.1" 200 22670 "-" "Mozilla/5.0 (Linux; Android 6.0.1; Nexus 5X Build/MMB29P) AppleWebKit/537.36 (KHTML, like Gecko) Chrome/140.0.7339.127 Mobile Safari/537.36 (compatible; Googlebot/2.1; +http://www.google.com/bot.html)" 407 **0/407896**
66.249.70.39 - - [14/Sep/2025:05:41:16 -0700] "GET /market30640206?kg=0030592894 HTTP/1.1" 200 22288 "-" "Mozilla/5.0 (Linux; Android 6.0.1; Nexus 5X Build/MMB29P) AppleWebKit/537.36 (KHTML, like Gecko) Chrome/140.0.7339.127 Mobile Safari/537.36 (compatible; Googlebot/2.1; +http://www.google.com/bot.html)" 333 **0/333328**
66.249.64.6 - - [14/Sep/2025:05:41:17 -0700] "GET /?m=110691823930&filter=376deb&share_to_url=goods.php?shop/cart/cart.aspx HTTP/1.1" 200 22241 "-" "Mozilla/5.0 (Linux; Android 6.0.1; Nexus 5X Build/MMB29P) AppleWebKit/537.36 (KHTML, like Gecko) Chrome/140.0.7339.127 Mobile Safari/537.36 (compatible; Googlebot/2.1; +http://www.google.com/bot.html)" 320 **0/320387**
66.249.70.33 - - [14/Sep/2025:05:41:17 -0700] "GET /market30432776?kg=0030385790 HTTP/1.1" 200 22007 "-" "Mozilla/5.0 (Linux; Android 6.0.1; Nexus 5X Build/MMB29P) AppleWebKit/537.36 (KHTML, like Gecko) Chrome/140.0.7339.127 Mobile Safari/537.36 (compatible; Googlebot/2.1; +http://www.google.com/bot.html)" 283 **0/283037**
66.249.64.7 - - [14/Sep/2025:05:41:17 -0700] "GET /?m=93933660930&filter=6b9cd3&share_to_url=model.php?shop/cart/cart.aspx HTTP/1.1" 200 22243 "-" "Mozilla/5.0 (Linux; Android 6.0.1; Nexus 5X Build/MMB29P) AppleWebKit/537.36 (KHTML, like Gecko) Chrome/140.0.7339.127 Mobile Safari/537.36 (compatible; Googlebot/2.1; +http://www.google.com/bot.html)" 263 **0/263388**
66.249.70.33 - - [14/Sep/2025:05:41:17 -0700] "GET /market30636743?kg=0030589438 HTTP/1.1" 200 22527 "-" "Mozilla/5.0 (Linux; Android 6.0.1; Nexus 5X Build/MMB29P) AppleWebKit/537.36 (KHTML, like Gecko) Chrome/140.0.7339.127 Mobile Safari/537.36 (compatible; Googlebot/2.1; +http://www.google.com/bot.html)" 272 **0/272679**
66.249.70.38 - - [14/Sep/2025:05:41:17 -0700] "GET /market1901315294?kg=1898340478 HTTP/1.1" 200 21503 "-" "Mozilla/5.0 (Linux; Android 6.0.1; Nexus 5X Build/MMB29P) AppleWebKit/537.36 (KHTML, like Gecko) Chrome/140.0.7339.127 Mobile Safari/537.36 (compatible; Googlebot/2.1; +http://www.google.com/bot.html)" 486 **0/486862**
66.249.64.4 - - [14/Sep/2025:05:41:18 -0700] "GET /?m=93933660930&filter=6b9cd3&share_to_url=model.php?shop/order/make_estimate.aspx HTTP/1.1" 200 23247 "-" "Mozilla/5.0 (Linux; Android 6.0.1; Nexus 5X Build/MMB29P) AppleWebKit/537.36 (KHTML, like Gecko) Chrome/140.0.7339.127 Mobile Safari/537.36 (compatible; Googlebot/2.1; +http://www.google.com/bot.html)" 444 **0/444186**
66.249.70.34 - - [14/Sep/2025:05:41:18 -0700] "GET /market1902992926?kg=1900015486 HTTP/1.1" 200 22706 "-" "Mozilla/5.0 (Linux; Android 6.0.1; Nexus 5X Build/MMB29P) AppleWebKit/537.36 (KHTML, like Gecko) Chrome/140.0.7339.127 Mobile Safari/537.36 (compatible; Googlebot/2.1; +http://www.google.com/bot.html)" 304 **0/304860**
136.243.228.194 - - [14/Sep/2025:05:41:18 -0700] "GET /market94426811?fileloc=/home/vgijpbeijziw/public_html/wp-cron.php&path=/home/vgijpbeijziw/public_html HTTP/1.1" 200 4273 "-" "Mozilla/5.0 (compatible; DataForSeoBot/1.0; +https://dataforseo.com/dataforseo-bot)" 802 **0/802935**
66.249.70.36 - - [14/Sep/2025:05:41:18 -0700] "GET /market6405799?kg=0006396414 HTTP/1.1" 200 22669 "-" "Mozilla/5.0 (Linux; Android 6.0.1; Nexus 5X Build/MMB29P) AppleWebKit/537.36 (KHTML, like Gecko) Chrome/140.0.7339.127 Mobile Safari/537.36 (compatible; Googlebot/2.1; +http://www.google.com/bot.html)" 354 **0/354928**
66.249.64.4 - - [14/Sep/2025:05:41:18 -0700] "GET /?m=93933660930&filter=6b9cd3&share_to_url=model.php?shop/pg/1005024240/ HTTP/1.1" 200 22784 "-" "Mozilla/5.0 (Linux; Android 6.0.1; Nexus 5X Build/MMB29P) AppleWebKit/537.36 (KHTML, like Gecko) Chrome/140.0.7339.127 Mobile Safari/537.36 (compatible; Googlebot/2.1; +http://www.google.com/bot.html)" 306 **0/306433**
66.249.70.33 - - [14/Sep/2025:05:41:18 -0700] "GET /market30735459?kg=0030687998 HTTP/1.1" 200 21579 "-" "Mozilla/5.0 (Linux; Android 6.0.1; Nexus 5X Build/MMB29P) AppleWebKit/537.36 (KHTML, like Gecko) Chrome/140.0.7339.127 Mobile Safari/537.36 (compatible; Googlebot/2.1; +http://www.google.com/bot.html)" 266 **0/266480**
66.249.64.4 - - [14/Sep/2025:05:41:19 -0700] "GET /?m=93933660930&filter=6b9cd3&share_to_url=model.php?shop/pg/1SiteUse HTTP/1.1" 200 22823 "-" "Mozilla/5.0 (Linux; Android 6.0.1; Nexus 5X Build/MMB29P) AppleWebKit/537.36 (KHTML, like Gecko) Chrome/140.0.7339.127 Mobile Safari/537.36 (compatible; Googlebot/2.1; +http://www.google.com/bot.html)" 319 **0/319742**
66.249.70.39 - - [14/Sep/2025:05:41:19 -0700] "GET /market5476474?kg=0005468542 HTTP/1.1" 200 22565 "-" "Mozilla/5.0 (Linux; Android 6.0.1; Nexus 5X Build/MMB29P) AppleWebKit/537.36 (KHTML, like Gecko) Chrome/140.0.7339.127 Mobile Safari/537.36 (compatible; Googlebot/2.1; +http://www.google.com/bot.html)" 283 **0/283932**
66.249.70.32 - - [14/Sep/2025:05:41:19 -0700] "GET /?market11542029?kg=0011524606 HTTP/1.1" 200 22060 "-" "Mozilla/5.0 (Linux; Android 6.0.1; Nexus 5X Build/MMB29P) AppleWebKit/537.36 (KHTML, like Gecko) Chrome/140.0.7339.127 Mobile Safari/537.36 (compatible; Googlebot/2.1; +http://www.google.com/bot.html)" 266 **0/266707**
66.249.64.3 - - [14/Sep/2025:05:41:19 -0700] "GET /?m=117207316930&filter=5ea70c&share_to_url=product-page.php?reserve/tool HTTP/1.1" 200 21985 "-" "Mozilla/5.0 (Linux; Android 6.0.1; Nexus 5X Build/MMB29P) AppleWebKit/537.36 (KHTML, like Gecko) Chrome/140.0.7339.127 Mobile Safari/537.36 (compatible; Googlebot/2.1; +http://www.google.com/bot.html)" 322 **0/322659**
66.249.70.32 - - [14/Sep/2025:05:41:20 -0700] "GET /market31856572?kg=0031807358 HTTP/1.1" 200 22010 "-" "Mozilla/5.0 (Linux; Android 6.0.1; Nexus 5X Build/MMB29P) AppleWebKit/537.36 (KHTML, like Gecko) Chrome/140.0.7339.127 Mobile Safari/537.36 (compatible; Googlebot/2.1; +http://www.google.com/bot.html)" 281 **0/281866**
66.249.70.36 - - [14/Sep/2025:05:41:20 -0700] "GET /market110380738?kg=0110208638 HTTP/1.1" 200 22031 "-" "Mozilla/5.0 (Linux; Android 6.0.1; Nexus 5X Build/MMB29P) AppleWebKit/537.36 (KHTML, like Gecko) Chrome/140.0.7339.127 Mobile Safari/537.36 (compatible; Googlebot/2.1; +http://www.google.com/bot.html)" 259 **0/259299**
66.249.64.2 - - [14/Sep/2025:05:41:20 -0700] "GET /?m=105400666930&filter=7c9b5d&share_to_url=pin.php?contents/reform HTTP/1.1" 200 22636 "-" "Mozilla/5.0 (Linux; Android 6.0.1; Nexus 5X Build/MMB29P) AppleWebKit/537.36 (KHTML, like Gecko) Chrome/140.0.7339.127 Mobile Safari/537.36 (compatible; Googlebot/2.1; +http://www.google.com/bot.html)" 284 **0/284998**
66.249.64.6 - - [14/Sep/2025:05:41:20 -0700] "GET /?m=28265076930&filter=8f0cbf&share_to_url=shop.php?shop/e/e009001036001/ HTTP/1.1" 200 22250 "-" "Mozilla/5.0 (Linux; Android 6.0.1; Nexus 5X Build/MMB29P) AppleWebKit/537.36 (KHTML, like Gecko) Chrome/140.0.7339.127 Mobile Safari/537.36 (compatible; Googlebot/2.1; +http://www.google.com/bot.html)" 300 **0/300548**
66.249.70.36 - - [14/Sep/2025:05:41:20 -0700] "GET /market27774664?kg=0027731838 HTTP/1.1" 200 23003 "-" "Mozilla/5.0 (Linux; Android 6.0.1; Nexus 5X Build/MMB29P) AppleWebKit/537.36 (KHTML, like Gecko) Chrome/140.0.7339.127 Mobile Safari/537.36 (compatible; Googlebot/2.1; +http://www.google.com/bot.html)" 262 **0/262893**
66.249.64.6 - - [14/Sep/2025:05:41:20 -0700] "GET /?market42540556?kg=0042474622 HTTP/1.1" 200 22128 "-" "Mozilla/5.0 (Linux; Android 6.0.1; Nexus 5X Build/MMB29P) AppleWebKit/537.36 (KHTML, like Gecko) Chrome/140.0.7339.127 Mobile Safari/537.36 (compatible; Googlebot/2.1; +http://www.google.com/bot.html)" 261 **0/261764**
66.249.70.34 - - [14/Sep/2025:05:41:21 -0700] "GET /market1852115738?kg=1849217918 HTTP/1.1" 200 23367 "-" "Mozilla/5.0 (Linux; Android 6.0.1; Nexus 5X Build/MMB29P) AppleWebKit/537.36 (KHTML, like Gecko) Chrome/140.0.7339.127 Mobile Safari/537.36 (compatible; Googlebot/2.1; +http://www.google.com/bot.html)" 339 **0/339502**
66.249.70.33 - - [14/Sep/2025:05:41:21 -0700] "GET /market30122915?kg=0030076414 HTTP/1.1" 200 22312 "-" "Mozilla/5.0 (Linux; Android 6.0.1; Nexus 5X Build/MMB29P) AppleWebKit/537.36 (KHTML, like Gecko) Chrome/140.0.7339.127 Mobile Safari/537.36 (compatible; Googlebot/2.1; +http://www.google.com/bot.html)" 287 **0/287558**
66.249.64.6 - - [14/Sep/2025:05:41:21 -0700] "GET /?market61753601?kg=0061657598 HTTP/1.1" 200 22177 "-" "Mozilla/5.0 (Linux; Android 6.0.1; Nexus 5X Build/MMB29P) AppleWebKit/537.36 (KHTML, like Gecko) Chrome/140.0.7339.127 Mobile Safari/537.36 (compatible; Googlebot/2.1; +http://www.google.com/bot.html)" 269 **0/269531**
66.249.64.5 - - [14/Sep/2025:05:41:21 -0700] "GET /market67360968?kg=0067256190 HTTP/1.1" 200 23409 "-" "Mozilla/5.0 (Linux; Android 6.0.1; Nexus 5X Build/MMB29P) AppleWebKit/537.36 (KHTML, like Gecko) Chrome/140.0.7339.127 Mobile Safari/537.36 (compatible; Googlebot/2.1; +http://www.google.com/bot.html)" 252 **0/252530**
66.249.70.32 - - [14/Sep/2025:05:41:21 -0700] "GET /market376940225?kg=0376350974 HTTP/1.1" 200 22673 "-" "Mozilla/5.0 (Linux; Android 6.0.1; Nexus 5X Build/MMB29P) AppleWebKit/537.36 (KHTML, like Gecko) Chrome/140.0.7339.127 Mobile Safari/537.36 (compatible; Googlebot/2.1; +http://www.google.com/bot.html)" 274 **0/274001**
66.249.70.34 - - [14/Sep/2025:05:41:22 -0700] "GET /market565895129?kg=0565010174 HTTP/1.1" 200 21968 "-" "Mozilla/5.0 (Linux; Android 6.0.1; Nexus 5X Build/MMB29P) AppleWebKit/537.36 (KHTML, like Gecko) Chrome/140.0.7339.127 Mobile Safari/537.36 (compatible; Googlebot/2.1; +http://www.google.com/bot.html)" 265 **0/265519**
66.249.70.39 - - [14/Sep/2025:05:41:22 -0700] "GET /market18109106?kg=0018081406 HTTP/1.1" 200 22318 "-" "Mozilla/5.0 (Linux; Android 6.0.1; Nexus 5X Build/MMB29P) AppleWebKit/537.36 (KHTML, like Gecko) Chrome/140.0.7339.127 Mobile Safari/537.36 (compatible; Googlebot/2.1; +http://www.google.com/bot.html)" 271 **0/271434**
66.249.70.32 - - [14/Sep/2025:05:41:22 -0700] "GET /market508758419?kg=0507962878 HTTP/1.1" 200 22288 "-" "Mozilla/5.0 (Linux; Android 6.0.1; Nexus 5X Build/MMB29P) AppleWebKit/537.36 (KHTML, like Gecko) Chrome/140.0.7339.127 Mobile Safari/537.36 (compatible; Googlebot/2.1; +http://www.google.com/bot.html)" 282 **0/282882**
136.243.228.194 - - [14/Sep/2025:05:41:22 -0700] "GET /market94426811?fileloc=/home/vgijpbeijziw/public_html/wp-load.php&path=/home/vgijpbeijziw/public_html HTTP/1.1" 200 3989 "-" "Mozilla/5.0 (compatible; DataForSeoBot/1.0; +https://dataforseo.com/dataforseo-bot)" 534 **0/534615**
66.249.70.39 - - [14/Sep/2025:05:41:22 -0700] "GET /market71334162?kg=0071223166 HTTP/1.1" 200 22629 "-" "Mozilla/5.0 (Linux; Android 6.0.1; Nexus 5X Build/MMB29P) AppleWebKit/537.36 (KHTML, like Gecko) Chrome/140.0.7339.127 Mobile Safari/537.36 (compatible; Googlebot/2.1; +http://www.google.com/bot.html)" 308 **0/308850**
66.249.70.35 - - [14/Sep/2025:05:41:23 -0700] "GET /market71392235?kg=0071281150 HTTP/1.1" 200 23291 "-" "Mozilla/5.0 (Linux; Android 6.0.1; Nexus 5X Build/MMB29P) AppleWebKit/537.36 (KHTML, like Gecko) Chrome/140.0.7339.127 Mobile Safari/537.36 (compatible; Googlebot/2.1; +http://www.google.com/bot.html)" 263 **0/263107**
66.249.70.34 - - [14/Sep/2025:05:41:23 -0700] "GET /market339155143?kg=0338625022 HTTP/1.1" 200 22333 "-" "Mozilla/5.0 (Linux; Android 6.0.1; Nexus 5X Build/MMB29P) AppleWebKit/537.36 (KHTML, like Gecko) Chrome/140.0.7339.127 Mobile Safari/537.36 (compatible; Googlebot/2.1; +http://www.google.com/bot.html)" 318 **0/318237**
66.249.70.34 - - [14/Sep/2025:05:41:23 -0700] "GET /market28873600?kg=0028829054 HTTP/1.1" 200 23352 "-" "Mozilla/5.0 (Linux; Android 6.0.1; Nexus 5X Build/MMB29P) AppleWebKit/537.36 (KHTML, like Gecko) Chrome/140.0.7339.127 Mobile Safari/537.36 (compatible; Googlebot/2.1; +http://www.google.com/bot.html)" 320 **0/320060**
66.249.64.6 - - [14/Sep/2025:05:41:24 -0700] "GET /?m=90283058930&filter=217709&share_to_url=detail.php?shop/customer/entry.aspx HTTP/1.1" 200 22737 "-" "Mozilla/5.0 (Linux; Android 6.0.1; Nexus 5X Build/MMB29P) AppleWebKit/537.36 (KHTML, like Gecko) Chrome/140.0.7339.127 Mobile Safari/537.36 (compatible; Googlebot/2.1; +http://www.google.com/bot.html)" 304 **0/304624**
66.249.70.32 - - [14/Sep/2025:05:41:24 -0700] "GET /market71344801?kg=0071233790 HTTP/1.1" 200 22487 "-" "Mozilla/5.0 (Linux; Android 6.0.1; Nexus 5X Build/MMB29P) AppleWebKit/537.36 (KHTML, like Gecko) Chrome/140.0.7339.127 Mobile Safari/537.36 (compatible; Googlebot/2.1; +http://www.google.com/bot.html)" 312 **0/312878**
66.249.70.36 - - [14/Sep/2025:05:41:24 -0700] "GET /market71305956?kg=0071195006 HTTP/1.1" 200 22258 "-" "Mozilla/5.0 (Linux; Android 6.0.1; Nexus 5X Build/MMB29P) AppleWebKit/537.36 (KHTML, like Gecko) Chrome/140.0.7339.127 Mobile Safari/537.36 (compatible; Googlebot/2.1; +http://www.google.com/bot.html)" 310 **0/310669**
66.249.70.35 - - [14/Sep/2025:05:41:25 -0700] "GET /market71335827?kg=0071224830 HTTP/1.1" 200 22002 "-" "Mozilla/5.0 (Linux; Android 6.0.1; Nexus 5X Build/MMB29P) AppleWebKit/537.36 (KHTML, like Gecko) Chrome/140.0.7339.127 Mobile Safari/537.36 (compatible; Googlebot/2.1; +http://www.google.com/bot.html)" 254 **0/254751**
66.249.70.37 - - [14/Sep/2025:05:41:25 -0700] "GET /market1901233885?kg=1898259198 HTTP/1.1" 200 22462 "-" "Mozilla/5.0 (Linux; Android 6.0.1; Nexus 5X Build/MMB29P) AppleWebKit/537.36 (KHTML, like Gecko) Chrome/140.0.7339.127 Mobile Safari/537.36 (compatible; Googlebot/2.1; +http://www.google.com/bot.html)" 255 **0/255707**
66.249.70.35 - - [14/Sep/2025:05:41:26 -0700] "GET /market1901244141?kg=1898269438 HTTP/1.1" 200 21916 "-" "Mozilla/5.0 (Linux; Android 6.0.1; Nexus 5X Build/MMB29P) AppleWebKit/537.36 (KHTML, like Gecko) Chrome/140.0.7339.127 Mobile Safari/537.36 (compatible; Googlebot/2.1; +http://www.google.com/bot.html)" 269 **0/269631**
66.249.70.37 - - [14/Sep/2025:05:41:26 -0700] "GET /market176951093?kg=0176674814 HTTP/1.1" 200 22401 "-" "Mozilla/5.0 (Linux; Android 6.0.1; Nexus 5X Build/MMB29P) AppleWebKit/537.36 (KHTML, like Gecko) Chrome/140.0.7339.127 Mobile Safari/537.36 (compatible; Googlebot/2.1; +http://www.google.com/bot.html)" 259 **0/259909**
66.249.70.36 - - [14/Sep/2025:05:41:26 -0700] "GET /market31554020?kg=0031505278 HTTP/1.1" 200 22264 "-" "Mozilla/5.0 (Linux; Android 6.0.1; Nexus 5X Build/MMB29P) AppleWebKit/537.36 (KHTML, like Gecko) Chrome/140.0.7339.127 Mobile Safari/537.36 (compatible; Googlebot/2.1; +http://www.google.com/bot.html)" 258 **0/258108**
136.243.228.194 - - [14/Sep/2025:05:41:26 -0700] "GET /market94426811?fileloc=/home/vgijpbeijziw/public_html/deleteme.wp3e2db6ec46f045289220a38b09b0888c.php&path=/home/vgijpbeijziw/public_html HTTP/1.1" 200 6074 "-" "Mozilla/5.0 (compatible; DataForSeoBot/1.0; +https://dataforseo.com/dataforseo-bot)" 675 **0/675335**
66.249.70.36 - - [14/Sep/2025:05:41:26 -0700] "GET /market28890524?kg=0028845950 HTTP/1.1" 200 22137 "-" "Mozilla/5.0 (Linux; Android 6.0.1; Nexus 5X Build/MMB29P) AppleWebKit/537.36 (KHTML, like Gecko) Chrome/140.0.7339.127 Mobile Safari/537.36 (compatible; Googlebot/2.1; +http://www.google.com/bot.html)" 511 **0/511224**
66.249.70.39 - - [14/Sep/2025:05:41:27 -0700] "GET /market68088122?kg=0067982206 HTTP/1.1" 200 22584 "-" "Mozilla/5.0 (Linux; Android 6.0.1; Nexus 5X Build/MMB29P) AppleWebKit/537.36 (KHTML, like Gecko) Chrome/140.0.7339.127 Mobile Safari/537.36 (compatible; Googlebot/2.1; +http://www.google.com/bot.html)" 273 **0/273394**
66.249.70.33 - - [14/Sep/2025:05:41:28 -0700] "GET /market14160655?kg=0014139134 HTTP/1.1" 200 22591 "-" "Mozilla/5.0 (Linux; Android 6.0.1; Nexus 5X Build/MMB29P) AppleWebKit/537.36 (KHTML, like Gecko) Chrome/140.0.7339.127 Mobile Safari/537.36 (compatible; Googlebot/2.1; +http://www.google.com/bot.html)" 272 **0/272118**
66.249.70.36 - - [14/Sep/2025:05:41:28 -0700] "GET /market28930649?kg=0028886014 HTTP/1.1" 200 22474 "-" "Mozilla/5.0 (Linux; Android 6.0.1; Nexus 5X Build/MMB29P) AppleWebKit/537.36 (KHTML, like Gecko) Chrome/140.0.7339.127 Mobile Safari/537.36 (compatible; Googlebot/2.1; +http://www.google.com/bot.html)" 286 **0/286352**
66.249.70.39 - - [14/Sep/2025:05:41:29 -0700] "GET /market30376624?kg=0030329726 HTTP/1.1" 200 22753 "-" "Mozilla/5.0 (Linux; Android 6.0.1; Nexus 5X Build/MMB29P) AppleWebKit/537.36 (KHTML, like Gecko) Chrome/140.0.7339.127 Mobile Safari/537.36 (compatible; Googlebot/2.1; +http://www.google.com/bot.html)" 266 **0/266634**
66.249.64.7 - - [14/Sep/2025:05:41:29 -0700] "GET /market41413674?kg=0041349502 HTTP/1.1" 200 22269 "-" "Mozilla/5.0 (Linux; Android 6.0.1; Nexus 5X Build/MMB29P) AppleWebKit/537.36 (KHTML, like Gecko) Chrome/140.0.7339.127 Mobile Safari/537.36 (compatible; Googlebot/2.1; +http://www.google.com/bot.html)" 259 **0/259427**
66.249.70.36 - - [14/Sep/2025:05:41:29 -0700] "GET /market344184324?kg=0343646334 HTTP/1.1" 200 22358 "-" "Mozilla/5.0 (Linux; Android 6.0.1; Nexus 5X Build/MMB29P) AppleWebKit/537.36 (KHTML, like Gecko) Chrome/140.0.7339.127 Mobile Safari/537.36 (compatible; Googlebot/2.1; +http://www.google.com/bot.html)" 283 **0/283735**
66.249.70.35 - - [14/Sep/2025:05:41:29 -0700] "GET /?market1906782538?kg=1903799166 HTTP/1.1" 200 21816 "-" "Mozilla/5.0 (Linux; Android 6.0.1; Nexus 5X Build/MMB29P) AppleWebKit/537.36 (KHTML, like Gecko) Chrome/140.0.7339.127 Mobile Safari/537.36 (compatible; Googlebot/2.1; +http://www.google.com/bot.html)" 272 **0/272204**
66.249.70.32 - - [14/Sep/2025:05:41:29 -0700] "GET /market1888404079?kg=1885449470 HTTP/1.1" 200 21964 "-" "Mozilla/5.0 (Linux; Android 6.0.1; Nexus 5X Build/MMB29P) AppleWebKit/537.36 (KHTML, like Gecko) Chrome/140.0.7339.127 Mobile Safari/537.36 (compatible; Googlebot/2.1; +http://www.google.com/bot.html)" 290 **0/290166**
66.249.70.33 - - [14/Sep/2025:05:41:29 -0700] "GET /market1911033158?kg=1908043134 HTTP/1.1" 200 23052 "-" "Mozilla/5.0 (Linux; Android 6.0.1; Nexus 5X Build/MMB29P) AppleWebKit/537.36 (KHTML, like Gecko) Chrome/140.0.7339.127 Mobile Safari/537.36 (compatible; Googlebot/2.1; +http://www.google.com/bot.html)" 296 **0/296620**
136.243.228.194 - - [14/Sep/2025:05:41:29 -0700] "GET /market94426811?path=/home/vgijpbeijziw/public_html/wp-includes HTTP/1.1" 200 9869 "-" "Mozilla/5.0 (compatible; DataForSeoBot/1.0; +https://dataforseo.com/dataforseo-bot)" 790 **0/790438**
66.249.70.32 - - [14/Sep/2025:05:41:29 -0700] "GET /market36199498?kg=0036143486 HTTP/1.1" 200 23070 "-" "Mozilla/5.0 (Linux; Android 6.0.1; Nexus 5X Build/MMB29P) AppleWebKit/537.36 (KHTML, like Gecko) Chrome/140.0.7339.127 Mobile Safari/537.36 (compatible; Googlebot/2.1; +http://www.google.com/bot.html)" 371 **0/371761**
66.249.70.32 - - [14/Sep/2025:05:41:30 -0700] "GET /market592251000?kg=0591324798 HTTP/1.1" 200 24349 "-" "Mozilla/5.0 (Linux; Android 6.0.1; Nexus 5X Build/MMB29P) AppleWebKit/537.36 (KHTML, like Gecko) Chrome/140.0.7339.127 Mobile Safari/537.36 (compatible; Googlebot/2.1; +http://www.google.com/bot.html)" 324 **0/324613**
66.249.64.7 - - [14/Sep/2025:05:41:30 -0700] "GET /?m=86335412930&filter=ccf43d&share_to_url=model.php?shop/customer/bookmark_guest.aspx HTTP/1.1" 200 22372 "-" "Mozilla/5.0 (Linux; Android 6.0.1; Nexus 5X Build/MMB29P) AppleWebKit/537.36 (KHTML, like Gecko) Chrome/140.0.7339.127 Mobile Safari/537.36 (compatible; Googlebot/2.1; +http://www.google.com/bot.html)" 463 **0/463370**
66.249.70.39 - - [14/Sep/2025:05:41:30 -0700] "GET /market122866968?kg=0122675326 HTTP/1.1" 200 23094 "-" "Mozilla/5.0 (Linux; Android 6.0.1; Nexus 5X Build/MMB29P) AppleWebKit/537.36 (KHTML, like Gecko) Chrome/140.0.7339.127 Mobile Safari/537.36 (compatible; Googlebot/2.1; +http://www.google.com/bot.html)" 453 **0/453897**
66.249.70.36 - - [14/Sep/2025:05:41:30 -0700] "GET /market31525558?kg=0031476862 HTTP/1.1" 200 22477 "-" "Mozilla/5.0 (Linux; Android 6.0.1; Nexus 5X Build/MMB29P) AppleWebKit/537.36 (KHTML, like Gecko) Chrome/140.0.7339.127 Mobile Safari/537.36 (compatible; Googlebot/2.1; +http://www.google.com/bot.html)" 451 **0/451456**
66.249.70.37 - - [14/Sep/2025:05:41:30 -0700] "GET /market105480527?kg=0105316094 HTTP/1.1" 200 23367 "-" "Mozilla/5.0 (Linux; Android 6.0.1; Nexus 5X Build/MMB29P) AppleWebKit/537.36 (KHTML, like Gecko) Chrome/140.0.7339.127 Mobile Safari/537.36 (compatible; Googlebot/2.1; +http://www.google.com/bot.html)" 387 **0/387924**
66.249.70.37 - - [14/Sep/2025:05:41:30 -0700] "GET /market373793669?kg=0373209342 HTTP/1.1" 200 23899 "-" "Mozilla/5.0 (Linux; Android 6.0.1; Nexus 5X Build/MMB29P) AppleWebKit/537.36 (KHTML, like Gecko) Chrome/140.0.7339.127 Mobile Safari/537.36 (compatible; Googlebot/2.1; +http://www.google.com/bot.html)" 376 **0/376609**
114.119.151.197 - - [14/Sep/2025:05:41:30 -0700] "GET /market1560547129?fileloc=/home/vgijpbeijziw/public_html/wp-mail.php&path=/home/vgijpbeijziw/public_html HTTP/1.1" 200 5583 "https://otiadvisors.com/market1560547129?kg=1558105598" "Mozilla/5.0 (Linux; Android 7.0;) AppleWebKit/537.36 (KHTML, like Gecko) Mobile Safari/537.36 (compatible; PetalBot;+https://webmaster.petalsearch.com/site/petalbot)" 1308 **1/1308265**
66.249.70.37 - - [14/Sep/2025:05:41:31 -0700] "GET /market31496713?kg=0031448062 HTTP/1.1" 200 22238 "-" "Mozilla/5.0 (Linux; Android 6.0.1; Nexus 5X Build/MMB29P) AppleWebKit/537.36 (KHTML, like Gecko) Chrome/140.0.7339.127 Mobile Safari/537.36 (compatible; Googlebot/2.1; +http://www.google.com/bot.html)" 437 **0/437972**
66.249.70.37 - - [14/Sep/2025:05:41:31 -0700] "GET /market31501200?kg=0031452542 HTTP/1.1" 200 23044 "-" "Mozilla/5.0 (Linux; Android 6.0.1; Nexus 5X Build/MMB29P) AppleWebKit/537.36 (KHTML, like Gecko) Chrome/140.0.7339.127 Mobile Safari/537.36 (compatible; Googlebot/2.1; +http://www.google.com/bot.html)" 435 **0/435469**
66.249.70.36 - - [14/Sep/2025:05:41:31 -0700] "GET /market1897844134?kg=1894874750 HTTP/1.1" 200 22399 "-" "Mozilla/5.0 (Linux; Android 6.0.1; Nexus 5X Build/MMB29P) AppleWebKit/537.36 (KHTML, like Gecko) Chrome/140.0.7339.127 Mobile Safari/537.36 (compatible; Googlebot/2.1; +http://www.google.com/bot.html)" 321 **0/321563**
66.249.70.35 - - [14/Sep/2025:05:41:32 -0700] "GET /market28857448?kg=0028812926 HTTP/1.1" 200 23369 "-" "Mozilla/5.0 (Linux; Android 6.0.1; Nexus 5X Build/MMB29P) AppleWebKit/537.36 (KHTML, like Gecko) Chrome/140.0.7339.127 Mobile Safari/537.36 (compatible; Googlebot/2.1; +http://www.google.com/bot.html)" 304 **0/304126**
66.249.70.37 - - [14/Sep/2025:05:41:32 -0700] "GET /market1909463085?kg=1906475518 HTTP/1.1" 200 22793 "-" "Mozilla/5.0 (Linux; Android 6.0.1; Nexus 5X Build/MMB29P) AppleWebKit/537.36 (KHTML, like Gecko) Chrome/140.0.7339.127 Mobile Safari/537.36 (compatible; Googlebot/2.1; +http://www.google.com/bot.html)" 346 **0/346826**
66.249.70.35 - - [14/Sep/2025:05:41:32 -0700] "GET /market36527049?kg=0036470526 HTTP/1.1" 200 21549 "-" "Mozilla/5.0 (Linux; Android 6.0.1; Nexus 5X Build/MMB29P) AppleWebKit/537.36 (KHTML, like Gecko) Chrome/140.0.7339.127 Mobile Safari/537.36 (compatible; Googlebot/2.1; +http://www.google.com/bot.html)" 270 **0/270754**
66.249.70.36 - - [14/Sep/2025:05:41:33 -0700] "GET /market120550767?kg=0120362750 HTTP/1.1" 200 21670 "-" "Mozilla/5.0 (Linux; Android 6.0.1; Nexus 5X Build/MMB29P) AppleWebKit/537.36 (KHTML, like Gecko) Chrome/140.0.7339.127 Mobile Safari/537.36 (compatible; Googlebot/2.1; +http://www.google.com/bot.html)" 339 **0/339455**
136.243.228.194 - - [14/Sep/2025:05:41:33 -0700] "GET /market94426811?path=/home/vgijpbeijziw/public_html/ARTOFLIVINGDELHI.ORG HTTP/1.1" 200 2951 "-" "Mozilla/5.0 (compatible; DataForSeoBot/1.0; +https://dataforseo.com/dataforseo-bot)" 589 **0/589693**
66.249.70.32 - - [14/Sep/2025:05:41:34 -0700] "GET /market28916164?kg=0028871550 HTTP/1.1" 200 22742 "-" "Mozilla/5.0 (Linux; Android 6.0.1; Nexus 5X Build/MMB29P) AppleWebKit/537.36 (KHTML, like Gecko) Chrome/140.0.7339.127 Mobile Safari/537.36 (compatible; Googlebot/2.1; +http://www.google.com/bot.html)" 266 **0/266963**
66.249.70.33 - - [14/Sep/2025:05:41:34 -0700] "GET /market1909440392?kg=1906452862 HTTP/1.1" 200 22452 "-" "Mozilla/5.0 (Linux; Android 6.0.1; Nexus 5X Build/MMB29P) AppleWebKit/537.36 (KHTML, like Gecko) Chrome/140.0.7339.127 Mobile Safari/537.36 (compatible; Googlebot/2.1; +http://www.google.com/bot.html)" 371 **0/371748**
66.249.70.33 - - [14/Sep/2025:05:41:35 -0700] "GET /market366963782?kg=0366390142 HTTP/1.1" 200 21884 "-" "Mozilla/5.0 (Linux; Android 6.0.1; Nexus 5X Build/MMB29P) AppleWebKit/537.36 (KHTML, like Gecko) Chrome/140.0.7339.127 Mobile Safari/537.36 (compatible; Googlebot/2.1; +http://www.google.com/bot.html)" 278 **0/278945**
66.249.70.34 - - [14/Sep/2025:05:41:35 -0700] "GET /market1909419112?kg=1906431614 HTTP/1.1" 200 22276 "-" "Mozilla/5.0 (Linux; Android 6.0.1; Nexus 5X Build/MMB29P) AppleWebKit/537.36 (KHTML, like Gecko) Chrome/140.0.7339.127 Mobile Safari/537.36 (compatible; Googlebot/2.1; +http://www.google.com/bot.html)" 287 **0/287144**
66.249.70.32 - - [14/Sep/2025:05:41:35 -0700] "GET /market1909430650?kg=1906443134 HTTP/1.1" 200 22573 "-" "Mozilla/5.0 (Linux; Android 6.0.1; Nexus 5X Build/MMB29P) AppleWebKit/537.36 (KHTML, like Gecko) Chrome/140.0.7339.127 Mobile Safari/537.36 (compatible; Googlebot/2.1; +http://www.google.com/bot.html)" 349 **0/349729**
66.249.70.35 - - [14/Sep/2025:05:41:36 -0700] "GET /market1909408856?kg=1906421374 HTTP/1.1" 200 22082 "-" "Mozilla/5.0 (Linux; Android 6.0.1; Nexus 5X Build/MMB29P) AppleWebKit/537.36 (KHTML, like Gecko) Chrome/140.0.7339.127 Mobile Safari/537.36 (compatible; Googlebot/2.1; +http://www.google.com/bot.html)" 400 **0/400842**
66.249.70.35 - - [14/Sep/2025:05:41:36 -0700] "GET /market28845652?kg=0028801150 HTTP/1.1" 200 22257 "-" "Mozilla/5.0 (Linux; Android 6.0.1; Nexus 5X Build/MMB29P) AppleWebKit/537.36 (KHTML, like Gecko) Chrome/140.0.7339.127 Mobile Safari/537.36 (compatible; Googlebot/2.1; +http://www.google.com/bot.html)" 277 **0/277552**
66.249.70.35 - - [14/Sep/2025:05:41:37 -0700] "GET /market28904626?kg=0028860030 HTTP/1.1" 200 24032 "-" "Mozilla/5.0 (Linux; Android 6.0.1; Nexus 5X Build/MMB29P) AppleWebKit/537.36 (KHTML, like Gecko) Chrome/140.0.7339.127 Mobile Safari/537.36 (compatible; Googlebot/2.1; +http://www.google.com/bot.html)" 293 **0/293756**
66.249.70.37 - - [14/Sep/2025:05:41:37 -0700] "GET /market31547993?kg=0031499262 HTTP/1.1" 200 22255 "-" "Mozilla/5.0 (Linux; Android 6.0.1; Nexus 5X Build/MMB29P) AppleWebKit/537.36 (KHTML, like Gecko) Chrome/140.0.7339.127 Mobile Safari/537.36 (compatible; Googlebot/2.1; +http://www.google.com/bot.html)" 279 **0/279427**
66.249.70.39 - - [14/Sep/2025:05:41:37 -0700] "GET /market68615794?kg=0068509054 HTTP/1.1" 200 22120 "-" "Mozilla/5.0 (Linux; Android 6.0.1; Nexus 5X Build/MMB29P) AppleWebKit/537.36 (KHTML, like Gecko) Chrome/140.0.7339.127 Mobile Safari/537.36 (compatible; Googlebot/2.1; +http://www.google.com/bot.html)" 292 **0/292975**
66.249.70.32 - - [14/Sep/2025:05:41:37 -0700] "GET /market67445707?kg=0067340798 HTTP/1.1" 200 22021 "-" "Mozilla/5.0 (Linux; Android 6.0.1; Nexus 5X Build/MMB29P) AppleWebKit/537.36 (KHTML, like Gecko) Chrome/140.0.7339.127 Mobile Safari/537.36 (compatible; Googlebot/2.1; +http://www.google.com/bot.html)" 339 **0/339560**
136.243.228.194 - - [14/Sep/2025:05:41:37 -0700] "GET /market94426811?fileloc=/home/vgijpbeijziw/public_html/deleteme.wpad8b3c3bb70e422993d54b7b2516cc1f.php&path=/home/vgijpbeijziw/public_html HTTP/1.1" 200 6076 "-" "Mozilla/5.0 (compatible; DataForSeoBot/1.0; +https://dataforseo.com/dataforseo-bot)" 711 **0/711886**
66.249.70.39 - - [14/Sep/2025:05:41:38 -0700] "GET /market28823217?kg=0028778750 HTTP/1.1" 200 22466 "-" "Mozilla/5.0 (Linux; Android 6.0.1; Nexus 5X Build/MMB29P) AppleWebKit/537.36 (KHTML, like Gecko) Chrome/140.0.7339.127 Mobile Safari/537.36 (compatible; Googlebot/2.1; +http://www.google.com/bot.html)" 381 **0/381084**
66.249.70.39 - - [14/Sep/2025:05:41:38 -0700] "GET /market68067610?kg=0067961726 HTTP/1.1" 200 22449 "-" "Mozilla/5.0 (Linux; Android 6.0.1; Nexus 5X Build/MMB29P) AppleWebKit/537.36 (KHTML, like Gecko) Chrome/140.0.7339.127 Mobile Safari/537.36 (compatible; Googlebot/2.1; +http://www.google.com/bot.html)" 376 **0/376523**
66.249.70.32 - - [14/Sep/2025:05:41:39 -0700] "GET /market1897754009?kg=1894784766 HTTP/1.1" 200 22395 "-" "Mozilla/5.0 (Linux; Android 6.0.1; Nexus 5X Build/MMB29P) AppleWebKit/537.36 (KHTML, like Gecko) Chrome/140.0.7339.127 Mobile Safari/537.36 (compatible; Googlebot/2.1; +http://www.google.com/bot.html)" 301 **0/301831**
66.249.70.34 - - [14/Sep/2025:05:41:40 -0700] "GET /market337731988?kg=0337204094 HTTP/1.1" 200 22617 "-" "Mozilla/5.0 (Linux; Android 6.0.1; Nexus 5X Build/MMB29P) AppleWebKit/537.36 (KHTML, like Gecko) Chrome/140.0.7339.127 Mobile Safari/537.36 (compatible; Googlebot/2.1; +http://www.google.com/bot.html)" 246 **0/246734**
66.249.70.38 - - [14/Sep/2025:05:41:40 -0700] "GET /market68075044?kg=0067969150 HTTP/1.1" 200 22643 "-" "Mozilla/5.0 (Linux; Android 6.0.1; Nexus 5X Build/MMB29P) AppleWebKit/537.36 (KHTML, like Gecko) Chrome/140.0.7339.127 Mobile Safari/537.36 (compatible; Googlebot/2.1; +http://www.google.com/bot.html)" 353 **0/353867**
66.249.70.38 - - [14/Sep/2025:05:41:41 -0700] "GET /market67544806?kg=0067439742 HTTP/1.1" 200 22632 "-" "Mozilla/5.0 (Linux; Android 6.0.1; Nexus 5X Build/MMB29P) AppleWebKit/537.36 (KHTML, like Gecko) Chrome/140.0.7339.127 Mobile Safari/537.36 (compatible; Googlebot/2.1; +http://www.google.com/bot.html)" 259 **0/259253**
66.249.70.37 - - [14/Sep/2025:05:41:41 -0700] "GET /market1897727343?kg=1894758142 HTTP/1.1" 200 22441 "-" "Mozilla/5.0 (Linux; Android 6.0.1; Nexus 5X Build/MMB29P) AppleWebKit/537.36 (KHTML, like Gecko) Chrome/140.0.7339.127 Mobile Safari/537.36 (compatible; Googlebot/2.1; +http://www.google.com/bot.html)" 305 **0/305810**
66.249.70.39 - - [14/Sep/2025:05:41:41 -0700] "GET /?market28252213?kg=0028208638 HTTP/1.1" 200 22633 "-" "Mozilla/5.0 (Linux; Android 6.0.1; Nexus 5X Build/MMB29P) AppleWebKit/537.36 (KHTML, like Gecko) Chrome/140.0.7339.127 Mobile Safari/537.36 (compatible; Googlebot/2.1; +http://www.google.com/bot.html)" 366 **0/366471**
136.243.228.194 - - [14/Sep/2025:05:41:41 -0700] "GET /market94426811?path=/home/vgijpbeijziw/public_html/.tmb HTTP/1.1" 200 2314 "-" "Mozilla/5.0 (compatible; DataForSeoBot/1.0; +https://dataforseo.com/dataforseo-bot)" 411 **0/411245**
66.249.70.39 - - [14/Sep/2025:05:41:41 -0700] "GET /market30745715?kg=0030698238 HTTP/1.1" 200 21771 "-" "Mozilla/5.0 (Linux; Android 6.0.1; Nexus 5X Build/MMB29P) AppleWebKit/537.36 (KHTML, like Gecko) Chrome/140.0.7339.127 Mobile Safari/537.36 (compatible; Googlebot/2.1; +http://www.google.com/bot.html)" 281 **0/281004**
66.249.70.36 - - [14/Sep/2025:05:41:41 -0700] "GET /market122624539?kg=0122433278 HTTP/1.1" 200 22362 "-" "Mozilla/5.0 (Linux; Android 6.0.1; Nexus 5X Build/MMB29P) AppleWebKit/537.36 (KHTML, like Gecko) Chrome/140.0.7339.127 Mobile Safari/537.36 (compatible; Googlebot/2.1; +http://www.google.com/bot.html)" 272 **0/272529**
66.249.70.39 - - [14/Sep/2025:05:41:42 -0700] "GET /market67472887?kg=0067367934 HTTP/1.1" 200 22491 "-" "Mozilla/5.0 (Linux; Android 6.0.1; Nexus 5X Build/MMB29P) AppleWebKit/537.36 (KHTML, like Gecko) Chrome/140.0.7339.127 Mobile Safari/537.36 (compatible; Googlebot/2.1; +http://www.google.com/bot.html)" 293 **0/293695**
66.249.70.33 - - [14/Sep/2025:05:41:42 -0700] "GET /market1897698498?kg=1894729342 HTTP/1.1" 200 22748 "-" "Mozilla/5.0 (Linux; Android 6.0.1; Nexus 5X Build/MMB29P) AppleWebKit/537.36 (KHTML, like Gecko) Chrome/140.0.7339.127 Mobile Safari/537.36 (compatible; Googlebot/2.1; +http://www.google.com/bot.html)" 267 **0/267660**
66.249.70.34 - - [14/Sep/2025:05:41:43 -0700] "GET /market25376415?kg=0025337342 HTTP/1.1" 200 23153 "-" "Mozilla/5.0 (Linux; Android 6.0.1; Nexus 5X Build/MMB29P) AppleWebKit/537.36 (KHTML, like Gecko) Chrome/140.0.7339.127 Mobile Safari/537.36 (compatible; Googlebot/2.1; +http://www.google.com/bot.html)" 294 **0/294406**
66.249.64.2 - - [14/Sep/2025:05:41:43 -0700] "GET /?market68455415?kg=0068348926 HTTP/1.1" 200 21873 "-" "Mozilla/5.0 (Linux; Android 6.0.1; Nexus 5X Build/MMB29P) AppleWebKit/537.36 (KHTML, like Gecko) Chrome/140.0.7339.127 Mobile Safari/537.36 (compatible; Googlebot/2.1; +http://www.google.com/bot.html)" 418 **0/418878**
66.249.70.36 - - [14/Sep/2025:05:41:43 -0700] "GET /market93433769?kg=0093288190 HTTP/1.1" 200 24276 "-" "Mozilla/5.0 (Linux; Android 6.0.1; Nexus 5X Build/MMB29P) AppleWebKit/537.36 (KHTML, like Gecko) Chrome/140.0.7339.127 Mobile Safari/537.36 (compatible; Googlebot/2.1; +http://www.google.com/bot.html)" 340 **0/340629**
66.249.70.32 - - [14/Sep/2025:05:41:44 -0700] "GET /market1891556148?kg=1888596606 HTTP/1.1" 200 23249 "-" "Mozilla/5.0 (Linux; Android 6.0.1; Nexus 5X Build/MMB29P) AppleWebKit/537.36 (KHTML, like Gecko) Chrome/140.0.7339.127 Mobile Safari/537.36 (compatible; Googlebot/2.1; +http://www.google.com/bot.html)" 286 **0/286377**
66.249.70.32 - - [14/Sep/2025:05:41:44 -0700] "GET /market21392965?kg=0021360126 HTTP/1.1" 200 21738 "-" "Mozilla/5.0 (Linux; Android 6.0.1; Nexus 5X Build/MMB29P) AppleWebKit/537.36 (KHTML, like Gecko) Chrome/140.0.7339.127 Mobile Safari/537.36 (compatible; Googlebot/2.1; +http://www.google.com/bot.html)" 275 **0/275116**
66.249.64.4 - - [14/Sep/2025:05:41:44 -0700] "GET /market65047458?kg=0064946302 HTTP/1.1" 200 22666 "-" "Mozilla/5.0 (Linux; Android 6.0.1; Nexus 5X Build/MMB29P) AppleWebKit/537.36 (KHTML, like Gecko) Chrome/140.0.7339.127 Mobile Safari/537.36 (compatible; Googlebot/2.1; +http://www.google.com/bot.html)" 299 **0/299447**
66.249.70.32 - - [14/Sep/2025:05:41:44 -0700] "GET /market28096962?kg=0028053630 HTTP/1.1" 200 21842 "-" "Mozilla/5.0 (Linux; Android 6.0.1; Nexus 5X Build/MMB29P) AppleWebKit/537.36 (KHTML, like Gecko) Chrome/140.0.7339.127 Mobile Safari/537.36 (compatible; Googlebot/2.1; +http://www.google.com/bot.html)" 290 **0/290946**
66.249.70.33 - - [14/Sep/2025:05:41:44 -0700] "GET /market568887718?kg=0567998078 HTTP/1.1" 200 23176 "-" "Mozilla/5.0 (Linux; Android 6.0.1; Nexus 5X Build/MMB29P) AppleWebKit/537.36 (KHTML, like Gecko) Chrome/140.0.7339.127 Mobile Safari/537.36 (compatible; Googlebot/2.1; +http://www.google.com/bot.html)" 279 **0/279631**
66.249.70.34 - - [14/Sep/2025:05:41:44 -0700] "GET /market28185547?kg=0028142078 HTTP/1.1" 200 23148 "-" "Mozilla/5.0 (Linux; Android 6.0.1; Nexus 5X Build/MMB29P) AppleWebKit/537.36 (KHTML, like Gecko) Chrome/140.0.7339.127 Mobile Safari/537.36 (compatible; Googlebot/2.1; +http://www.google.com/bot.html)" 307 **0/307616**
66.249.70.37 - - [14/Sep/2025:05:41:44 -0700] "GET /market108048897?kg=0107880446 HTTP/1.1" 200 22380 "-" "Mozilla/5.0 (Linux; Android 6.0.1; Nexus 5X Build/MMB29P) AppleWebKit/537.36 (KHTML, like Gecko) Chrome/140.0.7339.127 Mobile Safari/537.36 (compatible; Googlebot/2.1; +http://www.google.com/bot.html)" 302 **0/302127**
66.249.70.38 - - [14/Sep/2025:05:41:45 -0700] "GET /market338257737?kg=0337729022 HTTP/1.1" 200 22389 "-" "Mozilla/5.0 (Linux; Android 6.0.1; Nexus 5X Build/MMB29P) AppleWebKit/537.36 (KHTML, like Gecko) Chrome/140.0.7339.127 Mobile Safari/537.36 (compatible; Googlebot/2.1; +http://www.google.com/bot.html)" 264 **0/264491**
66.249.70.37 - - [14/Sep/2025:05:41:45 -0700] "GET /market29562550?kg=0029516926 HTTP/1.1" 200 22589 "-" "Mozilla/5.0 (Linux; Android 6.0.1; Nexus 5X Build/MMB29P) AppleWebKit/537.36 (KHTML, like Gecko) Chrome/140.0.7339.127 Mobile Safari/537.36 (compatible; Googlebot/2.1; +http://www.google.com/bot.html)" 278 **0/278341**
136.243.228.194 - - [14/Sep/2025:05:41:45 -0700] "GET /market94426811?path=/home/vgijpbeijziw/public_html/wp-admin HTTP/1.1" 200 5323 "-" "Mozilla/5.0 (compatible; DataForSeoBot/1.0; +https://dataforseo.com/dataforseo-bot)" 448 **0/448755**
66.249.70.38 - - [14/Sep/2025:05:41:45 -0700] "GET /market29483963?kg=0029438462 HTTP/1.1" 200 22234 "-" "Mozilla/5.0 (Linux; Android 6.0.1; Nexus 5X Build/MMB29P) AppleWebKit/537.36 (KHTML, like Gecko) Chrome/140.0.7339.127 Mobile Safari/537.36 (compatible; Googlebot/2.1; +http://www.google.com/bot.html)" 300 **0/300954**
66.249.70.34 - - [14/Sep/2025:05:41:45 -0700] "GET /market25609229?kg=0025569790 HTTP/1.1" 200 23278 "-" "Mozilla/5.0 (Linux; Android 6.0.1; Nexus 5X Build/MMB29P) AppleWebKit/537.36 (KHTML, like Gecko) Chrome/140.0.7339.127 Mobile Safari/537.36 (compatible; Googlebot/2.1; +http://www.google.com/bot.html)" 280 **0/280293**
66.249.64.7 - - [14/Sep/2025:05:41:45 -0700] "GET /?m=95412933930&filter=9b5cbf&share_to_url=product-page.php?shop/customer/bookmark.aspx HTTP/1.1" 200 22630 "-" "Mozilla/5.0 (Linux; Android 6.0.1; Nexus 5X Build/MMB29P) AppleWebKit/537.36 (KHTML, like Gecko) Chrome/140.0.7339.127 Mobile Safari/537.36 (compatible; Googlebot/2.1; +http://www.google.com/bot.html)" 323 **0/323010**
66.249.70.35 - - [14/Sep/2025:05:41:46 -0700] "GET /market29526910?kg=0029481342 HTTP/1.1" 200 22887 "-" "Mozilla/5.0 (Linux; Android 6.0.1; Nexus 5X Build/MMB29P) AppleWebKit/537.36 (KHTML, like Gecko) Chrome/140.0.7339.127 Mobile Safari/537.36 (compatible; Googlebot/2.1; +http://www.google.com/bot.html)" 271 **0/271747**
66.249.70.36 - - [14/Sep/2025:05:41:46 -0700] "GET /market28107218?kg=0028063870 HTTP/1.1" 200 22625 "-" "Mozilla/5.0 (Linux; Android 6.0.1; Nexus 5X Build/MMB29P) AppleWebKit/537.36 (KHTML, like Gecko) Chrome/140.0.7339.127 Mobile Safari/537.36 (compatible; Googlebot/2.1; +http://www.google.com/bot.html)" 276 **0/276103**
66.249.70.35 - - [14/Sep/2025:05:41:46 -0700] "GET /market505646860?kg=0504856190 HTTP/1.1" 200 21840 "-" "Mozilla/5.0 (Linux; Android 6.0.1; Nexus 5X Build/MMB29P) AppleWebKit/537.36 (KHTML, like Gecko) Chrome/140.0.7339.127 Mobile Safari/537.36 (compatible; Googlebot/2.1; +http://www.google.com/bot.html)" 276 **0/276251**
66.249.70.38 - - [14/Sep/2025:05:41:47 -0700] "GET /market29472425?kg=0029426942 HTTP/1.1" 200 22192 "-" "Mozilla/5.0 (Linux; Android 6.0.1; Nexus 5X Build/MMB29P) AppleWebKit/537.36 (KHTML, like Gecko) Chrome/140.0.7339.127 Mobile Safari/537.36 (compatible; Googlebot/2.1; +http://www.google.com/bot.html)" 265 **0/265255**
66.249.70.33 - - [14/Sep/2025:05:41:47 -0700] "GET /market124434477?kg=0124240382 HTTP/1.1" 200 23412 "-" "Mozilla/5.0 (Linux; Android 6.0.1; Nexus 5X Build/MMB29P) AppleWebKit/537.36 (KHTML, like Gecko) Chrome/140.0.7339.127 Mobile Safari/537.36 (compatible; Googlebot/2.1; +http://www.google.com/bot.html)" 249 **0/249720**
66.249.70.36 - - [14/Sep/2025:05:41:47 -0700] "GET /market28037988?kg=0027994750 HTTP/1.1" 200 24652 "-" "Mozilla/5.0 (Linux; Android 6.0.1; Nexus 5X Build/MMB29P) AppleWebKit/537.36 (KHTML, like Gecko) Chrome/140.0.7339.127 Mobile Safari/537.36 (compatible; Googlebot/2.1; +http://www.google.com/bot.html)" 260 **0/260815**
66.249.70.34 - - [14/Sep/2025:05:41:48 -0700] "GET /market28077091?kg=0028033790 HTTP/1.1" 200 22025 "-" "Mozilla/5.0 (Linux; Android 6.0.1; Nexus 5X Build/MMB29P) AppleWebKit/537.36 (KHTML, like Gecko) Chrome/140.0.7339.127 Mobile Safari/537.36 (compatible; Googlebot/2.1; +http://www.google.com/bot.html)" 260 **0/260106**
66.249.70.36 - - [14/Sep/2025:05:41:49 -0700] "GET /market34582888?kg=0034529406 HTTP/1.1" 200 23442 "-" "Mozilla/5.0 (Linux; Android 6.0.1; Nexus 5X Build/MMB29P) AppleWebKit/537.36 (KHTML, like Gecko) Chrome/140.0.7339.127 Mobile Safari/537.36 (compatible; Googlebot/2.1; +http://www.google.com/bot.html)" 258 **0/258033**
