66.249.70.38 - - [14/Sep/2025:05:40:10 -0700] "GET /market36974213?kg=0036916990 HTTP/1.1" 200 21918 "-" "Mozilla/5.0 (Linux; Android 6.0.1; Nexus 5X Build/MMB29P) AppleWebKit/537.36 (KHTML, like Gecko) Chrome/140.0.7339.127 Mobile Safari/537.36 (compatible; Googlebot/2.1; +http://www.google.com/bot.html)" 287 **0/287687**
136.243.228.194 - - [14/Sep/2025:05:40:10 -0700] "GET /market94258099?fileloc=/home/vgijpbeijziw/public_html/readme.html&path=/home/vgijpbeijziw/public_html HTTP/1.1" 200 5150 "-" "Mozilla/5.0 (compatible; DataForSeoBot/1.0; +https://dataforseo.com/dataforseo-bot)" 524 **0/524491**
66.249.70.38 - - [14/Sep/2025:05:40:11 -0700] "GET /market66923804?kg=0066819710 HTTP/1.1" 200 23705 "-" "Mozilla/5.0 (Linux; Android 6.0.1; Nexus 5X Build/MMB29P) AppleWebKit/537.36 (KHTML, like Gecko) Chrome/140.0.7339.127 Mobile Safari/537.36 (compatible; Googlebot/2.1; +http://www.google.com/bot.html)" 303 **0/303505**
66.249.64.8 - - [14/Sep/2025:05:40:11 -0700] "GET /?m=95036553930&filter=f2aff4&share_to_url=discover.php?toyu/top/CKmSpSfTop.jsp HTTP/1.1" 200 23066 "-" "Mozilla/5.0 (Linux; Android 6.0.1; Nexus 5X Build/MMB29P) AppleWebKit/537.36 (KHTML, like Gecko) Chrome/140.0.7339.127 Mobile Safari/537.36 (compatible; Googlebot/2.1; +http://www.google.com/bot.html)" 355 **0/355600**
66.249.70.37 - - [14/Sep/2025:05:40:11 -0700] "GET /?market20877855?kg=0020845822 HTTP/1.1" 200 22227 "-" "Mozilla/5.0 (Linux; Android 6.0.1; Nexus 5X Build/MMB29P) AppleWebKit/537.36 (KHTML, like Gecko) Chrome/140.0.7339.127 Mobile Safari/537.36 (compatible; Googlebot/2.1; +http://www.google.com/bot.html)" 313 **0/313485**
66.249.70.34 - - [14/Sep/2025:05:40:11 -0700] "GET /market67187128?kg=0067082622 HTTP/1.1" 200 23412 "-" "Mozilla/5.0 (Linux; Android 6.0.1; Nexus 5X Build/MMB29P) AppleWebKit/537.36 (KHTML, like Gecko) Chrome/140.0.7339.127 Mobile Safari/537.36 (compatible; Googlebot/2.1; +http://www.google.com/bot.html)" 376 **0/376882**
66.249.70.36 - - [14/Sep/2025:05:40:11 -0700] "GET /market125522131?kg=0125326334 HTTP/1.1" 200 22190 "-" "Mozilla/5.0 (Linux; Android 6.0.1; Nexus 5X Build/MMB29P) AppleWebKit/537.36 (KHTML, like Gecko) Chrome/140.0.7339.127 Mobile Safari/537.36 (compatible; Googlebot/2.1; +http://www.google.com/bot.html)" 337 **0/337537**
66.249.64.7 - - [14/Sep/2025:05:40:11 -0700] "GET /market44186910?kg=0044118398 HTTP/1.1" 200 22449 "-" "Mozilla/5.0 (Linux; Android 6.0.1; Nexus 5X Build/MMB29P) AppleWebKit/537.36 (KHTML, like Gecko) Chrome/140.0.7339.127 Mobile Safari/537.36 (compatible; Googlebot/2.1; +http://www.google.com/bot.html)" 358 **0/358150**
66.249.70.37 - - [14/Sep/2025:05:40:11 -0700] "GET /?market54284504?kg=0054200190 HTTP/1.1" 200 23824 "-" "Mozilla/5.0 (Linux; Android 6.0.1; Nexus 5X Build/MMB29P) AppleWebKit/537.36 (KHTML, like Gecko) Chrome/140.0.7339.127 Mobile Safari/537.36 (compatible; Googlebot/2.1; +http://www.google.com/bot.html)" 369 **0/369953**
66.249.70.35 - - [14/Sep/2025:05:40:12 -0700] "GET /market1873076925?kg=1870146302 HTTP/1.1" 200 24173 "-" "Mozilla/5.0 (Linux; Android 6.0.1; Nexus 5X Build/MMB29P) AppleWebKit/537.36 (KHTML, like Gecko) Chrome/140.0.7339.127 Mobile Safari/537.36 (compatible; Googlebot/2.1; +http://www.google.com/bot.html)" 287 **0/287397**
66.249.64.3 - - [14/Sep/2025:05:40:12 -0700] "GET /?m=100135761930&filter=217709&share_to_url=model.php?shop/pg/1AgreementInfo/ HTTP/1.1" 200 22807 "-" "Mozilla/5.0 (Linux; Android 6.0.1; Nexus 5X Build/MMB29P) AppleWebKit/537.36 (KHTML, like Gecko) Chrome/140.0.7339.127 Mobile Safari/537.36 (compatible; Googlebot/2.1; +http://www.google.com/bot.html)" 414 **0/414117**
66.249.64.2 - - [14/Sep/2025:05:40:12 -0700] "GET /?m=100135761930&filter=217709&share_to_url=model.php?shop/e/e009001036001/ HTTP/1.1" 200 22981 "-" "Mozilla/5.0 (Linux; Android 6.0.1; Nexus 5X Build/MMB29P) AppleWebKit/537.36 (KHTML, like Gecko) Chrome/140.0.7339.127 Mobile Safari/537.36 (compatible; Googlebot/2.1; +http://www.google.com/bot.html)" 317 **0/317022**
66.249.70.37 - - [14/Sep/2025:05:40:12 -0700] "GET /market37009726?kg=0036952446 HTTP/1.1" 200 23990 "-" "Mozilla/5.0 (Linux; Android 6.0.1; Nexus 5X Build/MMB29P) AppleWebKit/537.36 (KHTML, like Gecko) Chrome/140.0.7339.127 Mobile Safari/537.36 (compatible; Googlebot/2.1; +http://www.google.com/bot.html)" 280 **0/280069**
66.249.70.37 - - [14/Sep/2025:05:40:12 -0700] "GET /market566975091?kg=0566088446 HTTP/1.1" 200 21895 "-" "Mozilla/5.0 (Linux; Android 6.0.1; Nexus 5X Build/MMB29P) AppleWebKit/537.36 (KHTML, like Gecko) Chrome/140.0.7339.127 Mobile Safari/537.36 (compatible; Googlebot/2.1; +http://www.google.com/bot.html)" 277 **0/277186**
66.249.64.8 - - [14/Sep/2025:05:40:12 -0700] "GET /?m=100135761930&filter=217709&share_to_url=model.php?jukyuban HTTP/1.1" 200 22622 "-" "Mozilla/5.0 (Linux; Android 6.0.1; Nexus 5X Build/MMB29P) AppleWebKit/537.36 (KHTML, like Gecko) Chrome/140.0.7339.127 Mobile Safari/537.36 (compatible; Googlebot/2.1; +http://www.google.com/bot.html)" 323 **0/323118**
66.249.64.5 - - [14/Sep/2025:05:40:13 -0700] "GET /?m=100135761930&filter=217709&share_to_url=model.php?shop/storeSearch/CriteriaInput.aspx HTTP/1.1" 200 23021 "-" "Mozilla/5.0 (Linux; Android 6.0.1; Nexus 5X Build/MMB29P) AppleWebKit/537.36 (KHTML, like Gecko) Chrome/140.0.7339.127 Mobile Safari/537.36 (compatible; Googlebot/2.1; +http://www.google.com/bot.html)" 309 **0/309488**
66.249.70.37 - - [14/Sep/2025:05:40:13 -0700] "GET /market55053708?kg=0054968190 HTTP/1.1" 200 22068 "-" "Mozilla/5.0 (Linux; Android 6.0.1; Nexus 5X Build/MMB29P) AppleWebKit/537.36 (KHTML, like Gecko) Chrome/140.0.7339.127 Mobile Safari/537.36 (compatible; Googlebot/2.1; +http://www.google.com/bot.html)" 258 **0/258194**
66.249.64.4 - - [14/Sep/2025:05:40:13 -0700] "GET /?m=100135761930&filter=217709&share_to_url=model.php?shop/customer/bookmark_guest.aspx HTTP/1.1" 200 21710 "-" "Mozilla/5.0 (Linux; Android 6.0.1; Nexus 5X Build/MMB29P) AppleWebKit/537.36 (KHTML, like Gecko) Chrome/140.0.7339.127 Mobile Safari/537.36 (compatible; Googlebot/2.1; +http://www.google.com/bot.html)" 303 **0/303808**
66.249.64.8 - - [14/Sep/2025:05:40:14 -0700] "GET /?m=100135761930&filter=217709&share_to_url=model.php?shop/customer/bookmark.aspx HTTP/1.1" 200 21933 "-" "Mozilla/5.0 (Linux; Android 6.0.1; Nexus 5X Build/MMB29P) AppleWebKit/537.36 (KHTML, like Gecko) Chrome/140.0.7339.127 Mobile Safari/537.36 (compatible; Googlebot/2.1; +http://www.google.com/bot.html)" 397 **0/397570**
136.243.228.194 - - [14/Sep/2025:05:40:14 -0700] "GET /market94258099?path=/home/vgijpbeijziw/public_html/verticalaccord.com HTTP/1.1" 200 2963 "-" "Mozilla/5.0 (compatible; DataForSeoBot/1.0; +https://dataforseo.com/dataforseo-bot)" 903 **0/903612**
66.249.64.7 - - [14/Sep/2025:05:40:15 -0700] "GET /?m=100135761930&filter=217709&share_to_url=model.php?shop/userreview/write.aspx HTTP/1.1" 200 22093 "-" "Mozilla/5.0 (Linux; Android 6.0.1; Nexus 5X Build/MMB29P) AppleWebKit/537.36 (KHTML, like Gecko) Chrome/140.0.7339.127 Mobile Safari/537.36 (compatible; Googlebot/2.1; +http://www.google.com/bot.html)" 341 **0/341896**
66.249.70.37 - - [14/Sep/2025:05:40:15 -0700] "GET /market1899617916?kg=1896645758 HTTP/1.1" 200 22152 "-" "Mozilla/5.0 (Linux; Android 6.0.1; Nexus 5X Build/MMB29P) AppleWebKit/537.36 (KHTML, like Gecko) Chrome/140.0.7339.127 Mobile Safari/537.36 (compatible; Googlebot/2.1; +http://www.google.com/bot.html)" 258 **0/258151**
66.249.64.3 - - [14/Sep/2025:05:40:15 -0700] "GET /?m=100135761930&filter=217709&share_to_url=model.php?shop/pg/1005022001/ HTTP/1.1" 200 22478 "-" "Mozilla/5.0 (Linux; Android 6.0.1; Nexus 5X Build/MMB29P) AppleWebKit/537.36 (KHTML, like Gecko) Chrome/140.0.7339.127 Mobile Safari/537.36 (compatible; Googlebot/2.1; +http://www.google.com/bot.html)" 285 **0/285156**
66.249.64.4 - - [14/Sep/2025:05:40:16 -0700] "GET /?m=18439859930&filter=8b9f29&share_to_url=detail.php?pw HTTP/1.1" 200 23166 "-" "Mozilla/5.0 (Linux; Android 6.0.1; Nexus 5X Build/MMB29P) AppleWebKit/537.36 (KHTML, like Gecko) Chrome/140.0.7339.127 Mobile Safari/537.36 (compatible; Googlebot/2.1; +http://www.google.com/bot.html)" 302 **0/302996**
66.249.70.35 - - [14/Sep/2025:05:40:16 -0700] "GET /market1899591893?kg=1896619774 HTTP/1.1" 200 23390 "-" "Mozilla/5.0 (Linux; Android 6.0.1; Nexus 5X Build/MMB29P) AppleWebKit/537.36 (KHTML, like Gecko) Chrome/140.0.7339.127 Mobile Safari/537.36 (compatible; Googlebot/2.1; +http://www.google.com/bot.html)" 284 **0/284613**
66.249.64.6 - - [14/Sep/2025:05:40:16 -0700] "GET /?m=102276431930&filter=1bb5f9&share_to_url=product.php?shop/pg/1SiteUse/ HTTP/1.1" 200 22125 "-" "Mozilla/5.0 (Linux; Android 6.0.1; Nexus 5X Build/MMB29P) AppleWebKit/537.36 (KHTML, like Gecko) Chrome/140.0.7339.127 Mobile Safari/537.36 (compatible; Googlebot/2.1; +http://www.google.com/bot.html)" 350 **0/350737**
66.249.64.6 - - [14/Sep/2025:05:40:17 -0700] "GET /?m=102276431930&filter=1bb5f9&share_to_url=product.php?shop/e/e009001036001/ HTTP/1.1" 200 22977 "-" "Mozilla/5.0 (Linux; Android 6.0.1; Nexus 5X Build/MMB29P) AppleWebKit/537.36 (KHTML, like Gecko) Chrome/140.0.7339.127 Mobile Safari/537.36 (compatible; Googlebot/2.1; +http://www.google.com/bot.html)" 360 **0/360311**
66.249.70.34 - - [14/Sep/2025:05:40:17 -0700] "GET /market525732310?kg=0524910206 HTTP/1.1" 200 22921 "-" "Mozilla/5.0 (Linux; Android 6.0.1; Nexus 5X Build/MMB29P) AppleWebKit/537.36 (KHTML, like Gecko) Chrome/140.0.7339.127 Mobile Safari/537.36 (compatible; Googlebot/2.1; +http://www.google.com/bot.html)" 375 **0/375017**
66.249.64.2 - - [14/Sep/2025:05:40:18 -0700] "GET /?m=102276431930&filter=1bb5f9&share_to_url=product.php?shop/e/e009001044001/ HTTP/1.1" 200 21843 "-" "Mozilla/5.0 (Linux; Android 6.0.1; Nexus 5X Build/MMB29P) AppleWebKit/537.36 (KHTML, like Gecko) Chrome/140.0.7339.127 Mobile Safari/537.36 (compatible; Googlebot/2.1; +http://www.google.com/bot.html)" 344 **0/344213**
136.243.228.194 - - [14/Sep/2025:05:40:17 -0700] "GET /market94258099?fileloc=/home/vgijpbeijziw/public_html/deleteme.wp38a165e166204a30be44e69ce81ff7ec.php&path=/home/vgijpbeijziw/public_html HTTP/1.1" 200 6075 "-" "Mozilla/5.0 (compatible; DataForSeoBot/1.0; +https://dataforseo.com/dataforseo-bot)" 1051 **1/1051195**
66.249.70.35 - - [14/Sep/2025:05:40:18 -0700] "GET /market1915258521?kg=1912261886 HTTP/1.1" 200 22685 "-" "Mozilla/5.0 (Linux; Android 6.0.1; Nexus 5X Build/MMB29P) AppleWebKit/537.36 (KHTML, like Gecko) Chrome/140.0.7339.127 Mobile Safari/537.36 (compatible; Googlebot/2.1; +http://www.google.com/bot.html)" 553 **0/553601**
66.249.64.2 - - [14/Sep/2025:05:40:18 -0700] "GET /?m=102276431930&filter=1bb5f9&share_to_url=product.php?toyu/top/CSfTop.jsp HTTP/1.1" 200 22543 "-" "Mozilla/5.0 (Linux; Android 6.0.1; Nexus 5X Build/MMB29P) AppleWebKit/537.36 (KHTML, like Gecko) Chrome/140.0.7339.127 Mobile Safari/537.36 (compatible; Googlebot/2.1; +http://www.google.com/bot.html)" 432 **0/432501**
66.249.70.34 - - [14/Sep/2025:05:40:18 -0700] "GET /market570018446?kg=0569127038 HTTP/1.1" 200 21575 "-" "Mozilla/5.0 (Linux; Android 6.0.1; Nexus 5X Build/MMB29P) AppleWebKit/537.36 (KHTML, like Gecko) Chrome/140.0.7339.127 Mobile Safari/537.36 (compatible; Googlebot/2.1; +http://www.google.com/bot.html)" 286 **0/286362**
66.249.70.38 - - [14/Sep/2025:05:40:18 -0700] "GET /market1916295151?kg=1913296894 HTTP/1.1" 200 21777 "-" "Mozilla/5.0 (Linux; Android 6.0.1; Nexus 5X Build/MMB29P) AppleWebKit/537.36 (KHTML, like Gecko) Chrome/140.0.7339.127 Mobile Safari/537.36 (compatible; Googlebot/2.1; +http://www.google.com/bot.html)" 284 **0/284381**
66.249.64.2 - - [14/Sep/2025:05:40:18 -0700] "GET /?m=102276431930&filter=1bb5f9&share_to_url=product.php?toyu/top/CKmSpSfTop.jsp HTTP/1.1" 200 23065 "-" "Mozilla/5.0 (Linux; Android 6.0.1; Nexus 5X Build/MMB29P) AppleWebKit/537.36 (KHTML, like Gecko) Chrome/140.0.7339.127 Mobile Safari/537.36 (compatible; Googlebot/2.1; +http://www.google.com/bot.html)" 297 **0/297199**
66.249.70.36 - - [14/Sep/2025:05:40:19 -0700] "GET /market1916380406?kg=1913382014 HTTP/1.1" 200 22619 "-" "Mozilla/5.0 (Linux; Android 6.0.1; Nexus 5X Build/MMB29P) AppleWebKit/537.36 (KHTML, like Gecko) Chrome/140.0.7339.127 Mobile Safari/537.36 (compatible; Googlebot/2.1; +http://www.google.com/bot.html)" 284 **0/284800**
66.249.64.4 - - [14/Sep/2025:05:40:19 -0700] "GET /?m=102276431930&filter=1bb5f9&share_to_url=product.php?pw/ HTTP/1.1" 200 22453 "-" "Mozilla/5.0 (Linux; Android 6.0.1; Nexus 5X Build/MMB29P) AppleWebKit/537.36 (KHTML, like Gecko) Chrome/140.0.7339.127 Mobile Safari/537.36 (compatible; Googlebot/2.1; +http://www.google.com/bot.html)" 303 **0/303740**
66.249.70.37 - - [14/Sep/2025:05:40:19 -0700] "GET /market27898506?kg=0027855486 HTTP/1.1" 200 22296 "-" "Mozilla/5.0 (Linux; Android 6.0.1; Nexus 5X Build/MMB29P) AppleWebKit/537.36 (KHTML, like Gecko) Chrome/140.0.7339.127 Mobile Safari/537.36 (compatible; Googlebot/2.1; +http://www.google.com/bot.html)" 282 **0/282125**
66.249.70.32 - - [14/Sep/2025:05:40:20 -0700] "GET /market20233392?kg=0020202366 HTTP/1.1" 200 22765 "-" "Mozilla/5.0 (Linux; Android 6.0.1; Nexus 5X Build/MMB29P) AppleWebKit/537.36 (KHTML, like Gecko) Chrome/140.0.7339.127 Mobile Safari/537.36 (compatible; Googlebot/2.1; +http://www.google.com/bot.html)" 297 **0/297040**
66.249.64.1 - - [14/Sep/2025:05:40:20 -0700] "GET /market73954711?kg=0073839614 HTTP/1.1" 200 21655 "-" "Mozilla/5.0 (Linux; Android 6.0.1; Nexus 5X Build/MMB29P) AppleWebKit/537.36 (KHTML, like Gecko) Chrome/140.0.7339.127 Mobile Safari/537.36 (compatible; Googlebot/2.1; +http://www.google.com/bot.html)" 275 **0/275813**
66.249.70.34 - - [14/Sep/2025:05:40:20 -0700] "GET /market120818963?kg=0120630526 HTTP/1.1" 200 23168 "-" "Mozilla/5.0 (Linux; Android 6.0.1; Nexus 5X Build/MMB29P) AppleWebKit/537.36 (KHTML, like Gecko) Chrome/140.0.7339.127 Mobile Safari/537.36 (compatible; Googlebot/2.1; +http://www.google.com/bot.html)" 302 **0/302791**
66.249.64.1 - - [14/Sep/2025:05:40:20 -0700] "GET /?m=102276431930&filter=1bb5f9&share_to_url=product.php?shop/userreview/write.aspx HTTP/1.1" 200 22771 "-" "Mozilla/5.0 (Linux; Android 6.0.1; Nexus 5X Build/MMB29P) AppleWebKit/537.36 (KHTML, like Gecko) Chrome/140.0.7339.127 Mobile Safari/537.36 (compatible; Googlebot/2.1; +http://www.google.com/bot.html)" 301 **0/301370**
66.249.70.37 - - [14/Sep/2025:05:40:20 -0700] "GET /market20593634?kg=0020562046 HTTP/1.1" 200 22062 "-" "Mozilla/5.0 (Linux; Android 6.0.1; Nexus 5X Build/MMB29P) AppleWebKit/537.36 (KHTML, like Gecko) Chrome/140.0.7339.127 Mobile Safari/537.36 (compatible; Googlebot/2.1; +http://www.google.com/bot.html)" 274 **0/274070**
66.249.64.1 - - [14/Sep/2025:05:40:20 -0700] "GET /?m=102276431930&filter=1bb5f9&share_to_url=product.php?shop/customer/bookmark_guest.aspx HTTP/1.1" 200 21697 "-" "Mozilla/5.0 (Linux; Android 6.0.1; Nexus 5X Build/MMB29P) AppleWebKit/537.36 (KHTML, like Gecko) Chrome/140.0.7339.127 Mobile Safari/537.36 (compatible; Googlebot/2.1; +http://www.google.com/bot.html)" 296 **0/296806**
66.249.70.39 - - [14/Sep/2025:05:40:21 -0700] "GET /market367419021?kg=0366844670 HTTP/1.1" 200 22984 "-" "Mozilla/5.0 (Linux; Android 6.0.1; Nexus 5X Build/MMB29P) AppleWebKit/537.36 (KHTML, like Gecko) Chrome/140.0.7339.127 Mobile Safari/537.36 (compatible; Googlebot/2.1; +http://www.google.com/bot.html)" 281 **0/281858**
66.249.64.1 - - [14/Sep/2025:05:40:21 -0700] "GET /?m=102276431930&filter=1bb5f9&share_to_url=product.php?reserve/tool/ HTTP/1.1" 200 22674 "-" "Mozilla/5.0 (Linux; Android 6.0.1; Nexus 5X Build/MMB29P) AppleWebKit/537.36 (KHTML, like Gecko) Chrome/140.0.7339.127 Mobile Safari/537.36 (compatible; Googlebot/2.1; +http://www.google.com/bot.html)" 295 **0/295966**
66.249.70.39 - - [14/Sep/2025:05:40:21 -0700] "GET /market20219931?kg=0020188926 HTTP/1.1" 200 25039 "-" "Mozilla/5.0 (Linux; Android 6.0.1; Nexus 5X Build/MMB29P) AppleWebKit/537.36 (KHTML, like Gecko) Chrome/140.0.7339.127 Mobile Safari/537.36 (compatible; Googlebot/2.1; +http://www.google.com/bot.html)" 254 **0/254721**
66.249.70.36 - - [14/Sep/2025:05:40:21 -0700] "GET /market109490258?kg=0109319550 HTTP/1.1" 200 22116 "-" "Mozilla/5.0 (Linux; Android 6.0.1; Nexus 5X Build/MMB29P) AppleWebKit/537.36 (KHTML, like Gecko) Chrome/140.0.7339.127 Mobile Safari/537.36 (compatible; Googlebot/2.1; +http://www.google.com/bot.html)" 256 **0/256832**
66.249.70.35 - - [14/Sep/2025:05:40:21 -0700] "GET /market27867994?kg=0027825022 HTTP/1.1" 200 23143 "-" "Mozilla/5.0 (Linux; Android 6.0.1; Nexus 5X Build/MMB29P) AppleWebKit/537.36 (KHTML, like Gecko) Chrome/140.0.7339.127 Mobile Safari/537.36 (compatible; Googlebot/2.1; +http://www.google.com/bot.html)" 272 **0/272099**
66.249.64.4 - - [14/Sep/2025:05:40:21 -0700] "GET /?m=102276431930&filter=1bb5f9&share_to_url=product.php?shop/category/categorylist.aspx HTTP/1.1" 200 22766 "-" "Mozilla/5.0 (Linux; Android 6.0.1; Nexus 5X Build/MMB29P) AppleWebKit/537.36 (KHTML, like Gecko) Chrome/140.0.7339.127 Mobile Safari/537.36 (compatible; Googlebot/2.1; +http://www.google.com/bot.html)" 288 **0/288865**
66.249.70.33 - - [14/Sep/2025:05:40:21 -0700] "GET /market379589619?kg=0378996222 HTTP/1.1" 200 22915 "-" "Mozilla/5.0 (Linux; Android 6.0.1; Nexus 5X Build/MMB29P) AppleWebKit/537.36 (KHTML, like Gecko) Chrome/140.0.7339.127 Mobile Safari/537.36 (compatible; Googlebot/2.1; +http://www.google.com/bot.html)" 294 **0/294570**
66.249.70.35 - - [14/Sep/2025:05:40:22 -0700] "GET /market1548918?kg=0001547134 HTTP/1.1" 200 21747 "-" "Mozilla/5.0 (Linux; Android 6.0.1; Nexus 5X Build/MMB29P) AppleWebKit/537.36 (KHTML, like Gecko) Chrome/140.0.7339.127 Mobile Safari/537.36 (compatible; Googlebot/2.1; +http://www.google.com/bot.html)" 309 **0/309355**
66.249.70.37 - - [14/Sep/2025:05:40:21 -0700] "GET /market1871404165?kg=1868476158 HTTP/1.1" 200 23400 "-" "Mozilla/5.0 (Linux; Android 6.0.1; Nexus 5X Build/MMB29P) AppleWebKit/537.36 (KHTML, like Gecko) Chrome/140.0.7339.127 Mobile Safari/537.36 (compatible; Googlebot/2.1; +http://www.google.com/bot.html)" 397 **0/397391**
136.243.228.194 - - [14/Sep/2025:05:40:22 -0700] "GET /market94258099?path=/home/vgijpbeijziw/public_html/otiadvisors.weblicious.co.in HTTP/1.1" 200 3463 "-" "Mozilla/5.0 (compatible; DataForSeoBot/1.0; +https://dataforseo.com/dataforseo-bot)" 488 **0/488711**
66.249.70.32 - - [14/Sep/2025:05:40:22 -0700] "GET /market27946198?kg=0027903102 HTTP/1.1" 200 22250 "-" "Mozilla/5.0 (Linux; Android 6.0.1; Nexus 5X Build/MMB29P) AppleWebKit/537.36 (KHTML, like Gecko) Chrome/140.0.7339.127 Mobile Safari/537.36 (compatible; Googlebot/2.1; +http://www.google.com/bot.html)" 350 **0/350381**
66.249.64.1 - - [14/Sep/2025:05:40:22 -0700] "GET /?m=102276431930&filter=1bb5f9&share_to_url=product.php?shop/order/make_estimate.aspx HTTP/1.1" 200 22525 "-" "Mozilla/5.0 (Linux; Android 6.0.1; Nexus 5X Build/MMB29P) AppleWebKit/537.36 (KHTML, like Gecko) Chrome/140.0.7339.127 Mobile Safari/537.36 (compatible; Googlebot/2.1; +http://www.google.com/bot.html)" 351 **0/351020**
66.249.70.33 - - [14/Sep/2025:05:40:22 -0700] "GET /market1908867848?kg=1905881214 HTTP/1.1" 200 22108 "-" "Mozilla/5.0 (Linux; Android 6.0.1; Nexus 5X Build/MMB29P) AppleWebKit/537.36 (KHTML, like Gecko) Chrome/140.0.7339.127 Mobile Safari/537.36 (compatible; Googlebot/2.1; +http://www.google.com/bot.html)" 281 **0/281315**
66.249.70.35 - - [14/Sep/2025:05:40:22 -0700] "GET /market29681137?kg=0029635326 HTTP/1.1" 200 23063 "-" "Mozilla/5.0 (Linux; Android 6.0.1; Nexus 5X Build/MMB29P) AppleWebKit/537.36 (KHTML, like Gecko) Chrome/140.0.7339.127 Mobile Safari/537.36 (compatible; Googlebot/2.1; +http://www.google.com/bot.html)" 287 **0/287876**
66.249.64.5 - - [14/Sep/2025:05:40:23 -0700] "GET /?m=96649852930&filter=60d12a&share_to_url=pin.php?contents/renga HTTP/1.1" 200 22761 "-" "Mozilla/5.0 (Linux; Android 6.0.1; Nexus 5X Build/MMB29P) AppleWebKit/537.36 (KHTML, like Gecko) Chrome/140.0.7339.127 Mobile Safari/537.36 (compatible; Googlebot/2.1; +http://www.google.com/bot.html)" 310 **0/310731**
66.249.70.39 - - [14/Sep/2025:05:40:23 -0700] "GET /market259735752?kg=0259329918 HTTP/1.1" 200 23199 "-" "Mozilla/5.0 (Linux; Android 6.0.1; Nexus 5X Build/MMB29P) AppleWebKit/537.36 (KHTML, like Gecko) Chrome/140.0.7339.127 Mobile Safari/537.36 (compatible; Googlebot/2.1; +http://www.google.com/bot.html)" 285 **0/285036**
66.249.70.35 - - [14/Sep/2025:05:40:23 -0700] "GET /market1909326806?kg=1906339454 HTTP/1.1" 200 22647 "-" "Mozilla/5.0 (Linux; Android 6.0.1; Nexus 5X Build/MMB29P) AppleWebKit/537.36 (KHTML, like Gecko) Chrome/140.0.7339.127 Mobile Safari/537.36 (compatible; Googlebot/2.1; +http://www.google.com/bot.html)" 303 **0/303217**
66.249.64.5 - - [14/Sep/2025:05:40:23 -0700] "GET /?m=106287555930&filter=06642e&share_to_url=model.php?shop/order/make_estimate.aspx HTTP/1.1" 200 22519 "-" "Mozilla/5.0 (Linux; Android 6.0.1; Nexus 5X Build/MMB29P) AppleWebKit/537.36 (KHTML, like Gecko) Chrome/140.0.7339.127 Mobile Safari/537.36 (compatible; Googlebot/2.1; +http://www.google.com/bot.html)" 325 **0/325573**
66.249.70.34 - - [14/Sep/2025:05:40:23 -0700] "GET /market97870025?kg=0097717502 HTTP/1.1" 200 22631 "-" "Mozilla/5.0 (Linux; Android 6.0.1; Nexus 5X Build/MMB29P) AppleWebKit/537.36 (KHTML, like Gecko) Chrome/140.0.7339.127 Mobile Safari/537.36 (compatible; Googlebot/2.1; +http://www.google.com/bot.html)" 308 **0/308707**
66.249.70.32 - - [14/Sep/2025:05:40:23 -0700] "GET /market27935942?kg=0027892862 HTTP/1.1" 200 22449 "-" "Mozilla/5.0 (Linux; Android 6.0.1; Nexus 5X Build/MMB29P) AppleWebKit/537.36 (KHTML, like Gecko) Chrome/140.0.7339.127 Mobile Safari/537.36 (compatible; Googlebot/2.1; +http://www.google.com/bot.html)" 287 **0/287574**
66.249.64.1 - - [14/Sep/2025:05:40:23 -0700] "GET /?m=106287555930&filter=06642e&share_to_url=model.php?shop/userreview/write.aspx HTTP/1.1" 200 22094 "-" "Mozilla/5.0 (Linux; Android 6.0.1; Nexus 5X Build/MMB29P) AppleWebKit/537.36 (KHTML, like Gecko) Chrome/140.0.7339.127 Mobile Safari/537.36 (compatible; Googlebot/2.1; +http://www.google.com/bot.html)" 332 **0/332212**
66.249.70.35 - - [14/Sep/2025:05:40:24 -0700] "GET /market5051489?kg=0005044222 HTTP/1.1" 200 22337 "-" "Mozilla/5.0 (Linux; Android 6.0.1; Nexus 5X Build/MMB29P) AppleWebKit/537.36 (KHTML, like Gecko) Chrome/140.0.7339.127 Mobile Safari/537.36 (compatible; Googlebot/2.1; +http://www.google.com/bot.html)" 360 **0/360205**
66.249.64.5 - - [14/Sep/2025:05:40:24 -0700] "GET /?m=106287555930&filter=06642e&share_to_url=model.php?reserve/tool/ HTTP/1.1" 200 22673 "-" "Mozilla/5.0 (Linux; Android 6.0.1; Nexus 5X Build/MMB29P) AppleWebKit/537.36 (KHTML, like Gecko) Chrome/140.0.7339.127 Mobile Safari/537.36 (compatible; Googlebot/2.1; +http://www.google.com/bot.html)" 316 **0/316241**
66.249.70.35 - - [14/Sep/2025:05:40:24 -0700] "GET /market28342338?kg=0028298622 HTTP/1.1" 200 22204 "-" "Mozilla/5.0 (Linux; Android 6.0.1; Nexus 5X Build/MMB29P) AppleWebKit/537.36 (KHTML, like Gecko) Chrome/140.0.7339.127 Mobile Safari/537.36 (compatible; Googlebot/2.1; +http://www.google.com/bot.html)" 266 **0/266628**
66.249.64.5 - - [14/Sep/2025:05:40:24 -0700] "GET /market48446504?kg=0048371326 HTTP/1.1" 200 22554 "-" "Mozilla/5.0 (Linux; Android 6.0.1; Nexus 5X Build/MMB29P) AppleWebKit/537.36 (KHTML, like Gecko) Chrome/140.0.7339.127 Mobile Safari/537.36 (compatible; Googlebot/2.1; +http://www.google.com/bot.html)" 329 **0/329277**
66.249.64.4 - - [14/Sep/2025:05:40:24 -0700] "GET /?m=106287555930&filter=06642e&share_to_url=model.php?shop/cart/cart.aspx HTTP/1.1" 200 22266 "-" "Mozilla/5.0 (Linux; Android 6.0.1; Nexus 5X Build/MMB29P) AppleWebKit/537.36 (KHTML, like Gecko) Chrome/140.0.7339.127 Mobile Safari/537.36 (compatible; Googlebot/2.1; +http://www.google.com/bot.html)" 270 **0/270445**
66.249.70.39 - - [14/Sep/2025:05:40:24 -0700] "GET /market28719248?kg=0028674942 HTTP/1.1" 200 22962 "-" "Mozilla/5.0 (Linux; Android 6.0.1; Nexus 5X Build/MMB29P) AppleWebKit/537.36 (KHTML, like Gecko) Chrome/140.0.7339.127 Mobile Safari/537.36 (compatible; Googlebot/2.1; +http://www.google.com/bot.html)" 277 **0/277516**
66.249.70.37 - - [14/Sep/2025:05:40:25 -0700] "GET /market1915210702?kg=1912214142 HTTP/1.1" 200 22501 "-" "Mozilla/5.0 (Linux; Android 6.0.1; Nexus 5X Build/MMB29P) AppleWebKit/537.36 (KHTML, like Gecko) Chrome/140.0.7339.127 Mobile Safari/537.36 (compatible; Googlebot/2.1; +http://www.google.com/bot.html)" 251 **0/251330**
66.249.64.3 - - [14/Sep/2025:05:40:25 -0700] "GET /?m=106287555930&filter=06642e&share_to_url=model.php?shop/customer/bookmark.aspx HTTP/1.1" 200 21933 "-" "Mozilla/5.0 (Linux; Android 6.0.1; Nexus 5X Build/MMB29P) AppleWebKit/537.36 (KHTML, like Gecko) Chrome/140.0.7339.127 Mobile Safari/537.36 (compatible; Googlebot/2.1; +http://www.google.com/bot.html)" 316 **0/316629**
66.249.70.36 - - [14/Sep/2025:05:40:25 -0700] "GET /market1585457?kg=0001583614 HTTP/1.1" 200 23312 "-" "Mozilla/5.0 (Linux; Android 6.0.1; Nexus 5X Build/MMB29P) AppleWebKit/537.36 (KHTML, like Gecko) Chrome/140.0.7339.127 Mobile Safari/537.36 (compatible; Googlebot/2.1; +http://www.google.com/bot.html)" 256 **0/256610**
136.243.228.194 - - [14/Sep/2025:05:40:25 -0700] "GET /market94258099?fileloc=/home/vgijpbeijziw/public_html/wp-cron.php&path=/home/vgijpbeijziw/public_html HTTP/1.1" 200 4273 "-" "Mozilla/5.0 (compatible; DataForSeoBot/1.0; +https://dataforseo.com/dataforseo-bot)" 367 **0/367221**
66.249.64.1 - - [14/Sep/2025:05:40:25 -0700] "GET /?m=109626301930&filter=22127f&share_to_url=article.php?shop/order/make_estimate.aspx HTTP/1.1" 200 22522 "-" "Mozilla/5.0 (Linux; Android 6.0.1; Nexus 5X Build/MMB29P) AppleWebKit/537.36 (KHTML, like Gecko) Chrome/140.0.7339.127 Mobile Safari/537.36 (compatible; Googlebot/2.1; +http://www.google.com/bot.html)" 326 **0/326405**
66.249.70.32 - - [14/Sep/2025:05:40:26 -0700] "GET /market52416491?kg=0052335102 HTTP/1.1" 200 22481 "-" "Mozilla/5.0 (Linux; Android 6.0.1; Nexus 5X Build/MMB29P) AppleWebKit/537.36 (KHTML, like Gecko) Chrome/140.0.7339.127 Mobile Safari/537.36 (compatible; Googlebot/2.1; +http://www.google.com/bot.html)" 273 **0/273391**
66.249.70.35 - - [14/Sep/2025:05:40:26 -0700] "GET /?market25430517?kg=0025391358 HTTP/1.1" 200 23092 "-" "Mozilla/5.0 (Linux; Android 6.0.1; Nexus 5X Build/MMB29P) AppleWebKit/537.36 (KHTML, like Gecko) Chrome/140.0.7339.127 Mobile Safari/537.36 (compatible; Googlebot/2.1; +http://www.google.com/bot.html)" 278 **0/278653**
66.249.70.33 - - [14/Sep/2025:05:40:26 -0700] "GET /market1623276?kg=0001621374 HTTP/1.1" 200 23845 "-" "Mozilla/5.0 (Linux; Android 6.0.1; Nexus 5X Build/MMB29P) AppleWebKit/537.36 (KHTML, like Gecko) Chrome/140.0.7339.127 Mobile Safari/537.36 (compatible; Googlebot/2.1; +http://www.google.com/bot.html)" 276 **0/276367**
66.249.64.2 - - [14/Sep/2025:05:40:26 -0700] "GET /?m=109626301930&filter=22127f&share_to_url=article.php?shop/userreview/write.aspx HTTP/1.1" 200 22773 "-" "Mozilla/5.0 (Linux; Android 6.0.1; Nexus 5X Build/MMB29P) AppleWebKit/537.36 (KHTML, like Gecko) Chrome/140.0.7339.127 Mobile Safari/537.36 (compatible; Googlebot/2.1; +http://www.google.com/bot.html)" 298 **0/298514**
66.249.64.4 - - [14/Sep/2025:05:40:27 -0700] "GET /?m=109626301930&filter=22127f&share_to_url=article.php?shop/customer/entry.aspx HTTP/1.1" 200 22101 "-" "Mozilla/5.0 (Linux; Android 6.0.1; Nexus 5X Build/MMB29P) AppleWebKit/537.36 (KHTML, like Gecko) Chrome/140.0.7339.127 Mobile Safari/537.36 (compatible; Googlebot/2.1; +http://www.google.com/bot.html)" 328 **0/328600**
66.249.70.37 - - [14/Sep/2025:05:40:27 -0700] "GET /market1916766290?kg=1913767294 HTTP/1.1" 200 23617 "-" "Mozilla/5.0 (Linux; Android 6.0.1; Nexus 5X Build/MMB29P) AppleWebKit/537.36 (KHTML, like Gecko) Chrome/140.0.7339.127 Mobile Safari/537.36 (compatible; Googlebot/2.1; +http://www.google.com/bot.html)" 266 **0/266635**
66.249.64.6 - - [14/Sep/2025:05:40:27 -0700] "GET /?m=109626301930&filter=22127f&share_to_url=article.php?shop/cart/cart.aspx HTTP/1.1" 200 22288 "-" "Mozilla/5.0 (Linux; Android 6.0.1; Nexus 5X Build/MMB29P) AppleWebKit/537.36 (KHTML, like Gecko) Chrome/140.0.7339.127 Mobile Safari/537.36 (compatible; Googlebot/2.1; +http://www.google.com/bot.html)" 315 **0/315908**
66.249.64.1 - - [14/Sep/2025:05:40:28 -0700] "GET /?m=106881629930&filter=4f6451&share_to_url=product-page.php?reserve/tool/ HTTP/1.1" 200 21982 "-" "Mozilla/5.0 (Linux; Android 6.0.1; Nexus 5X Build/MMB29P) AppleWebKit/537.36 (KHTML, like Gecko) Chrome/140.0.7339.127 Mobile Safari/537.36 (compatible; Googlebot/2.1; +http://www.google.com/bot.html)" 285 **0/285009**
66.249.64.5 - - [14/Sep/2025:05:40:28 -0700] "GET /?m=109626301930&filter=22127f&share_to_url=article.php?shop/customer/bookmark.aspx HTTP/1.1" 200 22635 "-" "Mozilla/5.0 (Linux; Android 6.0.1; Nexus 5X Build/MMB29P) AppleWebKit/537.36 (KHTML, like Gecko) Chrome/140.0.7339.127 Mobile Safari/537.36 (compatible; Googlebot/2.1; +http://www.google.com/bot.html)" 302 **0/302432**
66.249.70.35 - - [14/Sep/2025:05:40:28 -0700] "GET /market55079348?kg=0054993790 HTTP/1.1" 200 22887 "-" "Mozilla/5.0 (Linux; Android 6.0.1; Nexus 5X Build/MMB29P) AppleWebKit/537.36 (KHTML, like Gecko) Chrome/140.0.7339.127 Mobile Safari/537.36 (compatible; Googlebot/2.1; +http://www.google.com/bot.html)" 345 **0/345779**
66.249.64.1 - - [14/Sep/2025:05:40:28 -0700] "GET /?m=103886850930&filter=26c50a&share_to_url=goods.php?shop/customer/bookmark.aspx HTTP/1.1" 200 21931 "-" "Mozilla/5.0 (Linux; Android 6.0.1; Nexus 5X Build/MMB29P) AppleWebKit/537.36 (KHTML, like Gecko) Chrome/140.0.7339.127 Mobile Safari/537.36 (compatible; Googlebot/2.1; +http://www.google.com/bot.html)" 308 **0/308289**
66.249.70.37 - - [14/Sep/2025:05:40:28 -0700] "GET /market1894083625?kg=1891120126 HTTP/1.1" 200 22532 "-" "Mozilla/5.0 (Linux; Android 6.0.1; Nexus 5X Build/MMB29P) AppleWebKit/537.36 (KHTML, like Gecko) Chrome/140.0.7339.127 Mobile Safari/537.36 (compatible; Googlebot/2.1; +http://www.google.com/bot.html)" 290 **0/290279**
66.249.70.34 - - [14/Sep/2025:05:40:28 -0700] "GET /market22668946?kg=0022634110 HTTP/1.1" 200 23927 "-" "Mozilla/5.0 (Linux; Android 6.0.1; Nexus 5X Build/MMB29P) AppleWebKit/537.36 (KHTML, like Gecko) Chrome/140.0.7339.127 Mobile Safari/537.36 (compatible; Googlebot/2.1; +http://www.google.com/bot.html)" 272 **0/272368**
66.249.64.7 - - [14/Sep/2025:05:40:29 -0700] "GET /?m=103886850930&filter=26c50a&share_to_url=goods.php?shop/customer/entry.aspx HTTP/1.1" 200 22739 "-" "Mozilla/5.0 (Linux; Android 6.0.1; Nexus 5X Build/MMB29P) AppleWebKit/537.36 (KHTML, like Gecko) Chrome/140.0.7339.127 Mobile Safari/537.36 (compatible; Googlebot/2.1; +http://www.google.com/bot.html)" 324 **0/324300**
66.249.70.36 - - [14/Sep/2025:05:40:29 -0700] "GET /market52241627?kg=0052160510 HTTP/1.1" 200 22337 "-" "Mozilla/5.0 (Linux; Android 6.0.1; Nexus 5X Build/MMB29P) AppleWebKit/537.36 (KHTML, like Gecko) Chrome/140.0.7339.127 Mobile Safari/537.36 (compatible; Googlebot/2.1; +http://www.google.com/bot.html)" 278 **0/278400**
66.249.70.39 - - [14/Sep/2025:05:40:29 -0700] "GET /market360486189?kg=0359922686 HTTP/1.1" 200 22171 "-" "Mozilla/5.0 (Linux; Android 6.0.1; Nexus 5X Build/MMB29P) AppleWebKit/537.36 (KHTML, like Gecko) Chrome/140.0.7339.127 Mobile Safari/537.36 (compatible; Googlebot/2.1; +http://www.google.com/bot.html)" 276 **0/276291**
66.249.70.33 - - [14/Sep/2025:05:40:29 -0700] "GET /market82048656?kg=0081920894 HTTP/1.1" 200 21727 "-" "Mozilla/5.0 (Linux; Android 6.0.1; Nexus 5X Build/MMB29P) AppleWebKit/537.36 (KHTML, like Gecko) Chrome/140.0.7339.127 Mobile Safari/537.36 (compatible; Googlebot/2.1; +http://www.google.com/bot.html)" 282 **0/282082**
66.249.70.32 - - [14/Sep/2025:05:40:29 -0700] "GET /market12668784?kg=0012649598 HTTP/1.1" 200 23062 "-" "Mozilla/5.0 (Linux; Android 6.0.1; Nexus 5X Build/MMB29P) AppleWebKit/537.36 (KHTML, like Gecko) Chrome/140.0.7339.127 Mobile Safari/537.36 (compatible; Googlebot/2.1; +http://www.google.com/bot.html)" 271 **0/271366**
66.249.64.2 - - [14/Sep/2025:05:40:29 -0700] "GET /?m=103729696930&filter=a037bc&share_to_url=model.php?shop/cart/cart.aspx HTTP/1.1" 200 22240 "-" "Mozilla/5.0 (Linux; Android 6.0.1; Nexus 5X Build/MMB29P) AppleWebKit/537.36 (KHTML, like Gecko) Chrome/140.0.7339.127 Mobile Safari/537.36 (compatible; Googlebot/2.1; +http://www.google.com/bot.html)" 314 **0/314530**
66.249.70.39 - - [14/Sep/2025:05:40:29 -0700] "GET /market577073070?kg=0576170622 HTTP/1.1" 200 22915 "-" "Mozilla/5.0 (Linux; Android 6.0.1; Nexus 5X Build/MMB29P) AppleWebKit/537.36 (KHTML, like Gecko) Chrome/140.0.7339.127 Mobile Safari/537.36 (compatible; Googlebot/2.1; +http://www.google.com/bot.html)" 344 **0/344674**
66.249.70.35 - - [14/Sep/2025:05:40:30 -0700] "GET /market36721018?kg=0036664190 HTTP/1.1" 200 23507 "-" "Mozilla/5.0 (Linux; Android 6.0.1; Nexus 5X Build/MMB29P) AppleWebKit/537.36 (KHTML, like Gecko) Chrome/140.0.7339.127 Mobile Safari/537.36 (compatible; Googlebot/2.1; +http://www.google.com/bot.html)" 300 **0/300704**
66.249.64.2 - - [14/Sep/2025:05:40:30 -0700] "GET /market80492044?kg=0080366718 HTTP/1.1" 200 22060 "-" "Mozilla/5.0 (Linux; Android 6.0.1; Nexus 5X Build/MMB29P) AppleWebKit/537.36 (KHTML, like Gecko) Chrome/140.0.7339.127 Mobile Safari/537.36 (compatible; Googlebot/2.1; +http://www.google.com/bot.html)" 328 **0/328255**
66.249.70.37 - - [14/Sep/2025:05:40:30 -0700] "GET /market344202530?kg=0343664510 HTTP/1.1" 200 22867 "-" "Mozilla/5.0 (Linux; Android 6.0.1; Nexus 5X Build/MMB29P) AppleWebKit/537.36 (KHTML, like Gecko) Chrome/140.0.7339.127 Mobile Safari/537.36 (compatible; Googlebot/2.1; +http://www.google.com/bot.html)" 340 **0/340908**
66.249.64.7 - - [14/Sep/2025:05:40:30 -0700] "GET /?m=103729696930&filter=a037bc&share_to_url=model.php?shop/customer/menu.aspx HTTP/1.1" 200 24860 "-" "Mozilla/5.0 (Linux; Android 6.0.1; Nexus 5X Build/MMB29P) AppleWebKit/537.36 (KHTML, like Gecko) Chrome/140.0.7339.127 Mobile Safari/537.36 (compatible; Googlebot/2.1; +http://www.google.com/bot.html)" 513 **0/513133**
66.249.70.35 - - [14/Sep/2025:05:40:30 -0700] "GET /market36736529?kg=0036679678 HTTP/1.1" 200 22203 "-" "Mozilla/5.0 (Linux; Android 6.0.1; Nexus 5X Build/MMB29P) AppleWebKit/537.36 (KHTML, like Gecko) Chrome/140.0.7339.127 Mobile Safari/537.36 (compatible; Googlebot/2.1; +http://www.google.com/bot.html)" 469 **0/469925**
66.249.70.36 - - [14/Sep/2025:05:40:30 -0700] "GET /market12762116?kg=0012742782 HTTP/1.1" 200 21587 "-" "Mozilla/5.0 (Linux; Android 6.0.1; Nexus 5X Build/MMB29P) AppleWebKit/537.36 (KHTML, like Gecko) Chrome/140.0.7339.127 Mobile Safari/537.36 (compatible; Googlebot/2.1; +http://www.google.com/bot.html)" 524 **0/524353**
66.249.64.5 - - [14/Sep/2025:05:40:31 -0700] "GET /?m=99880073930&filter=48eb3f&share_to_url=goods.php?information/privacy_policy.html HTTP/1.1" 200 25918 "-" "Mozilla/5.0 (Linux; Android 6.0.1; Nexus 5X Build/MMB29P) AppleWebKit/537.36 (KHTML, like Gecko) Chrome/140.0.7339.127 Mobile Safari/537.36 (compatible; Googlebot/2.1; +http://www.google.com/bot.html)" 382 **0/382499**
136.243.228.194 - - [14/Sep/2025:05:40:30 -0700] "GET /market94258099?path=/home/vgijpbeijziw/public_html/.tmb HTTP/1.1" 200 2314 "-" "Mozilla/5.0 (compatible; DataForSeoBot/1.0; +https://dataforseo.com/dataforseo-bot)" 1423 **1/1423323**
66.249.64.1 - - [14/Sep/2025:05:40:30 -0700] "GET /?m=109432405930&filter=58bbb7&share_to_url=article.php?shop/order/make_estimate.aspx HTTP/1.1" 200 22524 "-" "Mozilla/5.0 (Linux; Android 6.0.1; Nexus 5X Build/MMB29P) AppleWebKit/537.36 (KHTML, like Gecko) Chrome/140.0.7339.127 Mobile Safari/537.36 (compatible; Googlebot/2.1; +http://www.google.com/bot.html)" 572 **0/572245**
66.249.70.36 - - [14/Sep/2025:05:40:31 -0700] "GET /market11642410?kg=0011624830 HTTP/1.1" 200 22682 "-" "Mozilla/5.0 (Linux; Android 6.0.1; Nexus 5X Build/MMB29P) AppleWebKit/537.36 (KHTML, like Gecko) Chrome/140.0.7339.127 Mobile Safari/537.36 (compatible; Googlebot/2.1; +http://www.google.com/bot.html)" 356 **0/356319**
66.249.64.5 - - [14/Sep/2025:05:40:31 -0700] "GET /?m=99880073930&filter=48eb3f&share_to_url=goods.php?shop/customer/bookmark.aspx HTTP/1.1" 200 21935 "-" "Mozilla/5.0 (Linux; Android 6.0.1; Nexus 5X Build/MMB29P) AppleWebKit/537.36 (KHTML, like Gecko) Chrome/140.0.7339.127 Mobile Safari/537.36 (compatible; Googlebot/2.1; +http://www.google.com/bot.html)" 381 **0/381524**
66.249.64.4 - - [14/Sep/2025:05:40:32 -0700] "GET /?m=107464260930&filter=217709&share_to_url=detail.php?reserve/tool HTTP/1.1" 200 22676 "-" "Mozilla/5.0 (Linux; Android 6.0.1; Nexus 5X Build/MMB29P) AppleWebKit/537.36 (KHTML, like Gecko) Chrome/140.0.7339.127 Mobile Safari/537.36 (compatible; Googlebot/2.1; +http://www.google.com/bot.html)" 392 **0/392530**
66.249.70.33 - - [14/Sep/2025:05:40:32 -0700] "GET /market11693049?kg=0011675390 HTTP/1.1" 200 22766 "-" "Mozilla/5.0 (Linux; Android 6.0.1; Nexus 5X Build/MMB29P) AppleWebKit/537.36 (KHTML, like Gecko) Chrome/140.0.7339.127 Mobile Safari/537.36 (compatible; Googlebot/2.1; +http://www.google.com/bot.html)" 271 **0/271450**
66.249.64.7 - - [14/Sep/2025:05:40:32 -0700] "GET /?m=99880073930&filter=48eb3f&share_to_url=goods.php?contents/renga/ HTTP/1.1" 200 22071 "-" "Mozilla/5.0 (Linux; Android 6.0.1; Nexus 5X Build/MMB29P) AppleWebKit/537.36 (KHTML, like Gecko) Chrome/140.0.7339.127 Mobile Safari/537.36 (compatible; Googlebot/2.1; +http://www.google.com/bot.html)" 294 **0/294211**
66.249.70.32 - - [14/Sep/2025:05:40:32 -0700] "GET /market11640487?kg=0011622910 HTTP/1.1" 200 22863 "-" "Mozilla/5.0 (Linux; Android 6.0.1; Nexus 5X Build/MMB29P) AppleWebKit/537.36 (KHTML, like Gecko) Chrome/140.0.7339.127 Mobile Safari/537.36 (compatible; Googlebot/2.1; +http://www.google.com/bot.html)" 371 **0/371877**
66.249.70.38 - - [14/Sep/2025:05:40:32 -0700] "GET /market567574301?kg=0566686718 HTTP/1.1" 200 23740 "-" "Mozilla/5.0 (Linux; Android 6.0.1; Nexus 5X Build/MMB29P) AppleWebKit/537.36 (KHTML, like Gecko) Chrome/140.0.7339.127 Mobile Safari/537.36 (compatible; Googlebot/2.1; +http://www.google.com/bot.html)" 369 **0/369683**
66.249.70.34 - - [14/Sep/2025:05:40:33 -0700] "GET /market1892259585?kg=1889298942 HTTP/1.1" 200 21336 "-" "Mozilla/5.0 (Linux; Android 6.0.1; Nexus 5X Build/MMB29P) AppleWebKit/537.36 (KHTML, like Gecko) Chrome/140.0.7339.127 Mobile Safari/537.36 (compatible; Googlebot/2.1; +http://www.google.com/bot.html)" 334 **0/334552**
66.249.64.4 - - [14/Sep/2025:05:40:33 -0700] "GET /?m=99880073930&filter=48eb3f&share_to_url=goods.php?shop/pg/1AvailableInfo/ HTTP/1.1" 200 22812 "-" "Mozilla/5.0 (Linux; Android 6.0.1; Nexus 5X Build/MMB29P) AppleWebKit/537.36 (KHTML, like Gecko) Chrome/140.0.7339.127 Mobile Safari/537.36 (compatible; Googlebot/2.1; +http://www.google.com/bot.html)" 474 **0/474574**
66.249.70.33 - - [14/Sep/2025:05:40:33 -0700] "GET /market122166736?kg=0121976190 HTTP/1.1" 200 22245 "-" "Mozilla/5.0 (Linux; Android 6.0.1; Nexus 5X Build/MMB29P) AppleWebKit/537.36 (KHTML, like Gecko) Chrome/140.0.7339.127 Mobile Safari/537.36 (compatible; Googlebot/2.1; +http://www.google.com/bot.html)" 457 **0/457292**
66.249.70.38 - - [14/Sep/2025:05:40:33 -0700] "GET /market1900013673?kg=1897040894 HTTP/1.1" 200 22368 "-" "Mozilla/5.0 (Linux; Android 6.0.1; Nexus 5X Build/MMB29P) AppleWebKit/537.36 (KHTML, like Gecko) Chrome/140.0.7339.127 Mobile Safari/537.36 (compatible; Googlebot/2.1; +http://www.google.com/bot.html)" 449 **0/449663**
66.249.64.5 - - [14/Sep/2025:05:40:33 -0700] "GET /?m=99880073930&filter=48eb3f&share_to_url=goods.php?shop/pg/1SiteUse/ HTTP/1.1" 200 22820 "-" "Mozilla/5.0 (Linux; Android 6.0.1; Nexus 5X Build/MMB29P) AppleWebKit/537.36 (KHTML, like Gecko) Chrome/140.0.7339.127 Mobile Safari/537.36 (compatible; Googlebot/2.1; +http://www.google.com/bot.html)" 402 **0/402065**
66.249.70.38 - - [14/Sep/2025:05:40:31 -0700] "GET /market521694758?kg=0520878974 HTTP/1.1" 200 22719 "-" "Mozilla/5.0 (Linux; Android 6.0.1; Nexus 5X Build/MMB29P) AppleWebKit/537.36 (KHTML, like Gecko) Chrome/140.0.7339.127 Mobile Safari/537.36 (compatible; Googlebot/2.1; +http://www.google.com/bot.html)" 2309 **2/2309395**
66.249.70.35 - - [14/Sep/2025:05:40:34 -0700] "GET /market51850998?kg=0051770494 HTTP/1.1" 200 21846 "-" "Mozilla/5.0 (Linux; Android 6.0.1; Nexus 5X Build/MMB29P) AppleWebKit/537.36 (KHTML, like Gecko) Chrome/140.0.7339.127 Mobile Safari/537.36 (compatible; Googlebot/2.1; +http://www.google.com/bot.html)" 363 **0/363700**
66.249.64.2 - - [14/Sep/2025:05:40:33 -0700] "GET /?m=99880073930&filter=48eb3f&share_to_url=goods.php?toyu/top/CKmSpSfTop.jsp HTTP/1.1" 200 23067 "-" "Mozilla/5.0 (Linux; Android 6.0.1; Nexus 5X Build/MMB29P) AppleWebKit/537.36 (KHTML, like Gecko) Chrome/140.0.7339.127 Mobile Safari/537.36 (compatible; Googlebot/2.1; +http://www.google.com/bot.html)" 544 **0/544554**
66.249.70.34 - - [14/Sep/2025:05:40:34 -0700] "GET /market69835881?kg=0069727230 HTTP/1.1" 200 22687 "-" "Mozilla/5.0 (Linux; Android 6.0.1; Nexus 5X Build/MMB29P) AppleWebKit/537.36 (KHTML, like Gecko) Chrome/140.0.7339.127 Mobile Safari/537.36 (compatible; Googlebot/2.1; +http://www.google.com/bot.html)" 379 **0/379221**
136.243.228.194 - - [14/Sep/2025:05:40:33 -0700] "GET /market94258099?fileloc=/home/vgijpbeijziw/public_html/deleteme.wp68ede8d2bc834ca6a1dfc7489572c072.php&path=/home/vgijpbeijziw/public_html HTTP/1.1" 200 6075 "-" "Mozilla/5.0 (compatible; DataForSeoBot/1.0; +https://dataforseo.com/dataforseo-bot)" 799 **0/799282**
66.249.70.38 - - [14/Sep/2025:05:40:34 -0700] "GET /market1901760277?kg=1898784766 HTTP/1.1" 200 23527 "-" "Mozilla/5.0 (Linux; Android 6.0.1; Nexus 5X Build/MMB29P) AppleWebKit/537.36 (KHTML, like Gecko) Chrome/140.0.7339.127 Mobile Safari/537.36 (compatible; Googlebot/2.1; +http://www.google.com/bot.html)" 398 **0/398247**
66.249.64.9 - - [14/Sep/2025:05:40:34 -0700] "GET /?m=99880073930&filter=48eb3f&share_to_url=goods.php?shop/customer/entry.aspx HTTP/1.1" 200 22749 "-" "Mozilla/5.0 (Linux; Android 6.0.1; Nexus 5X Build/MMB29P) AppleWebKit/537.36 (KHTML, like Gecko) Chrome/140.0.7339.127 Mobile Safari/537.36 (compatible; Googlebot/2.1; +http://www.google.com/bot.html)" 307 **0/307081**
66.249.70.35 - - [14/Sep/2025:05:40:34 -0700] "GET /market69825367?kg=0069716734 HTTP/1.1" 200 23047 "-" "Mozilla/5.0 (Linux; Android 6.0.1; Nexus 5X Build/MMB29P) AppleWebKit/537.36 (KHTML, like Gecko) Chrome/140.0.7339.127 Mobile Safari/537.36 (compatible; Googlebot/2.1; +http://www.google.com/bot.html)" 289 **0/289332**
66.249.64.7 - - [14/Sep/2025:05:40:35 -0700] "GET /?m=99880073930&filter=48eb3f&share_to_url=goods.php?shop/pg/1005024164 HTTP/1.1" 200 23233 "-" "Mozilla/5.0 (Linux; Android 6.0.1; Nexus 5X Build/MMB29P) AppleWebKit/537.36 (KHTML, like Gecko) Chrome/140.0.7339.127 Mobile Safari/537.36 (compatible; Googlebot/2.1; +http://www.google.com/bot.html)" 340 **0/340881**
66.249.70.35 - - [14/Sep/2025:05:40:35 -0700] "GET /market1901791303?kg=1898815742 HTTP/1.1" 200 21865 "-" "Mozilla/5.0 (Linux; Android 6.0.1; Nexus 5X Build/MMB29P) AppleWebKit/537.36 (KHTML, like Gecko) Chrome/140.0.7339.127 Mobile Safari/537.36 (compatible; Googlebot/2.1; +http://www.google.com/bot.html)" 266 **0/266002**
66.249.70.36 - - [14/Sep/2025:05:40:35 -0700] "GET /market11718433?kg=0011700734 HTTP/1.1" 200 22550 "-" "Mozilla/5.0 (Linux; Android 6.0.1; Nexus 5X Build/MMB29P) AppleWebKit/537.36 (KHTML, like Gecko) Chrome/140.0.7339.127 Mobile Safari/537.36 (compatible; Googlebot/2.1; +http://www.google.com/bot.html)" 281 **0/281198**
66.249.64.6 - - [14/Sep/2025:05:40:35 -0700] "GET /?m=99880073930&filter=48eb3f&share_to_url=goods.php?reserve/tool/ HTTP/1.1" 200 22672 "-" "Mozilla/5.0 (Linux; Android 6.0.1; Nexus 5X Build/MMB29P) AppleWebKit/537.36 (KHTML, like Gecko) Chrome/140.0.7339.127 Mobile Safari/537.36 (compatible; Googlebot/2.1; +http://www.google.com/bot.html)" 358 **0/358985**
66.249.70.36 - - [14/Sep/2025:05:40:36 -0700] "GET /market130796946?kg=0130592894 HTTP/1.1" 200 21769 "-" "Mozilla/5.0 (Linux; Android 6.0.1; Nexus 5X Build/MMB29P) AppleWebKit/537.36 (KHTML, like Gecko) Chrome/140.0.7339.127 Mobile Safari/537.36 (compatible; Googlebot/2.1; +http://www.google.com/bot.html)" 266 **0/266170**
66.249.70.39 - - [14/Sep/2025:05:40:36 -0700] "GET /market11707794?kg=0011690110 HTTP/1.1" 200 22293 "-" "Mozilla/5.0 (Linux; Android 6.0.1; Nexus 5X Build/MMB29P) AppleWebKit/537.36 (KHTML, like Gecko) Chrome/140.0.7339.127 Mobile Safari/537.36 (compatible; Googlebot/2.1; +http://www.google.com/bot.html)" 333 **0/333486**
66.249.64.2 - - [14/Sep/2025:05:40:36 -0700] "GET /?m=99880073930&filter=48eb3f&share_to_url=goods.php?shop/e/e009001036001/ HTTP/1.1" 200 22245 "-" "Mozilla/5.0 (Linux; Android 6.0.1; Nexus 5X Build/MMB29P) AppleWebKit/537.36 (KHTML, like Gecko) Chrome/140.0.7339.127 Mobile Safari/537.36 (compatible; Googlebot/2.1; +http://www.google.com/bot.html)" 442 **0/442208**
66.249.70.33 - - [14/Sep/2025:05:40:36 -0700] "GET /market69832418?kg=0069723774 HTTP/1.1" 200 22077 "-" "Mozilla/5.0 (Linux; Android 6.0.1; Nexus 5X Build/MMB29P) AppleWebKit/537.36 (KHTML, like Gecko) Chrome/140.0.7339.127 Mobile Safari/537.36 (compatible; Googlebot/2.1; +http://www.google.com/bot.html)" 280 **0/280915**
66.249.64.5 - - [14/Sep/2025:05:40:36 -0700] "GET /?m=97054982930&filter=f6254f&share_to_url=shopdetail.php?contents/reform/ HTTP/1.1" 200 22640 "-" "Mozilla/5.0 (Linux; Android 6.0.1; Nexus 5X Build/MMB29P) AppleWebKit/537.36 (KHTML, like Gecko) Chrome/140.0.7339.127 Mobile Safari/537.36 (compatible; Googlebot/2.1; +http://www.google.com/bot.html)" 368 **0/368758**
66.249.70.39 - - [14/Sep/2025:05:40:37 -0700] "GET /market138090536?kg=0137875070 HTTP/1.1" 200 22184 "-" "Mozilla/5.0 (Linux; Android 6.0.1; Nexus 5X Build/MMB29P) AppleWebKit/537.36 (KHTML, like Gecko) Chrome/140.0.7339.127 Mobile Safari/537.36 (compatible; Googlebot/2.1; +http://www.google.com/bot.html)" 278 **0/278305**
66.249.70.32 - - [14/Sep/2025:05:40:37 -0700] "GET /market69830112?kg=0069721470 HTTP/1.1" 200 22201 "-" "Mozilla/5.0 (Linux; Android 6.0.1; Nexus 5X Build/MMB29P) AppleWebKit/537.36 (KHTML, like Gecko) Chrome/140.0.7339.127 Mobile Safari/537.36 (compatible; Googlebot/2.1; +http://www.google.com/bot.html)" 280 **0/280238**
66.249.70.36 - - [14/Sep/2025:05:40:37 -0700] "GET /market91703575?kg=0091560702 HTTP/1.1" 200 23384 "-" "Mozilla/5.0 (Linux; Android 6.0.1; Nexus 5X Build/MMB29P) AppleWebKit/537.36 (KHTML, like Gecko) Chrome/140.0.7339.127 Mobile Safari/537.36 (compatible; Googlebot/2.1; +http://www.google.com/bot.html)" 285 **0/285507**
66.249.70.33 - - [14/Sep/2025:05:40:37 -0700] "GET /market30690589?kg=0030643198 HTTP/1.1" 200 23043 "-" "Mozilla/5.0 (Linux; Android 6.0.1; Nexus 5X Build/MMB29P) AppleWebKit/537.36 (KHTML, like Gecko) Chrome/140.0.7339.127 Mobile Safari/537.36 (compatible; Googlebot/2.1; +http://www.google.com/bot.html)" 310 **0/310122**
136.243.228.194 - - [14/Sep/2025:05:40:37 -0700] "GET /market94258099?path=/home/vgijpbeijziw/public_html HTTP/1.1" 200 4274 "-" "Mozilla/5.0 (compatible; DataForSeoBot/1.0; +https://dataforseo.com/dataforseo-bot)" 547 **0/547253**
66.249.64.4 - - [14/Sep/2025:05:40:37 -0700] "GET /?m=97054982930&filter=f6254f&share_to_url=shopdetail.php?shop/pg/1005024086/ HTTP/1.1" 200 22794 "-" "Mozilla/5.0 (Linux; Android 6.0.1; Nexus 5X Build/MMB29P) AppleWebKit/537.36 (KHTML, like Gecko) Chrome/140.0.7339.127 Mobile Safari/537.36 (compatible; Googlebot/2.1; +http://www.google.com/bot.html)" 429 **0/429224**
66.249.64.7 - - [14/Sep/2025:05:40:37 -0700] "GET /?m=97054982930&filter=f6254f&share_to_url=shopdetail.php?shop/pg/1SiteUse HTTP/1.1" 200 22823 "-" "Mozilla/5.0 (Linux; Android 6.0.1; Nexus 5X Build/MMB29P) AppleWebKit/537.36 (KHTML, like Gecko) Chrome/140.0.7339.127 Mobile Safari/537.36 (compatible; Googlebot/2.1; +http://www.google.com/bot.html)" 332 **0/332106**
66.249.70.35 - - [14/Sep/2025:05:40:38 -0700] "GET /market1901746816?kg=1898771326 HTTP/1.1" 200 22042 "-" "Mozilla/5.0 (Linux; Android 6.0.1; Nexus 5X Build/MMB29P) AppleWebKit/537.36 (KHTML, like Gecko) Chrome/140.0.7339.127 Mobile Safari/537.36 (compatible; Googlebot/2.1; +http://www.google.com/bot.html)" 349 **0/349533**
66.249.64.10 - - [14/Sep/2025:05:40:38 -0700] "GET /?m=97054982930&filter=f6254f&share_to_url=shopdetail.php?pw/ HTTP/1.1" 200 22460 "-" "Mozilla/5.0 (Linux; Android 6.0.1; Nexus 5X Build/MMB29P) AppleWebKit/537.36 (KHTML, like Gecko) Chrome/140.0.7339.127 Mobile Safari/537.36 (compatible; Googlebot/2.1; +http://www.google.com/bot.html)" 317 **0/317076**
66.249.64.6 - - [14/Sep/2025:05:40:38 -0700] "GET /?m=97054982930&filter=f6254f&share_to_url=shopdetail.php?reserve/tool/ HTTP/1.1" 200 21984 "-" "Mozilla/5.0 (Linux; Android 6.0.1; Nexus 5X Build/MMB29P) AppleWebKit/537.36 (KHTML, like Gecko) Chrome/140.0.7339.127 Mobile Safari/537.36 (compatible; Googlebot/2.1; +http://www.google.com/bot.html)" 310 **0/310952**
66.249.64.2 - - [14/Sep/2025:05:40:39 -0700] "GET /?m=97054982930&filter=f6254f&share_to_url=shopdetail.php?shop/pg/1howto/ HTTP/1.1" 200 22823 "-" "Mozilla/5.0 (Linux; Android 6.0.1; Nexus 5X Build/MMB29P) AppleWebKit/537.36 (KHTML, like Gecko) Chrome/140.0.7339.127 Mobile Safari/537.36 (compatible; Googlebot/2.1; +http://www.google.com/bot.html)" 323 **0/323727**
66.249.70.37 - - [14/Sep/2025:05:40:39 -0700] "GET /market339165141?kg=0338635006 HTTP/1.1" 200 22684 "-" "Mozilla/5.0 (Linux; Android 6.0.1; Nexus 5X Build/MMB29P) AppleWebKit/537.36 (KHTML, like Gecko) Chrome/140.0.7339.127 Mobile Safari/537.36 (compatible; Googlebot/2.1; +http://www.google.com/bot.html)" 275 **0/275981**
66.249.64.3 - - [14/Sep/2025:05:40:39 -0700] "GET /?m=97054982930&filter=f6254f&share_to_url=shopdetail.php?shop/pg/1005024240/ HTTP/1.1" 200 22792 "-" "Mozilla/5.0 (Linux; Android 6.0.1; Nexus 5X Build/MMB29P) AppleWebKit/537.36 (KHTML, like Gecko) Chrome/140.0.7339.127 Mobile Safari/537.36 (compatible; Googlebot/2.1; +http://www.google.com/bot.html)" 298 **0/298888**
