66.249.70.33 - - [14/Sep/2025:05:17:14 -0700] "GET /market109505001?kg=0109334270 HTTP/1.1" 200 22864 "-" "Mozilla/5.0 (Linux; Android 6.0.1; Nexus 5X Build/MMB29P) AppleWebKit/537.36 (KHTML, like Gecko) Chrome/140.0.7339.127 Mobile Safari/537.36 (compatible; Googlebot/2.1; +http://www.google.com/bot.html)" 282 **0/282362**
66.249.70.35 - - [14/Sep/2025:05:17:14 -0700] "GET /market547589363?kg=0546733054 HTTP/1.1" 200 24183 "-" "Mozilla/5.0 (Linux; Android 6.0.1; Nexus 5X Build/MMB29P) AppleWebKit/537.36 (KHTML, like Gecko) Chrome/140.0.7339.127 Mobile Safari/537.36 (compatible; Googlebot/2.1; +http://www.google.com/bot.html)" 258 **0/258946**
66.249.70.35 - - [14/Sep/2025:05:17:14 -0700] "GET /market322241248?kg=0321737598 HTTP/1.1" 200 24002 "-" "Mozilla/5.0 (Linux; Android 6.0.1; Nexus 5X Build/MMB29P) AppleWebKit/537.36 (KHTML, like Gecko) Chrome/140.0.7339.127 Mobile Safari/537.36 (compatible; Googlebot/2.1; +http://www.google.com/bot.html)" 290 **0/290231**
66.249.64.4 - - [14/Sep/2025:05:17:14 -0700] "GET /?m=109448529930&filter=7f8ccd&share_to_url=item.php?shop/customer/bookmark.aspx HTTP/1.1" 200 21938 "-" "Mozilla/5.0 (Linux; Android 6.0.1; Nexus 5X Build/MMB29P) AppleWebKit/537.36 (KHTML, like Gecko) Chrome/140.0.7339.127 Mobile Safari/537.36 (compatible; Googlebot/2.1; +http://www.google.com/bot.html)" 330 **0/330348**
66.249.70.32 - - [14/Sep/2025:05:17:15 -0700] "GET /market309121454?kg=0308638334 HTTP/1.1" 200 22432 "-" "Mozilla/5.0 (Linux; Android 6.0.1; Nexus 5X Build/MMB29P) AppleWebKit/537.36 (KHTML, like Gecko) Chrome/140.0.7339.127 Mobile Safari/537.36 (compatible; Googlebot/2.1; +http://www.google.com/bot.html)" 331 **0/331649**
66.249.64.1 - - [14/Sep/2025:05:17:15 -0700] "GET /?m=99930114930&filter=5fa8d4&share_to_url=shop.php?shop/order/make_estimate.aspx HTTP/1.1" 200 23242 "-" "Mozilla/5.0 (Linux; Android 6.0.1; Nexus 5X Build/MMB29P) AppleWebKit/537.36 (KHTML, like Gecko) Chrome/140.0.7339.127 Mobile Safari/537.36 (compatible; Googlebot/2.1; +http://www.google.com/bot.html)" 437 **0/437383**
66.249.70.32 - - [14/Sep/2025:05:17:16 -0700] "GET /market308269176?kg=0307787390 HTTP/1.1" 200 23303 "-" "Mozilla/5.0 (Linux; Android 6.0.1; Nexus 5X Build/MMB29P) AppleWebKit/537.36 (KHTML, like Gecko) Chrome/140.0.7339.127 Mobile Safari/537.36 (compatible; Googlebot/2.1; +http://www.google.com/bot.html)" 269 **0/269867**
66.249.70.32 - - [14/Sep/2025:05:17:16 -0700] "GET /market328485388?kg=0327971966 HTTP/1.1" 200 21746 "-" "Mozilla/5.0 (Linux; Android 6.0.1; Nexus 5X Build/MMB29P) AppleWebKit/537.36 (KHTML, like Gecko) Chrome/140.0.7339.127 Mobile Safari/537.36 (compatible; Googlebot/2.1; +http://www.google.com/bot.html)" 288 **0/288788**
66.249.64.2 - - [14/Sep/2025:05:17:16 -0700] "GET /?m=94752415930&filter=bba0c3&share_to_url=article.php?shop/pg/1005024240/ HTTP/1.1" 200 22076 "-" "Mozilla/5.0 (Linux; Android 6.0.1; Nexus 5X Build/MMB29P) AppleWebKit/537.36 (KHTML, like Gecko) Chrome/140.0.7339.127 Mobile Safari/537.36 (compatible; Googlebot/2.1; +http://www.google.com/bot.html)" 283 **0/283199**
66.249.70.32 - - [14/Sep/2025:05:17:16 -0700] "GET /market308353915?kg=0307871998 HTTP/1.1" 200 23696 "-" "Mozilla/5.0 (Linux; Android 6.0.1; Nexus 5X Build/MMB29P) AppleWebKit/537.36 (KHTML, like Gecko) Chrome/140.0.7339.127 Mobile Safari/537.36 (compatible; Googlebot/2.1; +http://www.google.com/bot.html)" 287 **0/287634**
66.249.64.1 - - [14/Sep/2025:05:17:17 -0700] "GET /?m=99930114930&filter=5fa8d4&share_to_url=shop.php?shop/customer/entry.aspx HTTP/1.1" 200 22758 "-" "Mozilla/5.0 (Linux; Android 6.0.1; Nexus 5X Build/MMB29P) AppleWebKit/537.36 (KHTML, like Gecko) Chrome/140.0.7339.127 Mobile Safari/537.36 (compatible; Googlebot/2.1; +http://www.google.com/bot.html)" 345 **0/345540**
136.243.228.194 - - [14/Sep/2025:05:17:17 -0700] "GET /market94540653?path=/home/vgijpbeijziw/public_html/verticalaccord.com HTTP/1.1" 200 2963 "-" "Mozilla/5.0 (compatible; DataForSeoBot/1.0; +https://dataforseo.com/dataforseo-bot)" 500 **0/500276**
107.180.57.159 - - [14/Sep/2025:05:12:18 -0700] "GET /ARTOFLIVINGDELHI.ORG/img/img/index.php?ARRAY=7o2230223n313735373835353533382p2231223n22687474703n5p2s5p2s7n733534307631336o6s2r62616o65742r6s6r655p2s3s6p633q7068705s636s64655s6n6326743q313735373835313933382q3932363563393435373831396532613732346161643363346539306664643838222p2232223n223231373437653765346636383135333730316436643235653234353630626162222p2233223n226231616666386161376538363561333763653066363134633539323434666263222p226175746s5s66696p655s6r616q65223n6r756p6p2p226175746s5s70617373223n6r756p6p2p2262696r675s70617373223n2231382q33392q35352q36322q37372q39302q3239227q HTTP/1.1" 503 92606 "-" "-" 300550 **300/300550236**
66.249.70.32 - - [14/Sep/2025:05:17:18 -0700] "GET /market309169912?kg=0308686718 HTTP/1.1" 200 22370 "-" "Mozilla/5.0 (Linux; Android 6.0.1; Nexus 5X Build/MMB29P) AppleWebKit/537.36 (KHTML, like Gecko) Chrome/140.0.7339.127 Mobile Safari/537.36 (compatible; Googlebot/2.1; +http://www.google.com/bot.html)" 268 **0/268765**
66.249.64.2 - - [14/Sep/2025:05:17:19 -0700] "GET /?m=87528321930&filter=6f91f3&share_to_url=ideas.php?shop/customer/menu.aspx HTTP/1.1" 200 24860 "-" "Mozilla/5.0 (Linux; Android 6.0.1; Nexus 5X Build/MMB29P) AppleWebKit/537.36 (KHTML, like Gecko) Chrome/140.0.7339.127 Mobile Safari/537.36 (compatible; Googlebot/2.1; +http://www.google.com/bot.html)" 305 **0/305477**
66.249.70.39 - - [14/Sep/2025:05:17:19 -0700] "GET /market309114786?kg=0308631678 HTTP/1.1" 200 22509 "-" "Mozilla/5.0 (Linux; Android 6.0.1; Nexus 5X Build/MMB29P) AppleWebKit/537.36 (KHTML, like Gecko) Chrome/140.0.7339.127 Mobile Safari/537.36 (compatible; Googlebot/2.1; +http://www.google.com/bot.html)" 267 **0/267061**
66.249.64.3 - - [14/Sep/2025:05:17:20 -0700] "GET /?m=89590926930&filter=1c779f&share_to_url=goods.php?shop/userreview/write.aspx HTTP/1.1" 200 22097 "-" "Mozilla/5.0 (Linux; Android 6.0.1; Nexus 5X Build/MMB29P) AppleWebKit/537.36 (KHTML, like Gecko) Chrome/140.0.7339.127 Mobile Safari/537.36 (compatible; Googlebot/2.1; +http://www.google.com/bot.html)" 291 **0/291749**
66.249.70.32 - - [14/Sep/2025:05:17:20 -0700] "GET /market309164784?kg=0308681598 HTTP/1.1" 200 21813 "-" "Mozilla/5.0 (Linux; Android 6.0.1; Nexus 5X Build/MMB29P) AppleWebKit/537.36 (KHTML, like Gecko) Chrome/140.0.7339.127 Mobile Safari/537.36 (compatible; Googlebot/2.1; +http://www.google.com/bot.html)" 292 **0/292588**
66.249.70.32 - - [14/Sep/2025:05:17:21 -0700] "GET /market1883510022?kg=1880563070 HTTP/1.1" 200 21736 "-" "Mozilla/5.0 (Linux; Android 6.0.1; Nexus 5X Build/MMB29P) AppleWebKit/537.36 (KHTML, like Gecko) Chrome/140.0.7339.127 Mobile Safari/537.36 (compatible; Googlebot/2.1; +http://www.google.com/bot.html)" 308 **0/308526**
66.249.64.1 - - [14/Sep/2025:05:17:21 -0700] "GET /?m=94752415930&filter=bba0c3&share_to_url=article.php?shop/pg/1005022001/ HTTP/1.1" 200 22477 "-" "Mozilla/5.0 (Linux; Android 6.0.1; Nexus 5X Build/MMB29P) AppleWebKit/537.36 (KHTML, like Gecko) Chrome/140.0.7339.127 Mobile Safari/537.36 (compatible; Googlebot/2.1; +http://www.google.com/bot.html)" 321 **0/321965**
66.249.70.32 - - [14/Sep/2025:05:17:21 -0700] "GET /market1888015633?kg=1885061630 HTTP/1.1" 200 21996 "-" "Mozilla/5.0 (Linux; Android 6.0.1; Nexus 5X Build/MMB29P) AppleWebKit/537.36 (KHTML, like Gecko) Chrome/140.0.7339.127 Mobile Safari/537.36 (compatible; Googlebot/2.1; +http://www.google.com/bot.html)" 293 **0/293894**
66.249.70.33 - - [14/Sep/2025:05:17:21 -0700] "GET /market567224313?kg=0566337278 HTTP/1.1" 200 22483 "-" "Mozilla/5.0 (Linux; Android 6.0.1; Nexus 5X Build/MMB29P) AppleWebKit/537.36 (KHTML, like Gecko) Chrome/140.0.7339.127 Mobile Safari/537.36 (compatible; Googlebot/2.1; +http://www.google.com/bot.html)" 276 **0/276712**
66.249.70.32 - - [14/Sep/2025:05:17:21 -0700] "GET /market309141067?kg=0308657918 HTTP/1.1" 200 22239 "-" "Mozilla/5.0 (Linux; Android 6.0.1; Nexus 5X Build/MMB29P) AppleWebKit/537.36 (KHTML, like Gecko) Chrome/140.0.7339.127 Mobile Safari/537.36 (compatible; Googlebot/2.1; +http://www.google.com/bot.html)" 287 **0/287674**
136.243.228.194 - - [14/Sep/2025:05:17:21 -0700] "GET /market94540653?path=/home/vgijpbeijziw/public_html/artoflivingdelhi.org HTTP/1.1" 200 2944 "-" "Mozilla/5.0 (compatible; DataForSeoBot/1.0; +https://dataforseo.com/dataforseo-bot)" 502 **0/502275**
66.249.64.3 - - [14/Sep/2025:05:17:21 -0700] "GET /?m=87528321930&filter=6f91f3&share_to_url=ideas.php?shop/order/make_estimate.aspx HTTP/1.1" 200 23242 "-" "Mozilla/5.0 (Linux; Android 6.0.1; Nexus 5X Build/MMB29P) AppleWebKit/537.36 (KHTML, like Gecko) Chrome/140.0.7339.127 Mobile Safari/537.36 (compatible; Googlebot/2.1; +http://www.google.com/bot.html)" 338 **0/338622**
66.249.70.39 - - [14/Sep/2025:05:17:22 -0700] "GET /market308375453?kg=0307893502 HTTP/1.1" 200 22302 "-" "Mozilla/5.0 (Linux; Android 6.0.1; Nexus 5X Build/MMB29P) AppleWebKit/537.36 (KHTML, like Gecko) Chrome/140.0.7339.127 Mobile Safari/537.36 (compatible; Googlebot/2.1; +http://www.google.com/bot.html)" 282 **0/282943**
66.249.64.3 - - [14/Sep/2025:05:17:22 -0700] "GET /?m=99930114930&filter=5fa8d4&share_to_url=shop.php?shop/customer/bookmark_guest.aspx HTTP/1.1" 200 21701 "-" "Mozilla/5.0 (Linux; Android 6.0.1; Nexus 5X Build/MMB29P) AppleWebKit/537.36 (KHTML, like Gecko) Chrome/140.0.7339.127 Mobile Safari/537.36 (compatible; Googlebot/2.1; +http://www.google.com/bot.html)" 281 **0/281883**
66.249.70.39 - - [14/Sep/2025:05:17:23 -0700] "GET /market548071782?kg=0547214718 HTTP/1.1" 200 22803 "-" "Mozilla/5.0 (Linux; Android 6.0.1; Nexus 5X Build/MMB29P) AppleWebKit/537.36 (KHTML, like Gecko) Chrome/140.0.7339.127 Mobile Safari/537.36 (compatible; Googlebot/2.1; +http://www.google.com/bot.html)" 396 **0/396513**
66.249.64.1 - - [14/Sep/2025:05:17:23 -0700] "GET /?m=99930114930&filter=5fa8d4&share_to_url=shop.php?shop/category/categorylist.aspx HTTP/1.1" 200 22760 "-" "Mozilla/5.0 (Linux; Android 6.0.1; Nexus 5X Build/MMB29P) AppleWebKit/537.36 (KHTML, like Gecko) Chrome/140.0.7339.127 Mobile Safari/537.36 (compatible; Googlebot/2.1; +http://www.google.com/bot.html)" 261 **0/261813**
66.249.70.34 - - [14/Sep/2025:05:17:24 -0700] "GET /market548134985?kg=0547277822 HTTP/1.1" 200 21610 "-" "Mozilla/5.0 (Linux; Android 6.0.1; Nexus 5X Build/MMB29P) AppleWebKit/537.36 (KHTML, like Gecko) Chrome/140.0.7339.127 Mobile Safari/537.36 (compatible; Googlebot/2.1; +http://www.google.com/bot.html)" 278 **0/278901**
66.249.64.1 - - [14/Sep/2025:05:17:24 -0700] "GET /?m=89590926930&filter=1c779f&share_to_url=goods.php?shop/category/categorylist.aspx HTTP/1.1" 200 22147 "-" "Mozilla/5.0 (Linux; Android 6.0.1; Nexus 5X Build/MMB29P) AppleWebKit/537.36 (KHTML, like Gecko) Chrome/140.0.7339.127 Mobile Safari/537.36 (compatible; Googlebot/2.1; +http://www.google.com/bot.html)" 270 **0/270406**
66.249.70.33 - - [14/Sep/2025:05:17:24 -0700] "GET /market548273570?kg=0547416190 HTTP/1.1" 200 23113 "-" "Mozilla/5.0 (Linux; Android 6.0.1; Nexus 5X Build/MMB29P) AppleWebKit/537.36 (KHTML, like Gecko) Chrome/140.0.7339.127 Mobile Safari/537.36 (compatible; Googlebot/2.1; +http://www.google.com/bot.html)" 284 **0/284656**
136.243.228.194 - - [14/Sep/2025:05:17:25 -0700] "GET /market94540653?path=/home/vgijpbeijziw/public_html/wp-admin HTTP/1.1" 200 5323 "-" "Mozilla/5.0 (compatible; DataForSeoBot/1.0; +https://dataforseo.com/dataforseo-bot)" 412 **0/412913**
66.249.64.3 - - [14/Sep/2025:05:17:26 -0700] "GET /?m=91191908930&filter=7af87e&share_to_url=model.php?contents/reform/ HTTP/1.1" 200 22643 "-" "Mozilla/5.0 (Linux; Android 6.0.1; Nexus 5X Build/MMB29P) AppleWebKit/537.36 (KHTML, like Gecko) Chrome/140.0.7339.127 Mobile Safari/537.36 (compatible; Googlebot/2.1; +http://www.google.com/bot.html)" 377 **0/377964**
66.249.64.3 - - [14/Sep/2025:05:17:26 -0700] "GET /?m=93828205930&filter=106804&share_to_url=ideas.php?shop/pg/1005024010/ HTTP/1.1" 200 22787 "-" "Mozilla/5.0 (Linux; Android 6.0.1; Nexus 5X Build/MMB29P) AppleWebKit/537.36 (KHTML, like Gecko) Chrome/140.0.7339.127 Mobile Safari/537.36 (compatible; Googlebot/2.1; +http://www.google.com/bot.html)" 287 **0/287921**
66.249.64.1 - - [14/Sep/2025:05:17:26 -0700] "GET /?m=95121728930&filter=a40dec&share_to_url=product.php?shop/category/categorylist.aspx HTTP/1.1" 200 22765 "-" "Mozilla/5.0 (Linux; Android 6.0.1; Nexus 5X Build/MMB29P) AppleWebKit/537.36 (KHTML, like Gecko) Chrome/140.0.7339.127 Mobile Safari/537.36 (compatible; Googlebot/2.1; +http://www.google.com/bot.html)" 286 **0/286355**
66.249.70.32 - - [14/Sep/2025:05:17:27 -0700] "GET /market548273953?kg=0547416574 HTTP/1.1" 200 21871 "-" "Mozilla/5.0 (Linux; Android 6.0.1; Nexus 5X Build/MMB29P) AppleWebKit/537.36 (KHTML, like Gecko) Chrome/140.0.7339.127 Mobile Safari/537.36 (compatible; Googlebot/2.1; +http://www.google.com/bot.html)" 264 **0/264126**
66.249.70.32 - - [14/Sep/2025:05:17:27 -0700] "GET /market529449231?kg=0528621310 HTTP/1.1" 200 24072 "-" "Mozilla/5.0 (Linux; Android 6.0.1; Nexus 5X Build/MMB29P) AppleWebKit/537.36 (KHTML, like Gecko) Chrome/140.0.7339.127 Mobile Safari/537.36 (compatible; Googlebot/2.1; +http://www.google.com/bot.html)" 293 **0/293007**
66.249.64.3 - - [14/Sep/2025:05:17:27 -0700] "GET /?m=101357478930&filter=c30a2b&share_to_url=product-page.php?toyu/top/CKmSpSfTop.jsp HTTP/1.1" 200 22353 "-" "Mozilla/5.0 (Linux; Android 6.0.1; Nexus 5X Build/MMB29P) AppleWebKit/537.36 (KHTML, like Gecko) Chrome/140.0.7339.127 Mobile Safari/537.36 (compatible; Googlebot/2.1; +http://www.google.com/bot.html)" 311 **0/311787**
66.249.70.32 - - [14/Sep/2025:05:17:27 -0700] "GET /market346891793?kg=0346349566 HTTP/1.1" 200 22503 "-" "Mozilla/5.0 (Linux; Android 6.0.1; Nexus 5X Build/MMB29P) AppleWebKit/537.36 (KHTML, like Gecko) Chrome/140.0.7339.127 Mobile Safari/537.36 (compatible; Googlebot/2.1; +http://www.google.com/bot.html)" 279 **0/279983**
66.249.70.34 - - [14/Sep/2025:05:17:28 -0700] "GET /market308384427?kg=0307902462 HTTP/1.1" 200 21893 "-" "Mozilla/5.0 (Linux; Android 6.0.1; Nexus 5X Build/MMB29P) AppleWebKit/537.36 (KHTML, like Gecko) Chrome/140.0.7339.127 Mobile Safari/537.36 (compatible; Googlebot/2.1; +http://www.google.com/bot.html)" 260 **0/260264**
66.249.64.4 - - [14/Sep/2025:05:17:28 -0700] "GET /?m=95121728930&filter=a40dec&share_to_url=product.php?shop/customer/bookmark.aspx HTTP/1.1" 200 21931 "-" "Mozilla/5.0 (Linux; Android 6.0.1; Nexus 5X Build/MMB29P) AppleWebKit/537.36 (KHTML, like Gecko) Chrome/140.0.7339.127 Mobile Safari/537.36 (compatible; Googlebot/2.1; +http://www.google.com/bot.html)" 322 **0/322299**
66.249.70.34 - - [14/Sep/2025:05:17:28 -0700] "GET /market571723514?kg=0570829438 HTTP/1.1" 200 22298 "-" "Mozilla/5.0 (Linux; Android 6.0.1; Nexus 5X Build/MMB29P) AppleWebKit/537.36 (KHTML, like Gecko) Chrome/140.0.7339.127 Mobile Safari/537.36 (compatible; Googlebot/2.1; +http://www.google.com/bot.html)" 421 **0/421429**
66.249.70.34 - - [14/Sep/2025:05:17:29 -0700] "GET /market120793579?kg=0120605182 HTTP/1.1" 200 21852 "-" "Mozilla/5.0 (Linux; Android 6.0.1; Nexus 5X Build/MMB29P) AppleWebKit/537.36 (KHTML, like Gecko) Chrome/140.0.7339.127 Mobile Safari/537.36 (compatible; Googlebot/2.1; +http://www.google.com/bot.html)" 286 **0/286982**
66.249.64.1 - - [14/Sep/2025:05:17:29 -0700] "GET /?m=96009652930&filter=177551&share_to_url=model.php?shop/pg/1005024086/ HTTP/1.1" 200 22784 "-" "Mozilla/5.0 (Linux; Android 6.0.1; Nexus 5X Build/MMB29P) AppleWebKit/537.36 (KHTML, like Gecko) Chrome/140.0.7339.127 Mobile Safari/537.36 (compatible; Googlebot/2.1; +http://www.google.com/bot.html)" 328 **0/328026**
66.249.70.35 - - [14/Sep/2025:05:17:29 -0700] "GET /market339585256?kg=0339054462 HTTP/1.1" 200 23413 "-" "Mozilla/5.0 (Linux; Android 6.0.1; Nexus 5X Build/MMB29P) AppleWebKit/537.36 (KHTML, like Gecko) Chrome/140.0.7339.127 Mobile Safari/537.36 (compatible; Googlebot/2.1; +http://www.google.com/bot.html)" 449 **0/449964**
66.249.70.34 - - [14/Sep/2025:05:17:29 -0700] "GET /market106134863?kg=0105969406 HTTP/1.1" 200 22248 "-" "Mozilla/5.0 (Linux; Android 6.0.1; Nexus 5X Build/MMB29P) AppleWebKit/537.36 (KHTML, like Gecko) Chrome/140.0.7339.127 Mobile Safari/537.36 (compatible; Googlebot/2.1; +http://www.google.com/bot.html)" 298 **0/298422**
66.249.70.33 - - [14/Sep/2025:05:17:29 -0700] "GET /market308377376?kg=0307895422 HTTP/1.1" 200 22804 "-" "Mozilla/5.0 (Linux; Android 6.0.1; Nexus 5X Build/MMB29P) AppleWebKit/537.36 (KHTML, like Gecko) Chrome/140.0.7339.127 Mobile Safari/537.36 (compatible; Googlebot/2.1; +http://www.google.com/bot.html)" 544 **0/544075**
66.249.64.1 - - [14/Sep/2025:05:17:29 -0700] "GET /?m=95121728930&filter=a40dec&share_to_url=product.php?shop/cart/cart.aspx HTTP/1.1" 200 22257 "-" "Mozilla/5.0 (Linux; Android 6.0.1; Nexus 5X Build/MMB29P) AppleWebKit/537.36 (KHTML, like Gecko) Chrome/140.0.7339.127 Mobile Safari/537.36 (compatible; Googlebot/2.1; +http://www.google.com/bot.html)" 503 **0/503636**
66.249.70.35 - - [14/Sep/2025:05:17:29 -0700] "GET /market562526914?kg=0561647230 HTTP/1.1" 200 22556 "-" "Mozilla/5.0 (Linux; Android 6.0.1; Nexus 5X Build/MMB29P) AppleWebKit/537.36 (KHTML, like Gecko) Chrome/140.0.7339.127 Mobile Safari/537.36 (compatible; Googlebot/2.1; +http://www.google.com/bot.html)" 658 **0/658187**
66.249.70.33 - - [14/Sep/2025:05:17:30 -0700] "GET /market308385967?kg=0307903998 HTTP/1.1" 200 22033 "-" "Mozilla/5.0 (Linux; Android 6.0.1; Nexus 5X Build/MMB29P) AppleWebKit/537.36 (KHTML, like Gecko) Chrome/140.0.7339.127 Mobile Safari/537.36 (compatible; Googlebot/2.1; +http://www.google.com/bot.html)" 330 **0/330285**
136.243.228.194 - - [14/Sep/2025:05:17:30 -0700] "GET /market94469375?fileloc=/home/vgijpbeijziw/public_html/.htaccess&path=/home/vgijpbeijziw/public_html HTTP/1.1" 200 3029 "-" "Mozilla/5.0 (compatible; DataForSeoBot/1.0; +https://dataforseo.com/dataforseo-bot)" 1110 **1/1110063**
66.249.64.2 - - [14/Sep/2025:05:17:30 -0700] "GET /?m=95121728930&filter=a40dec&share_to_url=product.php?information/privacy_policy.html HTTP/1.1" 200 26797 "-" "Mozilla/5.0 (Linux; Android 6.0.1; Nexus 5X Build/MMB29P) AppleWebKit/537.36 (KHTML, like Gecko) Chrome/140.0.7339.127 Mobile Safari/537.36 (compatible; Googlebot/2.1; +http://www.google.com/bot.html)" 320 **0/320607**
66.249.70.33 - - [14/Sep/2025:05:17:31 -0700] "GET /market308389172?kg=0307907198 HTTP/1.1" 200 22398 "-" "Mozilla/5.0 (Linux; Android 6.0.1; Nexus 5X Build/MMB29P) AppleWebKit/537.36 (KHTML, like Gecko) Chrome/140.0.7339.127 Mobile Safari/537.36 (compatible; Googlebot/2.1; +http://www.google.com/bot.html)" 338 **0/338456**
66.249.70.34 - - [14/Sep/2025:05:17:31 -0700] "GET /market569173860?kg=0568283774 HTTP/1.1" 200 22893 "-" "Mozilla/5.0 (Linux; Android 6.0.1; Nexus 5X Build/MMB29P) AppleWebKit/537.36 (KHTML, like Gecko) Chrome/140.0.7339.127 Mobile Safari/537.36 (compatible; Googlebot/2.1; +http://www.google.com/bot.html)" 290 **0/290758**
66.249.64.1 - - [14/Sep/2025:05:17:31 -0700] "GET /?m=101357478930&filter=c30a2b&share_to_url=product-page.php?shop/customer/menu.aspx HTTP/1.1" 200 24871 "-" "Mozilla/5.0 (Linux; Android 6.0.1; Nexus 5X Build/MMB29P) AppleWebKit/537.36 (KHTML, like Gecko) Chrome/140.0.7339.127 Mobile Safari/537.36 (compatible; Googlebot/2.1; +http://www.google.com/bot.html)" 312 **0/312520**
66.249.70.34 - - [14/Sep/2025:05:17:32 -0700] "GET /market308371865?kg=0307889918 HTTP/1.1" 200 22492 "-" "Mozilla/5.0 (Linux; Android 6.0.1; Nexus 5X Build/MMB29P) AppleWebKit/537.36 (KHTML, like Gecko) Chrome/140.0.7339.127 Mobile Safari/537.36 (compatible; Googlebot/2.1; +http://www.google.com/bot.html)" 281 **0/281005**
66.249.64.3 - - [14/Sep/2025:05:17:32 -0700] "GET /?m=95121728930&filter=a40dec&share_to_url=product.php?shop/customer/entry.aspx HTTP/1.1" 200 22745 "-" "Mozilla/5.0 (Linux; Android 6.0.1; Nexus 5X Build/MMB29P) AppleWebKit/537.36 (KHTML, like Gecko) Chrome/140.0.7339.127 Mobile Safari/537.36 (compatible; Googlebot/2.1; +http://www.google.com/bot.html)" 363 **0/363259**
66.249.70.35 - - [14/Sep/2025:05:17:33 -0700] "GET /market328415134?kg=0327901822 HTTP/1.1" 200 22766 "-" "Mozilla/5.0 (Linux; Android 6.0.1; Nexus 5X Build/MMB29P) AppleWebKit/537.36 (KHTML, like Gecko) Chrome/140.0.7339.127 Mobile Safari/537.36 (compatible; Googlebot/2.1; +http://www.google.com/bot.html)" 499 **0/499690**
66.249.70.36 - - [14/Sep/2025:05:17:33 -0700] "GET /market308379299?kg=0307897342 HTTP/1.1" 200 22429 "-" "Mozilla/5.0 (Linux; Android 6.0.1; Nexus 5X Build/MMB29P) AppleWebKit/537.36 (KHTML, like Gecko) Chrome/140.0.7339.127 Mobile Safari/537.36 (compatible; Googlebot/2.1; +http://www.google.com/bot.html)" 529 **0/529245**
66.249.64.4 - - [14/Sep/2025:05:17:33 -0700] "GET /?m=101357478930&filter=c30a2b&share_to_url=product-page.php?shop/category/categorylist.aspx HTTP/1.1" 200 22145 "-" "Mozilla/5.0 (Linux; Android 6.0.1; Nexus 5X Build/MMB29P) AppleWebKit/537.36 (KHTML, like Gecko) Chrome/140.0.7339.127 Mobile Safari/537.36 (compatible; Googlebot/2.1; +http://www.google.com/bot.html)" 390 **0/390821**
136.243.228.194 - - [14/Sep/2025:05:17:33 -0700] "GET /market94469375?fileloc=/home/vgijpbeijziw/public_html/deleteme.wp8b4ec71f0555499aabcffc6234991262.php&path=/home/vgijpbeijziw/public_html HTTP/1.1" 200 6074 "-" "Mozilla/5.0 (compatible; DataForSeoBot/1.0; +https://dataforseo.com/dataforseo-bot)" 841 **0/841427**
66.249.70.36 - - [14/Sep/2025:05:17:34 -0700] "GET /market308837874?kg=0308355198 HTTP/1.1" 200 22699 "-" "Mozilla/5.0 (Linux; Android 6.0.1; Nexus 5X Build/MMB29P) AppleWebKit/537.36 (KHTML, like Gecko) Chrome/140.0.7339.127 Mobile Safari/537.36 (compatible; Googlebot/2.1; +http://www.google.com/bot.html)" 389 **0/389045**
66.249.64.1 - - [14/Sep/2025:05:17:34 -0700] "GET /?m=101357478930&filter=c30a2b&share_to_url=product-page.php?shop/storeSearch/CriteriaInput.aspx HTTP/1.1" 200 22318 "-" "Mozilla/5.0 (Linux; Android 6.0.1; Nexus 5X Build/MMB29P) AppleWebKit/537.36 (KHTML, like Gecko) Chrome/140.0.7339.127 Mobile Safari/537.36 (compatible; Googlebot/2.1; +http://www.google.com/bot.html)" 338 **0/338648**
66.249.70.33 - - [14/Sep/2025:05:17:34 -0700] "GET /market548073705?kg=0547216638 HTTP/1.1" 200 22331 "-" "Mozilla/5.0 (Linux; Android 6.0.1; Nexus 5X Build/MMB29P) AppleWebKit/537.36 (KHTML, like Gecko) Chrome/140.0.7339.127 Mobile Safari/537.36 (compatible; Googlebot/2.1; +http://www.google.com/bot.html)" 510 **0/510253**
66.249.64.4 - - [14/Sep/2025:05:17:35 -0700] "GET /?m=105557648930&filter=5174d9&share_to_url=goods.php?information/privacy_policy.html HTTP/1.1" 200 25921 "-" "Mozilla/5.0 (Linux; Android 6.0.1; Nexus 5X Build/MMB29P) AppleWebKit/537.36 (KHTML, like Gecko) Chrome/140.0.7339.127 Mobile Safari/537.36 (compatible; Googlebot/2.1; +http://www.google.com/bot.html)" 586 **0/586224**
66.249.70.36 - - [14/Sep/2025:05:17:36 -0700] "GET /market548093703?kg=0547236606 HTTP/1.1" 200 21837 "-" "Mozilla/5.0 (Linux; Android 6.0.1; Nexus 5X Build/MMB29P) AppleWebKit/537.36 (KHTML, like Gecko) Chrome/140.0.7339.127 Mobile Safari/537.36 (compatible; Googlebot/2.1; +http://www.google.com/bot.html)" 285 **0/285762**
66.249.64.2 - - [14/Sep/2025:05:17:36 -0700] "GET /?m=101357478930&filter=c30a2b&share_to_url=product-page.php?shop/customer/bookmark_guest.aspx HTTP/1.1" 200 21702 "-" "Mozilla/5.0 (Linux; Android 6.0.1; Nexus 5X Build/MMB29P) AppleWebKit/537.36 (KHTML, like Gecko) Chrome/140.0.7339.127 Mobile Safari/537.36 (compatible; Googlebot/2.1; +http://www.google.com/bot.html)" 323 **0/323972**
66.249.70.32 - - [14/Sep/2025:05:17:37 -0700] "GET /market548163830?kg=0547306622 HTTP/1.1" 200 22125 "-" "Mozilla/5.0 (Linux; Android 6.0.1; Nexus 5X Build/MMB29P) AppleWebKit/537.36 (KHTML, like Gecko) Chrome/140.0.7339.127 Mobile Safari/537.36 (compatible; Googlebot/2.1; +http://www.google.com/bot.html)" 340 **0/340722**
66.249.64.1 - - [14/Sep/2025:05:17:37 -0700] "GET /?m=96065693930&filter=8c5e7e&share_to_url=ideas.php?shop/category/categorylist.aspx HTTP/1.1" 200 22138 "-" "Mozilla/5.0 (Linux; Android 6.0.1; Nexus 5X Build/MMB29P) AppleWebKit/537.36 (KHTML, like Gecko) Chrome/140.0.7339.127 Mobile Safari/537.36 (compatible; Googlebot/2.1; +http://www.google.com/bot.html)" 279 **0/279566**
136.243.228.194 - - [14/Sep/2025:05:17:37 -0700] "GET /market94469375?path=/ HTTP/1.1" 200 2903 "-" "Mozilla/5.0 (compatible; DataForSeoBot/1.0; +https://dataforseo.com/dataforseo-bot)" 528 **0/528577**
66.249.70.35 - - [14/Sep/2025:05:17:38 -0700] "GET /market547822302?kg=0546965630 HTTP/1.1" 200 24554 "-" "Mozilla/5.0 (Linux; Android 6.0.1; Nexus 5X Build/MMB29P) AppleWebKit/537.36 (KHTML, like Gecko) Chrome/140.0.7339.127 Mobile Safari/537.36 (compatible; Googlebot/2.1; +http://www.google.com/bot.html)" 342 **0/342784**
107.180.57.159 - - [14/Sep/2025:05:12:38 -0700] "GET /ARTOFLIVINGDELHI.ORG/img/img/index.php?ARRAY=7o2230223n313735373835353535382p2231223n22687474703n5p2s5p2s7n733534307631336o6s2r62616o65742r6s6r655p2s3s6p633q7068705s636s64655s6n6326743q313735373835313935382q3431623035646435666564396632363865363030336635316338643539386362222p2232223n223231373437653765346636383135333730316436643235653234353630626162222p2233223n226231616666386161376538363561333763653066363134633539323434666263222p226175746s5s66696p655s6r616q65223n6r756p6p2p226175746s5s70617373223n6r756p6p2p2262696r675s70617373223n2231382q33392q35352q36322q37372q39302q3239227q HTTP/1.1" 503 92606 "-" "-" 300758 **300/300758611**
66.249.64.4 - - [14/Sep/2025:05:17:38 -0700] "GET /?m=98010407930&filter=c9ce0e&share_to_url=shopdetail.php?shop/customer/menu.aspx HTTP/1.1" 200 24861 "-" "Mozilla/5.0 (Linux; Android 6.0.1; Nexus 5X Build/MMB29P) AppleWebKit/537.36 (KHTML, like Gecko) Chrome/140.0.7339.127 Mobile Safari/537.36 (compatible; Googlebot/2.1; +http://www.google.com/bot.html)" 341 **0/341245**
66.249.70.32 - - [14/Sep/2025:05:17:39 -0700] "GET /market548006015?kg=0547149054 HTTP/1.1" 200 21717 "-" "Mozilla/5.0 (Linux; Android 6.0.1; Nexus 5X Build/MMB29P) AppleWebKit/537.36 (KHTML, like Gecko) Chrome/140.0.7339.127 Mobile Safari/537.36 (compatible; Googlebot/2.1; +http://www.google.com/bot.html)" 252 **0/252903**
66.249.64.3 - - [14/Sep/2025:05:17:39 -0700] "GET /?m=101357478930&filter=c30a2b&share_to_url=product-page.php?shop/order/make_estimate.aspx HTTP/1.1" 200 22521 "-" "Mozilla/5.0 (Linux; Android 6.0.1; Nexus 5X Build/MMB29P) AppleWebKit/537.36 (KHTML, like Gecko) Chrome/140.0.7339.127 Mobile Safari/537.36 (compatible; Googlebot/2.1; +http://www.google.com/bot.html)" 288 **0/288277**
66.249.70.34 - - [14/Sep/2025:05:17:40 -0700] "GET /market548272671?kg=0547415294 HTTP/1.1" 200 23107 "-" "Mozilla/5.0 (Linux; Android 6.0.1; Nexus 5X Build/MMB29P) AppleWebKit/537.36 (KHTML, like Gecko) Chrome/140.0.7339.127 Mobile Safari/537.36 (compatible; Googlebot/2.1; +http://www.google.com/bot.html)" 287 **0/287006**
66.249.64.3 - - [14/Sep/2025:05:17:40 -0700] "GET /?m=96065693930&filter=8c5e7e&share_to_url=ideas.php?shop/pg/1sancyoku/ HTTP/1.1" 200 22823 "-" "Mozilla/5.0 (Linux; Android 6.0.1; Nexus 5X Build/MMB29P) AppleWebKit/537.36 (KHTML, like Gecko) Chrome/140.0.7339.127 Mobile Safari/537.36 (compatible; Googlebot/2.1; +http://www.google.com/bot.html)" 347 **0/347002**
66.249.70.33 - - [14/Sep/2025:05:17:41 -0700] "GET /market547714870?kg=0546858366 HTTP/1.1" 200 23143 "-" "Mozilla/5.0 (Linux; Android 6.0.1; Nexus 5X Build/MMB29P) AppleWebKit/537.36 (KHTML, like Gecko) Chrome/140.0.7339.127 Mobile Safari/537.36 (compatible; Googlebot/2.1; +http://www.google.com/bot.html)" 315 **0/315081**
66.249.70.32 - - [14/Sep/2025:05:17:42 -0700] "GET /market1897015059?kg=1894046974 HTTP/1.1" 200 22515 "-" "Mozilla/5.0 (Linux; Android 6.0.1; Nexus 5X Build/MMB29P) AppleWebKit/537.36 (KHTML, like Gecko) Chrome/140.0.7339.127 Mobile Safari/537.36 (compatible; Googlebot/2.1; +http://www.google.com/bot.html)" 338 **0/338057**
136.243.228.194 - - [14/Sep/2025:05:17:41 -0700] "GET /market94469375?fileloc=/home/vgijpbeijziw/public_html/blfxy.php&path=/home/vgijpbeijziw/public_html HTTP/1.1" 200 5545 "-" "Mozilla/5.0 (compatible; DataForSeoBot/1.0; +https://dataforseo.com/dataforseo-bot)" 774 **0/774714**
66.249.64.2 - - [14/Sep/2025:05:17:42 -0700] "GET /?m=105557648930&filter=5174d9&share_to_url=goods.php?shop/customer/bookmark.aspx HTTP/1.1" 200 21931 "-" "Mozilla/5.0 (Linux; Android 6.0.1; Nexus 5X Build/MMB29P) AppleWebKit/537.36 (KHTML, like Gecko) Chrome/140.0.7339.127 Mobile Safari/537.36 (compatible; Googlebot/2.1; +http://www.google.com/bot.html)" 338 **0/338457**
66.249.70.36 - - [14/Sep/2025:05:17:42 -0700] "GET /market548072165?kg=0547215102 HTTP/1.1" 200 22359 "-" "Mozilla/5.0 (Linux; Android 6.0.1; Nexus 5X Build/MMB29P) AppleWebKit/537.36 (KHTML, like Gecko) Chrome/140.0.7339.127 Mobile Safari/537.36 (compatible; Googlebot/2.1; +http://www.google.com/bot.html)" 298 **0/298667**
66.249.64.6 - - [14/Sep/2025:05:17:43 -0700] "GET /?m=105557648930&filter=5174d9&share_to_url=goods.php?shop/order/make_estimate.aspx HTTP/1.1" 200 22517 "-" "Mozilla/5.0 (Linux; Android 6.0.1; Nexus 5X Build/MMB29P) AppleWebKit/537.36 (KHTML, like Gecko) Chrome/140.0.7339.127 Mobile Safari/537.36 (compatible; Googlebot/2.1; +http://www.google.com/bot.html)" 325 **0/325350**
66.249.70.39 - - [14/Sep/2025:05:17:43 -0700] "GET /market327756311?kg=0327244030 HTTP/1.1" 200 22505 "-" "Mozilla/5.0 (Linux; Android 6.0.1; Nexus 5X Build/MMB29P) AppleWebKit/537.36 (KHTML, like Gecko) Chrome/140.0.7339.127 Mobile Safari/537.36 (compatible; Googlebot/2.1; +http://www.google.com/bot.html)" 289 **0/289415**
66.249.70.37 - - [14/Sep/2025:05:17:43 -0700] "GET /market308718904?kg=0308236414 HTTP/1.1" 200 23836 "-" "Mozilla/5.0 (Linux; Android 6.0.1; Nexus 5X Build/MMB29P) AppleWebKit/537.36 (KHTML, like Gecko) Chrome/140.0.7339.127 Mobile Safari/537.36 (compatible; Googlebot/2.1; +http://www.google.com/bot.html)" 275 **0/275153**
66.249.64.1 - - [14/Sep/2025:05:17:43 -0700] "GET /?m=96065693930&filter=8c5e7e&share_to_url=ideas.php?shop/pg/1howto/ HTTP/1.1" 200 22825 "-" "Mozilla/5.0 (Linux; Android 6.0.1; Nexus 5X Build/MMB29P) AppleWebKit/537.36 (KHTML, like Gecko) Chrome/140.0.7339.127 Mobile Safari/537.36 (compatible; Googlebot/2.1; +http://www.google.com/bot.html)" 355 **0/355871**
66.249.70.36 - - [14/Sep/2025:05:17:44 -0700] "GET /market547713588?kg=0546857086 HTTP/1.1" 200 22512 "-" "Mozilla/5.0 (Linux; Android 6.0.1; Nexus 5X Build/MMB29P) AppleWebKit/537.36 (KHTML, like Gecko) Chrome/140.0.7339.127 Mobile Safari/537.36 (compatible; Googlebot/2.1; +http://www.google.com/bot.html)" 286 **0/286982**
66.249.64.3 - - [14/Sep/2025:05:17:44 -0700] "GET /?m=108193847930&filter=5b9871&share_to_url=detail.php?reserve/tool/ HTTP/1.1" 200 22681 "-" "Mozilla/5.0 (Linux; Android 6.0.1; Nexus 5X Build/MMB29P) AppleWebKit/537.36 (KHTML, like Gecko) Chrome/140.0.7339.127 Mobile Safari/537.36 (compatible; Googlebot/2.1; +http://www.google.com/bot.html)" 323 **0/323658**
66.249.64.7 - - [14/Sep/2025:05:17:44 -0700] "GET /?m=96065693930&filter=8c5e7e&share_to_url=ideas.php?shop/pg/1005024010/ HTTP/1.1" 200 22788 "-" "Mozilla/5.0 (Linux; Android 6.0.1; Nexus 5X Build/MMB29P) AppleWebKit/537.36 (KHTML, like Gecko) Chrome/140.0.7339.127 Mobile Safari/537.36 (compatible; Googlebot/2.1; +http://www.google.com/bot.html)" 305 **0/305321**
66.249.70.37 - - [14/Sep/2025:05:17:45 -0700] "GET /market308783389?kg=0308300798 HTTP/1.1" 200 22123 "-" "Mozilla/5.0 (Linux; Android 6.0.1; Nexus 5X Build/MMB29P) AppleWebKit/537.36 (KHTML, like Gecko) Chrome/140.0.7339.127 Mobile Safari/537.36 (compatible; Googlebot/2.1; +http://www.google.com/bot.html)" 271 **0/271333**
66.249.70.33 - - [14/Sep/2025:05:17:45 -0700] "GET /market108725285?kg=0108555774 HTTP/1.1" 200 22481 "-" "Mozilla/5.0 (Linux; Android 6.0.1; Nexus 5X Build/MMB29P) AppleWebKit/537.36 (KHTML, like Gecko) Chrome/140.0.7339.127 Mobile Safari/537.36 (compatible; Googlebot/2.1; +http://www.google.com/bot.html)" 273 **0/273934**
66.249.70.36 - - [14/Sep/2025:05:17:45 -0700] "GET /market581754444?kg=0580844670 HTTP/1.1" 200 22918 "-" "Mozilla/5.0 (Linux; Android 6.0.1; Nexus 5X Build/MMB29P) AppleWebKit/537.36 (KHTML, like Gecko) Chrome/140.0.7339.127 Mobile Safari/537.36 (compatible; Googlebot/2.1; +http://www.google.com/bot.html)" 324 **0/324404**
66.249.64.5 - - [14/Sep/2025:05:17:45 -0700] "GET /?m=98010407930&filter=c9ce0e&share_to_url=shopdetail.php?shop/customer/bookmark_guest.aspx HTTP/1.1" 200 22354 "-" "Mozilla/5.0 (Linux; Android 6.0.1; Nexus 5X Build/MMB29P) AppleWebKit/537.36 (KHTML, like Gecko) Chrome/140.0.7339.127 Mobile Safari/537.36 (compatible; Googlebot/2.1; +http://www.google.com/bot.html)" 319 **0/319388**
66.249.70.39 - - [14/Sep/2025:05:17:45 -0700] "GET /market347099223?kg=0346556670 HTTP/1.1" 200 22054 "-" "Mozilla/5.0 (Linux; Android 6.0.1; Nexus 5X Build/MMB29P) AppleWebKit/537.36 (KHTML, like Gecko) Chrome/140.0.7339.127 Mobile Safari/537.36 (compatible; Googlebot/2.1; +http://www.google.com/bot.html)" 376 **0/376725**
66.249.70.36 - - [14/Sep/2025:05:17:46 -0700] "GET /market308845308?kg=0308362622 HTTP/1.1" 200 22354 "-" "Mozilla/5.0 (Linux; Android 6.0.1; Nexus 5X Build/MMB29P) AppleWebKit/537.36 (KHTML, like Gecko) Chrome/140.0.7339.127 Mobile Safari/537.36 (compatible; Googlebot/2.1; +http://www.google.com/bot.html)" 365 **0/365350**
136.243.228.194 - - [14/Sep/2025:05:17:45 -0700] "GET /market94469375?path=/home/vgijpbeijziw/public_html/crystal HTTP/1.1" 200 2736 "-" "Mozilla/5.0 (compatible; DataForSeoBot/1.0; +https://dataforseo.com/dataforseo-bot)" 1005 **1/1005043**
66.249.64.5 - - [14/Sep/2025:05:17:46 -0700] "GET /?m=96065693930&filter=8c5e7e&share_to_url=ideas.php?shop/customer/bookmark_guest.aspx HTTP/1.1" 200 22354 "-" "Mozilla/5.0 (Linux; Android 6.0.1; Nexus 5X Build/MMB29P) AppleWebKit/537.36 (KHTML, like Gecko) Chrome/140.0.7339.127 Mobile Safari/537.36 (compatible; Googlebot/2.1; +http://www.google.com/bot.html)" 286 **0/286005**
66.249.70.35 - - [14/Sep/2025:05:17:46 -0700] "GET /market287007485?kg=0286558974 HTTP/1.1" 200 21896 "-" "Mozilla/5.0 (Linux; Android 6.0.1; Nexus 5X Build/MMB29P) AppleWebKit/537.36 (KHTML, like Gecko) Chrome/140.0.7339.127 Mobile Safari/537.36 (compatible; Googlebot/2.1; +http://www.google.com/bot.html)" 335 **0/335485**
66.249.70.38 - - [14/Sep/2025:05:17:46 -0700] "GET /market548099089?kg=0547241982 HTTP/1.1" 200 24633 "-" "Mozilla/5.0 (Linux; Android 6.0.1; Nexus 5X Build/MMB29P) AppleWebKit/537.36 (KHTML, like Gecko) Chrome/140.0.7339.127 Mobile Safari/537.36 (compatible; Googlebot/2.1; +http://www.google.com/bot.html)" 324 **0/324966**
66.249.70.39 - - [14/Sep/2025:05:17:47 -0700] "GET /market571265838?kg=0570372478 HTTP/1.1" 200 22322 "-" "Mozilla/5.0 (Linux; Android 6.0.1; Nexus 5X Build/MMB29P) AppleWebKit/537.36 (KHTML, like Gecko) Chrome/140.0.7339.127 Mobile Safari/537.36 (compatible; Googlebot/2.1; +http://www.google.com/bot.html)" 256 **0/256640**
66.249.64.3 - - [14/Sep/2025:05:17:47 -0700] "GET /?m=96065693930&filter=8c5e7e&share_to_url=ideas.php?pw/ HTTP/1.1" 200 23164 "-" "Mozilla/5.0 (Linux; Android 6.0.1; Nexus 5X Build/MMB29P) AppleWebKit/537.36 (KHTML, like Gecko) Chrome/140.0.7339.127 Mobile Safari/537.36 (compatible; Googlebot/2.1; +http://www.google.com/bot.html)" 319 **0/319207**
66.249.70.35 - - [14/Sep/2025:05:17:47 -0700] "GET /market548213314?kg=0547356030 HTTP/1.1" 200 21604 "-" "Mozilla/5.0 (Linux; Android 6.0.1; Nexus 5X Build/MMB29P) AppleWebKit/537.36 (KHTML, like Gecko) Chrome/140.0.7339.127 Mobile Safari/537.36 (compatible; Googlebot/2.1; +http://www.google.com/bot.html)" 276 **0/276543**
66.249.64.5 - - [14/Sep/2025:05:17:49 -0700] "GET /?m=107916103930&filter=ad0415&share_to_url=article.php?shop/userreview/write.aspx HTTP/1.1" 200 22769 "-" "Mozilla/5.0 (Linux; Android 6.0.1; Nexus 5X Build/MMB29P) AppleWebKit/537.36 (KHTML, like Gecko) Chrome/140.0.7339.127 Mobile Safari/537.36 (compatible; Googlebot/2.1; +http://www.google.com/bot.html)" 292 **0/292582**
66.249.70.38 - - [14/Sep/2025:05:17:49 -0700] "GET /market571391476?kg=0570497918 HTTP/1.1" 200 30970 "-" "Mozilla/5.0 (Linux; Android 6.0.1; Nexus 5X Build/MMB29P) AppleWebKit/537.36 (KHTML, like Gecko) Chrome/140.0.7339.127 Mobile Safari/537.36 (compatible; Googlebot/2.1; +http://www.google.com/bot.html)" 325 **0/325617**
136.243.228.194 - - [14/Sep/2025:05:17:49 -0700] "GET /market94469375?fileloc=/home/vgijpbeijziw/public_html/deleteme.wp9f1028d0d7ce439d928e668e5c952111.php&path=/home/vgijpbeijziw/public_html HTTP/1.1" 200 6075 "-" "Mozilla/5.0 (compatible; DataForSeoBot/1.0; +https://dataforseo.com/dataforseo-bot)" 588 **0/588996**
66.249.70.34 - - [14/Sep/2025:05:17:49 -0700] "GET /market548189214?kg=0547331966 HTTP/1.1" 200 22540 "-" "Mozilla/5.0 (Linux; Android 6.0.1; Nexus 5X Build/MMB29P) AppleWebKit/537.36 (KHTML, like Gecko) Chrome/140.0.7339.127 Mobile Safari/537.36 (compatible; Googlebot/2.1; +http://www.google.com/bot.html)" 256 **0/256161**
66.249.64.3 - - [14/Sep/2025:05:17:50 -0700] "GET /?m=101357478930&filter=c30a2b&share_to_url=product-page.php?pw/ HTTP/1.1" 200 22449 "-" "Mozilla/5.0 (Linux; Android 6.0.1; Nexus 5X Build/MMB29P) AppleWebKit/537.36 (KHTML, like Gecko) Chrome/140.0.7339.127 Mobile Safari/537.36 (compatible; Googlebot/2.1; +http://www.google.com/bot.html)" 325 **0/325696**
66.249.70.33 - - [14/Sep/2025:05:17:50 -0700] "GET /market308859795?kg=0308377086 HTTP/1.1" 200 23295 "-" "Mozilla/5.0 (Linux; Android 6.0.1; Nexus 5X Build/MMB29P) AppleWebKit/537.36 (KHTML, like Gecko) Chrome/140.0.7339.127 Mobile Safari/537.36 (compatible; Googlebot/2.1; +http://www.google.com/bot.html)" 273 **0/273757**
66.249.64.5 - - [14/Sep/2025:05:17:51 -0700] "GET /?m=105557648930&filter=5174d9&share_to_url=goods.php?shop/cart/cart.aspx HTTP/1.1" 200 22260 "-" "Mozilla/5.0 (Linux; Android 6.0.1; Nexus 5X Build/MMB29P) AppleWebKit/537.36 (KHTML, like Gecko) Chrome/140.0.7339.127 Mobile Safari/537.36 (compatible; Googlebot/2.1; +http://www.google.com/bot.html)" 268 **0/268587**
66.249.70.38 - - [14/Sep/2025:05:17:51 -0700] "GET /market308365455?kg=0307883518 HTTP/1.1" 200 22674 "-" "Mozilla/5.0 (Linux; Android 6.0.1; Nexus 5X Build/MMB29P) AppleWebKit/537.36 (KHTML, like Gecko) Chrome/140.0.7339.127 Mobile Safari/537.36 (compatible; Googlebot/2.1; +http://www.google.com/bot.html)" 286 **0/286489**
66.249.64.1 - - [14/Sep/2025:05:17:52 -0700] "GET /?m=95121728930&filter=a40dec&share_to_url=product.php?shop/customer/bookmark_guest.aspx HTTP/1.1" 200 21682 "-" "Mozilla/5.0 (Linux; Android 6.0.1; Nexus 5X Build/MMB29P) AppleWebKit/537.36 (KHTML, like Gecko) Chrome/140.0.7339.127 Mobile Safari/537.36 (compatible; Googlebot/2.1; +http://www.google.com/bot.html)" 303 **0/303178**
66.249.70.38 - - [14/Sep/2025:05:17:52 -0700] "GET /market547995759?kg=0547138814 HTTP/1.1" 200 21795 "-" "Mozilla/5.0 (Linux; Android 6.0.1; Nexus 5X Build/MMB29P) AppleWebKit/537.36 (KHTML, like Gecko) Chrome/140.0.7339.127 Mobile Safari/537.36 (compatible; Googlebot/2.1; +http://www.google.com/bot.html)" 303 **0/303635**
66.249.64.4 - - [14/Sep/2025:05:17:53 -0700] "GET /?m=95121728930&filter=a40dec&share_to_url=product.php?reserve/tool/ HTTP/1.1" 200 22677 "-" "Mozilla/5.0 (Linux; Android 6.0.1; Nexus 5X Build/MMB29P) AppleWebKit/537.36 (KHTML, like Gecko) Chrome/140.0.7339.127 Mobile Safari/537.36 (compatible; Googlebot/2.1; +http://www.google.com/bot.html)" 309 **0/309514**
66.249.70.36 - - [14/Sep/2025:05:17:53 -0700] "GET /market359390841?kg=0358829054 HTTP/1.1" 200 22392 "-" "Mozilla/5.0 (Linux; Android 6.0.1; Nexus 5X Build/MMB29P) AppleWebKit/537.36 (KHTML, like Gecko) Chrome/140.0.7339.127 Mobile Safari/537.36 (compatible; Googlebot/2.1; +http://www.google.com/bot.html)" 329 **0/329259**
66.249.70.34 - - [14/Sep/2025:05:17:53 -0700] "GET /market547714487?kg=0546857982 HTTP/1.1" 200 21545 "-" "Mozilla/5.0 (Linux; Android 6.0.1; Nexus 5X Build/MMB29P) AppleWebKit/537.36 (KHTML, like Gecko) Chrome/140.0.7339.127 Mobile Safari/537.36 (compatible; Googlebot/2.1; +http://www.google.com/bot.html)" 290 **0/290131**
66.249.64.8 - - [14/Sep/2025:05:17:53 -0700] "GET /?m=86335412930&filter=ccf43d&share_to_url=model.php?shop/pg/1recruit/ HTTP/1.1" 200 22819 "-" "Mozilla/5.0 (Linux; Android 6.0.1; Nexus 5X Build/MMB29P) AppleWebKit/537.36 (KHTML, like Gecko) Chrome/140.0.7339.127 Mobile Safari/537.36 (compatible; Googlebot/2.1; +http://www.google.com/bot.html)" 324 **0/324069**
136.243.228.194 - - [14/Sep/2025:05:17:53 -0700] "GET /market94469375?path=/home/vgijpbeijziw/public_html/otiadvisors.weblicious.co.in HTTP/1.1" 200 3463 "-" "Mozilla/5.0 (compatible; DataForSeoBot/1.0; +https://dataforseo.com/dataforseo-bot)" 546 **0/546105**
66.249.64.2 - - [14/Sep/2025:05:17:54 -0700] "GET /?m=96065693930&filter=8c5e7e&share_to_url=ideas.php?shop/customer/entry.aspx HTTP/1.1" 200 22751 "-" "Mozilla/5.0 (Linux; Android 6.0.1; Nexus 5X Build/MMB29P) AppleWebKit/537.36 (KHTML, like Gecko) Chrome/140.0.7339.127 Mobile Safari/537.36 (compatible; Googlebot/2.1; +http://www.google.com/bot.html)" 310 **0/310145**
66.249.70.35 - - [14/Sep/2025:05:17:54 -0700] "GET /market106962398?kg=0106795646 HTTP/1.1" 200 22230 "-" "Mozilla/5.0 (Linux; Android 6.0.1; Nexus 5X Build/MMB29P) AppleWebKit/537.36 (KHTML, like Gecko) Chrome/140.0.7339.127 Mobile Safari/537.36 (compatible; Googlebot/2.1; +http://www.google.com/bot.html)" 270 **0/270577**
66.249.70.39 - - [14/Sep/2025:05:17:54 -0700] "GET /market548109345?kg=0547252222 HTTP/1.1" 200 23738 "-" "Mozilla/5.0 (Linux; Android 6.0.1; Nexus 5X Build/MMB29P) AppleWebKit/537.36 (KHTML, like Gecko) Chrome/140.0.7339.127 Mobile Safari/537.36 (compatible; Googlebot/2.1; +http://www.google.com/bot.html)" 284 **0/284085**
66.249.64.2 - - [14/Sep/2025:05:17:54 -0700] "GET /?m=88453429930&filter=bb2b55&share_to_url=ideas.php?shop/userreview/write.aspx HTTP/1.1" 200 22103 "-" "Mozilla/5.0 (Linux; Android 6.0.1; Nexus 5X Build/MMB29P) AppleWebKit/537.36 (KHTML, like Gecko) Chrome/140.0.7339.127 Mobile Safari/537.36 (compatible; Googlebot/2.1; +http://www.google.com/bot.html)" 298 **0/298378**
66.249.70.35 - - [14/Sep/2025:05:17:54 -0700] "GET /market308880565?kg=0308397822 HTTP/1.1" 200 22355 "-" "Mozilla/5.0 (Linux; Android 6.0.1; Nexus 5X Build/MMB29P) AppleWebKit/537.36 (KHTML, like Gecko) Chrome/140.0.7339.127 Mobile Safari/537.36 (compatible; Googlebot/2.1; +http://www.google.com/bot.html)" 306 **0/306575**
66.249.64.5 - - [14/Sep/2025:05:17:56 -0700] "GET /?m=112364990930&filter=46cacc&share_to_url=goods.php?shop/cart/cart.aspx HTTP/1.1" 200 22237 "-" "Mozilla/5.0 (Linux; Android 6.0.1; Nexus 5X Build/MMB29P) AppleWebKit/537.36 (KHTML, like Gecko) Chrome/140.0.7339.127 Mobile Safari/537.36 (compatible; Googlebot/2.1; +http://www.google.com/bot.html)" 539 **0/539276**
114.119.148.154 - - [14/Sep/2025:05:17:56 -0700] "GET /market1560547387?fileloc=/home/vgijpbeijziw/public_html/wp-mail.php&path=/home/vgijpbeijziw/public_html HTTP/1.1" 200 5583 "https://otiadvisors.com/market1560547387?kg=1558105854" "Mozilla/5.0 (Linux; Android 7.0;) AppleWebKit/537.36 (KHTML, like Gecko) Mobile Safari/537.36 (compatible; PetalBot;+https://webmaster.petalsearch.com/site/petalbot)" 632 **0/632577**
66.249.70.33 - - [14/Sep/2025:05:17:56 -0700] "GET /market112764885?kg=0112589054 HTTP/1.1" 200 22575 "-" "Mozilla/5.0 (Linux; Android 6.0.1; Nexus 5X Build/MMB29P) AppleWebKit/537.36 (KHTML, like Gecko) Chrome/140.0.7339.127 Mobile Safari/537.36 (compatible; Googlebot/2.1; +http://www.google.com/bot.html)" 519 **0/519177**
66.249.70.34 - - [14/Sep/2025:05:17:57 -0700] "GET /market308829541?kg=0308346878 HTTP/1.1" 200 21768 "-" "Mozilla/5.0 (Linux; Android 6.0.1; Nexus 5X Build/MMB29P) AppleWebKit/537.36 (KHTML, like Gecko) Chrome/140.0.7339.127 Mobile Safari/537.36 (compatible; Googlebot/2.1; +http://www.google.com/bot.html)" 315 **0/315944**
66.249.64.4 - - [14/Sep/2025:05:17:57 -0700] "GET /?m=112364990930&filter=46cacc&share_to_url=goods.php?shop/customer/entry.aspx HTTP/1.1" 200 22741 "-" "Mozilla/5.0 (Linux; Android 6.0.1; Nexus 5X Build/MMB29P) AppleWebKit/537.36 (KHTML, like Gecko) Chrome/140.0.7339.127 Mobile Safari/537.36 (compatible; Googlebot/2.1; +http://www.google.com/bot.html)" 294 **0/294141**
66.249.70.39 - - [14/Sep/2025:05:17:57 -0700] "GET /market548124729?kg=0547267582 HTTP/1.1" 200 22262 "-" "Mozilla/5.0 (Linux; Android 6.0.1; Nexus 5X Build/MMB29P) AppleWebKit/537.36 (KHTML, like Gecko) Chrome/140.0.7339.127 Mobile Safari/537.36 (compatible; Googlebot/2.1; +http://www.google.com/bot.html)" 335 **0/335741**
66.249.64.8 - - [14/Sep/2025:05:17:58 -0700] "GET /?m=112364990930&filter=46cacc&share_to_url=goods.php?information/privacy_policy.html HTTP/1.1" 200 25924 "-" "Mozilla/5.0 (Linux; Android 6.0.1; Nexus 5X Build/MMB29P) AppleWebKit/537.36 (KHTML, like Gecko) Chrome/140.0.7339.127 Mobile Safari/537.36 (compatible; Googlebot/2.1; +http://www.google.com/bot.html)" 434 **0/434479**
66.249.70.32 - - [14/Sep/2025:05:17:58 -0700] "GET /market1880298338?kg=1877356414 HTTP/1.1" 200 22261 "-" "Mozilla/5.0 (Linux; Android 6.0.1; Nexus 5X Build/MMB29P) AppleWebKit/537.36 (KHTML, like Gecko) Chrome/140.0.7339.127 Mobile Safari/537.36 (compatible; Googlebot/2.1; +http://www.google.com/bot.html)" 443 **0/443239**
136.243.228.194 - - [14/Sep/2025:05:17:57 -0700] "GET /market94469375?path=/home/vgijpbeijziw/public_html/.tmb HTTP/1.1" 200 2314 "-" "Mozilla/5.0 (compatible; DataForSeoBot/1.0; +https://dataforseo.com/dataforseo-bot)" 1361 **1/1361771**
107.180.57.159 - - [14/Sep/2025:05:12:58 -0700] "GET /ARTOFLIVINGDELHI.ORG/img/img/index.php?ARRAY=7o2230223n313735373835353537382p2231223n22687474703n5p2s5p2s7n733534307631336o6s2r62616o65742r6s6r655p2s3s6p633q7068705s636s64655s6n6326743q313735373835313937382q3431303033306235303462333665306637366266333034333262356266396332222p2232223n223231373437653765346636383135333730316436643235653234353630626162222p2233223n226231616666386161376538363561333763653066363134633539323434666263222p226175746s5s66696p655s6r616q65223n6r756p6p2p226175746s5s70617373223n6r756p6p2p2262696r675s70617373223n2231382q33392q35352q36322q37372q39302q3239227q HTTP/1.1" 503 92606 "-" "-" 301301 **301/301301666**
66.249.70.33 - - [14/Sep/2025:05:17:59 -0700] "GET /market548068960?kg=0547211902 HTTP/1.1" 200 22511 "-" "Mozilla/5.0 (Linux; Android 6.0.1; Nexus 5X Build/MMB29P) AppleWebKit/537.36 (KHTML, like Gecko) Chrome/140.0.7339.127 Mobile Safari/537.36 (compatible; Googlebot/2.1; +http://www.google.com/bot.html)" 443 **0/443425**
66.249.64.1 - - [14/Sep/2025:05:17:59 -0700] "GET /?m=112364990930&filter=46cacc&share_to_url=goods.php?pw/ HTTP/1.1" 200 23174 "-" "Mozilla/5.0 (Linux; Android 6.0.1; Nexus 5X Build/MMB29P) AppleWebKit/537.36 (KHTML, like Gecko) Chrome/140.0.7339.127 Mobile Safari/537.36 (compatible; Googlebot/2.1; +http://www.google.com/bot.html)" 309 **0/309146**
66.249.70.39 - - [14/Sep/2025:05:18:00 -0700] "GET /market588017173?kg=0587097598 HTTP/1.1" 200 21950 "-" "Mozilla/5.0 (Linux; Android 6.0.1; Nexus 5X Build/MMB29P) AppleWebKit/537.36 (KHTML, like Gecko) Chrome/140.0.7339.127 Mobile Safari/537.36 (compatible; Googlebot/2.1; +http://www.google.com/bot.html)" 306 **0/306541**
66.249.70.35 - - [14/Sep/2025:05:18:00 -0700] "GET /market308880307?kg=0308397566 HTTP/1.1" 200 23680 "-" "Mozilla/5.0 (Linux; Android 6.0.1; Nexus 5X Build/MMB29P) AppleWebKit/537.36 (KHTML, like Gecko) Chrome/140.0.7339.127 Mobile Safari/537.36 (compatible; Googlebot/2.1; +http://www.google.com/bot.html)" 329 **0/329474**
66.249.64.7 - - [14/Sep/2025:05:18:01 -0700] "GET /?m=105356970930&filter=384b44&share_to_url=item.php?reserve/tool/ HTTP/1.1" 200 22704 "-" "Mozilla/5.0 (Linux; Android 6.0.1; Nexus 5X Build/MMB29P) AppleWebKit/537.36 (KHTML, like Gecko) Chrome/140.0.7339.127 Mobile Safari/537.36 (compatible; Googlebot/2.1; +http://www.google.com/bot.html)" 318 **0/318858**
66.249.70.38 - - [14/Sep/2025:05:18:01 -0700] "GET /market567068165?kg=0566181374 HTTP/1.1" 200 22142 "-" "Mozilla/5.0 (Linux; Android 6.0.1; Nexus 5X Build/MMB29P) AppleWebKit/537.36 (KHTML, like Gecko) Chrome/140.0.7339.127 Mobile Safari/537.36 (compatible; Googlebot/2.1; +http://www.google.com/bot.html)" 290 **0/290708**
66.249.70.35 - - [14/Sep/2025:05:18:01 -0700] "GET /market548067037?kg=0547209982 HTTP/1.1" 200 22674 "-" "Mozilla/5.0 (Linux; Android 6.0.1; Nexus 5X Build/MMB29P) AppleWebKit/537.36 (KHTML, like Gecko) Chrome/140.0.7339.127 Mobile Safari/537.36 (compatible; Googlebot/2.1; +http://www.google.com/bot.html)" 308 **0/308423**
66.249.64.2 - - [14/Sep/2025:05:18:02 -0700] "GET /?m=105356970930&filter=384b44&share_to_url=item.php?shop/userreview/write.aspx HTTP/1.1" 200 22093 "-" "Mozilla/5.0 (Linux; Android 6.0.1; Nexus 5X Build/MMB29P) AppleWebKit/537.36 (KHTML, like Gecko) Chrome/140.0.7339.127 Mobile Safari/537.36 (compatible; Googlebot/2.1; +http://www.google.com/bot.html)" 395 **0/395153**
136.243.228.194 - - [14/Sep/2025:05:18:01 -0700] "GET /market94469375?path=/home/vgijpbeijziw/public_html/js HTTP/1.1" 200 2850 "-" "Mozilla/5.0 (compatible; DataForSeoBot/1.0; +https://dataforseo.com/dataforseo-bot)" 1365 **1/1365556**
66.249.70.36 - - [14/Sep/2025:05:18:02 -0700] "GET /market547782560?kg=0546925950 HTTP/1.1" 200 21861 "-" "Mozilla/5.0 (Linux; Android 6.0.1; Nexus 5X Build/MMB29P) AppleWebKit/537.36 (KHTML, like Gecko) Chrome/140.0.7339.127 Mobile Safari/537.36 (compatible; Googlebot/2.1; +http://www.google.com/bot.html)" 307 **0/307453**
66.249.64.4 - - [14/Sep/2025:05:18:03 -0700] "GET /?m=93182302930&filter=7af87e&share_to_url=shopdetail.php?shop/customer/bookmark.aspx HTTP/1.1" 200 22632 "-" "Mozilla/5.0 (Linux; Android 6.0.1; Nexus 5X Build/MMB29P) AppleWebKit/537.36 (KHTML, like Gecko) Chrome/140.0.7339.127 Mobile Safari/537.36 (compatible; Googlebot/2.1; +http://www.google.com/bot.html)" 298 **0/298517**
