66.249.70.33 - - [14/Sep/2025:05:31:19 -0700] "GET /market586218648?kg=0585301886 HTTP/1.1" 200 21657 "-" "Mozilla/5.0 (Linux; Android 6.0.1; Nexus 5X Build/MMB29P) AppleWebKit/537.36 (KHTML, like Gecko) Chrome/140.0.7339.127 Mobile Safari/537.36 (compatible; Googlebot/2.1; +http://www.google.com/bot.html)" 252 **0/252158**
66.249.70.39 - - [14/Sep/2025:05:31:19 -0700] "GET /market259404480?kg=0258999166 HTTP/1.1" 200 21919 "-" "Mozilla/5.0 (Linux; Android 6.0.1; Nexus 5X Build/MMB29P) AppleWebKit/537.36 (KHTML, like Gecko) Chrome/140.0.7339.127 Mobile Safari/537.36 (compatible; Googlebot/2.1; +http://www.google.com/bot.html)" 247 **0/247889**
66.249.70.32 - - [14/Sep/2025:05:31:19 -0700] "GET /market554405789?kg=0553538814 HTTP/1.1" 200 21733 "-" "Mozilla/5.0 (Linux; Android 6.0.1; Nexus 5X Build/MMB29P) AppleWebKit/537.36 (KHTML, like Gecko) Chrome/140.0.7339.127 Mobile Safari/537.36 (compatible; Googlebot/2.1; +http://www.google.com/bot.html)" 253 **0/253366**
66.249.70.33 - - [14/Sep/2025:05:31:20 -0700] "GET /market500597167?kg=0499814398 HTTP/1.1" 200 22782 "-" "Mozilla/5.0 (Linux; Android 6.0.1; Nexus 5X Build/MMB29P) AppleWebKit/537.36 (KHTML, like Gecko) Chrome/140.0.7339.127 Mobile Safari/537.36 (compatible; Googlebot/2.1; +http://www.google.com/bot.html)" 272 **0/272971**
66.249.70.32 - - [14/Sep/2025:05:31:20 -0700] "GET /market501085097?kg=0500301566 HTTP/1.1" 200 24152 "-" "Mozilla/5.0 (Linux; Android 6.0.1; Nexus 5X Build/MMB29P) AppleWebKit/537.36 (KHTML, like Gecko) Chrome/140.0.7339.127 Mobile Safari/537.36 (compatible; Googlebot/2.1; +http://www.google.com/bot.html)" 248 **0/248053**
136.243.228.194 - - [14/Sep/2025:05:31:20 -0700] "GET /market94297841?path=/home/vgijpbeijziw/public_html/wp-includes HTTP/1.1" 200 9869 "-" "Mozilla/5.0 (compatible; DataForSeoBot/1.0; +https://dataforseo.com/dataforseo-bot)" 339 **0/339100**
66.249.70.32 - - [14/Sep/2025:05:31:21 -0700] "GET /market361924728?kg=0361358974 HTTP/1.1" 200 24153 "-" "Mozilla/5.0 (Linux; Android 6.0.1; Nexus 5X Build/MMB29P) AppleWebKit/537.36 (KHTML, like Gecko) Chrome/140.0.7339.127 Mobile Safari/537.36 (compatible; Googlebot/2.1; +http://www.google.com/bot.html)" 266 **0/266062**
66.249.70.33 - - [14/Sep/2025:05:31:21 -0700] "GET /market359670192?kg=0359107966 HTTP/1.1" 200 22567 "-" "Mozilla/5.0 (Linux; Android 6.0.1; Nexus 5X Build/MMB29P) AppleWebKit/537.36 (KHTML, like Gecko) Chrome/140.0.7339.127 Mobile Safari/537.36 (compatible; Googlebot/2.1; +http://www.google.com/bot.html)" 275 **0/275585**
66.249.70.39 - - [14/Sep/2025:05:31:21 -0700] "GET /market259570628?kg=0259165054 HTTP/1.1" 200 24504 "-" "Mozilla/5.0 (Linux; Android 6.0.1; Nexus 5X Build/MMB29P) AppleWebKit/537.36 (KHTML, like Gecko) Chrome/140.0.7339.127 Mobile Safari/537.36 (compatible; Googlebot/2.1; +http://www.google.com/bot.html)" 272 **0/272918**
66.249.70.32 - - [14/Sep/2025:05:31:22 -0700] "GET /market340236129?kg=0339704318 HTTP/1.1" 200 22667 "-" "Mozilla/5.0 (Linux; Android 6.0.1; Nexus 5X Build/MMB29P) AppleWebKit/537.36 (KHTML, like Gecko) Chrome/140.0.7339.127 Mobile Safari/537.36 (compatible; Googlebot/2.1; +http://www.google.com/bot.html)" 253 **0/253418**
66.249.70.34 - - [14/Sep/2025:05:31:22 -0700] "GET /market336418829?kg=0335892990 HTTP/1.1" 200 21674 "-" "Mozilla/5.0 (Linux; Android 6.0.1; Nexus 5X Build/MMB29P) AppleWebKit/537.36 (KHTML, like Gecko) Chrome/140.0.7339.127 Mobile Safari/537.36 (compatible; Googlebot/2.1; +http://www.google.com/bot.html)" 260 **0/260171**
66.249.70.32 - - [14/Sep/2025:05:31:22 -0700] "GET /market1902105651?kg=1899129598 HTTP/1.1" 200 22221 "-" "Mozilla/5.0 (Linux; Android 6.0.1; Nexus 5X Build/MMB29P) AppleWebKit/537.36 (KHTML, like Gecko) Chrome/140.0.7339.127 Mobile Safari/537.36 (compatible; Googlebot/2.1; +http://www.google.com/bot.html)" 274 **0/274836**
66.249.70.34 - - [14/Sep/2025:05:31:23 -0700] "GET /market258885524?kg=0258481022 HTTP/1.1" 200 22036 "-" "Mozilla/5.0 (Linux; Android 6.0.1; Nexus 5X Build/MMB29P) AppleWebKit/537.36 (KHTML, like Gecko) Chrome/140.0.7339.127 Mobile Safari/537.36 (compatible; Googlebot/2.1; +http://www.google.com/bot.html)" 281 **0/281333**
66.249.70.39 - - [14/Sep/2025:05:31:25 -0700] "GET /market497840597?kg=0497062142 HTTP/1.1" 200 22077 "-" "Mozilla/5.0 (Linux; Android 6.0.1; Nexus 5X Build/MMB29P) AppleWebKit/537.36 (KHTML, like Gecko) Chrome/140.0.7339.127 Mobile Safari/537.36 (compatible; Googlebot/2.1; +http://www.google.com/bot.html)" 286 **0/286121**
136.243.228.194 - - [14/Sep/2025:05:31:25 -0700] "GET /market94297841?fileloc=/home/vgijpbeijziw/public_html/blfxy.php&path=/home/vgijpbeijziw/public_html HTTP/1.1" 200 5545 "-" "Mozilla/5.0 (compatible; DataForSeoBot/1.0; +https://dataforseo.com/dataforseo-bot)" 481 **0/481191**
66.249.70.34 - - [14/Sep/2025:05:31:25 -0700] "GET /market499674762?kg=0498893438 HTTP/1.1" 200 21847 "-" "Mozilla/5.0 (Linux; Android 6.0.1; Nexus 5X Build/MMB29P) AppleWebKit/537.36 (KHTML, like Gecko) Chrome/140.0.7339.127 Mobile Safari/537.36 (compatible; Googlebot/2.1; +http://www.google.com/bot.html)" 267 **0/267738**
66.249.70.32 - - [14/Sep/2025:05:31:26 -0700] "GET /market272504661?kg=0272078846 HTTP/1.1" 200 21941 "-" "Mozilla/5.0 (Linux; Android 6.0.1; Nexus 5X Build/MMB29P) AppleWebKit/537.36 (KHTML, like Gecko) Chrome/140.0.7339.127 Mobile Safari/537.36 (compatible; Googlebot/2.1; +http://www.google.com/bot.html)" 274 **0/274580**
66.249.64.2 - - [14/Sep/2025:05:31:27 -0700] "GET /?m=86430618930&filter=ad0415&share_to_url=model.php?shop/storeSearch/CriteriaInput.aspx HTTP/1.1" 200 23024 "-" "Mozilla/5.0 (Linux; Android 6.0.1; Nexus 5X Build/MMB29P) AppleWebKit/537.36 (KHTML, like Gecko) Chrome/140.0.7339.127 Mobile Safari/537.36 (compatible; Googlebot/2.1; +http://www.google.com/bot.html)" 290 **0/290552**
66.249.70.32 - - [14/Sep/2025:05:31:27 -0700] "GET /market344305217?kg=0343767038 HTTP/1.1" 200 21754 "-" "Mozilla/5.0 (Linux; Android 6.0.1; Nexus 5X Build/MMB29P) AppleWebKit/537.36 (KHTML, like Gecko) Chrome/140.0.7339.127 Mobile Safari/537.36 (compatible; Googlebot/2.1; +http://www.google.com/bot.html)" 259 **0/259718**
66.249.70.39 - - [14/Sep/2025:05:31:27 -0700] "GET /market497070496?kg=0496293246 HTTP/1.1" 200 22490 "-" "Mozilla/5.0 (Linux; Android 6.0.1; Nexus 5X Build/MMB29P) AppleWebKit/537.36 (KHTML, like Gecko) Chrome/140.0.7339.127 Mobile Safari/537.36 (compatible; Googlebot/2.1; +http://www.google.com/bot.html)" 254 **0/254288**
66.249.64.4 - - [14/Sep/2025:05:31:27 -0700] "GET /?m=112731955930&filter=e0bc6d&share_to_url=detail.php?shop/cart/cart.aspx HTTP/1.1" 200 22265 "-" "Mozilla/5.0 (Linux; Android 6.0.1; Nexus 5X Build/MMB29P) AppleWebKit/537.36 (KHTML, like Gecko) Chrome/140.0.7339.127 Mobile Safari/537.36 (compatible; Googlebot/2.1; +http://www.google.com/bot.html)" 260 **0/260207**
66.249.70.35 - - [14/Sep/2025:05:31:28 -0700] "GET /market272433383?kg=0272007678 HTTP/1.1" 200 22035 "-" "Mozilla/5.0 (Linux; Android 6.0.1; Nexus 5X Build/MMB29P) AppleWebKit/537.36 (KHTML, like Gecko) Chrome/140.0.7339.127 Mobile Safari/537.36 (compatible; Googlebot/2.1; +http://www.google.com/bot.html)" 250 **0/250362**
66.249.70.39 - - [14/Sep/2025:05:31:29 -0700] "GET /market23166366?kg=0023130750 HTTP/1.1" 200 21994 "-" "Mozilla/5.0 (Linux; Android 6.0.1; Nexus 5X Build/MMB29P) AppleWebKit/537.36 (KHTML, like Gecko) Chrome/140.0.7339.127 Mobile Safari/537.36 (compatible; Googlebot/2.1; +http://www.google.com/bot.html)" 301 **0/301089**
136.243.228.194 - - [14/Sep/2025:05:31:29 -0700] "GET /market94297841?path=/ HTTP/1.1" 200 2903 "-" "Mozilla/5.0 (compatible; DataForSeoBot/1.0; +https://dataforseo.com/dataforseo-bot)" 690 **0/690484**
66.249.70.33 - - [14/Sep/2025:05:31:29 -0700] "GET /market272445562?kg=0272019838 HTTP/1.1" 200 22324 "-" "Mozilla/5.0 (Linux; Android 6.0.1; Nexus 5X Build/MMB29P) AppleWebKit/537.36 (KHTML, like Gecko) Chrome/140.0.7339.127 Mobile Safari/537.36 (compatible; Googlebot/2.1; +http://www.google.com/bot.html)" 314 **0/314262**
66.249.70.33 - - [14/Sep/2025:05:31:30 -0700] "GET /market527295973?kg=0526471422 HTTP/1.1" 200 25768 "-" "Mozilla/5.0 (Linux; Android 6.0.1; Nexus 5X Build/MMB29P) AppleWebKit/537.36 (KHTML, like Gecko) Chrome/140.0.7339.127 Mobile Safari/537.36 (compatible; Googlebot/2.1; +http://www.google.com/bot.html)" 292 **0/292144**
66.249.70.35 - - [14/Sep/2025:05:31:30 -0700] "GET /market37728547?kg=0037670142 HTTP/1.1" 200 22346 "-" "Mozilla/5.0 (Linux; Android 6.0.1; Nexus 5X Build/MMB29P) AppleWebKit/537.36 (KHTML, like Gecko) Chrome/140.0.7339.127 Mobile Safari/537.36 (compatible; Googlebot/2.1; +http://www.google.com/bot.html)" 274 **0/274545**
66.249.70.39 - - [14/Sep/2025:05:31:30 -0700] "GET /market498381474?kg=0497602174 HTTP/1.1" 200 22319 "-" "Mozilla/5.0 (Linux; Android 6.0.1; Nexus 5X Build/MMB29P) AppleWebKit/537.36 (KHTML, like Gecko) Chrome/140.0.7339.127 Mobile Safari/537.36 (compatible; Googlebot/2.1; +http://www.google.com/bot.html)" 258 **0/258075**
57.141.0.51 - - [14/Sep/2025:05:31:30 -0700] "GET /market804847124?kg=0803588222 HTTP/2.0" 200 92606 "-" "meta-externalagent/1.1 (+https://developers.facebook.com/docs/sharing/webmasters/crawler)" 508 **0/508042**
66.249.70.36 - - [14/Sep/2025:05:31:31 -0700] "GET /market565918848?kg=0565033854 HTTP/1.1" 200 22231 "-" "Mozilla/5.0 (Linux; Android 6.0.1; Nexus 5X Build/MMB29P) AppleWebKit/537.36 (KHTML, like Gecko) Chrome/140.0.7339.127 Mobile Safari/537.36 (compatible; Googlebot/2.1; +http://www.google.com/bot.html)" 258 **0/258147**
66.249.70.39 - - [14/Sep/2025:05:31:31 -0700] "GET /market497197158?kg=0496419710 HTTP/1.1" 200 21965 "-" "Mozilla/5.0 (Linux; Android 6.0.1; Nexus 5X Build/MMB29P) AppleWebKit/537.36 (KHTML, like Gecko) Chrome/140.0.7339.127 Mobile Safari/537.36 (compatible; Googlebot/2.1; +http://www.google.com/bot.html)" 302 **0/302260**
66.249.70.35 - - [14/Sep/2025:05:31:31 -0700] "GET /market565912436?kg=0565027454 HTTP/1.1" 200 23355 "-" "Mozilla/5.0 (Linux; Android 6.0.1; Nexus 5X Build/MMB29P) AppleWebKit/537.36 (KHTML, like Gecko) Chrome/140.0.7339.127 Mobile Safari/537.36 (compatible; Googlebot/2.1; +http://www.google.com/bot.html)" 279 **0/279846**
66.249.70.33 - - [14/Sep/2025:05:31:32 -0700] "GET /?market109348851?kg=0109178366 HTTP/1.1" 200 22345 "-" "Mozilla/5.0 (Linux; Android 6.0.1; Nexus 5X Build/MMB29P) AppleWebKit/537.36 (KHTML, like Gecko) Chrome/140.0.7339.127 Mobile Safari/537.36 (compatible; Googlebot/2.1; +http://www.google.com/bot.html)" 254 **0/254718**
66.249.70.32 - - [14/Sep/2025:05:31:32 -0700] "GET /market496219883?kg=0495443966 HTTP/1.1" 200 22849 "-" "Mozilla/5.0 (Linux; Android 6.0.1; Nexus 5X Build/MMB29P) AppleWebKit/537.36 (KHTML, like Gecko) Chrome/140.0.7339.127 Mobile Safari/537.36 (compatible; Googlebot/2.1; +http://www.google.com/bot.html)" 289 **0/289014**
66.249.70.32 - - [14/Sep/2025:05:31:32 -0700] "GET /market327737595?kg=0327225342 HTTP/1.1" 200 26752 "-" "Mozilla/5.0 (Linux; Android 6.0.1; Nexus 5X Build/MMB29P) AppleWebKit/537.36 (KHTML, like Gecko) Chrome/140.0.7339.127 Mobile Safari/537.36 (compatible; Googlebot/2.1; +http://www.google.com/bot.html)" 383 **0/383885**
136.243.228.194 - - [14/Sep/2025:05:31:32 -0700] "GET /market94297841?path=/home/vgijpbeijziw/public_html/ARTOFLIVINGDELHI.ORG HTTP/1.1" 200 2951 "-" "Mozilla/5.0 (compatible; DataForSeoBot/1.0; +https://dataforseo.com/dataforseo-bot)" 665 **0/665387**
66.249.70.36 - - [14/Sep/2025:05:31:33 -0700] "GET /market134932440?kg=0134721918 HTTP/1.1" 200 21970 "-" "Mozilla/5.0 (Linux; Android 6.0.1; Nexus 5X Build/MMB29P) AppleWebKit/537.36 (KHTML, like Gecko) Chrome/140.0.7339.127 Mobile Safari/537.36 (compatible; Googlebot/2.1; +http://www.google.com/bot.html)" 260 **0/260958**
66.249.70.34 - - [14/Sep/2025:05:31:33 -0700] "GET /market42985412?kg=0042918782 HTTP/1.1" 200 24297 "-" "Mozilla/5.0 (Linux; Android 6.0.1; Nexus 5X Build/MMB29P) AppleWebKit/537.36 (KHTML, like Gecko) Chrome/140.0.7339.127 Mobile Safari/537.36 (compatible; Googlebot/2.1; +http://www.google.com/bot.html)" 262 **0/262409**
66.249.70.32 - - [14/Sep/2025:05:31:33 -0700] "GET /market134533353?kg=0134323454 HTTP/1.1" 200 21893 "-" "Mozilla/5.0 (Linux; Android 6.0.1; Nexus 5X Build/MMB29P) AppleWebKit/537.36 (KHTML, like Gecko) Chrome/140.0.7339.127 Mobile Safari/537.36 (compatible; Googlebot/2.1; +http://www.google.com/bot.html)" 268 **0/268980**
66.249.70.36 - - [14/Sep/2025:05:31:33 -0700] "GET /market271795457?kg=0271370750 HTTP/1.1" 200 23058 "-" "Mozilla/5.0 (Linux; Android 6.0.1; Nexus 5X Build/MMB29P) AppleWebKit/537.36 (KHTML, like Gecko) Chrome/140.0.7339.127 Mobile Safari/537.36 (compatible; Googlebot/2.1; +http://www.google.com/bot.html)" 270 **0/270549**
66.249.70.35 - - [14/Sep/2025:05:31:34 -0700] "GET /market271802508?kg=0271377790 HTTP/1.1" 200 22417 "-" "Mozilla/5.0 (Linux; Android 6.0.1; Nexus 5X Build/MMB29P) AppleWebKit/537.36 (KHTML, like Gecko) Chrome/140.0.7339.127 Mobile Safari/537.36 (compatible; Googlebot/2.1; +http://www.google.com/bot.html)" 269 **0/269538**
66.249.70.37 - - [14/Sep/2025:05:31:36 -0700] "GET /market271798662?kg=0271373950 HTTP/1.1" 200 23136 "-" "Mozilla/5.0 (Linux; Android 6.0.1; Nexus 5X Build/MMB29P) AppleWebKit/537.36 (KHTML, like Gecko) Chrome/140.0.7339.127 Mobile Safari/537.36 (compatible; Googlebot/2.1; +http://www.google.com/bot.html)" 314 **0/314451**
66.249.70.36 - - [14/Sep/2025:05:31:36 -0700] "GET /market497616374?kg=0496838270 HTTP/1.1" 200 22431 "-" "Mozilla/5.0 (Linux; Android 6.0.1; Nexus 5X Build/MMB29P) AppleWebKit/537.36 (KHTML, like Gecko) Chrome/140.0.7339.127 Mobile Safari/537.36 (compatible; Googlebot/2.1; +http://www.google.com/bot.html)" 252 **0/252319**
136.243.228.194 - - [14/Sep/2025:05:31:37 -0700] "GET /market94297841?fileloc=/home/vgijpbeijziw/public_html/wp-config-sample.php&path=/home/vgijpbeijziw/public_html HTTP/1.1" 200 3489 "-" "Mozilla/5.0 (compatible; DataForSeoBot/1.0; +https://dataforseo.com/dataforseo-bot)" 397 **0/397019**
66.249.70.36 - - [14/Sep/2025:05:31:37 -0700] "GET /market271865967?kg=0271441150 HTTP/1.1" 200 22456 "-" "Mozilla/5.0 (Linux; Android 6.0.1; Nexus 5X Build/MMB29P) AppleWebKit/537.36 (KHTML, like Gecko) Chrome/140.0.7339.127 Mobile Safari/537.36 (compatible; Googlebot/2.1; +http://www.google.com/bot.html)" 271 **0/271479**
107.180.57.159 - - [14/Sep/2025:05:26:38 -0700] "GET /ARTOFLIVINGDELHI.ORG/img/img/index.php?ARRAY=7o2230223n313735373835363339382p2231223n22687474703n5p2s5p2s7n733534307631336o6s2r62616o65742r6s6r655p2s3s6p633q7068705s636s64655s6n6326743q313735373835323739382q3538373037383236313163353439633230393663663739393466663937623663222p2232223n223231373437653765346636383135333730316436643235653234353630626162222p2233223n226231616666386161376538363561333763653066363134633539323434666263222p226175746s5s66696p655s6r616q65223n6r756p6p2p226175746s5s70617373223n6r756p6p2p2262696r675s70617373223n2231382q33392q35352q36322q37372q39302q3239227q HTTP/1.1" 503 92606 "-" "-" 300526 **300/300526987**
66.249.70.34 - - [14/Sep/2025:05:31:39 -0700] "GET /market256544324?kg=0256143486 HTTP/1.1" 200 22636 "-" "Mozilla/5.0 (Linux; Android 6.0.1; Nexus 5X Build/MMB29P) AppleWebKit/537.36 (KHTML, like Gecko) Chrome/140.0.7339.127 Mobile Safari/537.36 (compatible; Googlebot/2.1; +http://www.google.com/bot.html)" 269 **0/269256**
66.249.70.39 - - [14/Sep/2025:05:31:40 -0700] "GET /market1884707031?kg=1881758206 HTTP/1.1" 200 21713 "-" "Mozilla/5.0 (Linux; Android 6.0.1; Nexus 5X Build/MMB29P) AppleWebKit/537.36 (KHTML, like Gecko) Chrome/140.0.7339.127 Mobile Safari/537.36 (compatible; Googlebot/2.1; +http://www.google.com/bot.html)" 258 **0/258428**
66.249.70.37 - - [14/Sep/2025:05:31:40 -0700] "GET /market126313770?kg=0126116734 HTTP/1.1" 200 22375 "-" "Mozilla/5.0 (Linux; Android 6.0.1; Nexus 5X Build/MMB29P) AppleWebKit/537.36 (KHTML, like Gecko) Chrome/140.0.7339.127 Mobile Safari/537.36 (compatible; Googlebot/2.1; +http://www.google.com/bot.html)" 266 **0/266431**
66.249.70.39 - - [14/Sep/2025:05:31:40 -0700] "GET /market59249200?kg=0059157118 HTTP/1.1" 200 23188 "-" "Mozilla/5.0 (Linux; Android 6.0.1; Nexus 5X Build/MMB29P) AppleWebKit/537.36 (KHTML, like Gecko) Chrome/140.0.7339.127 Mobile Safari/537.36 (compatible; Googlebot/2.1; +http://www.google.com/bot.html)" 292 **0/292088**
136.243.228.194 - - [14/Sep/2025:05:31:41 -0700] "GET /market94297841?path=/home/vgijpbeijziw/public_html/crystal HTTP/1.1" 200 2736 "-" "Mozilla/5.0 (compatible; DataForSeoBot/1.0; +https://dataforseo.com/dataforseo-bot)" 440 **0/440183**
66.249.70.39 - - [14/Sep/2025:05:31:41 -0700] "GET /market1900402121?kg=1897428734 HTTP/1.1" 200 23209 "-" "Mozilla/5.0 (Linux; Android 6.0.1; Nexus 5X Build/MMB29P) AppleWebKit/537.36 (KHTML, like Gecko) Chrome/140.0.7339.127 Mobile Safari/537.36 (compatible; Googlebot/2.1; +http://www.google.com/bot.html)" 259 **0/259032**
66.249.70.39 - - [14/Sep/2025:05:31:42 -0700] "GET /market1900912744?kg=1897938558 HTTP/1.1" 200 22217 "-" "Mozilla/5.0 (Linux; Android 6.0.1; Nexus 5X Build/MMB29P) AppleWebKit/537.36 (KHTML, like Gecko) Chrome/140.0.7339.127 Mobile Safari/537.36 (compatible; Googlebot/2.1; +http://www.google.com/bot.html)" 275 **0/275322**
66.249.70.32 - - [14/Sep/2025:05:31:43 -0700] "GET /market254135819?kg=0253738750 HTTP/1.1" 200 22586 "-" "Mozilla/5.0 (Linux; Android 6.0.1; Nexus 5X Build/MMB29P) AppleWebKit/537.36 (KHTML, like Gecko) Chrome/140.0.7339.127 Mobile Safari/537.36 (compatible; Googlebot/2.1; +http://www.google.com/bot.html)" 256 **0/256063**
66.249.70.37 - - [14/Sep/2025:05:31:43 -0700] "GET /market586266082?kg=0585349246 HTTP/1.1" 200 21588 "-" "Mozilla/5.0 (Linux; Android 6.0.1; Nexus 5X Build/MMB29P) AppleWebKit/537.36 (KHTML, like Gecko) Chrome/140.0.7339.127 Mobile Safari/537.36 (compatible; Googlebot/2.1; +http://www.google.com/bot.html)" 268 **0/268724**
66.249.70.35 - - [14/Sep/2025:05:31:43 -0700] "GET /market103989682?kg=0103827582 HTTP/1.1" 200 22397 "-" "Mozilla/5.0 (Linux; Android 6.0.1; Nexus 5X Build/MMB29P) AppleWebKit/537.36 (KHTML, like Gecko) Chrome/140.0.7339.127 Mobile Safari/537.36 (compatible; Googlebot/2.1; +http://www.google.com/bot.html)" 275 **0/275371**
66.249.70.33 - - [14/Sep/2025:05:31:44 -0700] "GET /market554943592?kg=0554075774 HTTP/1.1" 200 23913 "-" "Mozilla/5.0 (Linux; Android 6.0.1; Nexus 5X Build/MMB29P) AppleWebKit/537.36 (KHTML, like Gecko) Chrome/140.0.7339.127 Mobile Safari/537.36 (compatible; Googlebot/2.1; +http://www.google.com/bot.html)" 252 **0/252591**
66.249.70.32 - - [14/Sep/2025:05:31:44 -0700] "GET /market124184356?kg=0123990654 HTTP/1.1" 200 22563 "-" "Mozilla/5.0 (Linux; Android 6.0.1; Nexus 5X Build/MMB29P) AppleWebKit/537.36 (KHTML, like Gecko) Chrome/140.0.7339.127 Mobile Safari/537.36 (compatible; Googlebot/2.1; +http://www.google.com/bot.html)" 326 **0/326816**
66.249.70.32 - - [14/Sep/2025:05:31:44 -0700] "GET /market493557927?kg=0492786174 HTTP/1.1" 200 21877 "-" "Mozilla/5.0 (Linux; Android 6.0.1; Nexus 5X Build/MMB29P) AppleWebKit/537.36 (KHTML, like Gecko) Chrome/140.0.7339.127 Mobile Safari/537.36 (compatible; Googlebot/2.1; +http://www.google.com/bot.html)" 384 **0/384254**
136.243.228.194 - - [14/Sep/2025:05:31:44 -0700] "GET /market94297841?path=/home/vgijpbeijziw/public_html/js HTTP/1.1" 200 2850 "-" "Mozilla/5.0 (compatible; DataForSeoBot/1.0; +https://dataforseo.com/dataforseo-bot)" 847 **0/847103**
66.249.70.33 - - [14/Sep/2025:05:31:45 -0700] "GET /market1900965050?kg=1897990782 HTTP/1.1" 200 22838 "-" "Mozilla/5.0 (Linux; Android 6.0.1; Nexus 5X Build/MMB29P) AppleWebKit/537.36 (KHTML, like Gecko) Chrome/140.0.7339.127 Mobile Safari/537.36 (compatible; Googlebot/2.1; +http://www.google.com/bot.html)" 293 **0/293520**
66.249.70.33 - - [14/Sep/2025:05:31:46 -0700] "GET /market1900992613?kg=1898018302 HTTP/1.1" 200 25394 "-" "Mozilla/5.0 (Linux; Android 6.0.1; Nexus 5X Build/MMB29P) AppleWebKit/537.36 (KHTML, like Gecko) Chrome/140.0.7339.127 Mobile Safari/537.36 (compatible; Googlebot/2.1; +http://www.google.com/bot.html)" 259 **0/259049**
66.249.70.36 - - [14/Sep/2025:05:31:47 -0700] "GET /market253962493?kg=0253565694 HTTP/1.1" 200 23006 "-" "Mozilla/5.0 (Linux; Android 6.0.1; Nexus 5X Build/MMB29P) AppleWebKit/537.36 (KHTML, like Gecko) Chrome/140.0.7339.127 Mobile Safari/537.36 (compatible; Googlebot/2.1; +http://www.google.com/bot.html)" 289 **0/289629**
66.249.70.34 - - [14/Sep/2025:05:31:47 -0700] "GET /market51278454?kg=0051198846 HTTP/1.1" 200 22594 "-" "Mozilla/5.0 (Linux; Android 6.0.1; Nexus 5X Build/MMB29P) AppleWebKit/537.36 (KHTML, like Gecko) Chrome/140.0.7339.127 Mobile Safari/537.36 (compatible; Googlebot/2.1; +http://www.google.com/bot.html)" 251 **0/251761**
66.249.70.39 - - [14/Sep/2025:05:31:48 -0700] "GET /market493419084?kg=0492647550 HTTP/1.1" 200 22390 "-" "Mozilla/5.0 (Linux; Android 6.0.1; Nexus 5X Build/MMB29P) AppleWebKit/537.36 (KHTML, like Gecko) Chrome/140.0.7339.127 Mobile Safari/537.36 (compatible; Googlebot/2.1; +http://www.google.com/bot.html)" 245 **0/245644**
66.249.70.32 - - [14/Sep/2025:05:31:48 -0700] "GET /market1908181335?kg=1905195774 HTTP/1.1" 200 22237 "-" "Mozilla/5.0 (compatible; Googlebot/2.1; +http://www.google.com/bot.html)" 318 **0/318943**
66.249.70.36 - - [14/Sep/2025:05:31:49 -0700] "GET /market494122138?kg=0493349502 HTTP/1.1" 200 22840 "-" "Mozilla/5.0 (Linux; Android 6.0.1; Nexus 5X Build/MMB29P) AppleWebKit/537.36 (KHTML, like Gecko) Chrome/140.0.7339.127 Mobile Safari/537.36 (compatible; Googlebot/2.1; +http://www.google.com/bot.html)" 316 **0/316571**
136.243.228.194 - - [14/Sep/2025:05:31:48 -0700] "GET /market94297841?fileloc=/home/vgijpbeijziw/public_html/wp-mail.php&path=/home/vgijpbeijziw/public_html HTTP/1.1" 200 5287 "-" "Mozilla/5.0 (compatible; DataForSeoBot/1.0; +https://dataforseo.com/dataforseo-bot)" 699 **0/699553**
66.249.64.4 - - [14/Sep/2025:05:31:49 -0700] "GET /market76020023?kg=0075901694 HTTP/1.1" 200 22247 "-" "Mozilla/5.0 (Linux; Android 6.0.1; Nexus 5X Build/MMB29P) AppleWebKit/537.36 (KHTML, like Gecko) Chrome/140.0.7339.127 Mobile Safari/537.36 (compatible; Googlebot/2.1; +http://www.google.com/bot.html)" 261 **0/261174**
66.249.70.36 - - [14/Sep/2025:05:31:50 -0700] "GET /market492259894?kg=0491490174 HTTP/1.1" 200 22909 "-" "Mozilla/5.0 (Linux; Android 6.0.1; Nexus 5X Build/MMB29P) AppleWebKit/537.36 (KHTML, like Gecko) Chrome/140.0.7339.127 Mobile Safari/537.36 (compatible; Googlebot/2.1; +http://www.google.com/bot.html)" 270 **0/270984**
66.249.70.36 - - [14/Sep/2025:05:31:52 -0700] "GET /market1899265366?kg=1896293758 HTTP/1.1" 200 22799 "-" "Mozilla/5.0 (Linux; Android 6.0.1; Nexus 5X Build/MMB29P) AppleWebKit/537.36 (KHTML, like Gecko) Chrome/140.0.7339.127 Mobile Safari/537.36 (compatible; Googlebot/2.1; +http://www.google.com/bot.html)" 270 **0/270695**
136.243.228.194 - - [14/Sep/2025:05:31:52 -0700] "GET /market94297841?fileloc=/home/vgijpbeijziw/public_html/wp-settings.php&path=/home/vgijpbeijziw/public_html HTTP/1.1" 200 8239 "-" "Mozilla/5.0 (compatible; DataForSeoBot/1.0; +https://dataforseo.com/dataforseo-bot)" 382 **0/382406**
66.249.70.37 - - [14/Sep/2025:05:31:53 -0700] "GET /market1899309722?kg=1896338046 HTTP/1.1" 200 22823 "-" "Mozilla/5.0 (Linux; Android 6.0.1; Nexus 5X Build/MMB29P) AppleWebKit/537.36 (KHTML, like Gecko) Chrome/140.0.7339.127 Mobile Safari/537.36 (compatible; Googlebot/2.1; +http://www.google.com/bot.html)" 294 **0/294380**
216.73.216.183 - - [14/Sep/2025:05:31:53 -0700] "GET /market1854563346?fileloc=%2Fhome%2Fvgijpbeijziw%2Fpublic_html%2Fwp-includes%2Fblocks%2Fmedia-text%2Feditor-rtl.css&path=%2Fhome%2Fvgijpbeijziw%2Fpublic_html%2Fwp-includes%2Fblocks%2Fmedia-text HTTP/2.0" 200 2551 "-" "Mozilla/5.0 AppleWebKit/537.36 (KHTML, like Gecko; compatible; ClaudeBot/1.0; +claudebot@anthropic.com)" 646 **0/646019**
66.249.70.33 - - [14/Sep/2025:05:31:54 -0700] "GET /market252002817?kg=0251609086 HTTP/1.1" 200 23238 "-" "Mozilla/5.0 (Linux; Android 6.0.1; Nexus 5X Build/MMB29P) AppleWebKit/537.36 (KHTML, like Gecko) Chrome/140.0.7339.127 Mobile Safari/537.36 (compatible; Googlebot/2.1; +http://www.google.com/bot.html)" 275 **0/275009**
66.249.64.1 - - [14/Sep/2025:05:31:54 -0700] "GET /?m=8222726930&filter=adfd34&share_to_url=detail.php?shop/pg/1recruit/ HTTP/1.1" 200 22813 "-" "Mozilla/5.0 (Linux; Android 6.0.1; Nexus 5X Build/MMB29P) AppleWebKit/537.36 (KHTML, like Gecko) Chrome/140.0.7339.127 Mobile Safari/537.36 (compatible; Googlebot/2.1; +http://www.google.com/bot.html)" 296 **0/296800**
66.249.70.38 - - [14/Sep/2025:05:31:55 -0700] "GET /market491020835?kg=0490253054 HTTP/1.1" 200 22146 "-" "Mozilla/5.0 (Linux; Android 6.0.1; Nexus 5X Build/MMB29P) AppleWebKit/537.36 (KHTML, like Gecko) Chrome/140.0.7339.127 Mobile Safari/537.36 (compatible; Googlebot/2.1; +http://www.google.com/bot.html)" 277 **0/277898**
216.73.216.183 - - [14/Sep/2025:05:31:55 -0700] "GET /market1854563346?fileloc=%2Fhome%2Fvgijpbeijziw%2Fpublic_html%2Fwp-includes%2Fblocks%2Fvideo%2Feditor-rtl.css&path=%2Fhome%2Fvgijpbeijziw%2Fpublic_html%2Fwp-includes%2Fblocks%2Fvideo HTTP/2.0" 200 2656 "-" "Mozilla/5.0 AppleWebKit/537.36 (KHTML, like Gecko; compatible; ClaudeBot/1.0; +claudebot@anthropic.com)" 363 **0/363376**
66.249.70.38 - - [14/Sep/2025:05:31:56 -0700] "GET /market491185318?kg=0490417278 HTTP/1.1" 200 22822 "-" "Mozilla/5.0 (Linux; Android 6.0.1; Nexus 5X Build/MMB29P) AppleWebKit/537.36 (KHTML, like Gecko) Chrome/140.0.7339.127 Mobile Safari/537.36 (compatible; Googlebot/2.1; +http://www.google.com/bot.html)" 276 **0/276977**
136.243.228.194 - - [14/Sep/2025:05:31:56 -0700] "GET /market94297841?fileloc=/home/vgijpbeijziw/public_html/deleteme.wp3e2db6ec46f045289220a38b09b0888c.php&path=/home/vgijpbeijziw/public_html HTTP/1.1" 200 6074 "-" "Mozilla/5.0 (compatible; DataForSeoBot/1.0; +https://dataforseo.com/dataforseo-bot)" 388 **0/388880**
66.249.70.34 - - [14/Sep/2025:05:31:57 -0700] "GET /market246045720?kg=0245661310 HTTP/1.1" 200 22280 "-" "Mozilla/5.0 (Linux; Android 6.0.1; Nexus 5X Build/MMB29P) AppleWebKit/537.36 (KHTML, like Gecko) Chrome/140.0.7339.127 Mobile Safari/537.36 (compatible; Googlebot/2.1; +http://www.google.com/bot.html)" 256 **0/256337**
66.249.70.33 - - [14/Sep/2025:05:31:57 -0700] "GET /market377935831?kg=0377345022 HTTP/1.1" 200 22601 "-" "Mozilla/5.0 (Linux; Android 6.0.1; Nexus 5X Build/MMB29P) AppleWebKit/537.36 (KHTML, like Gecko) Chrome/140.0.7339.127 Mobile Safari/537.36 (compatible; Googlebot/2.1; +http://www.google.com/bot.html)" 328 **0/328376**
66.249.70.35 - - [14/Sep/2025:05:31:58 -0700] "GET /market251638985?kg=0251245822 HTTP/1.1" 200 22533 "-" "Mozilla/5.0 (Linux; Android 6.0.1; Nexus 5X Build/MMB29P) AppleWebKit/537.36 (KHTML, like Gecko) Chrome/140.0.7339.127 Mobile Safari/537.36 (compatible; Googlebot/2.1; +http://www.google.com/bot.html)" 327 **0/327569**
107.180.57.159 - - [14/Sep/2025:05:26:58 -0700] "GET /ARTOFLIVINGDELHI.ORG/img/img/index.php?ARRAY=7o2230223n313735373835363431382p2231223n22687474703n5p2s5p2s7n733534307631336o6s2r62616o65742r6s6r655p2s3s6p633q7068705s636s64655s6n6326743q313735373835323831382q3665626538613232653339323262623332343566666235646631363961363234222p2232223n223231373437653765346636383135333730316436643235653234353630626162222p2233223n226231616666386161376538363561333763653066363134633539323434666263222p226175746s5s66696p655s6r616q65223n6r756p6p2p226175746s5s70617373223n6r756p6p2p2262696r675s70617373223n2231382q33392q35352q36322q37372q39302q3239227q HTTP/1.1" 503 92606 "-" "-" 300766 **300/300766350**
216.73.216.183 - - [14/Sep/2025:05:31:58 -0700] "GET /market1854563346?path=%2Fhome%2Fvgijpbeijziw%2Fpublic_html%2Fwp-includes%2Fblocks%2Flatest-comments HTTP/2.0" 200 2770 "-" "Mozilla/5.0 AppleWebKit/537.36 (KHTML, like Gecko; compatible; ClaudeBot/1.0; +claudebot@anthropic.com)" 479 **0/479115**
66.249.70.39 - - [14/Sep/2025:05:31:59 -0700] "GET /market251413222?kg=0251020414 HTTP/1.1" 200 22512 "-" "Mozilla/5.0 (Linux; Android 6.0.1; Nexus 5X Build/MMB29P) AppleWebKit/537.36 (KHTML, like Gecko) Chrome/140.0.7339.127 Mobile Safari/537.36 (compatible; Googlebot/2.1; +http://www.google.com/bot.html)" 268 **0/268623**
66.249.70.37 - - [14/Sep/2025:05:32:00 -0700] "GET /market251679495?kg=0251286270 HTTP/1.1" 200 21597 "-" "Mozilla/5.0 (Linux; Android 6.0.1; Nexus 5X Build/MMB29P) AppleWebKit/537.36 (KHTML, like Gecko) Chrome/140.0.7339.127 Mobile Safari/537.36 (compatible; Googlebot/2.1; +http://www.google.com/bot.html)" 298 **0/298827**
66.249.70.37 - - [14/Sep/2025:05:32:01 -0700] "GET /market555539980?kg=0554671230 HTTP/1.1" 200 22996 "-" "Mozilla/5.0 (Linux; Android 6.0.1; Nexus 5X Build/MMB29P) AppleWebKit/537.36 (KHTML, like Gecko) Chrome/140.0.7339.127 Mobile Safari/537.36 (compatible; Googlebot/2.1; +http://www.google.com/bot.html)" 294 **0/294815**
136.243.228.194 - - [14/Sep/2025:05:32:01 -0700] "GET /market94297841?path=/home/vgijpbeijziw/public_html/otiadvisors.weblicious.co.in HTTP/1.1" 200 3463 "-" "Mozilla/5.0 (compatible; DataForSeoBot/1.0; +https://dataforseo.com/dataforseo-bot)" 588 **0/588166**
66.249.70.36 - - [14/Sep/2025:05:32:01 -0700] "GET /market56587500?kg=0056499582 HTTP/1.1" 200 22408 "-" "Mozilla/5.0 (Linux; Android 6.0.1; Nexus 5X Build/MMB29P) AppleWebKit/537.36 (KHTML, like Gecko) Chrome/140.0.7339.127 Mobile Safari/537.36 (compatible; Googlebot/2.1; +http://www.google.com/bot.html)" 521 **0/521112**
66.249.70.32 - - [14/Sep/2025:05:32:02 -0700] "GET /market484819003?kg=0484060926 HTTP/1.1" 200 22989 "-" "Mozilla/5.0 (Linux; Android 6.0.1; Nexus 5X Build/MMB29P) AppleWebKit/537.36 (KHTML, like Gecko) Chrome/140.0.7339.127 Mobile Safari/537.36 (compatible; Googlebot/2.1; +http://www.google.com/bot.html)" 327 **0/327623**
216.73.216.183 - - [14/Sep/2025:05:32:01 -0700] "GET /market1854563346?fileloc=%2Fhome%2Fvgijpbeijziw%2Fpublic_html%2Fwp-content%2Fplugins%2Fcustom-fonts%2Fpackage-lock.json&path=%2Fhome%2Fvgijpbeijziw%2Fpublic_html%2Fwp-content%2Fplugins%2Fcustom-fonts HTTP/2.0" 200 10758 "-" "Mozilla/5.0 AppleWebKit/537.36 (KHTML, like Gecko; compatible; ClaudeBot/1.0; +claudebot@anthropic.com)" 1199 **1/1199670**
66.249.70.39 - - [14/Sep/2025:05:32:03 -0700] "GET /market490398549?kg=0489631742 HTTP/1.1" 200 21678 "-" "Mozilla/5.0 (Linux; Android 6.0.1; Nexus 5X Build/MMB29P) AppleWebKit/537.36 (KHTML, like Gecko) Chrome/140.0.7339.127 Mobile Safari/537.36 (compatible; Googlebot/2.1; +http://www.google.com/bot.html)" 255 **0/255899**
66.249.70.37 - - [14/Sep/2025:05:32:04 -0700] "GET /market124725364?kg=0124530814 HTTP/1.1" 200 22160 "-" "Mozilla/5.0 (Linux; Android 6.0.1; Nexus 5X Build/MMB29P) AppleWebKit/537.36 (KHTML, like Gecko) Chrome/140.0.7339.127 Mobile Safari/537.36 (compatible; Googlebot/2.1; +http://www.google.com/bot.html)" 314 **0/314261**
66.249.70.37 - - [14/Sep/2025:05:32:04 -0700] "GET /market250654659?kg=0250263038 HTTP/1.1" 200 22614 "-" "Mozilla/5.0 (Linux; Android 6.0.1; Nexus 5X Build/MMB29P) AppleWebKit/537.36 (KHTML, like Gecko) Chrome/140.0.7339.127 Mobile Safari/537.36 (compatible; Googlebot/2.1; +http://www.google.com/bot.html)" 271 **0/271272**
136.243.228.194 - - [14/Sep/2025:05:32:04 -0700] "GET /market94297841?fileloc=/home/vgijpbeijziw/public_html/deleteme.wpad8b3c3bb70e422993d54b7b2516cc1f.php&path=/home/vgijpbeijziw/public_html HTTP/1.1" 200 6076 "-" "Mozilla/5.0 (compatible; DataForSeoBot/1.0; +https://dataforseo.com/dataforseo-bot)" 770 **0/770863**
216.73.216.183 - - [14/Sep/2025:05:32:04 -0700] "GET /market1854563346?path=%2Fhome%2Fvgijpbeijziw%2Fpublic_html%2Fwp-includes%2Fblocks%2Fpullquote HTTP/2.0" 200 2923 "-" "Mozilla/5.0 AppleWebKit/537.36 (KHTML, like Gecko; compatible; ClaudeBot/1.0; +claudebot@anthropic.com)" 915 **0/915690**
66.249.70.35 - - [14/Sep/2025:05:32:05 -0700] "GET /market250945290?kg=0250553214 HTTP/1.1" 200 22318 "-" "Mozilla/5.0 (Linux; Android 6.0.1; Nexus 5X Build/MMB29P) AppleWebKit/537.36 (KHTML, like Gecko) Chrome/140.0.7339.127 Mobile Safari/537.36 (compatible; Googlebot/2.1; +http://www.google.com/bot.html)" 277 **0/277494**
66.249.70.32 - - [14/Sep/2025:05:32:06 -0700] "GET /market250904780?kg=0250512766 HTTP/1.1" 200 23006 "-" "Mozilla/5.0 (Linux; Android 6.0.1; Nexus 5X Build/MMB29P) AppleWebKit/537.36 (KHTML, like Gecko) Chrome/140.0.7339.127 Mobile Safari/537.36 (compatible; Googlebot/2.1; +http://www.google.com/bot.html)" 397 **0/397464**
66.249.70.32 - - [14/Sep/2025:05:32:06 -0700] "GET /market567494432?kg=0566606974 HTTP/1.1" 200 22558 "-" "Mozilla/5.0 (Linux; Android 6.0.1; Nexus 5X Build/MMB29P) AppleWebKit/537.36 (KHTML, like Gecko) Chrome/140.0.7339.127 Mobile Safari/537.36 (compatible; Googlebot/2.1; +http://www.google.com/bot.html)" 278 **0/278222**
66.249.64.2 - - [14/Sep/2025:05:32:07 -0700] "GET /?m=106881629930&filter=4f6451&share_to_url=product-page.php?information/privacy_policy.html HTTP/1.1" 200 25927 "-" "Mozilla/5.0 (Linux; Android 6.0.1; Nexus 5X Build/MMB29P) AppleWebKit/537.36 (KHTML, like Gecko) Chrome/140.0.7339.127 Mobile Safari/537.36 (compatible; Googlebot/2.1; +http://www.google.com/bot.html)" 291 **0/291149**
216.73.216.183 - - [14/Sep/2025:05:32:07 -0700] "GET /market1854563346?fileloc=%2Fhome%2Fvgijpbeijziw%2Fpublic_html%2Fwp-includes%2Fblocks%2Fterm-description%2Fstyle-rtl.min.css&path=%2Fhome%2Fvgijpbeijziw%2Fpublic_html%2Fwp-includes%2Fblocks%2Fterm-description HTTP/2.0" 200 2365 "-" "Mozilla/5.0 AppleWebKit/537.36 (KHTML, like Gecko; compatible; ClaudeBot/1.0; +claudebot@anthropic.com)" 497 **0/497439**
66.249.70.39 - - [14/Sep/2025:05:32:07 -0700] "GET /market489625243?kg=0488859646 HTTP/1.1" 200 23605 "-" "Mozilla/5.0 (Linux; Android 6.0.1; Nexus 5X Build/MMB29P) AppleWebKit/537.36 (KHTML, like Gecko) Chrome/140.0.7339.127 Mobile Safari/537.36 (compatible; Googlebot/2.1; +http://www.google.com/bot.html)" 343 **0/343893**
66.249.64.1 - - [14/Sep/2025:05:32:08 -0700] "GET /?m=107977642930&filter=6613bf&share_to_url=product.php?reserve/tool/ HTTP/1.1" 200 22677 "-" "Mozilla/5.0 (Linux; Android 6.0.1; Nexus 5X Build/MMB29P) AppleWebKit/537.36 (KHTML, like Gecko) Chrome/140.0.7339.127 Mobile Safari/537.36 (compatible; Googlebot/2.1; +http://www.google.com/bot.html)" 303 **0/303419**
136.243.228.194 - - [14/Sep/2025:05:32:09 -0700] "GET /market94297841?path=/home/vgijpbeijziw/public_html/BEYONDBREATH.IN HTTP/1.1" 200 2704 "-" "Mozilla/5.0 (compatible; DataForSeoBot/1.0; +https://dataforseo.com/dataforseo-bot)" 510 **0/510404**
66.249.70.36 - - [14/Sep/2025:05:32:09 -0700] "GET /market488089143?kg=0487325950 HTTP/1.1" 200 22716 "-" "Mozilla/5.0 (Linux; Android 6.0.1; Nexus 5X Build/MMB29P) AppleWebKit/537.36 (KHTML, like Gecko) Chrome/140.0.7339.127 Mobile Safari/537.36 (compatible; Googlebot/2.1; +http://www.google.com/bot.html)" 304 **0/304065**
66.249.70.34 - - [14/Sep/2025:05:32:09 -0700] "GET /market326410334?kg=0325900158 HTTP/1.1" 200 23142 "-" "Mozilla/5.0 (Linux; Android 6.0.1; Nexus 5X Build/MMB29P) AppleWebKit/537.36 (KHTML, like Gecko) Chrome/140.0.7339.127 Mobile Safari/537.36 (compatible; Googlebot/2.1; +http://www.google.com/bot.html)" 257 **0/257391**
114.119.163.186 - - [14/Sep/2025:05:32:09 -0700] "GET /market1560547129?path=/home/vgijpbeijziw/public_html/images HTTP/1.1" 200 5887 "https://otiadvisors.com/market1560547129?kg=1558105598" "Mozilla/5.0 (Linux; Android 7.0;) AppleWebKit/537.36 (KHTML, like Gecko) Mobile Safari/537.36 (compatible; PetalBot;+https://webmaster.petalsearch.com/site/petalbot)" 476 **0/476286**
66.249.70.32 - - [14/Sep/2025:05:32:10 -0700] "GET /market249611234?kg=0249221246 HTTP/1.1" 200 22339 "-" "Mozilla/5.0 (Linux; Android 6.0.1; Nexus 5X Build/MMB29P) AppleWebKit/537.36 (KHTML, like Gecko) Chrome/140.0.7339.127 Mobile Safari/537.36 (compatible; Googlebot/2.1; +http://www.google.com/bot.html)" 297 **0/297702**
216.73.216.183 - - [14/Sep/2025:05:32:10 -0700] "GET /market1854563346?fileloc=%2Fhome%2Fvgijpbeijziw%2Fpublic_html%2Fwp-includes%2Fblocks%2Fpost-template%2Fstyle.css&path=%2Fhome%2Fvgijpbeijziw%2Fpublic_html%2Fwp-includes%2Fblocks%2Fpost-template HTTP/2.0" 200 2608 "-" "Mozilla/5.0 AppleWebKit/537.36 (KHTML, like Gecko; compatible; ClaudeBot/1.0; +claudebot@anthropic.com)" 920 **0/920485**
66.249.70.34 - - [14/Sep/2025:05:32:11 -0700] "GET /market487568522?kg=0486806142 HTTP/1.1" 200 22283 "-" "Mozilla/5.0 (Linux; Android 6.0.1; Nexus 5X Build/MMB29P) AppleWebKit/537.36 (KHTML, like Gecko) Chrome/140.0.7339.127 Mobile Safari/537.36 (compatible; Googlebot/2.1; +http://www.google.com/bot.html)" 308 **0/308592**
66.249.70.32 - - [14/Sep/2025:05:32:12 -0700] "GET /market39165546?kg=0039104894 HTTP/1.1" 200 22131 "-" "Mozilla/5.0 (Linux; Android 6.0.1; Nexus 5X Build/MMB29P) AppleWebKit/537.36 (KHTML, like Gecko) Chrome/140.0.7339.127 Mobile Safari/537.36 (compatible; Googlebot/2.1; +http://www.google.com/bot.html)" 286 **0/286194**
136.243.228.194 - - [14/Sep/2025:05:32:12 -0700] "GET /market94297841?path=/home/vgijpbeijziw HTTP/1.1" 200 3614 "-" "Mozilla/5.0 (compatible; DataForSeoBot/1.0; +https://dataforseo.com/dataforseo-bot)" 381 **0/381483**
66.249.70.34 - - [14/Sep/2025:05:32:13 -0700] "GET /market1884407811?kg=1881459454 HTTP/1.1" 200 21685 "-" "Mozilla/5.0 (Linux; Android 6.0.1; Nexus 5X Build/MMB29P) AppleWebKit/537.36 (KHTML, like Gecko) Chrome/140.0.7339.127 Mobile Safari/537.36 (compatible; Googlebot/2.1; +http://www.google.com/bot.html)" 330 **0/330906**
216.73.216.183 - - [14/Sep/2025:05:32:13 -0700] "GET /market1854563346?path=%2Fhome%2Fvgijpbeijziw%2Fpublic_html%2Fwp-content%2Fplugins%2Felementor-pro%2Fcore%2Fconnect HTTP/2.0" 200 2699 "-" "Mozilla/5.0 AppleWebKit/537.36 (KHTML, like Gecko; compatible; ClaudeBot/1.0; +claudebot@anthropic.com)" 490 **0/490957**
66.249.70.33 - - [14/Sep/2025:05:32:13 -0700] "GET /market247249522?kg=0246863230 HTTP/1.1" 200 23290 "-" "Mozilla/5.0 (Linux; Android 6.0.1; Nexus 5X Build/MMB29P) AppleWebKit/537.36 (KHTML, like Gecko) Chrome/140.0.7339.127 Mobile Safari/537.36 (compatible; Googlebot/2.1; +http://www.google.com/bot.html)" 266 **0/266963**
66.249.70.35 - - [14/Sep/2025:05:32:15 -0700] "GET /market1898697950?kg=1895727230 HTTP/1.1" 200 22408 "-" "Mozilla/5.0 (Linux; Android 6.0.1; Nexus 5X Build/MMB29P) AppleWebKit/537.36 (KHTML, like Gecko) Chrome/140.0.7339.127 Mobile Safari/537.36 (compatible; Googlebot/2.1; +http://www.google.com/bot.html)" 267 **0/267720**
66.249.70.35 - - [14/Sep/2025:05:32:15 -0700] "GET /market1899197418?kg=1896225918 HTTP/1.1" 200 21804 "-" "Mozilla/5.0 (Linux; Android 6.0.1; Nexus 5X Build/MMB29P) AppleWebKit/537.36 (KHTML, like Gecko) Chrome/140.0.7339.127 Mobile Safari/537.36 (compatible; Googlebot/2.1; +http://www.google.com/bot.html)" 267 **0/267889**
66.249.70.39 - - [14/Sep/2025:05:32:15 -0700] "GET /market560530832?kg=0559654270 HTTP/1.1" 200 22922 "-" "Mozilla/5.0 (Linux; Android 6.0.1; Nexus 5X Build/MMB29P) AppleWebKit/537.36 (KHTML, like Gecko) Chrome/140.0.7339.127 Mobile Safari/537.36 (compatible; Googlebot/2.1; +http://www.google.com/bot.html)" 253 **0/253064**
66.249.70.33 - - [14/Sep/2025:05:32:15 -0700] "GET /market91819340?kg=0091676286 HTTP/1.1" 200 22174 "-" "Mozilla/5.0 (Linux; Android 6.0.1; Nexus 5X Build/MMB29P) AppleWebKit/537.36 (KHTML, like Gecko) Chrome/140.0.7339.127 Mobile Safari/537.36 (compatible; Googlebot/2.1; +http://www.google.com/bot.html)" 269 **0/269474**
66.249.70.34 - - [14/Sep/2025:05:32:15 -0700] "GET /market246331479?kg=0245946622 HTTP/1.1" 200 22812 "-" "Mozilla/5.0 (Linux; Android 6.0.1; Nexus 5X Build/MMB29P) AppleWebKit/537.36 (KHTML, like Gecko) Chrome/140.0.7339.127 Mobile Safari/537.36 (compatible; Googlebot/2.1; +http://www.google.com/bot.html)" 270 **0/270088**
66.249.70.39 - - [14/Sep/2025:05:32:16 -0700] "GET /market484112103?kg=0483355134 HTTP/1.1" 200 24131 "-" "Mozilla/5.0 (Linux; Android 6.0.1; Nexus 5X Build/MMB29P) AppleWebKit/537.36 (KHTML, like Gecko) Chrome/140.0.7339.127 Mobile Safari/537.36 (compatible; Googlebot/2.1; +http://www.google.com/bot.html)" 448 **0/448545**
216.73.216.183 - - [14/Sep/2025:05:32:16 -0700] "GET /market1854563346?fileloc=%2Fhome%2Fvgijpbeijziw%2Fpublic_html%2Fwp-includes%2Fcss%2Fdist%2Fedit-post%2Fclassic-rtl.min.css&path=%2Fhome%2Fvgijpbeijziw%2Fpublic_html%2Fwp-includes%2Fcss%2Fdist%2Fedit-post HTTP/2.0" 200 2798 "-" "Mozilla/5.0 AppleWebKit/537.36 (KHTML, like Gecko; compatible; ClaudeBot/1.0; +claudebot@anthropic.com)" 605 **0/605839**
66.249.70.39 - - [14/Sep/2025:05:32:16 -0700] "GET /market287473238?kg=0287023998 HTTP/1.1" 200 23271 "-" "Mozilla/5.0 (Linux; Android 6.0.1; Nexus 5X Build/MMB29P) AppleWebKit/537.36 (KHTML, like Gecko) Chrome/140.0.7339.127 Mobile Safari/537.36 (compatible; Googlebot/2.1; +http://www.google.com/bot.html)" 414 **0/414221**
136.243.228.194 - - [14/Sep/2025:05:32:16 -0700] "GET /market94297841?path=/home/vgijpbeijziw/public_html/public_ftp HTTP/1.1" 200 2651 "-" "Mozilla/5.0 (compatible; DataForSeoBot/1.0; +https://dataforseo.com/dataforseo-bot)" 560 **0/560169**
66.249.70.34 - - [14/Sep/2025:05:32:17 -0700] "GET /market483816088?kg=0483059582 HTTP/1.1" 200 21626 "-" "Mozilla/5.0 (Linux; Android 6.0.1; Nexus 5X Build/MMB29P) AppleWebKit/537.36 (KHTML, like Gecko) Chrome/140.0.7339.127 Mobile Safari/537.36 (compatible; Googlebot/2.1; +http://www.google.com/bot.html)" 511 **0/511619**
107.180.57.159 - - [14/Sep/2025:05:27:18 -0700] "GET /ARTOFLIVINGDELHI.ORG/img/img/index.php?ARRAY=7o2230223n313735373835363433382p2231223n22687474703n5p2s5p2s7n733534307631336o6s2r62616o65742r6s6r655p2s3s6p633q7068705s636s64655s6n6326743q313735373835323833382q6434613834343638646238313163623134343862303036373131613938323366222p2232223n223231373437653765346636383135333730316436643235653234353630626162222p2233223n226231616666386161376538363561333763653066363134633539323434666263222p226175746s5s66696p655s6r616q65223n6r756p6p2p226175746s5s70617373223n6r756p6p2p2262696r675s70617373223n2231382q33392q35352q36322q37372q39302q3239227q HTTP/1.1" 503 92606 "-" "-" 300524 **300/300524192**
66.249.70.34 - - [14/Sep/2025:05:32:18 -0700] "GET /market1901428880?kg=1898453886 HTTP/1.1" 200 22264 "-" "Mozilla/5.0 (Linux; Android 6.0.1; Nexus 5X Build/MMB29P) AppleWebKit/537.36 (KHTML, like Gecko) Chrome/140.0.7339.127 Mobile Safari/537.36 (compatible; Googlebot/2.1; +http://www.google.com/bot.html)" 279 **0/279162**
66.249.70.33 - - [14/Sep/2025:05:32:19 -0700] "GET /market586374923?kg=0585457918 HTTP/1.1" 200 23460 "-" "Mozilla/5.0 (Linux; Android 6.0.1; Nexus 5X Build/MMB29P) AppleWebKit/537.36 (KHTML, like Gecko) Chrome/140.0.7339.127 Mobile Safari/537.36 (compatible; Googlebot/2.1; +http://www.google.com/bot.html)" 270 **0/270730**
216.73.216.183 - - [14/Sep/2025:05:32:19 -0700] "GET /market1854563346?fileloc=%2Fhome%2Fvgijpbeijziw%2Fpublic_html%2Fwp-includes%2Fblocks%2Fpost-terms%2Fstyle-rtl.min.css&path=%2Fhome%2Fvgijpbeijziw%2Fpublic_html%2Fwp-includes%2Fblocks%2Fpost-terms HTTP/2.0" 200 2346 "-" "Mozilla/5.0 AppleWebKit/537.36 (KHTML, like Gecko; compatible; ClaudeBot/1.0; +claudebot@anthropic.com)" 387 **0/387149**
66.249.70.32 - - [14/Sep/2025:05:32:19 -0700] "GET /market482837148?kg=0482082174 HTTP/1.1" 200 21802 "-" "Mozilla/5.0 (Linux; Android 6.0.1; Nexus 5X Build/MMB29P) AppleWebKit/537.36 (KHTML, like Gecko) Chrome/140.0.7339.127 Mobile Safari/537.36 (compatible; Googlebot/2.1; +http://www.google.com/bot.html)" 265 **0/265680**
66.249.70.33 - - [14/Sep/2025:05:32:20 -0700] "GET /market482928555?kg=0482173438 HTTP/1.1" 200 27640 "-" "Mozilla/5.0 (Linux; Android 6.0.1; Nexus 5X Build/MMB29P) AppleWebKit/537.36 (KHTML, like Gecko) Chrome/140.0.7339.127 Mobile Safari/537.36 (compatible; Googlebot/2.1; +http://www.google.com/bot.html)" 326 **0/326227**
66.249.70.39 - - [14/Sep/2025:05:32:20 -0700] "GET /?market10354250?kg=0010338686 HTTP/1.1" 200 22549 "-" "Mozilla/5.0 (Linux; Android 6.0.1; Nexus 5X Build/MMB29P) AppleWebKit/537.36 (KHTML, like Gecko) Chrome/140.0.7339.127 Mobile Safari/537.36 (compatible; Googlebot/2.1; +http://www.google.com/bot.html)" 326 **0/326501**
66.249.70.33 - - [14/Sep/2025:05:32:20 -0700] "GET /market140495195?kg=0140275966 HTTP/1.1" 200 21795 "-" "Mozilla/5.0 (Linux; Android 6.0.1; Nexus 5X Build/MMB29P) AppleWebKit/537.36 (KHTML, like Gecko) Chrome/140.0.7339.127 Mobile Safari/537.36 (compatible; Googlebot/2.1; +http://www.google.com/bot.html)" 412 **0/412373**
136.243.228.194 - - [14/Sep/2025:05:32:20 -0700] "GET /market94297841?fileloc=/home/vgijpbeijziw/public_html/deleteme.wp38a165e166204a30be44e69ce81ff7ec.php&path=/home/vgijpbeijziw/public_html HTTP/1.1" 200 6075 "-" "Mozilla/5.0 (compatible; DataForSeoBot/1.0; +https://dataforseo.com/dataforseo-bot)" 743 **0/743180**
66.249.70.32 - - [14/Sep/2025:05:32:21 -0700] "GET /market336345370?kg=0335819646 HTTP/1.1" 200 22247 "-" "Mozilla/5.0 (Linux; Android 6.0.1; Nexus 5X Build/MMB29P) AppleWebKit/537.36 (KHTML, like Gecko) Chrome/140.0.7339.127 Mobile Safari/537.36 (compatible; Googlebot/2.1; +http://www.google.com/bot.html)" 325 **0/325081**
66.249.70.39 - - [14/Sep/2025:05:32:21 -0700] "GET /market482821381?kg=0482066430 HTTP/1.1" 200 21519 "-" "Mozilla/5.0 (Linux; Android 6.0.1; Nexus 5X Build/MMB29P) AppleWebKit/537.36 (KHTML, like Gecko) Chrome/140.0.7339.127 Mobile Safari/537.36 (compatible; Googlebot/2.1; +http://www.google.com/bot.html)" 312 **0/312646**
66.249.70.32 - - [14/Sep/2025:05:32:21 -0700] "GET /market32801797?kg=0032751102 HTTP/1.1" 200 22667 "-" "Mozilla/5.0 (Linux; Android 6.0.1; Nexus 5X Build/MMB29P) AppleWebKit/537.36 (KHTML, like Gecko) Chrome/140.0.7339.127 Mobile Safari/537.36 (compatible; Googlebot/2.1; +http://www.google.com/bot.html)" 283 **0/283237**
66.249.64.1 - - [14/Sep/2025:05:32:22 -0700] "GET /?market49775688?kg=0049698430 HTTP/1.1" 200 21670 "-" "Mozilla/5.0 (Linux; Android 6.0.1; Nexus 5X Build/MMB29P) AppleWebKit/537.36 (KHTML, like Gecko) Chrome/140.0.7339.127 Mobile Safari/537.36 (compatible; Googlebot/2.1; +http://www.google.com/bot.html)" 268 **0/268359**
66.249.70.32 - - [14/Sep/2025:05:32:22 -0700] "GET /market580555768?kg=0579647870 HTTP/1.1" 200 22655 "-" "Mozilla/5.0 (Linux; Android 6.0.1; Nexus 5X Build/MMB29P) AppleWebKit/537.36 (KHTML, like Gecko) Chrome/140.0.7339.127 Mobile Safari/537.36 (compatible; Googlebot/2.1; +http://www.google.com/bot.html)" 261 **0/261763**
216.73.216.183 - - [14/Sep/2025:05:32:22 -0700] "GET /market1854563346?fileloc=%2Fhome%2Fvgijpbeijziw%2Fpublic_html%2Fwp-includes%2Fblocks%2Faudio%2Fstyle-rtl.css&path=%2Fhome%2Fvgijpbeijziw%2Fpublic_html%2Fwp-includes%2Fblocks%2Faudio HTTP/2.0" 200 2362 "-" "Mozilla/5.0 AppleWebKit/537.36 (KHTML, like Gecko; compatible; ClaudeBot/1.0; +claudebot@anthropic.com)" 376 **0/376950**
66.249.70.32 - - [14/Sep/2025:05:32:22 -0700] "GET /market1896624688?kg=1893657214 HTTP/1.1" 200 24078 "-" "Mozilla/5.0 (Linux; Android 6.0.1; Nexus 5X Build/MMB29P) AppleWebKit/537.36 (KHTML, like Gecko) Chrome/140.0.7339.127 Mobile Safari/537.36 (compatible; Googlebot/2.1; +http://www.google.com/bot.html)" 282 **0/282212**
57.141.0.39 - - [14/Sep/2025:05:32:23 -0700] "GET /market24016336?kg=0023979390 HTTP/2.0" 200 92606 "-" "meta-externalagent/1.1 (+https://developers.facebook.com/docs/sharing/webmasters/crawler)" 962 **0/962891**
66.249.70.35 - - [14/Sep/2025:05:32:23 -0700] "GET /market481364892?kg=0480612222 HTTP/1.1" 200 22687 "-" "Mozilla/5.0 (Linux; Android 6.0.1; Nexus 5X Build/MMB29P) AppleWebKit/537.36 (KHTML, like Gecko) Chrome/140.0.7339.127 Mobile Safari/537.36 (compatible; Googlebot/2.1; +http://www.google.com/bot.html)" 340 **0/340148**
136.243.228.194 - - [14/Sep/2025:05:32:25 -0700] "GET /market94297841?fileloc=/home/vgijpbeijziw/public_html/deleteme.wpd3c230ea1c794fd181797d6619d43004.php&path=/home/vgijpbeijziw/public_html HTTP/1.1" 200 6075 "-" "Mozilla/5.0 (compatible; DataForSeoBot/1.0; +https://dataforseo.com/dataforseo-bot)" 374 **0/374949**
66.249.70.39 - - [14/Sep/2025:05:32:25 -0700] "GET /market481385662?kg=0480632958 HTTP/1.1" 200 24167 "-" "Mozilla/5.0 (Linux; Android 6.0.1; Nexus 5X Build/MMB29P) AppleWebKit/537.36 (KHTML, like Gecko) Chrome/140.0.7339.127 Mobile Safari/537.36 (compatible; Googlebot/2.1; +http://www.google.com/bot.html)" 370 **0/370426**
216.73.216.183 - - [14/Sep/2025:05:32:25 -0700] "GET /market1854563346?fileloc=%2Fhome%2Fvgijpbeijziw%2Fpublic_html%2Fwp-includes%2Fblocks%2Faudio%2Feditor.min.css&path=%2Fhome%2Fvgijpbeijziw%2Fpublic_html%2Fwp-includes%2Fblocks%2Faudio HTTP/2.0" 200 2386 "-" "Mozilla/5.0 AppleWebKit/537.36 (KHTML, like Gecko; compatible; ClaudeBot/1.0; +claudebot@anthropic.com)" 501 **0/501213**
66.249.70.34 - - [14/Sep/2025:05:32:26 -0700] "GET /market1896564690?kg=1893597310 HTTP/1.1" 200 22343 "-" "Mozilla/5.0 (Linux; Android 6.0.1; Nexus 5X Build/MMB29P) AppleWebKit/537.36 (KHTML, like Gecko) Chrome/140.0.7339.127 Mobile Safari/537.36 (compatible; Googlebot/2.1; +http://www.google.com/bot.html)" 256 **0/256469**
66.249.70.35 - - [14/Sep/2025:05:32:27 -0700] "GET /market242796217?kg=0242416894 HTTP/1.1" 200 22506 "-" "Mozilla/5.0 (Linux; Android 6.0.1; Nexus 5X Build/MMB29P) AppleWebKit/537.36 (KHTML, like Gecko) Chrome/140.0.7339.127 Mobile Safari/537.36 (compatible; Googlebot/2.1; +http://www.google.com/bot.html)" 255 **0/255545**
66.249.70.32 - - [14/Sep/2025:05:32:28 -0700] "GET /market1896389568?kg=1893422462 HTTP/1.1" 200 22422 "-" "Mozilla/5.0 (Linux; Android 6.0.1; Nexus 5X Build/MMB29P) AppleWebKit/537.36 (KHTML, like Gecko) Chrome/140.0.7339.127 Mobile Safari/537.36 (compatible; Googlebot/2.1; +http://www.google.com/bot.html)" 285 **0/285299**
136.243.228.194 - - [14/Sep/2025:05:32:28 -0700] "GET /market94297841?path=/home/vgijpbeijziw/public_html/css HTTP/1.1" 200 2816 "-" "Mozilla/5.0 (compatible; DataForSeoBot/1.0; +https://dataforseo.com/dataforseo-bot)" 690 **0/690638**
