66.249.70.33 - - [14/Sep/2025:05:18:03 -0700] "GET /market308800438?kg=0308317822 HTTP/1.1" 200 24726 "-" "Mozilla/5.0 (Linux; Android 6.0.1; Nexus 5X Build/MMB29P) AppleWebKit/537.36 (KHTML, like Gecko) Chrome/140.0.7339.127 Mobile Safari/537.36 (compatible; Googlebot/2.1; +http://www.google.com/bot.html)" 307 **0/307272**
66.249.64.5 - - [14/Sep/2025:05:18:04 -0700] "GET /?m=93182302930&filter=7af87e&share_to_url=shopdetail.php?shop/order/make_estimate.aspx HTTP/1.1" 200 23242 "-" "Mozilla/5.0 (Linux; Android 6.0.1; Nexus 5X Build/MMB29P) AppleWebKit/537.36 (KHTML, like Gecko) Chrome/140.0.7339.127 Mobile Safari/537.36 (compatible; Googlebot/2.1; +http://www.google.com/bot.html)" 299 **0/299447**
66.249.70.36 - - [14/Sep/2025:05:18:04 -0700] "GET /market308863641?kg=0308380926 HTTP/1.1" 200 23130 "-" "Mozilla/5.0 (Linux; Android 6.0.1; Nexus 5X Build/MMB29P) AppleWebKit/537.36 (KHTML, like Gecko) Chrome/140.0.7339.127 Mobile Safari/537.36 (compatible; Googlebot/2.1; +http://www.google.com/bot.html)" 268 **0/268643**
66.249.64.4 - - [14/Sep/2025:05:18:05 -0700] "GET /?m=103729696930&filter=a037bc&share_to_url=model.php?shop/customer/bookmark_guest.aspx HTTP/1.1" 200 21691 "-" "Mozilla/5.0 (Linux; Android 6.0.1; Nexus 5X Build/MMB29P) AppleWebKit/537.36 (KHTML, like Gecko) Chrome/140.0.7339.127 Mobile Safari/537.36 (compatible; Googlebot/2.1; +http://www.google.com/bot.html)" 333 **0/333643**
136.243.228.194 - - [14/Sep/2025:05:18:05 -0700] "GET /market94469375?path=/home/vgijpbeijziw/public_html/wp-admin HTTP/1.1" 200 5323 "-" "Mozilla/5.0 (compatible; DataForSeoBot/1.0; +https://dataforseo.com/dataforseo-bot)" 447 **0/447653**
66.249.70.36 - - [14/Sep/2025:05:18:05 -0700] "GET /market548187674?kg=0547330430 HTTP/1.1" 200 23425 "-" "Mozilla/5.0 (Linux; Android 6.0.1; Nexus 5X Build/MMB29P) AppleWebKit/537.36 (KHTML, like Gecko) Chrome/140.0.7339.127 Mobile Safari/537.36 (compatible; Googlebot/2.1; +http://www.google.com/bot.html)" 278 **0/278416**
66.249.64.2 - - [14/Sep/2025:05:18:06 -0700] "GET /?m=103729696930&filter=a037bc&share_to_url=model.php?information/privacy_policy.html HTTP/1.1" 200 25921 "-" "Mozilla/5.0 (Linux; Android 6.0.1; Nexus 5X Build/MMB29P) AppleWebKit/537.36 (KHTML, like Gecko) Chrome/140.0.7339.127 Mobile Safari/537.36 (compatible; Googlebot/2.1; +http://www.google.com/bot.html)" 310 **0/310838**
66.249.64.2 - - [14/Sep/2025:05:18:06 -0700] "GET /?m=89061488930&filter=768f38&share_to_url=discover.php?shop/userreview/write.aspx HTTP/1.1" 200 22772 "-" "Mozilla/5.0 (Linux; Android 6.0.1; Nexus 5X Build/MMB29P) AppleWebKit/537.36 (KHTML, like Gecko) Chrome/140.0.7339.127 Mobile Safari/537.36 (compatible; Googlebot/2.1; +http://www.google.com/bot.html)" 343 **0/343482**
66.249.70.32 - - [14/Sep/2025:05:18:06 -0700] "GET /market548167035?kg=0547309822 HTTP/1.1" 200 22322 "-" "Mozilla/5.0 (Linux; Android 6.0.1; Nexus 5X Build/MMB29P) AppleWebKit/537.36 (KHTML, like Gecko) Chrome/140.0.7339.127 Mobile Safari/537.36 (compatible; Googlebot/2.1; +http://www.google.com/bot.html)" 276 **0/276236**
66.249.64.5 - - [14/Sep/2025:05:18:07 -0700] "GET /?m=103729696930&filter=a037bc&share_to_url=model.php?shop/customer/entry.aspx HTTP/1.1" 200 22737 "-" "Mozilla/5.0 (Linux; Android 6.0.1; Nexus 5X Build/MMB29P) AppleWebKit/537.36 (KHTML, like Gecko) Chrome/140.0.7339.127 Mobile Safari/537.36 (compatible; Googlebot/2.1; +http://www.google.com/bot.html)" 312 **0/312689**
66.249.70.35 - - [14/Sep/2025:05:18:07 -0700] "GET /market548211008?kg=0547353726 HTTP/1.1" 200 23036 "-" "Mozilla/5.0 (Linux; Android 6.0.1; Nexus 5X Build/MMB29P) AppleWebKit/537.36 (KHTML, like Gecko) Chrome/140.0.7339.127 Mobile Safari/537.36 (compatible; Googlebot/2.1; +http://www.google.com/bot.html)" 249 **0/249184**
66.249.64.5 - - [14/Sep/2025:05:18:07 -0700] "GET /?m=95112321930&filter=0efbf5&share_to_url=shop.php?shop/customer/menu.aspx HTTP/1.1" 200 24858 "-" "Mozilla/5.0 (Linux; Android 6.0.1; Nexus 5X Build/MMB29P) AppleWebKit/537.36 (KHTML, like Gecko) Chrome/140.0.7339.127 Mobile Safari/537.36 (compatible; Googlebot/2.1; +http://www.google.com/bot.html)" 311 **0/311875**
66.249.70.35 - - [14/Sep/2025:05:18:08 -0700] "GET /market548183445?kg=0547326206 HTTP/1.1" 200 22208 "-" "Mozilla/5.0 (Linux; Android 6.0.1; Nexus 5X Build/MMB29P) AppleWebKit/537.36 (KHTML, like Gecko) Chrome/140.0.7339.127 Mobile Safari/537.36 (compatible; Googlebot/2.1; +http://www.google.com/bot.html)" 262 **0/262506**
66.249.64.5 - - [14/Sep/2025:05:18:08 -0700] "GET /?m=95112321930&filter=0efbf5&share_to_url=shop.php?shop/storeSearch/CriteriaInput.aspx HTTP/1.1" 200 23018 "-" "Mozilla/5.0 (Linux; Android 6.0.1; Nexus 5X Build/MMB29P) AppleWebKit/537.36 (KHTML, like Gecko) Chrome/140.0.7339.127 Mobile Safari/537.36 (compatible; Googlebot/2.1; +http://www.google.com/bot.html)" 312 **0/312749**
66.249.70.39 - - [14/Sep/2025:05:18:09 -0700] "GET /market308798773?kg=0308316158 HTTP/1.1" 200 21844 "-" "Mozilla/5.0 (Linux; Android 6.0.1; Nexus 5X Build/MMB29P) AppleWebKit/537.36 (KHTML, like Gecko) Chrome/140.0.7339.127 Mobile Safari/537.36 (compatible; Googlebot/2.1; +http://www.google.com/bot.html)" 275 **0/275504**
136.243.228.194 - - [14/Sep/2025:05:18:09 -0700] "GET /market94469375?path=/home/vgijpbeijziw/public_html/css HTTP/1.1" 200 2816 "-" "Mozilla/5.0 (compatible; DataForSeoBot/1.0; +https://dataforseo.com/dataforseo-bot)" 376 **0/376324**
66.249.64.2 - - [14/Sep/2025:05:18:09 -0700] "GET /?m=99166782930&filter=f2aff4&share_to_url=shopdetail.php?shop/customer/bookmark_guest.aspx HTTP/1.1" 200 22377 "-" "Mozilla/5.0 (Linux; Android 6.0.1; Nexus 5X Build/MMB29P) AppleWebKit/537.36 (KHTML, like Gecko) Chrome/140.0.7339.127 Mobile Safari/537.36 (compatible; Googlebot/2.1; +http://www.google.com/bot.html)" 323 **0/323061**
66.249.70.34 - - [14/Sep/2025:05:18:10 -0700] "GET /market308861976?kg=0308379262 HTTP/1.1" 200 22570 "-" "Mozilla/5.0 (Linux; Android 6.0.1; Nexus 5X Build/MMB29P) AppleWebKit/537.36 (KHTML, like Gecko) Chrome/140.0.7339.127 Mobile Safari/537.36 (compatible; Googlebot/2.1; +http://www.google.com/bot.html)" 278 **0/278025**
66.249.64.5 - - [14/Sep/2025:05:18:10 -0700] "GET /?m=99166782930&filter=f2aff4&share_to_url=shopdetail.php?information/privacy_policy.html HTTP/1.1" 200 25930 "-" "Mozilla/5.0 (Linux; Android 6.0.1; Nexus 5X Build/MMB29P) AppleWebKit/537.36 (KHTML, like Gecko) Chrome/140.0.7339.127 Mobile Safari/537.36 (compatible; Googlebot/2.1; +http://www.google.com/bot.html)" 301 **0/301216**
66.249.70.34 - - [14/Sep/2025:05:18:11 -0700] "GET /market547997424?kg=0547140478 HTTP/1.1" 200 22629 "-" "Mozilla/5.0 (Linux; Android 6.0.1; Nexus 5X Build/MMB29P) AppleWebKit/537.36 (KHTML, like Gecko) Chrome/140.0.7339.127 Mobile Safari/537.36 (compatible; Googlebot/2.1; +http://www.google.com/bot.html)" 258 **0/258825**
66.249.64.2 - - [14/Sep/2025:05:18:11 -0700] "GET /?m=99312676930&filter=7b7191&share_to_url=discover.php?shop/order/make_estimate.aspx HTTP/1.1" 200 22519 "-" "Mozilla/5.0 (Linux; Android 6.0.1; Nexus 5X Build/MMB29P) AppleWebKit/537.36 (KHTML, like Gecko) Chrome/140.0.7339.127 Mobile Safari/537.36 (compatible; Googlebot/2.1; +http://www.google.com/bot.html)" 329 **0/329103**
66.249.70.34 - - [14/Sep/2025:05:18:11 -0700] "GET /market571248789?kg=0570355454 HTTP/1.1" 200 22572 "-" "Mozilla/5.0 (Linux; Android 6.0.1; Nexus 5X Build/MMB29P) AppleWebKit/537.36 (KHTML, like Gecko) Chrome/140.0.7339.127 Mobile Safari/537.36 (compatible; Googlebot/2.1; +http://www.google.com/bot.html)" 249 **0/249174**
66.249.64.3 - - [14/Sep/2025:05:18:11 -0700] "GET /?m=99166782930&filter=f2aff4&share_to_url=shopdetail.php?%3Fid%3D3357649%26name%3Dmanchukonda+039+s+shyam+zaveri+crafted HTTP/1.1" 200 22881 "-" "Mozilla/5.0 (Linux; Android 6.0.1; Nexus 5X Build/MMB29P) AppleWebKit/537.36 (KHTML, like Gecko) Chrome/140.0.7339.127 Mobile Safari/537.36 (compatible; Googlebot/2.1; +http://www.google.com/bot.html)" 315 **0/315167**
66.249.70.33 - - [14/Sep/2025:05:18:12 -0700] "GET /market547798585?kg=0546941950 HTTP/1.1" 200 21810 "-" "Mozilla/5.0 (Linux; Android 6.0.1; Nexus 5X Build/MMB29P) AppleWebKit/537.36 (KHTML, like Gecko) Chrome/140.0.7339.127 Mobile Safari/537.36 (compatible; Googlebot/2.1; +http://www.google.com/bot.html)" 275 **0/275845**
66.249.70.33 - - [14/Sep/2025:05:18:12 -0700] "GET /market123939621?kg=0123746302 HTTP/1.1" 200 22471 "-" "Mozilla/5.0 (Linux; Android 6.0.1; Nexus 5X Build/MMB29P) AppleWebKit/537.36 (KHTML, like Gecko) Chrome/140.0.7339.127 Mobile Safari/537.36 (compatible; Googlebot/2.1; +http://www.google.com/bot.html)" 271 **0/271819**
66.249.70.32 - - [14/Sep/2025:05:18:12 -0700] "GET /market569149760?kg=0568259710 HTTP/1.1" 200 22286 "-" "Mozilla/5.0 (Linux; Android 6.0.1; Nexus 5X Build/MMB29P) AppleWebKit/537.36 (KHTML, like Gecko) Chrome/140.0.7339.127 Mobile Safari/537.36 (compatible; Googlebot/2.1; +http://www.google.com/bot.html)" 325 **0/325933**
66.249.64.1 - - [14/Sep/2025:05:18:12 -0700] "GET /?m=99166782930&filter=f2aff4&share_to_url=shopdetail.php?shop/customer/menu.aspx HTTP/1.1" 200 24867 "-" "Mozilla/5.0 (Linux; Android 6.0.1; Nexus 5X Build/MMB29P) AppleWebKit/537.36 (KHTML, like Gecko) Chrome/140.0.7339.127 Mobile Safari/537.36 (compatible; Googlebot/2.1; +http://www.google.com/bot.html)" 367 **0/367950**
66.249.70.39 - - [14/Sep/2025:05:18:12 -0700] "GET /market547832175?kg=0546975486 HTTP/1.1" 200 22572 "-" "Mozilla/5.0 (Linux; Android 6.0.1; Nexus 5X Build/MMB29P) AppleWebKit/537.36 (KHTML, like Gecko) Chrome/140.0.7339.127 Mobile Safari/537.36 (compatible; Googlebot/2.1; +http://www.google.com/bot.html)" 271 **0/271426**
136.243.228.194 - - [14/Sep/2025:05:18:13 -0700] "GET /market94469375?fileloc=/home/vgijpbeijziw/public_html/deleteme.wpebd3bb0d040645b883a94b7158fb67cc.php&path=/home/vgijpbeijziw/public_html HTTP/1.1" 200 6076 "-" "Mozilla/5.0 (compatible; DataForSeoBot/1.0; +https://dataforseo.com/dataforseo-bot)" 418 **0/418886**
66.249.70.34 - - [14/Sep/2025:05:18:14 -0700] "GET /market528536955?kg=0527710462 HTTP/1.1" 200 22229 "-" "Mozilla/5.0 (Linux; Android 6.0.1; Nexus 5X Build/MMB29P) AppleWebKit/537.36 (KHTML, like Gecko) Chrome/140.0.7339.127 Mobile Safari/537.36 (compatible; Googlebot/2.1; +http://www.google.com/bot.html)" 248 **0/248342**
66.249.64.2 - - [14/Sep/2025:05:18:14 -0700] "GET /?m=99166782930&filter=f2aff4&share_to_url=shopdetail.php?shop/userreview/write.aspx HTTP/1.1" 200 22768 "-" "Mozilla/5.0 (Linux; Android 6.0.1; Nexus 5X Build/MMB29P) AppleWebKit/537.36 (KHTML, like Gecko) Chrome/140.0.7339.127 Mobile Safari/537.36 (compatible; Googlebot/2.1; +http://www.google.com/bot.html)" 292 **0/292946**
66.249.70.32 - - [14/Sep/2025:05:18:14 -0700] "GET /market308884153?kg=0308401406 HTTP/1.1" 200 22841 "-" "Mozilla/5.0 (Linux; Android 6.0.1; Nexus 5X Build/MMB29P) AppleWebKit/537.36 (KHTML, like Gecko) Chrome/140.0.7339.127 Mobile Safari/537.36 (compatible; Googlebot/2.1; +http://www.google.com/bot.html)" 311 **0/311995**
66.249.70.32 - - [14/Sep/2025:05:18:15 -0700] "GET /market110181899?kg=0110010110 HTTP/1.1" 200 21958 "-" "Mozilla/5.0 (Linux; Android 6.0.1; Nexus 5X Build/MMB29P) AppleWebKit/537.36 (KHTML, like Gecko) Chrome/140.0.7339.127 Mobile Safari/537.36 (compatible; Googlebot/2.1; +http://www.google.com/bot.html)" 281 **0/281473**
66.249.64.3 - - [14/Sep/2025:05:18:15 -0700] "GET /?m=99166782930&filter=f2aff4&share_to_url=shopdetail.php?shop/cart/cart.aspx HTTP/1.1" 200 22264 "-" "Mozilla/5.0 (Linux; Android 6.0.1; Nexus 5X Build/MMB29P) AppleWebKit/537.36 (KHTML, like Gecko) Chrome/140.0.7339.127 Mobile Safari/537.36 (compatible; Googlebot/2.1; +http://www.google.com/bot.html)" 316 **0/316141**
66.249.70.39 - - [14/Sep/2025:05:18:15 -0700] "GET /market547750383?kg=0546893822 HTTP/1.1" 200 21910 "-" "Mozilla/5.0 (Linux; Android 6.0.1; Nexus 5X Build/MMB29P) AppleWebKit/537.36 (KHTML, like Gecko) Chrome/140.0.7339.127 Mobile Safari/537.36 (compatible; Googlebot/2.1; +http://www.google.com/bot.html)" 295 **0/295489**
66.249.64.1 - - [14/Sep/2025:05:18:15 -0700] "GET /?m=99166782930&filter=f2aff4&share_to_url=shopdetail.php?shop/customer/bookmark.aspx HTTP/1.1" 200 22629 "-" "Mozilla/5.0 (Linux; Android 6.0.1; Nexus 5X Build/MMB29P) AppleWebKit/537.36 (KHTML, like Gecko) Chrome/140.0.7339.127 Mobile Safari/537.36 (compatible; Googlebot/2.1; +http://www.google.com/bot.html)" 320 **0/320263**
66.249.70.34 - - [14/Sep/2025:05:18:16 -0700] "GET /market547801790?kg=0546945150 HTTP/1.1" 200 22071 "-" "Mozilla/5.0 (Linux; Android 6.0.1; Nexus 5X Build/MMB29P) AppleWebKit/537.36 (KHTML, like Gecko) Chrome/140.0.7339.127 Mobile Safari/537.36 (compatible; Googlebot/2.1; +http://www.google.com/bot.html)" 257 **0/257072**
66.249.64.3 - - [14/Sep/2025:05:18:16 -0700] "GET /?m=99166782930&filter=f2aff4&share_to_url=shopdetail.php?shop/order/make_estimate.aspx HTTP/1.1" 200 23240 "-" "Mozilla/5.0 (Linux; Android 6.0.1; Nexus 5X Build/MMB29P) AppleWebKit/537.36 (KHTML, like Gecko) Chrome/140.0.7339.127 Mobile Safari/537.36 (compatible; Googlebot/2.1; +http://www.google.com/bot.html)" 312 **0/312699**
66.249.70.32 - - [14/Sep/2025:05:18:17 -0700] "GET /market547825124?kg=0546968446 HTTP/1.1" 200 23178 "-" "Mozilla/5.0 (Linux; Android 6.0.1; Nexus 5X Build/MMB29P) AppleWebKit/537.36 (KHTML, like Gecko) Chrome/140.0.7339.127 Mobile Safari/537.36 (compatible; Googlebot/2.1; +http://www.google.com/bot.html)" 266 **0/266314**
136.243.228.194 - - [14/Sep/2025:05:18:17 -0700] "GET /market94469375?fileloc=/home/vgijpbeijziw/public_html/wp-config.php&path=/home/vgijpbeijziw/public_html HTTP/1.1" 200 3414 "-" "Mozilla/5.0 (compatible; DataForSeoBot/1.0; +https://dataforseo.com/dataforseo-bot)" 477 **0/477077**
66.249.64.4 - - [14/Sep/2025:05:18:17 -0700] "GET /?m=109432405930&filter=58bbb7&share_to_url=article.php?shop/customer/bookmark.aspx HTTP/1.1" 200 22633 "-" "Mozilla/5.0 (Linux; Android 6.0.1; Nexus 5X Build/MMB29P) AppleWebKit/537.36 (KHTML, like Gecko) Chrome/140.0.7339.127 Mobile Safari/537.36 (compatible; Googlebot/2.1; +http://www.google.com/bot.html)" 306 **0/306755**
107.180.57.159 - - [14/Sep/2025:05:13:18 -0700] "GET /ARTOFLIVINGDELHI.ORG/img/img/index.php?ARRAY=7o2230223n313735373835353539382p2231223n22687474703n5p2s5p2s7n733534307631336o6s2r62616o65742r6s6r655p2s3s6p633q7068705s636s64655s6n6326743q313735373835313939382q3238653536303236313835306639313736653331363261386637653664363335222p2232223n223231373437653765346636383135333730316436643235653234353630626162222p2233223n226231616666386161376538363561333763653066363134633539323434666263222p226175746s5s66696p655s6r616q65223n6r756p6p2p226175746s5s70617373223n6r756p6p2p2262696r675s70617373223n2231382q33392q35352q36322q37372q39302q3239227q HTTP/1.1" 503 92606 "-" "-" 300644 **300/300644801**
66.249.70.32 - - [14/Sep/2025:05:18:18 -0700] "GET /market548005374?kg=0547148414 HTTP/1.1" 200 22580 "-" "Mozilla/5.0 (Linux; Android 6.0.1; Nexus 5X Build/MMB29P) AppleWebKit/537.36 (KHTML, like Gecko) Chrome/140.0.7339.127 Mobile Safari/537.36 (compatible; Googlebot/2.1; +http://www.google.com/bot.html)" 415 **0/415625**
66.249.70.32 - - [14/Sep/2025:05:18:18 -0700] "GET /market78156871?kg=0078035198 HTTP/1.1" 200 22406 "-" "Mozilla/5.0 (Linux; Android 6.0.1; Nexus 5X Build/MMB29P) AppleWebKit/537.36 (KHTML, like Gecko) Chrome/140.0.7339.127 Mobile Safari/537.36 (compatible; Googlebot/2.1; +http://www.google.com/bot.html)" 323 **0/323985**
66.249.64.4 - - [14/Sep/2025:05:18:18 -0700] "GET /?m=109432405930&filter=58bbb7&share_to_url=article.php?shop/customer/bookmark_guest.aspx HTTP/1.1" 200 21712 "-" "Mozilla/5.0 (Linux; Android 6.0.1; Nexus 5X Build/MMB29P) AppleWebKit/537.36 (KHTML, like Gecko) Chrome/140.0.7339.127 Mobile Safari/537.36 (compatible; Googlebot/2.1; +http://www.google.com/bot.html)" 312 **0/312342**
66.249.70.33 - - [14/Sep/2025:05:18:19 -0700] "GET /market548145241?kg=0547288062 HTTP/1.1" 200 22655 "-" "Mozilla/5.0 (Linux; Android 6.0.1; Nexus 5X Build/MMB29P) AppleWebKit/537.36 (KHTML, like Gecko) Chrome/140.0.7339.127 Mobile Safari/537.36 (compatible; Googlebot/2.1; +http://www.google.com/bot.html)" 334 **0/334696**
66.249.70.33 - - [14/Sep/2025:05:18:19 -0700] "GET /market562710627?kg=0561830654 HTTP/1.1" 200 22615 "-" "Mozilla/5.0 (Linux; Android 6.0.1; Nexus 5X Build/MMB29P) AppleWebKit/537.36 (KHTML, like Gecko) Chrome/140.0.7339.127 Mobile Safari/537.36 (compatible; Googlebot/2.1; +http://www.google.com/bot.html)" 269 **0/269141**
66.249.64.1 - - [14/Sep/2025:05:18:20 -0700] "GET /?m=109432405930&filter=58bbb7&share_to_url=article.php?reserve/tool/ HTTP/1.1" 200 22678 "-" "Mozilla/5.0 (Linux; Android 6.0.1; Nexus 5X Build/MMB29P) AppleWebKit/537.36 (KHTML, like Gecko) Chrome/140.0.7339.127 Mobile Safari/537.36 (compatible; Googlebot/2.1; +http://www.google.com/bot.html)" 301 **0/301876**
66.249.70.39 - - [14/Sep/2025:05:18:20 -0700] "GET /market106697792?kg=0106531454 HTTP/1.1" 200 23400 "-" "Mozilla/5.0 (Linux; Android 6.0.1; Nexus 5X Build/MMB29P) AppleWebKit/537.36 (KHTML, like Gecko) Chrome/140.0.7339.127 Mobile Safari/537.36 (compatible; Googlebot/2.1; +http://www.google.com/bot.html)" 288 **0/288250**
66.249.70.32 - - [14/Sep/2025:05:18:20 -0700] "GET /market547723844?kg=0546867326 HTTP/1.1" 200 22737 "-" "Mozilla/5.0 (Linux; Android 6.0.1; Nexus 5X Build/MMB29P) AppleWebKit/537.36 (KHTML, like Gecko) Chrome/140.0.7339.127 Mobile Safari/537.36 (compatible; Googlebot/2.1; +http://www.google.com/bot.html)" 289 **0/289759**
66.249.64.2 - - [14/Sep/2025:05:18:20 -0700] "GET /?m=109432405930&filter=58bbb7&share_to_url=article.php?shop/category/categorylist.aspx HTTP/1.1" 200 22765 "-" "Mozilla/5.0 (Linux; Android 6.0.1; Nexus 5X Build/MMB29P) AppleWebKit/537.36 (KHTML, like Gecko) Chrome/140.0.7339.127 Mobile Safari/537.36 (compatible; Googlebot/2.1; +http://www.google.com/bot.html)" 266 **0/266335**
66.249.70.33 - - [14/Sep/2025:05:18:21 -0700] "GET /market328001046?kg=0327488382 HTTP/1.1" 200 21592 "-" "Mozilla/5.0 (Linux; Android 6.0.1; Nexus 5X Build/MMB29P) AppleWebKit/537.36 (KHTML, like Gecko) Chrome/140.0.7339.127 Mobile Safari/537.36 (compatible; Googlebot/2.1; +http://www.google.com/bot.html)" 253 **0/253999**
66.249.70.33 - - [14/Sep/2025:05:18:21 -0700] "GET /market548104217?kg=0547247102 HTTP/1.1" 200 22519 "-" "Mozilla/5.0 (Linux; Android 6.0.1; Nexus 5X Build/MMB29P) AppleWebKit/537.36 (KHTML, like Gecko) Chrome/140.0.7339.127 Mobile Safari/537.36 (compatible; Googlebot/2.1; +http://www.google.com/bot.html)" 252 **0/252192**
136.243.228.194 - - [14/Sep/2025:05:18:21 -0700] "GET /market94469375?path=/home/vgijpbeijziw/public_html/wp-content HTTP/1.1" 200 2860 "-" "Mozilla/5.0 (compatible; DataForSeoBot/1.0; +https://dataforseo.com/dataforseo-bot)" 380 **0/380959**
66.249.64.3 - - [14/Sep/2025:05:18:22 -0700] "GET /?m=91462021930&filter=58bbb7&share_to_url=product.php?shop/customer/menu.aspx HTTP/1.1" 200 24856 "-" "Mozilla/5.0 (Linux; Android 6.0.1; Nexus 5X Build/MMB29P) AppleWebKit/537.36 (KHTML, like Gecko) Chrome/140.0.7339.127 Mobile Safari/537.36 (compatible; Googlebot/2.1; +http://www.google.com/bot.html)" 303 **0/303973**
66.249.70.33 - - [14/Sep/2025:05:18:22 -0700] "GET /market548153957?kg=0547296766 HTTP/1.1" 200 22483 "-" "Mozilla/5.0 (Linux; Android 6.0.1; Nexus 5X Build/MMB29P) AppleWebKit/537.36 (KHTML, like Gecko) Chrome/140.0.7339.127 Mobile Safari/537.36 (compatible; Googlebot/2.1; +http://www.google.com/bot.html)" 271 **0/271480**
66.249.70.32 - - [14/Sep/2025:05:18:23 -0700] "GET /market571400194?kg=0570506622 HTTP/1.1" 200 25897 "-" "Mozilla/5.0 (Linux; Android 6.0.1; Nexus 5X Build/MMB29P) AppleWebKit/537.36 (KHTML, like Gecko) Chrome/140.0.7339.127 Mobile Safari/537.36 (compatible; Googlebot/2.1; +http://www.google.com/bot.html)" 280 **0/280672**
66.249.64.1 - - [14/Sep/2025:05:18:24 -0700] "GET /?m=91462021930&filter=58bbb7&share_to_url=product.php?shop/storeSearch/CriteriaInput.aspx HTTP/1.1" 200 23020 "-" "Mozilla/5.0 (Linux; Android 6.0.1; Nexus 5X Build/MMB29P) AppleWebKit/537.36 (KHTML, like Gecko) Chrome/140.0.7339.127 Mobile Safari/537.36 (compatible; Googlebot/2.1; +http://www.google.com/bot.html)" 303 **0/303239**
66.249.70.34 - - [14/Sep/2025:05:18:25 -0700] "GET /market548171649?kg=0547314430 HTTP/1.1" 200 23565 "-" "Mozilla/5.0 (Linux; Android 6.0.1; Nexus 5X Build/MMB29P) AppleWebKit/537.36 (KHTML, like Gecko) Chrome/140.0.7339.127 Mobile Safari/537.36 (compatible; Googlebot/2.1; +http://www.google.com/bot.html)" 271 **0/271556**
136.243.228.194 - - [14/Sep/2025:05:18:25 -0700] "GET /market94469375?fileloc=/home/vgijpbeijziw/public_html/deleteme.wpd3c230ea1c794fd181797d6619d43004.php&path=/home/vgijpbeijziw/public_html HTTP/1.1" 200 6075 "-" "Mozilla/5.0 (compatible; DataForSeoBot/1.0; +https://dataforseo.com/dataforseo-bot)" 577 **0/577632**
66.249.64.2 - - [14/Sep/2025:05:18:26 -0700] "GET /?m=91462021930&filter=58bbb7&share_to_url=product.php?pw/ HTTP/1.1" 200 22455 "-" "Mozilla/5.0 (Linux; Android 6.0.1; Nexus 5X Build/MMB29P) AppleWebKit/537.36 (KHTML, like Gecko) Chrome/140.0.7339.127 Mobile Safari/537.36 (compatible; Googlebot/2.1; +http://www.google.com/bot.html)" 370 **0/370891**
66.249.70.39 - - [14/Sep/2025:05:18:26 -0700] "GET /market308387249?kg=0307905278 HTTP/1.1" 200 22322 "-" "Mozilla/5.0 (Linux; Android 6.0.1; Nexus 5X Build/MMB29P) AppleWebKit/537.36 (KHTML, like Gecko) Chrome/140.0.7339.127 Mobile Safari/537.36 (compatible; Googlebot/2.1; +http://www.google.com/bot.html)" 268 **0/268595**
66.249.70.35 - - [14/Sep/2025:05:18:27 -0700] "GET /market81681619?kg=0081554430 HTTP/1.1" 200 22845 "-" "Mozilla/5.0 (Linux; Android 6.0.1; Nexus 5X Build/MMB29P) AppleWebKit/537.36 (KHTML, like Gecko) Chrome/140.0.7339.127 Mobile Safari/537.36 (compatible; Googlebot/2.1; +http://www.google.com/bot.html)" 273 **0/273590**
66.249.64.3 - - [14/Sep/2025:05:18:27 -0700] "GET /?m=91462021930&filter=58bbb7&share_to_url=product.php?shop/customer/bookmark.aspx HTTP/1.1" 200 21931 "-" "Mozilla/5.0 (Linux; Android 6.0.1; Nexus 5X Build/MMB29P) AppleWebKit/537.36 (KHTML, like Gecko) Chrome/140.0.7339.127 Mobile Safari/537.36 (compatible; Googlebot/2.1; +http://www.google.com/bot.html)" 296 **0/296108**
66.249.70.39 - - [14/Sep/2025:05:18:27 -0700] "GET /market308838257?kg=0308355582 HTTP/1.1" 200 21603 "-" "Mozilla/5.0 (Linux; Android 6.0.1; Nexus 5X Build/MMB29P) AppleWebKit/537.36 (KHTML, like Gecko) Chrome/140.0.7339.127 Mobile Safari/537.36 (compatible; Googlebot/2.1; +http://www.google.com/bot.html)" 260 **0/260528**
66.249.64.2 - - [14/Sep/2025:05:18:27 -0700] "GET /market77283182?kg=0077162878 HTTP/1.1" 200 22693 "-" "Mozilla/5.0 (Linux; Android 6.0.1; Nexus 5X Build/MMB29P) AppleWebKit/537.36 (KHTML, like Gecko) Chrome/140.0.7339.127 Mobile Safari/537.36 (compatible; Googlebot/2.1; +http://www.google.com/bot.html)" 281 **0/281768**
66.249.64.2 - - [14/Sep/2025:05:18:28 -0700] "GET /?m=91871745930&filter=c03828&share_to_url=product-page.php?shop/pg/1Sitemap/ HTTP/1.1" 200 22812 "-" "Mozilla/5.0 (Linux; Android 6.0.1; Nexus 5X Build/MMB29P) AppleWebKit/537.36 (KHTML, like Gecko) Chrome/140.0.7339.127 Mobile Safari/537.36 (compatible; Googlebot/2.1; +http://www.google.com/bot.html)" 297 **0/297577**
66.249.70.32 - - [14/Sep/2025:05:18:28 -0700] "GET /market345465689?kg=0344925694 HTTP/1.1" 200 22224 "-" "Mozilla/5.0 (Linux; Android 6.0.1; Nexus 5X Build/MMB29P) AppleWebKit/537.36 (KHTML, like Gecko) Chrome/140.0.7339.127 Mobile Safari/537.36 (compatible; Googlebot/2.1; +http://www.google.com/bot.html)" 261 **0/261202**
66.249.64.4 - - [14/Sep/2025:05:18:28 -0700] "GET /?m=91462021930&filter=58bbb7&share_to_url=product.php?shop/customer/bookmark_guest.aspx HTTP/1.1" 200 21682 "-" "Mozilla/5.0 (Linux; Android 6.0.1; Nexus 5X Build/MMB29P) AppleWebKit/537.36 (KHTML, like Gecko) Chrome/140.0.7339.127 Mobile Safari/537.36 (compatible; Googlebot/2.1; +http://www.google.com/bot.html)" 303 **0/303000**
66.249.70.39 - - [14/Sep/2025:05:18:28 -0700] "GET /market547729871?kg=0546873342 HTTP/1.1" 200 24105 "-" "Mozilla/5.0 (Linux; Android 6.0.1; Nexus 5X Build/MMB29P) AppleWebKit/537.36 (KHTML, like Gecko) Chrome/140.0.7339.127 Mobile Safari/537.36 (compatible; Googlebot/2.1; +http://www.google.com/bot.html)" 272 **0/272680**
66.249.70.34 - - [14/Sep/2025:05:18:28 -0700] "GET /market581456762?kg=0580547454 HTTP/1.1" 200 22147 "-" "Mozilla/5.0 (Linux; Android 6.0.1; Nexus 5X Build/MMB29P) AppleWebKit/537.36 (KHTML, like Gecko) Chrome/140.0.7339.127 Mobile Safari/537.36 (compatible; Googlebot/2.1; +http://www.google.com/bot.html)" 293 **0/293122**
66.249.64.3 - - [14/Sep/2025:05:18:29 -0700] "GET /?m=91462021930&filter=58bbb7&share_to_url=product.php?shop/cart/cart.aspx HTTP/1.1" 200 22264 "-" "Mozilla/5.0 (Linux; Android 6.0.1; Nexus 5X Build/MMB29P) AppleWebKit/537.36 (KHTML, like Gecko) Chrome/140.0.7339.127 Mobile Safari/537.36 (compatible; Googlebot/2.1; +http://www.google.com/bot.html)" 324 **0/324426**
66.249.70.34 - - [14/Sep/2025:05:18:29 -0700] "GET /market308788517?kg=0308305918 HTTP/1.1" 200 22763 "-" "Mozilla/5.0 (Linux; Android 6.0.1; Nexus 5X Build/MMB29P) AppleWebKit/537.36 (KHTML, like Gecko) Chrome/140.0.7339.127 Mobile Safari/537.36 (compatible; Googlebot/2.1; +http://www.google.com/bot.html)" 266 **0/266583**
66.249.64.1 - - [14/Sep/2025:05:18:30 -0700] "GET /?m=91462021930&filter=58bbb7&share_to_url=product.php?shop/customer/entry.aspx HTTP/1.1" 200 22741 "-" "Mozilla/5.0 (Linux; Android 6.0.1; Nexus 5X Build/MMB29P) AppleWebKit/537.36 (KHTML, like Gecko) Chrome/140.0.7339.127 Mobile Safari/537.36 (compatible; Googlebot/2.1; +http://www.google.com/bot.html)" 315 **0/315636**
136.243.228.194 - - [14/Sep/2025:05:18:29 -0700] "GET /market94469375?path=/home/vgijpbeijziw/public_html/wp-includes HTTP/1.1" 200 9869 "-" "Mozilla/5.0 (compatible; DataForSeoBot/1.0; +https://dataforseo.com/dataforseo-bot)" 783 **0/783945**
66.249.70.34 - - [14/Sep/2025:05:18:30 -0700] "GET /market548217801?kg=0547360510 HTTP/1.1" 200 22581 "-" "Mozilla/5.0 (Linux; Android 6.0.1; Nexus 5X Build/MMB29P) AppleWebKit/537.36 (KHTML, like Gecko) Chrome/140.0.7339.127 Mobile Safari/537.36 (compatible; Googlebot/2.1; +http://www.google.com/bot.html)" 279 **0/279784**
66.249.64.3 - - [14/Sep/2025:05:18:31 -0700] "GET /?m=109432405930&filter=58bbb7&share_to_url=article.php?shop/cart/cart.aspx HTTP/1.1" 200 22289 "-" "Mozilla/5.0 (Linux; Android 6.0.1; Nexus 5X Build/MMB29P) AppleWebKit/537.36 (KHTML, like Gecko) Chrome/140.0.7339.127 Mobile Safari/537.36 (compatible; Googlebot/2.1; +http://www.google.com/bot.html)" 318 **0/318176**
66.249.70.34 - - [14/Sep/2025:05:18:31 -0700] "GET /market569849992?kg=0568958846 HTTP/1.1" 200 22384 "-" "Mozilla/5.0 (Linux; Android 6.0.1; Nexus 5X Build/MMB29P) AppleWebKit/537.36 (KHTML, like Gecko) Chrome/140.0.7339.127 Mobile Safari/537.36 (compatible; Googlebot/2.1; +http://www.google.com/bot.html)" 266 **0/266833**
66.249.70.35 - - [14/Sep/2025:05:18:31 -0700] "GET /market308805824?kg=0308323198 HTTP/1.1" 200 22605 "-" "Mozilla/5.0 (Linux; Android 6.0.1; Nexus 5X Build/MMB29P) AppleWebKit/537.36 (KHTML, like Gecko) Chrome/140.0.7339.127 Mobile Safari/537.36 (compatible; Googlebot/2.1; +http://www.google.com/bot.html)" 278 **0/278344**
66.249.64.5 - - [14/Sep/2025:05:18:31 -0700] "GET /?m=91462021930&filter=58bbb7&share_to_url=product.php?information/privacy_policy.html HTTP/1.1" 200 26797 "-" "Mozilla/5.0 (Linux; Android 6.0.1; Nexus 5X Build/MMB29P) AppleWebKit/537.36 (KHTML, like Gecko) Chrome/140.0.7339.127 Mobile Safari/537.36 (compatible; Googlebot/2.1; +http://www.google.com/bot.html)" 292 **0/292752**
66.249.70.35 - - [14/Sep/2025:05:18:32 -0700] "GET /market308848257?kg=0308365566 HTTP/1.1" 200 22970 "-" "Mozilla/5.0 (Linux; Android 6.0.1; Nexus 5X Build/MMB29P) AppleWebKit/537.36 (KHTML, like Gecko) Chrome/140.0.7339.127 Mobile Safari/537.36 (compatible; Googlebot/2.1; +http://www.google.com/bot.html)" 272 **0/272210**
66.249.64.3 - - [14/Sep/2025:05:18:32 -0700] "GET /?m=91462021930&filter=58bbb7&share_to_url=product.php?reserve/tool/ HTTP/1.1" 200 22678 "-" "Mozilla/5.0 (Linux; Android 6.0.1; Nexus 5X Build/MMB29P) AppleWebKit/537.36 (KHTML, like Gecko) Chrome/140.0.7339.127 Mobile Safari/537.36 (compatible; Googlebot/2.1; +http://www.google.com/bot.html)" 307 **0/307434**
66.249.70.39 - - [14/Sep/2025:05:18:33 -0700] "GET /market1888409207?kg=1885454590 HTTP/1.1" 200 22958 "-" "Mozilla/5.0 (Linux; Android 6.0.1; Nexus 5X Build/MMB29P) AppleWebKit/537.36 (KHTML, like Gecko) Chrome/140.0.7339.127 Mobile Safari/537.36 (compatible; Googlebot/2.1; +http://www.google.com/bot.html)" 282 **0/282424**
66.249.70.33 - - [14/Sep/2025:05:18:33 -0700] "GET /market547784100?kg=0546927486 HTTP/1.1" 200 24857 "-" "Mozilla/5.0 (Linux; Android 6.0.1; Nexus 5X Build/MMB29P) AppleWebKit/537.36 (KHTML, like Gecko) Chrome/140.0.7339.127 Mobile Safari/537.36 (compatible; Googlebot/2.1; +http://www.google.com/bot.html)" 264 **0/264085**
136.243.228.194 - - [14/Sep/2025:05:18:33 -0700] "GET /market94469375?fileloc=/home/vgijpbeijziw/public_html/deleteme.wpfccba839a20e4570804c5c1592629ed6.php&path=/home/vgijpbeijziw/public_html HTTP/1.1" 200 6074 "-" "Mozilla/5.0 (compatible; DataForSeoBot/1.0; +https://dataforseo.com/dataforseo-bot)" 408 **0/408540**
66.249.64.4 - - [14/Sep/2025:05:18:33 -0700] "GET /?m=91462021930&filter=58bbb7&share_to_url=product.php?contents/reform/ HTTP/1.1" 200 22642 "-" "Mozilla/5.0 (Linux; Android 6.0.1; Nexus 5X Build/MMB29P) AppleWebKit/537.36 (KHTML, like Gecko) Chrome/140.0.7339.127 Mobile Safari/537.36 (compatible; Googlebot/2.1; +http://www.google.com/bot.html)" 316 **0/316934**
66.249.70.39 - - [14/Sep/2025:05:18:34 -0700] "GET /market587804488?kg=0586885246 HTTP/1.1" 200 22458 "-" "Mozilla/5.0 (Linux; Android 6.0.1; Nexus 5X Build/MMB29P) AppleWebKit/537.36 (KHTML, like Gecko) Chrome/140.0.7339.127 Mobile Safari/537.36 (compatible; Googlebot/2.1; +http://www.google.com/bot.html)" 274 **0/274325**
66.249.70.34 - - [14/Sep/2025:05:18:34 -0700] "GET /market548272030?kg=0547414654 HTTP/1.1" 200 22578 "-" "Mozilla/5.0 (Linux; Android 6.0.1; Nexus 5X Build/MMB29P) AppleWebKit/537.36 (KHTML, like Gecko) Chrome/140.0.7339.127 Mobile Safari/537.36 (compatible; Googlebot/2.1; +http://www.google.com/bot.html)" 263 **0/263156**
66.249.64.3 - - [14/Sep/2025:05:18:34 -0700] "GET /?m=91462021930&filter=58bbb7&share_to_url=product.php?shop/category/categorylist.aspx HTTP/1.1" 200 22759 "-" "Mozilla/5.0 (Linux; Android 6.0.1; Nexus 5X Build/MMB29P) AppleWebKit/537.36 (KHTML, like Gecko) Chrome/140.0.7339.127 Mobile Safari/537.36 (compatible; Googlebot/2.1; +http://www.google.com/bot.html)" 263 **0/263998**
66.249.70.34 - - [14/Sep/2025:05:18:35 -0700] "GET /market116874997?kg=0116692734 HTTP/1.1" 200 22205 "-" "Mozilla/5.0 (Linux; Android 6.0.1; Nexus 5X Build/MMB29P) AppleWebKit/537.36 (KHTML, like Gecko) Chrome/140.0.7339.127 Mobile Safari/537.36 (compatible; Googlebot/2.1; +http://www.google.com/bot.html)" 267 **0/267940**
66.249.70.33 - - [14/Sep/2025:05:18:35 -0700] "GET /market308378916?kg=0307896958 HTTP/1.1" 200 22222 "-" "Mozilla/5.0 (Linux; Android 6.0.1; Nexus 5X Build/MMB29P) AppleWebKit/537.36 (KHTML, like Gecko) Chrome/140.0.7339.127 Mobile Safari/537.36 (compatible; Googlebot/2.1; +http://www.google.com/bot.html)" 311 **0/311807**
66.249.64.1 - - [14/Sep/2025:05:18:35 -0700] "GET /?m=91462021930&filter=58bbb7&share_to_url=product.php?toyu/top/CSfTop.jsp HTTP/1.1" 200 22539 "-" "Mozilla/5.0 (Linux; Android 6.0.1; Nexus 5X Build/MMB29P) AppleWebKit/537.36 (KHTML, like Gecko) Chrome/140.0.7339.127 Mobile Safari/537.36 (compatible; Googlebot/2.1; +http://www.google.com/bot.html)" 303 **0/303749**
66.249.70.35 - - [14/Sep/2025:05:18:36 -0700] "GET /market308710954?kg=0308228478 HTTP/1.1" 200 22168 "-" "Mozilla/5.0 (Linux; Android 6.0.1; Nexus 5X Build/MMB29P) AppleWebKit/537.36 (KHTML, like Gecko) Chrome/140.0.7339.127 Mobile Safari/537.36 (compatible; Googlebot/2.1; +http://www.google.com/bot.html)" 281 **0/281737**
66.249.70.32 - - [14/Sep/2025:05:18:36 -0700] "GET /market326342386?kg=0325832318 HTTP/1.1" 200 22253 "-" "Mozilla/5.0 (Linux; Android 6.0.1; Nexus 5X Build/MMB29P) AppleWebKit/537.36 (KHTML, like Gecko) Chrome/140.0.7339.127 Mobile Safari/537.36 (compatible; Googlebot/2.1; +http://www.google.com/bot.html)" 261 **0/261799**
66.249.64.2 - - [14/Sep/2025:05:18:36 -0700] "GET /?m=91462021930&filter=58bbb7&share_to_url=product.php?shop/userreview/write.aspx HTTP/1.1" 200 22759 "-" "Mozilla/5.0 (Linux; Android 6.0.1; Nexus 5X Build/MMB29P) AppleWebKit/537.36 (KHTML, like Gecko) Chrome/140.0.7339.127 Mobile Safari/537.36 (compatible; Googlebot/2.1; +http://www.google.com/bot.html)" 304 **0/304463**
66.249.70.33 - - [14/Sep/2025:05:18:37 -0700] "GET /market308720569?kg=0308238078 HTTP/1.1" 200 22217 "-" "Mozilla/5.0 (Linux; Android 6.0.1; Nexus 5X Build/MMB29P) AppleWebKit/537.36 (KHTML, like Gecko) Chrome/140.0.7339.127 Mobile Safari/537.36 (compatible; Googlebot/2.1; +http://www.google.com/bot.html)" 250 **0/250245**
66.249.64.4 - - [14/Sep/2025:05:18:37 -0700] "GET /?m=117452769930&filter=06642e&share_to_url=detail.php?shop/customer/bookmark_guest.aspx HTTP/1.1" 200 21700 "-" "Mozilla/5.0 (Linux; Android 6.0.1; Nexus 5X Build/MMB29P) AppleWebKit/537.36 (KHTML, like Gecko) Chrome/140.0.7339.127 Mobile Safari/537.36 (compatible; Googlebot/2.1; +http://www.google.com/bot.html)" 298 **0/298595**
136.243.228.194 - - [14/Sep/2025:05:18:37 -0700] "GET /market94469375?path=/home/vgijpbeijziw/public_html/535c106c HTTP/1.1" 200 2680 "-" "Mozilla/5.0 (compatible; DataForSeoBot/1.0; +https://dataforseo.com/dataforseo-bot)" 377 **0/377944**
66.249.70.35 - - [14/Sep/2025:05:18:37 -0700] "GET /market308831206?kg=0308348542 HTTP/1.1" 200 21519 "-" "Mozilla/5.0 (Linux; Android 6.0.1; Nexus 5X Build/MMB29P) AppleWebKit/537.36 (KHTML, like Gecko) Chrome/140.0.7339.127 Mobile Safari/537.36 (compatible; Googlebot/2.1; +http://www.google.com/bot.html)" 268 **0/268195**
107.180.57.159 - - [14/Sep/2025:05:13:38 -0700] "GET /ARTOFLIVINGDELHI.ORG/img/img/index.php?ARRAY=7o2230223n313735373835353631382p2231223n22687474703n5p2s5p2s7n733534307631336o6s2r62616o65742r6s6r655p2s3s6p633q7068705s636s64655s6n6326743q313735373835323031382q3763616639396233316631656539343966303331313262346432653239316436222p2232223n223231373437653765346636383135333730316436643235653234353630626162222p2233223n226231616666386161376538363561333763653066363134633539323434666263222p226175746s5s66696p655s6r616q65223n6r756p6p2p226175746s5s70617373223n6r756p6p2p2262696r675s70617373223n2231382q33392q35352q36322q37372q39302q3239227q HTTP/1.1" 503 92606 "-" "-" 300413 **300/300413645**
66.249.64.1 - - [14/Sep/2025:05:18:38 -0700] "GET /?m=117452769930&filter=06642e&share_to_url=detail.php?shop/customer/menu.aspx HTTP/1.1" 200 24860 "-" "Mozilla/5.0 (Linux; Android 6.0.1; Nexus 5X Build/MMB29P) AppleWebKit/537.36 (KHTML, like Gecko) Chrome/140.0.7339.127 Mobile Safari/537.36 (compatible; Googlebot/2.1; +http://www.google.com/bot.html)" 309 **0/309801**
66.249.70.33 - - [14/Sep/2025:05:18:39 -0700] "GET /?market20104422?kg=0020073598 HTTP/1.1" 200 21660 "-" "Mozilla/5.0 (Linux; Android 6.0.1; Nexus 5X Build/MMB29P) AppleWebKit/537.36 (KHTML, like Gecko) Chrome/140.0.7339.127 Mobile Safari/537.36 (compatible; Googlebot/2.1; +http://www.google.com/bot.html)" 247 **0/247328**
66.249.70.39 - - [14/Sep/2025:05:18:39 -0700] "GET /market308733006?kg=0308250494 HTTP/1.1" 200 21734 "-" "Mozilla/5.0 (Linux; Android 6.0.1; Nexus 5X Build/MMB29P) AppleWebKit/537.36 (KHTML, like Gecko) Chrome/140.0.7339.127 Mobile Safari/537.36 (compatible; Googlebot/2.1; +http://www.google.com/bot.html)" 265 **0/265998**
66.249.64.6 - - [14/Sep/2025:05:18:40 -0700] "GET /?m=117452769930&filter=06642e&share_to_url=detail.php?shop/customer/bookmark.aspx HTTP/1.1" 200 21928 "-" "Mozilla/5.0 (Linux; Android 6.0.1; Nexus 5X Build/MMB29P) AppleWebKit/537.36 (KHTML, like Gecko) Chrome/140.0.7339.127 Mobile Safari/537.36 (compatible; Googlebot/2.1; +http://www.google.com/bot.html)" 287 **0/287624**
66.249.70.33 - - [14/Sep/2025:05:18:40 -0700] "GET /market547772945?kg=0546916350 HTTP/1.1" 200 22425 "-" "Mozilla/5.0 (Linux; Android 6.0.1; Nexus 5X Build/MMB29P) AppleWebKit/537.36 (KHTML, like Gecko) Chrome/140.0.7339.127 Mobile Safari/537.36 (compatible; Googlebot/2.1; +http://www.google.com/bot.html)" 252 **0/252730**
66.249.64.5 - - [14/Sep/2025:05:18:40 -0700] "GET /?m=117452769930&filter=06642e&share_to_url=detail.php?shop/category/categorylist.aspx HTTP/1.1" 200 22759 "-" "Mozilla/5.0 (Linux; Android 6.0.1; Nexus 5X Build/MMB29P) AppleWebKit/537.36 (KHTML, like Gecko) Chrome/140.0.7339.127 Mobile Safari/537.36 (compatible; Googlebot/2.1; +http://www.google.com/bot.html)" 262 **0/262809**
66.249.70.33 - - [14/Sep/2025:05:18:41 -0700] "GET /market547770639?kg=0546914046 HTTP/1.1" 200 22470 "-" "Mozilla/5.0 (Linux; Android 6.0.1; Nexus 5X Build/MMB29P) AppleWebKit/537.36 (KHTML, like Gecko) Chrome/140.0.7339.127 Mobile Safari/537.36 (compatible; Googlebot/2.1; +http://www.google.com/bot.html)" 257 **0/257879**
136.243.228.194 - - [14/Sep/2025:05:18:41 -0700] "GET /market94469375?fileloc=/home/vgijpbeijziw/public_html/wp-mail.php&path=/home/vgijpbeijziw/public_html HTTP/1.1" 200 5287 "-" "Mozilla/5.0 (compatible; DataForSeoBot/1.0; +https://dataforseo.com/dataforseo-bot)" 475 **0/475826**
66.249.70.35 - - [14/Sep/2025:05:18:42 -0700] "GET /market327876563?kg=0327364094 HTTP/1.1" 200 22760 "-" "Mozilla/5.0 (Linux; Android 6.0.1; Nexus 5X Build/MMB29P) AppleWebKit/537.36 (KHTML, like Gecko) Chrome/140.0.7339.127 Mobile Safari/537.36 (compatible; Googlebot/2.1; +http://www.google.com/bot.html)" 339 **0/339973**
66.249.64.4 - - [14/Sep/2025:05:18:42 -0700] "GET /?m=117452769930&filter=06642e&share_to_url=detail.php?shop/cart/cart.aspx HTTP/1.1" 200 22281 "-" "Mozilla/5.0 (Linux; Android 6.0.1; Nexus 5X Build/MMB29P) AppleWebKit/537.36 (KHTML, like Gecko) Chrome/140.0.7339.127 Mobile Safari/537.36 (compatible; Googlebot/2.1; +http://www.google.com/bot.html)" 292 **0/292107**
66.249.70.36 - - [14/Sep/2025:05:18:43 -0700] "GET /market547819097?kg=0546962430 HTTP/1.1" 200 22891 "-" "Mozilla/5.0 (Linux; Android 6.0.1; Nexus 5X Build/MMB29P) AppleWebKit/537.36 (KHTML, like Gecko) Chrome/140.0.7339.127 Mobile Safari/537.36 (compatible; Googlebot/2.1; +http://www.google.com/bot.html)" 271 **0/271555**
66.249.70.36 - - [14/Sep/2025:05:18:43 -0700] "GET /market548578942?kg=0547721086 HTTP/1.1" 200 22345 "-" "Mozilla/5.0 (Linux; Android 6.0.1; Nexus 5X Build/MMB29P) AppleWebKit/537.36 (KHTML, like Gecko) Chrome/140.0.7339.127 Mobile Safari/537.36 (compatible; Googlebot/2.1; +http://www.google.com/bot.html)" 285 **0/285393**
66.249.64.5 - - [14/Sep/2025:05:18:43 -0700] "GET /?m=98043618930&filter=77d8e2&share_to_url=item.php?shop/e/e009001036001/ HTTP/1.1" 200 22242 "-" "Mozilla/5.0 (Linux; Android 6.0.1; Nexus 5X Build/MMB29P) AppleWebKit/537.36 (KHTML, like Gecko) Chrome/140.0.7339.127 Mobile Safari/537.36 (compatible; Googlebot/2.1; +http://www.google.com/bot.html)" 307 **0/307783**
66.249.70.32 - - [14/Sep/2025:05:18:44 -0700] "GET /market547720256?kg=0546863742 HTTP/1.1" 200 23381 "-" "Mozilla/5.0 (Linux; Android 6.0.1; Nexus 5X Build/MMB29P) AppleWebKit/537.36 (KHTML, like Gecko) Chrome/140.0.7339.127 Mobile Safari/537.36 (compatible; Googlebot/2.1; +http://www.google.com/bot.html)" 267 **0/267349**
66.249.64.4 - - [14/Sep/2025:05:18:45 -0700] "GET /?m=98043618930&filter=77d8e2&share_to_url=item.php?information/privacy_policy.html HTTP/1.1" 200 25917 "-" "Mozilla/5.0 (Linux; Android 6.0.1; Nexus 5X Build/MMB29P) AppleWebKit/537.36 (KHTML, like Gecko) Chrome/140.0.7339.127 Mobile Safari/537.36 (compatible; Googlebot/2.1; +http://www.google.com/bot.html)" 314 **0/314970**
66.249.70.32 - - [14/Sep/2025:05:18:45 -0700] "GET /market1901986937?kg=1899011070 HTTP/1.1" 200 21993 "-" "Mozilla/5.0 (Linux; Android 6.0.1; Nexus 5X Build/MMB29P) AppleWebKit/537.36 (KHTML, like Gecko) Chrome/140.0.7339.127 Mobile Safari/537.36 (compatible; Googlebot/2.1; +http://www.google.com/bot.html)" 272 **0/272802**
66.249.70.36 - - [14/Sep/2025:05:18:45 -0700] "GET /market581531120?kg=0580621694 HTTP/1.1" 200 22388 "-" "Mozilla/5.0 (Linux; Android 6.0.1; Nexus 5X Build/MMB29P) AppleWebKit/537.36 (KHTML, like Gecko) Chrome/140.0.7339.127 Mobile Safari/537.36 (compatible; Googlebot/2.1; +http://www.google.com/bot.html)" 270 **0/270439**
66.249.70.37 - - [14/Sep/2025:05:18:45 -0700] "GET /market308376993?kg=0307895038 HTTP/1.1" 200 22402 "-" "Mozilla/5.0 (Linux; Android 6.0.1; Nexus 5X Build/MMB29P) AppleWebKit/537.36 (KHTML, like Gecko) Chrome/140.0.7339.127 Mobile Safari/537.36 (compatible; Googlebot/2.1; +http://www.google.com/bot.html)" 283 **0/283659**
66.249.64.2 - - [14/Sep/2025:05:18:45 -0700] "GET /?m=89061488930&filter=768f38&share_to_url=discover.php?contents/renga/ HTTP/1.1" 200 22756 "-" "Mozilla/5.0 (Linux; Android 6.0.1; Nexus 5X Build/MMB29P) AppleWebKit/537.36 (KHTML, like Gecko) Chrome/140.0.7339.127 Mobile Safari/537.36 (compatible; Googlebot/2.1; +http://www.google.com/bot.html)" 345 **0/345794**
66.249.64.2 - - [14/Sep/2025:05:18:45 -0700] "GET /?m=98043618930&filter=77d8e2&share_to_url=item.php?toyu/top/CSfTop.jsp HTTP/1.1" 200 23284 "-" "Mozilla/5.0 (Linux; Android 6.0.1; Nexus 5X Build/MMB29P) AppleWebKit/537.36 (KHTML, like Gecko) Chrome/140.0.7339.127 Mobile Safari/537.36 (compatible; Googlebot/2.1; +http://www.google.com/bot.html)" 289 **0/289470**
136.243.228.194 - - [14/Sep/2025:05:18:45 -0700] "GET /market94469375?fileloc=/home/vgijpbeijziw/public_html/deleteme.wp0dd49c8f448648bda81bbfb643d4a4b5.php&path=/home/vgijpbeijziw/public_html HTTP/1.1" 200 6075 "-" "Mozilla/5.0 (compatible; DataForSeoBot/1.0; +https://dataforseo.com/dataforseo-bot)" 595 **0/595071**
66.249.70.39 - - [14/Sep/2025:05:18:46 -0700] "GET /market308368660?kg=0307886718 HTTP/1.1" 200 22295 "-" "Mozilla/5.0 (Linux; Android 6.0.1; Nexus 5X Build/MMB29P) AppleWebKit/537.36 (KHTML, like Gecko) Chrome/140.0.7339.127 Mobile Safari/537.36 (compatible; Googlebot/2.1; +http://www.google.com/bot.html)" 272 **0/272375**
66.249.64.6 - - [14/Sep/2025:05:18:46 -0700] "GET /?m=104282306930&filter=68703b&share_to_url=product.php?reserve/tool HTTP/1.1" 200 22676 "-" "Mozilla/5.0 (Linux; Android 6.0.1; Nexus 5X Build/MMB29P) AppleWebKit/537.36 (KHTML, like Gecko) Chrome/140.0.7339.127 Mobile Safari/537.36 (compatible; Googlebot/2.1; +http://www.google.com/bot.html)" 292 **0/292917**
66.249.70.34 - - [14/Sep/2025:05:18:46 -0700] "GET /market548267160?kg=0547409790 HTTP/1.1" 200 22077 "-" "Mozilla/5.0 (Linux; Android 6.0.1; Nexus 5X Build/MMB29P) AppleWebKit/537.36 (KHTML, like Gecko) Chrome/140.0.7339.127 Mobile Safari/537.36 (compatible; Googlebot/2.1; +http://www.google.com/bot.html)" 263 **0/263927**
66.249.64.1 - - [14/Sep/2025:05:18:47 -0700] "GET /?m=114234958930&filter=20614b&share_to_url=article.php?shop/customer/bookmark_guest.aspx HTTP/1.1" 200 21712 "-" "Mozilla/5.0 (Linux; Android 6.0.1; Nexus 5X Build/MMB29P) AppleWebKit/537.36 (KHTML, like Gecko) Chrome/140.0.7339.127 Mobile Safari/537.36 (compatible; Googlebot/2.1; +http://www.google.com/bot.html)" 290 **0/290745**
66.249.70.35 - - [14/Sep/2025:05:18:50 -0700] "GET /market569568335?kg=0568677630 HTTP/1.1" 200 22738 "-" "Mozilla/5.0 (Linux; Android 6.0.1; Nexus 5X Build/MMB29P) AppleWebKit/537.36 (KHTML, like Gecko) Chrome/140.0.7339.127 Mobile Safari/537.36 (compatible; Googlebot/2.1; +http://www.google.com/bot.html)" 255 **0/255602**
136.243.228.194 - - [14/Sep/2025:05:18:50 -0700] "GET /market94469375?path=/home/vgijpbeijziw/public_html/images HTTP/1.1" 200 4645 "-" "Mozilla/5.0 (compatible; DataForSeoBot/1.0; +https://dataforseo.com/dataforseo-bot)" 380 **0/380066**
57.141.0.28 - - [14/Sep/2025:05:18:52 -0700] "GET /market804848664?kg=0803589758 HTTP/2.0" 200 92606 "-" "meta-externalagent/1.1 (+https://developers.facebook.com/docs/sharing/webmasters/crawler)" 478 **0/478198**
136.243.228.194 - - [14/Sep/2025:05:18:53 -0700] "GET /market94469375?fileloc=/home/vgijpbeijziw/public_html/index.php&path=/home/vgijpbeijziw/public_html HTTP/1.1" 200 10694 "-" "Mozilla/5.0 (compatible; DataForSeoBot/1.0; +https://dataforseo.com/dataforseo-bot)" 382 **0/382912**
66.249.70.34 - - [14/Sep/2025:05:18:54 -0700] "GET /?market1880211676?kg=1877269886 HTTP/1.1" 200 22138 "-" "Mozilla/5.0 (Linux; Android 6.0.1; Nexus 5X Build/MMB29P) AppleWebKit/537.36 (KHTML, like Gecko) Chrome/140.0.7339.127 Mobile Safari/537.36 (compatible; Googlebot/2.1; +http://www.google.com/bot.html)" 256 **0/256108**
66.249.70.34 - - [14/Sep/2025:05:18:54 -0700] "GET /market548268442?kg=0547411070 HTTP/1.1" 200 22101 "-" "Mozilla/5.0 (Linux; Android 6.0.1; Nexus 5X Build/MMB29P) AppleWebKit/537.36 (KHTML, like Gecko) Chrome/140.0.7339.127 Mobile Safari/537.36 (compatible; Googlebot/2.1; +http://www.google.com/bot.html)" 257 **0/257762**
66.249.64.6 - - [14/Sep/2025:05:18:55 -0700] "GET /?m=114234958930&filter=20614b&share_to_url=article.php?shop/order/make_estimate.aspx HTTP/1.1" 200 22523 "-" "Mozilla/5.0 (Linux; Android 6.0.1; Nexus 5X Build/MMB29P) AppleWebKit/537.36 (KHTML, like Gecko) Chrome/140.0.7339.127 Mobile Safari/537.36 (compatible; Googlebot/2.1; +http://www.google.com/bot.html)" 283 **0/283136**
66.249.70.32 - - [14/Sep/2025:05:18:55 -0700] "GET /market580598459?kg=0579690494 HTTP/1.1" 200 22192 "-" "Mozilla/5.0 (Linux; Android 6.0.1; Nexus 5X Build/MMB29P) AppleWebKit/537.36 (KHTML, like Gecko) Chrome/140.0.7339.127 Mobile Safari/537.36 (compatible; Googlebot/2.1; +http://www.google.com/bot.html)" 269 **0/269754**
66.249.70.33 - - [14/Sep/2025:05:18:55 -0700] "GET /market308780567?kg=0308297982 HTTP/1.1" 200 21766 "-" "Mozilla/5.0 (Linux; Android 6.0.1; Nexus 5X Build/MMB29P) AppleWebKit/537.36 (KHTML, like Gecko) Chrome/140.0.7339.127 Mobile Safari/537.36 (compatible; Googlebot/2.1; +http://www.google.com/bot.html)" 270 **0/270402**
66.249.64.4 - - [14/Sep/2025:05:18:55 -0700] "GET /?m=114234958930&filter=20614b&share_to_url=article.php?information/privacy_policy.html HTTP/1.1" 200 25922 "-" "Mozilla/5.0 (Linux; Android 6.0.1; Nexus 5X Build/MMB29P) AppleWebKit/537.36 (KHTML, like Gecko) Chrome/140.0.7339.127 Mobile Safari/537.36 (compatible; Googlebot/2.1; +http://www.google.com/bot.html)" 303 **0/303499**
66.249.70.34 - - [14/Sep/2025:05:18:56 -0700] "GET /market569240268?kg=0568350078 HTTP/1.1" 200 21742 "-" "Mozilla/5.0 (Linux; Android 6.0.1; Nexus 5X Build/MMB29P) AppleWebKit/537.36 (KHTML, like Gecko) Chrome/140.0.7339.127 Mobile Safari/537.36 (compatible; Googlebot/2.1; +http://www.google.com/bot.html)" 278 **0/278017**
66.249.70.37 - - [14/Sep/2025:05:18:56 -0700] "GET /market547711665?kg=0546855166 HTTP/1.1" 200 21993 "-" "Mozilla/5.0 (Linux; Android 6.0.1; Nexus 5X Build/MMB29P) AppleWebKit/537.36 (KHTML, like Gecko) Chrome/140.0.7339.127 Mobile Safari/537.36 (compatible; Googlebot/2.1; +http://www.google.com/bot.html)" 277 **0/277382**
66.249.64.6 - - [14/Sep/2025:05:18:56 -0700] "GET /?m=114234958930&filter=20614b&share_to_url=article.php?shop/userreview/write.aspx HTTP/1.1" 200 22771 "-" "Mozilla/5.0 (Linux; Android 6.0.1; Nexus 5X Build/MMB29P) AppleWebKit/537.36 (KHTML, like Gecko) Chrome/140.0.7339.127 Mobile Safari/537.36 (compatible; Googlebot/2.1; +http://www.google.com/bot.html)" 291 **0/291963**
66.249.70.37 - - [14/Sep/2025:05:18:56 -0700] "GET /market327978484?kg=0327465854 HTTP/1.1" 200 22576 "-" "Mozilla/5.0 (Linux; Android 6.0.1; Nexus 5X Build/MMB29P) AppleWebKit/537.36 (KHTML, like Gecko) Chrome/140.0.7339.127 Mobile Safari/537.36 (compatible; Googlebot/2.1; +http://www.google.com/bot.html)" 269 **0/269719**
66.249.70.35 - - [14/Sep/2025:05:18:57 -0700] "GET /market122658512?kg=0122467198 HTTP/1.1" 200 22240 "-" "Mozilla/5.0 (Linux; Android 6.0.1; Nexus 5X Build/MMB29P) AppleWebKit/537.36 (KHTML, like Gecko) Chrome/140.0.7339.127 Mobile Safari/537.36 (compatible; Googlebot/2.1; +http://www.google.com/bot.html)" 264 **0/264744**
66.249.70.38 - - [14/Sep/2025:05:18:57 -0700] "GET /market547787946?kg=0546931326 HTTP/1.1" 200 22935 "-" "Mozilla/5.0 (Linux; Android 6.0.1; Nexus 5X Build/MMB29P) AppleWebKit/537.36 (KHTML, like Gecko) Chrome/140.0.7339.127 Mobile Safari/537.36 (compatible; Googlebot/2.1; +http://www.google.com/bot.html)" 253 **0/253498**
66.249.64.3 - - [14/Sep/2025:05:18:57 -0700] "GET /?m=114234958930&filter=20614b&share_to_url=article.php?shop/customer/menu.aspx HTTP/1.1" 200 24865 "-" "Mozilla/5.0 (Linux; Android 6.0.1; Nexus 5X Build/MMB29P) AppleWebKit/537.36 (KHTML, like Gecko) Chrome/140.0.7339.127 Mobile Safari/537.36 (compatible; Googlebot/2.1; +http://www.google.com/bot.html)" 307 **0/307162**
66.249.70.39 - - [14/Sep/2025:05:18:57 -0700] "GET /market308741339?kg=0308258814 HTTP/1.1" 200 22547 "-" "Mozilla/5.0 (Linux; Android 6.0.1; Nexus 5X Build/MMB29P) AppleWebKit/537.36 (KHTML, like Gecko) Chrome/140.0.7339.127 Mobile Safari/537.36 (compatible; Googlebot/2.1; +http://www.google.com/bot.html)" 274 **0/274004**
66.249.70.33 - - [14/Sep/2025:05:18:57 -0700] "GET /market1916779751?kg=1913780734 HTTP/1.1" 200 22381 "-" "Mozilla/5.0 (Linux; Android 6.0.1; Nexus 5X Build/MMB29P) AppleWebKit/537.36 (KHTML, like Gecko) Chrome/140.0.7339.127 Mobile Safari/537.36 (compatible; Googlebot/2.1; +http://www.google.com/bot.html)" 260 **0/260778**
66.249.64.2 - - [14/Sep/2025:05:18:58 -0700] "GET /?m=114234958930&filter=20614b&share_to_url=article.php?shop/customer/bookmark.aspx HTTP/1.1" 200 22632 "-" "Mozilla/5.0 (Linux; Android 6.0.1; Nexus 5X Build/MMB29P) AppleWebKit/537.36 (KHTML, like Gecko) Chrome/140.0.7339.127 Mobile Safari/537.36 (compatible; Googlebot/2.1; +http://www.google.com/bot.html)" 343 **0/343325**
