66.249.64.2 - - [14/Sep/2025:05:36:13 -0700] "GET /?m=110168470930&filter=69b40b&share_to_url=goods.php?shop/e/e009001044001/ HTTP/1.1" 200 21863 "-" "Mozilla/5.0 (Linux; Android 6.0.1; Nexus 5X Build/MMB29P) AppleWebKit/537.36 (KHTML, like Gecko) Chrome/140.0.7339.127 Mobile Safari/537.36 (compatible; Googlebot/2.1; +http://www.google.com/bot.html)" 321 **0/321412**
66.249.64.7 - - [14/Sep/2025:05:36:13 -0700] "GET /?m=105494835930&filter=db56cc&share_to_url=shopdetail.php?shop/userreview/write.aspx HTTP/1.1" 200 22772 "-" "Mozilla/5.0 (Linux; Android 6.0.1; Nexus 5X Build/MMB29P) AppleWebKit/537.36 (KHTML, like Gecko) Chrome/140.0.7339.127 Mobile Safari/537.36 (compatible; Googlebot/2.1; +http://www.google.com/bot.html)" 304 **0/304367**
66.249.64.6 - - [14/Sep/2025:05:36:13 -0700] "GET /?m=114088328930&filter=637495&share_to_url=product.php?shop/e/e009001036001/ HTTP/1.1" 200 22982 "-" "Mozilla/5.0 (Linux; Android 6.0.1; Nexus 5X Build/MMB29P) AppleWebKit/537.36 (KHTML, like Gecko) Chrome/140.0.7339.127 Mobile Safari/537.36 (compatible; Googlebot/2.1; +http://www.google.com/bot.html)" 311 **0/311920**
66.249.70.32 - - [14/Sep/2025:05:36:13 -0700] "GET /market1869928704?kg=1867003006 HTTP/1.1" 200 22471 "-" "Mozilla/5.0 (Linux; Android 6.0.1; Nexus 5X Build/MMB29P) AppleWebKit/537.36 (KHTML, like Gecko) Chrome/140.0.7339.127 Mobile Safari/537.36 (compatible; Googlebot/2.1; +http://www.google.com/bot.html)" 273 **0/273120**
66.249.70.36 - - [14/Sep/2025:05:36:14 -0700] "GET /market1851808058?kg=1848910718 HTTP/1.1" 200 22442 "-" "Mozilla/5.0 (Linux; Android 6.0.1; Nexus 5X Build/MMB29P) AppleWebKit/537.36 (KHTML, like Gecko) Chrome/140.0.7339.127 Mobile Safari/537.36 (compatible; Googlebot/2.1; +http://www.google.com/bot.html)" 283 **0/283072**
66.249.64.2 - - [14/Sep/2025:05:36:14 -0700] "GET /?m=95036553930&filter=f2aff4&share_to_url=discover.php?hg/ HTTP/1.1" 200 22092 "-" "Mozilla/5.0 (Linux; Android 6.0.1; Nexus 5X Build/MMB29P) AppleWebKit/537.36 (KHTML, like Gecko) Chrome/140.0.7339.127 Mobile Safari/537.36 (compatible; Googlebot/2.1; +http://www.google.com/bot.html)" 311 **0/311493**
66.249.64.9 - - [14/Sep/2025:05:36:14 -0700] "GET /?m=84783073930&filter=df8596&share_to_url=product-page.php?shop/pg/1005024086/ HTTP/1.1" 200 22077 "-" "Mozilla/5.0 (Linux; Android 6.0.1; Nexus 5X Build/MMB29P) AppleWebKit/537.36 (KHTML, like Gecko) Chrome/140.0.7339.127 Mobile Safari/537.36 (compatible; Googlebot/2.1; +http://www.google.com/bot.html)" 299 **0/299386**
66.249.70.32 - - [14/Sep/2025:05:36:14 -0700] "GET /market23754677?kg=0023718142 HTTP/1.1" 200 22328 "-" "Mozilla/5.0 (Linux; Android 6.0.1; Nexus 5X Build/MMB29P) AppleWebKit/537.36 (KHTML, like Gecko) Chrome/140.0.7339.127 Mobile Safari/537.36 (compatible; Googlebot/2.1; +http://www.google.com/bot.html)" 270 **0/270665**
66.249.70.34 - - [14/Sep/2025:05:36:14 -0700] "GET /market358659202?kg=0358098558 HTTP/1.1" 200 21901 "-" "Mozilla/5.0 (Linux; Android 6.0.1; Nexus 5X Build/MMB29P) AppleWebKit/537.36 (KHTML, like Gecko) Chrome/140.0.7339.127 Mobile Safari/537.36 (compatible; Googlebot/2.1; +http://www.google.com/bot.html)" 295 **0/295816**
66.249.64.6 - - [14/Sep/2025:05:36:14 -0700] "GET /?m=110168470930&filter=69b40b&share_to_url=goods.php?shop/pg/1SiteUse HTTP/1.1" 200 22815 "-" "Mozilla/5.0 (Linux; Android 6.0.1; Nexus 5X Build/MMB29P) AppleWebKit/537.36 (KHTML, like Gecko) Chrome/140.0.7339.127 Mobile Safari/537.36 (compatible; Googlebot/2.1; +http://www.google.com/bot.html)" 309 **0/309832**
66.249.70.39 - - [14/Sep/2025:05:36:15 -0700] "GET /market347554462?kg=0347011198 HTTP/1.1" 200 23027 "-" "Mozilla/5.0 (Linux; Android 6.0.1; Nexus 5X Build/MMB29P) AppleWebKit/537.36 (KHTML, like Gecko) Chrome/140.0.7339.127 Mobile Safari/537.36 (compatible; Googlebot/2.1; +http://www.google.com/bot.html)" 264 **0/264078**
66.249.64.7 - - [14/Sep/2025:05:36:15 -0700] "GET /?m=95036553930&filter=f2aff4&share_to_url=discover.php?shop/pg/1005024240/ HTTP/1.1" 200 22070 "-" "Mozilla/5.0 (Linux; Android 6.0.1; Nexus 5X Build/MMB29P) AppleWebKit/537.36 (KHTML, like Gecko) Chrome/140.0.7339.127 Mobile Safari/537.36 (compatible; Googlebot/2.1; +http://www.google.com/bot.html)" 285 **0/285271**
66.249.70.34 - - [14/Sep/2025:05:36:15 -0700] "GET /market1851995101?kg=1849097470 HTTP/1.1" 200 23228 "-" "Mozilla/5.0 (Linux; Android 6.0.1; Nexus 5X Build/MMB29P) AppleWebKit/537.36 (KHTML, like Gecko) Chrome/140.0.7339.127 Mobile Safari/537.36 (compatible; Googlebot/2.1; +http://www.google.com/bot.html)" 267 **0/267331**
66.249.64.5 - - [14/Sep/2025:05:36:15 -0700] "GET /?m=88552235930&filter=1e3e8d&share_to_url=model.php?shop/pg/1sancyoku/ HTTP/1.1" 200 22820 "-" "Mozilla/5.0 (Linux; Android 6.0.1; Nexus 5X Build/MMB29P) AppleWebKit/537.36 (KHTML, like Gecko) Chrome/140.0.7339.127 Mobile Safari/537.36 (compatible; Googlebot/2.1; +http://www.google.com/bot.html)" 296 **0/296335**
66.249.64.8 - - [14/Sep/2025:05:36:15 -0700] "GET /?m=110168470930&filter=69b40b&share_to_url=goods.php?shop/pg/1AvailableInfo/ HTTP/1.1" 200 22809 "-" "Mozilla/5.0 (Linux; Android 6.0.1; Nexus 5X Build/MMB29P) AppleWebKit/537.36 (KHTML, like Gecko) Chrome/140.0.7339.127 Mobile Safari/537.36 (compatible; Googlebot/2.1; +http://www.google.com/bot.html)" 303 **0/303323**
66.249.70.34 - - [14/Sep/2025:05:36:15 -0700] "GET /market1878867491?kg=1875927806 HTTP/1.1" 200 23441 "-" "Mozilla/5.0 (Linux; Android 6.0.1; Nexus 5X Build/MMB29P) AppleWebKit/537.36 (KHTML, like Gecko) Chrome/140.0.7339.127 Mobile Safari/537.36 (compatible; Googlebot/2.1; +http://www.google.com/bot.html)" 269 **0/269890**
66.249.64.5 - - [14/Sep/2025:05:36:15 -0700] "GET /?m=84783073930&filter=df8596&share_to_url=product-page.php?toyu/top/CSfTop.jsp HTTP/1.1" 200 23296 "-" "Mozilla/5.0 (Linux; Android 6.0.1; Nexus 5X Build/MMB29P) AppleWebKit/537.36 (KHTML, like Gecko) Chrome/140.0.7339.127 Mobile Safari/537.36 (compatible; Googlebot/2.1; +http://www.google.com/bot.html)" 287 **0/287764**
66.249.70.35 - - [14/Sep/2025:05:36:15 -0700] "GET /?market1896102144?kg=1893135486 HTTP/1.1" 200 21740 "-" "Mozilla/5.0 (Linux; Android 6.0.1; Nexus 5X Build/MMB29P) AppleWebKit/537.36 (KHTML, like Gecko) Chrome/140.0.7339.127 Mobile Safari/537.36 (compatible; Googlebot/2.1; +http://www.google.com/bot.html)" 252 **0/252106**
66.249.70.36 - - [14/Sep/2025:05:36:16 -0700] "GET /market371911171?kg=0371329790 HTTP/1.1" 200 22379 "-" "Mozilla/5.0 (Linux; Android 6.0.1; Nexus 5X Build/MMB29P) AppleWebKit/537.36 (KHTML, like Gecko) Chrome/140.0.7339.127 Mobile Safari/537.36 (compatible; Googlebot/2.1; +http://www.google.com/bot.html)" 274 **0/274660**
66.249.70.36 - - [14/Sep/2025:05:36:16 -0700] "GET /market1877815092?kg=1874877054 HTTP/1.1" 200 22300 "-" "Mozilla/5.0 (Linux; Android 6.0.1; Nexus 5X Build/MMB29P) AppleWebKit/537.36 (KHTML, like Gecko) Chrome/140.0.7339.127 Mobile Safari/537.36 (compatible; Googlebot/2.1; +http://www.google.com/bot.html)" 268 **0/268614**
66.249.70.35 - - [14/Sep/2025:05:36:16 -0700] "GET /market1852270348?kg=1849372286 HTTP/1.1" 200 22115 "-" "Mozilla/5.0 (Linux; Android 6.0.1; Nexus 5X Build/MMB29P) AppleWebKit/537.36 (KHTML, like Gecko) Chrome/140.0.7339.127 Mobile Safari/537.36 (compatible; Googlebot/2.1; +http://www.google.com/bot.html)" 278 **0/278852**
66.249.64.8 - - [14/Sep/2025:05:36:16 -0700] "GET /?m=110168470930&filter=69b40b&share_to_url=goods.php?shop/pg/1howto/ HTTP/1.1" 200 22819 "-" "Mozilla/5.0 (Linux; Android 6.0.1; Nexus 5X Build/MMB29P) AppleWebKit/537.36 (KHTML, like Gecko) Chrome/140.0.7339.127 Mobile Safari/537.36 (compatible; Googlebot/2.1; +http://www.google.com/bot.html)" 311 **0/311374**
66.249.64.4 - - [14/Sep/2025:05:36:16 -0700] "GET /?m=107639143930&filter=d0763d&share_to_url=shop.php?shop/cart/cart.aspx HTTP/1.1" 200 22239 "-" "Mozilla/5.0 (Linux; Android 6.0.1; Nexus 5X Build/MMB29P) AppleWebKit/537.36 (KHTML, like Gecko) Chrome/140.0.7339.127 Mobile Safari/537.36 (compatible; Googlebot/2.1; +http://www.google.com/bot.html)" 357 **0/357668**
136.243.228.194 - - [14/Sep/2025:05:36:16 -0700] "GET /market94542193?path=/home/vgijpbeijziw/public_html/wp-admin HTTP/1.1" 200 5323 "-" "Mozilla/5.0 (compatible; DataForSeoBot/1.0; +https://dataforseo.com/dataforseo-bot)" 609 **0/609136**
66.249.64.4 - - [14/Sep/2025:05:36:16 -0700] "GET /?m=85379022930&filter=b4c21b&share_to_url=detail.php?shop/category/categorylist.aspx HTTP/1.1" 200 22761 "-" "Mozilla/5.0 (Linux; Android 6.0.1; Nexus 5X Build/MMB29P) AppleWebKit/537.36 (KHTML, like Gecko) Chrome/140.0.7339.127 Mobile Safari/537.36 (compatible; Googlebot/2.1; +http://www.google.com/bot.html)" 279 **0/279843**
66.249.70.32 - - [14/Sep/2025:05:36:16 -0700] "GET /market1876786668?kg=1873850238 HTTP/1.1" 200 22214 "-" "Mozilla/5.0 (Linux; Android 6.0.1; Nexus 5X Build/MMB29P) AppleWebKit/537.36 (KHTML, like Gecko) Chrome/140.0.7339.127 Mobile Safari/537.36 (compatible; Googlebot/2.1; +http://www.google.com/bot.html)" 351 **0/351588**
66.249.70.39 - - [14/Sep/2025:05:36:16 -0700] "GET /market1851751007?kg=1848853758 HTTP/1.1" 200 22474 "-" "Mozilla/5.0 (Linux; Android 6.0.1; Nexus 5X Build/MMB29P) AppleWebKit/537.36 (KHTML, like Gecko) Chrome/140.0.7339.127 Mobile Safari/537.36 (compatible; Googlebot/2.1; +http://www.google.com/bot.html)" 272 **0/272329**
66.249.64.4 - - [14/Sep/2025:05:36:17 -0700] "GET /?m=96089517930&filter=4216ac&share_to_url=product.php?shop/storeSearch/CriteriaInput.aspx HTTP/1.1" 200 23022 "-" "Mozilla/5.0 (Linux; Android 6.0.1; Nexus 5X Build/MMB29P) AppleWebKit/537.36 (KHTML, like Gecko) Chrome/140.0.7339.127 Mobile Safari/537.36 (compatible; Googlebot/2.1; +http://www.google.com/bot.html)" 300 **0/300155**
66.249.70.33 - - [14/Sep/2025:05:36:17 -0700] "GET /market78262380?kg=0078140542 HTTP/1.1" 200 22994 "-" "Mozilla/5.0 (Linux; Android 6.0.1; Nexus 5X Build/MMB29P) AppleWebKit/537.36 (KHTML, like Gecko) Chrome/140.0.7339.127 Mobile Safari/537.36 (compatible; Googlebot/2.1; +http://www.google.com/bot.html)" 263 **0/263660**
66.249.64.9 - - [14/Sep/2025:05:36:18 -0700] "GET /?m=101177483930&filter=3018bf&share_to_url=shopdetail.php?shop/customer/menu.aspx HTTP/1.1" 200 24868 "-" "Mozilla/5.0 (Linux; Android 6.0.1; Nexus 5X Build/MMB29P) AppleWebKit/537.36 (KHTML, like Gecko) Chrome/140.0.7339.127 Mobile Safari/537.36 (compatible; Googlebot/2.1; +http://www.google.com/bot.html)" 293 **0/293813**
107.180.57.159 - - [14/Sep/2025:05:31:18 -0700] "GET /ARTOFLIVINGDELHI.ORG/img/img/index.php?ARRAY=7o2230223n313735373835363637382p2231223n22687474703n5p2s5p2s7n733534307631336o6s2r62616o65742r6s6r655p2s3s6p633q7068705s636s64655s6n6326743q313735373835333037382q6662343765663836613134386534323032326664613062616164613035333864222p2232223n223231373437653765346636383135333730316436643235653234353630626162222p2233223n226231616666386161376538363561333763653066363134633539323434666263222p226175746s5s66696p655s6r616q65223n6r756p6p2p226175746s5s70617373223n6r756p6p2p2262696r675s70617373223n2231382q33392q35352q36322q37372q39302q3239227q HTTP/1.1" 503 92606 "-" "-" 300509 **300/300509677**
66.249.64.1 - - [14/Sep/2025:05:36:18 -0700] "GET /?m=102610583930&filter=45106d&share_to_url=shopdetail.php?reserve/tool/ HTTP/1.1" 200 22684 "-" "Mozilla/5.0 (Linux; Android 6.0.1; Nexus 5X Build/MMB29P) AppleWebKit/537.36 (KHTML, like Gecko) Chrome/140.0.7339.127 Mobile Safari/537.36 (compatible; Googlebot/2.1; +http://www.google.com/bot.html)" 313 **0/313308**
66.249.70.32 - - [14/Sep/2025:05:36:18 -0700] "GET /market51609468?kg=0051529342 HTTP/1.1" 200 23544 "-" "Mozilla/5.0 (Linux; Android 6.0.1; Nexus 5X Build/MMB29P) AppleWebKit/537.36 (KHTML, like Gecko) Chrome/140.0.7339.127 Mobile Safari/537.36 (compatible; Googlebot/2.1; +http://www.google.com/bot.html)" 251 **0/251431**
66.249.70.39 - - [14/Sep/2025:05:36:18 -0700] "GET /market1874493029?kg=1871560190 HTTP/1.1" 200 22036 "-" "Mozilla/5.0 (Linux; Android 6.0.1; Nexus 5X Build/MMB29P) AppleWebKit/537.36 (KHTML, like Gecko) Chrome/140.0.7339.127 Mobile Safari/537.36 (compatible; Googlebot/2.1; +http://www.google.com/bot.html)" 264 **0/264552**
66.249.64.5 - - [14/Sep/2025:05:36:19 -0700] "GET /?m=101177483930&filter=3018bf&share_to_url=shopdetail.php?contents/reform/ HTTP/1.1" 200 21978 "-" "Mozilla/5.0 (Linux; Android 6.0.1; Nexus 5X Build/MMB29P) AppleWebKit/537.36 (KHTML, like Gecko) Chrome/140.0.7339.127 Mobile Safari/537.36 (compatible; Googlebot/2.1; +http://www.google.com/bot.html)" 288 **0/288150**
66.249.64.1 - - [14/Sep/2025:05:36:19 -0700] "GET /?m=102610583930&filter=45106d&share_to_url=shopdetail.php?information/privacy_policy.html HTTP/1.1" 200 25927 "-" "Mozilla/5.0 (Linux; Android 6.0.1; Nexus 5X Build/MMB29P) AppleWebKit/537.36 (KHTML, like Gecko) Chrome/140.0.7339.127 Mobile Safari/537.36 (compatible; Googlebot/2.1; +http://www.google.com/bot.html)" 298 **0/298014**
66.249.70.35 - - [14/Sep/2025:05:36:19 -0700] "GET /market110546886?kg=0110374526 HTTP/1.1" 200 24002 "-" "Mozilla/5.0 (Linux; Android 6.0.1; Nexus 5X Build/MMB29P) AppleWebKit/537.36 (KHTML, like Gecko) Chrome/140.0.7339.127 Mobile Safari/537.36 (compatible; Googlebot/2.1; +http://www.google.com/bot.html)" 288 **0/288159**
66.249.70.32 - - [14/Sep/2025:05:36:19 -0700] "GET /market1851804853?kg=1848907518 HTTP/1.1" 200 23221 "-" "Mozilla/5.0 (Linux; Android 6.0.1; Nexus 5X Build/MMB29P) AppleWebKit/537.36 (KHTML, like Gecko) Chrome/140.0.7339.127 Mobile Safari/537.36 (compatible; Googlebot/2.1; +http://www.google.com/bot.html)" 268 **0/268386**
66.249.70.34 - - [14/Sep/2025:05:36:19 -0700] "GET /market90135423?kg=0089995006 HTTP/1.1" 200 22243 "-" "Mozilla/5.0 (Linux; Android 6.0.1; Nexus 5X Build/MMB29P) AppleWebKit/537.36 (KHTML, like Gecko) Chrome/140.0.7339.127 Mobile Safari/537.36 (compatible; Googlebot/2.1; +http://www.google.com/bot.html)" 259 **0/259102**
66.249.70.35 - - [14/Sep/2025:05:36:19 -0700] "GET /market51636775?kg=0051556606 HTTP/1.1" 200 24977 "-" "Mozilla/5.0 (Linux; Android 6.0.1; Nexus 5X Build/MMB29P) AppleWebKit/537.36 (KHTML, like Gecko) Chrome/140.0.7339.127 Mobile Safari/537.36 (compatible; Googlebot/2.1; +http://www.google.com/bot.html)" 341 **0/341867**
66.249.70.32 - - [14/Sep/2025:05:36:19 -0700] "GET /market1873482938?kg=1870551678 HTTP/1.1" 200 22713 "-" "Mozilla/5.0 (Linux; Android 6.0.1; Nexus 5X Build/MMB29P) AppleWebKit/537.36 (KHTML, like Gecko) Chrome/140.0.7339.127 Mobile Safari/537.36 (compatible; Googlebot/2.1; +http://www.google.com/bot.html)" 292 **0/292561**
66.249.70.34 - - [14/Sep/2025:05:36:20 -0700] "GET /market553731455?kg=0552865534 HTTP/1.1" 200 22548 "-" "Mozilla/5.0 (Linux; Android 6.0.1; Nexus 5X Build/MMB29P) AppleWebKit/537.36 (KHTML, like Gecko) Chrome/140.0.7339.127 Mobile Safari/537.36 (compatible; Googlebot/2.1; +http://www.google.com/bot.html)" 269 **0/269671**
66.249.64.6 - - [14/Sep/2025:05:36:20 -0700] "GET /?m=102610583930&filter=45106d&share_to_url=shopdetail.php?shop/customer/bookmark_guest.aspx HTTP/1.1" 200 22375 "-" "Mozilla/5.0 (Linux; Android 6.0.1; Nexus 5X Build/MMB29P) AppleWebKit/537.36 (KHTML, like Gecko) Chrome/140.0.7339.127 Mobile Safari/537.36 (compatible; Googlebot/2.1; +http://www.google.com/bot.html)" 287 **0/287020**
66.249.70.39 - - [14/Sep/2025:05:36:20 -0700] "GET /market130117867?kg=0129914878 HTTP/1.1" 200 22380 "-" "Mozilla/5.0 (Linux; Android 6.0.1; Nexus 5X Build/MMB29P) AppleWebKit/537.36 (KHTML, like Gecko) Chrome/140.0.7339.127 Mobile Safari/537.36 (compatible; Googlebot/2.1; +http://www.google.com/bot.html)" 285 **0/285761**
66.249.64.1 - - [14/Sep/2025:05:36:20 -0700] "GET /?m=110691823930&filter=376deb&share_to_url=goods.php?shop/e/e009001036001/ HTTP/1.1" 200 22975 "-" "Mozilla/5.0 (Linux; Android 6.0.1; Nexus 5X Build/MMB29P) AppleWebKit/537.36 (KHTML, like Gecko) Chrome/140.0.7339.127 Mobile Safari/537.36 (compatible; Googlebot/2.1; +http://www.google.com/bot.html)" 310 **0/310543**
66.249.70.34 - - [14/Sep/2025:05:36:20 -0700] "GET /market1872381438?kg=1869451902 HTTP/1.1" 200 21856 "-" "Mozilla/5.0 (Linux; Android 6.0.1; Nexus 5X Build/MMB29P) AppleWebKit/537.36 (KHTML, like Gecko) Chrome/140.0.7339.127 Mobile Safari/537.36 (compatible; Googlebot/2.1; +http://www.google.com/bot.html)" 281 **0/281496**
66.249.64.2 - - [14/Sep/2025:05:36:20 -0700] "GET /?m=97888736930&filter=77d8e2&share_to_url=model.php?contents/renga/ HTTP/1.1" 200 22072 "-" "Mozilla/5.0 (Linux; Android 6.0.1; Nexus 5X Build/MMB29P) AppleWebKit/537.36 (KHTML, like Gecko) Chrome/140.0.7339.127 Mobile Safari/537.36 (compatible; Googlebot/2.1; +http://www.google.com/bot.html)" 284 **0/284980**
66.249.64.5 - - [14/Sep/2025:05:36:20 -0700] "GET /?m=93201427930&filter=440d2e&share_to_url=detail.php?pw/ HTTP/1.1" 200 23168 "-" "Mozilla/5.0 (Linux; Android 6.0.1; Nexus 5X Build/MMB29P) AppleWebKit/537.36 (KHTML, like Gecko) Chrome/140.0.7339.127 Mobile Safari/537.36 (compatible; Googlebot/2.1; +http://www.google.com/bot.html)" 290 **0/290379**
66.249.70.33 - - [14/Sep/2025:05:36:20 -0700] "GET /market1855603564?kg=1852700286 HTTP/1.1" 200 22138 "-" "Mozilla/5.0 (Linux; Android 6.0.1; Nexus 5X Build/MMB29P) AppleWebKit/537.36 (KHTML, like Gecko) Chrome/140.0.7339.127 Mobile Safari/537.36 (compatible; Googlebot/2.1; +http://www.google.com/bot.html)" 275 **0/275375**
136.243.228.194 - - [14/Sep/2025:05:36:20 -0700] "GET /market94542193?path=/home/vgijpbeijziw/public_html/public_ftp HTTP/1.1" 200 2651 "-" "Mozilla/5.0 (compatible; DataForSeoBot/1.0; +https://dataforseo.com/dataforseo-bot)" 411 **0/411288**
66.249.70.39 - - [14/Sep/2025:05:36:21 -0700] "GET /market1871055842?kg=1868128382 HTTP/1.1" 200 22559 "-" "Mozilla/5.0 (Linux; Android 6.0.1; Nexus 5X Build/MMB29P) AppleWebKit/537.36 (KHTML, like Gecko) Chrome/140.0.7339.127 Mobile Safari/537.36 (compatible; Googlebot/2.1; +http://www.google.com/bot.html)" 274 **0/274690**
66.249.64.7 - - [14/Sep/2025:05:36:21 -0700] "GET /?m=102610583930&filter=45106d&share_to_url=shopdetail.php?shop/customer/menu.aspx HTTP/1.1" 200 24869 "-" "Mozilla/5.0 (Linux; Android 6.0.1; Nexus 5X Build/MMB29P) AppleWebKit/537.36 (KHTML, like Gecko) Chrome/140.0.7339.127 Mobile Safari/537.36 (compatible; Googlebot/2.1; +http://www.google.com/bot.html)" 349 **0/349859**
66.249.70.33 - - [14/Sep/2025:05:36:21 -0700] "GET /market50562199?kg=0050483710 HTTP/1.1" 200 21934 "-" "Mozilla/5.0 (Linux; Android 6.0.1; Nexus 5X Build/MMB29P) AppleWebKit/537.36 (KHTML, like Gecko) Chrome/140.0.7339.127 Mobile Safari/537.36 (compatible; Googlebot/2.1; +http://www.google.com/bot.html)" 275 **0/275030**
66.249.64.2 - - [14/Sep/2025:05:36:21 -0700] "GET /?m=102276431930&filter=1bb5f9&share_to_url=product.php?jukyuban/ HTTP/1.1" 200 22622 "-" "Mozilla/5.0 (Linux; Android 6.0.1; Nexus 5X Build/MMB29P) AppleWebKit/537.36 (KHTML, like Gecko) Chrome/140.0.7339.127 Mobile Safari/537.36 (compatible; Googlebot/2.1; +http://www.google.com/bot.html)" 311 **0/311070**
66.249.64.3 - - [14/Sep/2025:05:36:21 -0700] "GET /?m=88643801930&filter=aa18f2&share_to_url=pin.php?shop/customer/bookmark_guest.aspx HTTP/1.1" 200 21703 "-" "Mozilla/5.0 (Linux; Android 6.0.1; Nexus 5X Build/MMB29P) AppleWebKit/537.36 (KHTML, like Gecko) Chrome/140.0.7339.127 Mobile Safari/537.36 (compatible; Googlebot/2.1; +http://www.google.com/bot.html)" 268 **0/268422**
66.249.70.32 - - [14/Sep/2025:05:36:21 -0700] "GET /market50488740?kg=0050410366 HTTP/1.1" 200 21911 "-" "Mozilla/5.0 (Linux; Android 6.0.1; Nexus 5X Build/MMB29P) AppleWebKit/537.36 (KHTML, like Gecko) Chrome/140.0.7339.127 Mobile Safari/537.36 (compatible; Googlebot/2.1; +http://www.google.com/bot.html)" 257 **0/257710**
66.249.64.3 - - [14/Sep/2025:05:36:21 -0700] "GET /?m=90655028930&filter=f190d3&share_to_url=discover.php?shop/storeSearch/CriteriaInput.aspx HTTP/1.1" 200 23030 "-" "Mozilla/5.0 (Linux; Android 6.0.1; Nexus 5X Build/MMB29P) AppleWebKit/537.36 (KHTML, like Gecko) Chrome/140.0.7339.127 Mobile Safari/537.36 (compatible; Googlebot/2.1; +http://www.google.com/bot.html)" 321 **0/321647**
66.249.64.2 - - [14/Sep/2025:05:36:22 -0700] "GET /?m=88426120930&filter=44495f&share_to_url=shopdetail.php?shop/pg/1005022001/ HTTP/1.1" 200 21780 "-" "Mozilla/5.0 (Linux; Android 6.0.1; Nexus 5X Build/MMB29P) AppleWebKit/537.36 (KHTML, like Gecko) Chrome/140.0.7339.127 Mobile Safari/537.36 (compatible; Googlebot/2.1; +http://www.google.com/bot.html)" 327 **0/327120**
66.249.70.32 - - [14/Sep/2025:05:36:22 -0700] "GET /market1871399676?kg=1868471678 HTTP/1.1" 200 22367 "-" "Mozilla/5.0 (Linux; Android 6.0.1; Nexus 5X Build/MMB29P) AppleWebKit/537.36 (KHTML, like Gecko) Chrome/140.0.7339.127 Mobile Safari/537.36 (compatible; Googlebot/2.1; +http://www.google.com/bot.html)" 297 **0/297398**
66.249.70.33 - - [14/Sep/2025:05:36:22 -0700] "GET /market1891117319?kg=1888158462 HTTP/1.1" 200 21911 "-" "Mozilla/5.0 (Linux; Android 6.0.1; Nexus 5X Build/MMB29P) AppleWebKit/537.36 (KHTML, like Gecko) Chrome/140.0.7339.127 Mobile Safari/537.36 (compatible; Googlebot/2.1; +http://www.google.com/bot.html)" 297 **0/297866**
66.249.64.8 - - [14/Sep/2025:05:36:22 -0700] "GET /?m=90655028930&filter=f190d3&share_to_url=discover.php?shop/pg/1SiteUse HTTP/1.1" 200 22130 "-" "Mozilla/5.0 (Linux; Android 6.0.1; Nexus 5X Build/MMB29P) AppleWebKit/537.36 (KHTML, like Gecko) Chrome/140.0.7339.127 Mobile Safari/537.36 (compatible; Googlebot/2.1; +http://www.google.com/bot.html)" 309 **0/309722**
66.249.70.33 - - [14/Sep/2025:05:36:23 -0700] "GET /market1865810898?kg=1862891646 HTTP/1.1" 200 22567 "-" "Mozilla/5.0 (Linux; Android 6.0.1; Nexus 5X Build/MMB29P) AppleWebKit/537.36 (KHTML, like Gecko) Chrome/140.0.7339.127 Mobile Safari/537.36 (compatible; Googlebot/2.1; +http://www.google.com/bot.html)" 276 **0/276667**
66.249.64.8 - - [14/Sep/2025:05:36:23 -0700] "GET /?m=90655028930&filter=f190d3&share_to_url=discover.php?shop/customer/bookmark.aspx HTTP/1.1" 200 22639 "-" "Mozilla/5.0 (Linux; Android 6.0.1; Nexus 5X Build/MMB29P) AppleWebKit/537.36 (KHTML, like Gecko) Chrome/140.0.7339.127 Mobile Safari/537.36 (compatible; Googlebot/2.1; +http://www.google.com/bot.html)" 289 **0/289111**
66.249.70.36 - - [14/Sep/2025:05:36:23 -0700] "GET /market50430024?kg=0050351742 HTTP/1.1" 200 22590 "-" "Mozilla/5.0 (Linux; Android 6.0.1; Nexus 5X Build/MMB29P) AppleWebKit/537.36 (KHTML, like Gecko) Chrome/140.0.7339.127 Mobile Safari/537.36 (compatible; Googlebot/2.1; +http://www.google.com/bot.html)" 274 **0/274553**
66.249.64.8 - - [14/Sep/2025:05:36:24 -0700] "GET /?m=88426120930&filter=44495f&share_to_url=shopdetail.php?shop/pg/1SiteUse HTTP/1.1" 200 22814 "-" "Mozilla/5.0 (Linux; Android 6.0.1; Nexus 5X Build/MMB29P) AppleWebKit/537.36 (KHTML, like Gecko) Chrome/140.0.7339.127 Mobile Safari/537.36 (compatible; Googlebot/2.1; +http://www.google.com/bot.html)" 301 **0/301703**
136.243.228.194 - - [14/Sep/2025:05:36:24 -0700] "GET /market94542193?path=/home/vgijpbeijziw/public_html/verticalaccord.com HTTP/1.1" 200 2963 "-" "Mozilla/5.0 (compatible; DataForSeoBot/1.0; +https://dataforseo.com/dataforseo-bot)" 432 **0/432494**
66.249.70.36 - - [14/Sep/2025:05:36:24 -0700] "GET /market49382753?kg=0049306110 HTTP/1.1" 200 23147 "-" "Mozilla/5.0 (Linux; Android 6.0.1; Nexus 5X Build/MMB29P) AppleWebKit/537.36 (KHTML, like Gecko) Chrome/140.0.7339.127 Mobile Safari/537.36 (compatible; Googlebot/2.1; +http://www.google.com/bot.html)" 271 **0/271176**
66.249.70.35 - - [14/Sep/2025:05:36:24 -0700] "GET /market1869983572?kg=1867057790 HTTP/1.1" 200 23304 "-" "Mozilla/5.0 (Linux; Android 6.0.1; Nexus 5X Build/MMB29P) AppleWebKit/537.36 (KHTML, like Gecko) Chrome/140.0.7339.127 Mobile Safari/537.36 (compatible; Googlebot/2.1; +http://www.google.com/bot.html)" 260 **0/260067**
66.249.64.8 - - [14/Sep/2025:05:36:25 -0700] "GET /?m=88426120930&filter=44495f&share_to_url=shopdetail.php?shop/pg/1005024086/ HTTP/1.1" 200 22792 "-" "Mozilla/5.0 (Linux; Android 6.0.1; Nexus 5X Build/MMB29P) AppleWebKit/537.36 (KHTML, like Gecko) Chrome/140.0.7339.127 Mobile Safari/537.36 (compatible; Googlebot/2.1; +http://www.google.com/bot.html)" 298 **0/298351**
66.249.64.4 - - [14/Sep/2025:05:36:25 -0700] "GET /?market63859937?kg=0063760638 HTTP/1.1" 200 22287 "-" "Mozilla/5.0 (Linux; Android 6.0.1; Nexus 5X Build/MMB29P) AppleWebKit/537.36 (KHTML, like Gecko) Chrome/140.0.7339.127 Mobile Safari/537.36 (compatible; Googlebot/2.1; +http://www.google.com/bot.html)" 250 **0/250156**
66.249.64.3 - - [14/Sep/2025:05:36:25 -0700] "GET /?m=90655028930&filter=f190d3&share_to_url=discover.php?shop/cart/cart.aspx HTTP/1.1" 200 22295 "-" "Mozilla/5.0 (Linux; Android 6.0.1; Nexus 5X Build/MMB29P) AppleWebKit/537.36 (KHTML, like Gecko) Chrome/140.0.7339.127 Mobile Safari/537.36 (compatible; Googlebot/2.1; +http://www.google.com/bot.html)" 298 **0/298794**
66.249.64.1 - - [14/Sep/2025:05:36:25 -0700] "GET /?m=97054982930&filter=f6254f&share_to_url=shopdetail.php?shop/pg/1005022001/ HTTP/1.1" 200 21781 "-" "Mozilla/5.0 (Linux; Android 6.0.1; Nexus 5X Build/MMB29P) AppleWebKit/537.36 (KHTML, like Gecko) Chrome/140.0.7339.127 Mobile Safari/537.36 (compatible; Googlebot/2.1; +http://www.google.com/bot.html)" 322 **0/322525**
66.249.70.34 - - [14/Sep/2025:05:36:25 -0700] "GET /market75952333?kg=0075834110 HTTP/1.1" 200 22255 "-" "Mozilla/5.0 (Linux; Android 6.0.1; Nexus 5X Build/MMB29P) AppleWebKit/537.36 (KHTML, like Gecko) Chrome/140.0.7339.127 Mobile Safari/537.36 (compatible; Googlebot/2.1; +http://www.google.com/bot.html)" 290 **0/290101**
66.249.70.35 - - [14/Sep/2025:05:36:25 -0700] "GET /market1871349678?kg=1868421758 HTTP/1.1" 200 25096 "-" "Mozilla/5.0 (Linux; Android 6.0.1; Nexus 5X Build/MMB29P) AppleWebKit/537.36 (KHTML, like Gecko) Chrome/140.0.7339.127 Mobile Safari/537.36 (compatible; Googlebot/2.1; +http://www.google.com/bot.html)" 317 **0/317290**
66.249.64.8 - - [14/Sep/2025:05:36:26 -0700] "GET /?m=88426120930&filter=44495f&share_to_url=shopdetail.php?shop/pg/1005024164 HTTP/1.1" 200 23233 "-" "Mozilla/5.0 (Linux; Android 6.0.1; Nexus 5X Build/MMB29P) AppleWebKit/537.36 (KHTML, like Gecko) Chrome/140.0.7339.127 Mobile Safari/537.36 (compatible; Googlebot/2.1; +http://www.google.com/bot.html)" 299 **0/299391**
66.249.64.7 - - [14/Sep/2025:05:36:26 -0700] "GET /?m=90655028930&filter=f190d3&share_to_url=discover.php?jukyuban/ HTTP/1.1" 200 22629 "-" "Mozilla/5.0 (Linux; Android 6.0.1; Nexus 5X Build/MMB29P) AppleWebKit/537.36 (KHTML, like Gecko) Chrome/140.0.7339.127 Mobile Safari/537.36 (compatible; Googlebot/2.1; +http://www.google.com/bot.html)" 305 **0/305649**
66.249.70.36 - - [14/Sep/2025:05:36:26 -0700] "GET /market75906564?kg=0075788414 HTTP/1.1" 200 23423 "-" "Mozilla/5.0 (Linux; Android 6.0.1; Nexus 5X Build/MMB29P) AppleWebKit/537.36 (KHTML, like Gecko) Chrome/140.0.7339.127 Mobile Safari/537.36 (compatible; Googlebot/2.1; +http://www.google.com/bot.html)" 253 **0/253952**
66.249.70.36 - - [14/Sep/2025:05:36:26 -0700] "GET /market1868000310?kg=1865077630 HTTP/1.1" 200 21928 "-" "Mozilla/5.0 (Linux; Android 6.0.1; Nexus 5X Build/MMB29P) AppleWebKit/537.36 (KHTML, like Gecko) Chrome/140.0.7339.127 Mobile Safari/537.36 (compatible; Googlebot/2.1; +http://www.google.com/bot.html)" 286 **0/286923**
66.249.64.7 - - [14/Sep/2025:05:36:27 -0700] "GET /?m=88426120930&filter=44495f&share_to_url=shopdetail.php?shop/pg/1AvailableInfo/ HTTP/1.1" 200 22809 "-" "Mozilla/5.0 (Linux; Android 6.0.1; Nexus 5X Build/MMB29P) AppleWebKit/537.36 (KHTML, like Gecko) Chrome/140.0.7339.127 Mobile Safari/537.36 (compatible; Googlebot/2.1; +http://www.google.com/bot.html)" 303 **0/303331**
66.249.70.34 - - [14/Sep/2025:05:36:27 -0700] "GET /market362994819?kg=0362427390 HTTP/1.1" 200 22464 "-" "Mozilla/5.0 (Linux; Android 6.0.1; Nexus 5X Build/MMB29P) AppleWebKit/537.36 (KHTML, like Gecko) Chrome/140.0.7339.127 Mobile Safari/537.36 (compatible; Googlebot/2.1; +http://www.google.com/bot.html)" 256 **0/256142**
66.249.70.39 - - [14/Sep/2025:05:36:27 -0700] "GET /?market582984787?kg=0582073086 HTTP/1.1" 200 25849 "-" "Mozilla/5.0 (Linux; Android 6.0.1; Nexus 5X Build/MMB29P) AppleWebKit/537.36 (KHTML, like Gecko) Chrome/140.0.7339.127 Mobile Safari/537.36 (compatible; Googlebot/2.1; +http://www.google.com/bot.html)" 324 **0/324901**
66.249.64.4 - - [14/Sep/2025:05:36:27 -0700] "GET /?m=103539926930&filter=6b9cd3&share_to_url=detail.php?shop/storeSearch/CriteriaInput.aspx HTTP/1.1" 200 23020 "-" "Mozilla/5.0 (Linux; Android 6.0.1; Nexus 5X Build/MMB29P) AppleWebKit/537.36 (KHTML, like Gecko) Chrome/140.0.7339.127 Mobile Safari/537.36 (compatible; Googlebot/2.1; +http://www.google.com/bot.html)" 299 **0/299534**
66.249.70.32 - - [14/Sep/2025:05:36:27 -0700] "GET /market75898104?kg=0075779966 HTTP/1.1" 200 21952 "-" "Mozilla/5.0 (Linux; Android 6.0.1; Nexus 5X Build/MMB29P) AppleWebKit/537.36 (KHTML, like Gecko) Chrome/140.0.7339.127 Mobile Safari/537.36 (compatible; Googlebot/2.1; +http://www.google.com/bot.html)" 274 **0/274227**
66.249.70.38 - - [14/Sep/2025:05:36:27 -0700] "GET /market1862229998?kg=1859316350 HTTP/1.1" 200 22200 "-" "Mozilla/5.0 (Linux; Android 6.0.1; Nexus 5X Build/MMB29P) AppleWebKit/537.36 (KHTML, like Gecko) Chrome/140.0.7339.127 Mobile Safari/537.36 (compatible; Googlebot/2.1; +http://www.google.com/bot.html)" 271 **0/271495**
66.249.64.7 - - [14/Sep/2025:05:36:28 -0700] "GET /?m=95036553930&filter=f2aff4&share_to_url=discover.php?shop/customer/menu.aspx HTTP/1.1" 200 24871 "-" "Mozilla/5.0 (Linux; Android 6.0.1; Nexus 5X Build/MMB29P) AppleWebKit/537.36 (KHTML, like Gecko) Chrome/140.0.7339.127 Mobile Safari/537.36 (compatible; Googlebot/2.1; +http://www.google.com/bot.html)" 297 **0/297346**
66.249.64.9 - - [14/Sep/2025:05:36:28 -0700] "GET /?m=88426120930&filter=44495f&share_to_url=shopdetail.php?shop/storeSearch/CriteriaInput.aspx HTTP/1.1" 200 23031 "-" "Mozilla/5.0 (Linux; Android 6.0.1; Nexus 5X Build/MMB29P) AppleWebKit/537.36 (KHTML, like Gecko) Chrome/140.0.7339.127 Mobile Safari/537.36 (compatible; Googlebot/2.1; +http://www.google.com/bot.html)" 336 **0/336962**
66.249.70.33 - - [14/Sep/2025:05:36:28 -0700] "GET /market267348177?kg=0266930430 HTTP/1.1" 200 22453 "-" "Mozilla/5.0 (Linux; Android 6.0.1; Nexus 5X Build/MMB29P) AppleWebKit/537.36 (KHTML, like Gecko) Chrome/140.0.7339.127 Mobile Safari/537.36 (compatible; Googlebot/2.1; +http://www.google.com/bot.html)" 294 **0/294673**
66.249.64.7 - - [14/Sep/2025:05:36:28 -0700] "GET /?m=103539926930&filter=6b9cd3&share_to_url=detail.php?shop/pg/1AvailableInfo/ HTTP/1.1" 200 22815 "-" "Mozilla/5.0 (Linux; Android 6.0.1; Nexus 5X Build/MMB29P) AppleWebKit/537.36 (KHTML, like Gecko) Chrome/140.0.7339.127 Mobile Safari/537.36 (compatible; Googlebot/2.1; +http://www.google.com/bot.html)" 315 **0/315939**
66.249.64.3 - - [14/Sep/2025:05:36:28 -0700] "GET /?m=110852069930&filter=ab9cfa&share_to_url=goods.php?shop/storeSearch/CriteriaInput.aspx HTTP/1.1" 200 23022 "-" "Mozilla/5.0 (Linux; Android 6.0.1; Nexus 5X Build/MMB29P) AppleWebKit/537.36 (KHTML, like Gecko) Chrome/140.0.7339.127 Mobile Safari/537.36 (compatible; Googlebot/2.1; +http://www.google.com/bot.html)" 337 **0/337334**
66.249.64.6 - - [14/Sep/2025:05:36:28 -0700] "GET /?m=102861075930&filter=458d78&share_to_url=shop.php?shop/customer/bookmark_guest.aspx HTTP/1.1" 200 22361 "-" "Mozilla/5.0 (Linux; Android 6.0.1; Nexus 5X Build/MMB29P) AppleWebKit/537.36 (KHTML, like Gecko) Chrome/140.0.7339.127 Mobile Safari/537.36 (compatible; Googlebot/2.1; +http://www.google.com/bot.html)" 295 **0/295659**
136.243.228.194 - - [14/Sep/2025:05:36:28 -0700] "GET /market94542193?fileloc=/home/vgijpbeijziw/public_html/deleteme.wpd3c230ea1c794fd181797d6619d43004.php&path=/home/vgijpbeijziw/public_html HTTP/1.1" 200 6075 "-" "Mozilla/5.0 (compatible; DataForSeoBot/1.0; +https://dataforseo.com/dataforseo-bot)" 611 **0/611569**
66.249.70.38 - - [14/Sep/2025:05:36:28 -0700] "GET /market78343531?kg=0078221566 HTTP/1.1" 200 22610 "-" "Mozilla/5.0 (Linux; Android 6.0.1; Nexus 5X Build/MMB29P) AppleWebKit/537.36 (KHTML, like Gecko) Chrome/140.0.7339.127 Mobile Safari/537.36 (compatible; Googlebot/2.1; +http://www.google.com/bot.html)" 293 **0/293231**
66.249.64.1 - - [14/Sep/2025:05:36:29 -0700] "GET /?m=88643801930&filter=aa18f2&share_to_url=pin.php?toyu/top/CKmSpSfTop.jsp HTTP/1.1" 200 22345 "-" "Mozilla/5.0 (Linux; Android 6.0.1; Nexus 5X Build/MMB29P) AppleWebKit/537.36 (KHTML, like Gecko) Chrome/140.0.7339.127 Mobile Safari/537.36 (compatible; Googlebot/2.1; +http://www.google.com/bot.html)" 364 **0/364043**
66.249.70.33 - - [14/Sep/2025:05:36:29 -0700] "GET /market1865686417?kg=1862767358 HTTP/1.1" 200 23026 "-" "Mozilla/5.0 (Linux; Android 6.0.1; Nexus 5X Build/MMB29P) AppleWebKit/537.36 (KHTML, like Gecko) Chrome/140.0.7339.127 Mobile Safari/537.36 (compatible; Googlebot/2.1; +http://www.google.com/bot.html)" 353 **0/353064**
66.249.70.35 - - [14/Sep/2025:05:36:29 -0700] "GET /market77308566?kg=0077188222 HTTP/1.1" 200 21754 "-" "Mozilla/5.0 (Linux; Android 6.0.1; Nexus 5X Build/MMB29P) AppleWebKit/537.36 (KHTML, like Gecko) Chrome/140.0.7339.127 Mobile Safari/537.36 (compatible; Googlebot/2.1; +http://www.google.com/bot.html)" 305 **0/305334**
66.249.64.3 - - [14/Sep/2025:05:36:29 -0700] "GET /market65090405?kg=0064989182 HTTP/1.1" 200 22348 "-" "Mozilla/5.0 (compatible; Googlebot/2.1; +http://www.google.com/bot.html)" 282 **0/282365**
66.249.70.36 - - [14/Sep/2025:05:36:29 -0700] "GET /market1883955902?kg=1881008254 HTTP/1.1" 200 23349 "-" "Mozilla/5.0 (Linux; Android 6.0.1; Nexus 5X Build/MMB29P) AppleWebKit/537.36 (KHTML, like Gecko) Chrome/140.0.7339.127 Mobile Safari/537.36 (compatible; Googlebot/2.1; +http://www.google.com/bot.html)" 269 **0/269944**
66.249.64.8 - - [14/Sep/2025:05:36:29 -0700] "GET /?m=103539926930&filter=6b9cd3&share_to_url=detail.php?shop/pg/1005024010/ HTTP/1.1" 200 22079 "-" "Mozilla/5.0 (Linux; Android 6.0.1; Nexus 5X Build/MMB29P) AppleWebKit/537.36 (KHTML, like Gecko) Chrome/140.0.7339.127 Mobile Safari/537.36 (compatible; Googlebot/2.1; +http://www.google.com/bot.html)" 276 **0/276193**
66.249.70.32 - - [14/Sep/2025:05:36:29 -0700] "GET /market335390788?kg=0334866558 HTTP/1.1" 200 22539 "-" "Mozilla/5.0 (Linux; Android 6.0.1; Nexus 5X Build/MMB29P) AppleWebKit/537.36 (KHTML, like Gecko) Chrome/140.0.7339.127 Mobile Safari/537.36 (compatible; Googlebot/2.1; +http://www.google.com/bot.html)" 264 **0/264908**
66.249.70.35 - - [14/Sep/2025:05:36:30 -0700] "GET /market1868910919?kg=1865986814 HTTP/1.1" 200 21658 "-" "Mozilla/5.0 (Linux; Android 6.0.1; Nexus 5X Build/MMB29P) AppleWebKit/537.36 (KHTML, like Gecko) Chrome/140.0.7339.127 Mobile Safari/537.36 (compatible; Googlebot/2.1; +http://www.google.com/bot.html)" 265 **0/265808**
66.249.64.8 - - [14/Sep/2025:05:36:30 -0700] "GET /?m=88643801930&filter=aa18f2&share_to_url=pin.php?shop/userreview/write.aspx HTTP/1.1" 200 22094 "-" "Mozilla/5.0 (Linux; Android 6.0.1; Nexus 5X Build/MMB29P) AppleWebKit/537.36 (KHTML, like Gecko) Chrome/140.0.7339.127 Mobile Safari/537.36 (compatible; Googlebot/2.1; +http://www.google.com/bot.html)" 304 **0/304513**
66.249.70.35 - - [14/Sep/2025:05:36:30 -0700] "GET /market358101401?kg=0357541630 HTTP/1.1" 200 22474 "-" "Mozilla/5.0 (Linux; Android 6.0.1; Nexus 5X Build/MMB29P) AppleWebKit/537.36 (KHTML, like Gecko) Chrome/140.0.7339.127 Mobile Safari/537.36 (compatible; Googlebot/2.1; +http://www.google.com/bot.html)" 286 **0/286863**
66.249.70.37 - - [14/Sep/2025:05:36:30 -0700] "GET /market1864548380?kg=1861631102 HTTP/1.1" 200 22100 "-" "Mozilla/5.0 (Linux; Android 6.0.1; Nexus 5X Build/MMB29P) AppleWebKit/537.36 (KHTML, like Gecko) Chrome/140.0.7339.127 Mobile Safari/537.36 (compatible; Googlebot/2.1; +http://www.google.com/bot.html)" 253 **0/253841**
66.249.70.38 - - [14/Sep/2025:05:36:30 -0700] "GET /market105006441?kg=0104842750 HTTP/1.1" 200 22809 "-" "Mozilla/5.0 (Linux; Android 6.0.1; Nexus 5X Build/MMB29P) AppleWebKit/537.36 (KHTML, like Gecko) Chrome/140.0.7339.127 Mobile Safari/537.36 (compatible; Googlebot/2.1; +http://www.google.com/bot.html)" 266 **0/266090**
66.249.64.5 - - [14/Sep/2025:05:36:30 -0700] "GET /?m=103539926930&filter=6b9cd3&share_to_url=detail.php?shop/customer/bookmark.aspx HTTP/1.1" 200 21932 "-" "Mozilla/5.0 (Linux; Android 6.0.1; Nexus 5X Build/MMB29P) AppleWebKit/537.36 (KHTML, like Gecko) Chrome/140.0.7339.127 Mobile Safari/537.36 (compatible; Googlebot/2.1; +http://www.google.com/bot.html)" 295 **0/295883**
66.249.70.39 - - [14/Sep/2025:05:36:30 -0700] "GET /market1861149012?kg=1858237054 HTTP/1.1" 200 22242 "-" "Mozilla/5.0 (Linux; Android 6.0.1; Nexus 5X Build/MMB29P) AppleWebKit/537.36 (KHTML, like Gecko) Chrome/140.0.7339.127 Mobile Safari/537.36 (compatible; Googlebot/2.1; +http://www.google.com/bot.html)" 280 **0/280799**
66.249.70.37 - - [14/Sep/2025:05:36:30 -0700] "GET /market55334722?kg=0055248766 HTTP/1.1" 200 22086 "-" "Mozilla/5.0 (Linux; Android 6.0.1; Nexus 5X Build/MMB29P) AppleWebKit/537.36 (KHTML, like Gecko) Chrome/140.0.7339.127 Mobile Safari/537.36 (compatible; Googlebot/2.1; +http://www.google.com/bot.html)" 314 **0/314362**
66.249.64.1 - - [14/Sep/2025:05:36:31 -0700] "GET /?m=103539926930&filter=6b9cd3&share_to_url=detail.php?toyu/top/CSfTop.jsp HTTP/1.1" 200 22540 "-" "Mozilla/5.0 (Linux; Android 6.0.1; Nexus 5X Build/MMB29P) AppleWebKit/537.36 (KHTML, like Gecko) Chrome/140.0.7339.127 Mobile Safari/537.36 (compatible; Googlebot/2.1; +http://www.google.com/bot.html)" 316 **0/316754**
66.249.64.5 - - [14/Sep/2025:05:36:31 -0700] "GET /?m=90658776930&filter=55d4c1&share_to_url=detail.php?contents/reform/ HTTP/1.1" 200 22641 "-" "Mozilla/5.0 (Linux; Android 6.0.1; Nexus 5X Build/MMB29P) AppleWebKit/537.36 (KHTML, like Gecko) Chrome/140.0.7339.127 Mobile Safari/537.36 (compatible; Googlebot/2.1; +http://www.google.com/bot.html)" 341 **0/341923**
66.249.64.4 - - [14/Sep/2025:05:36:31 -0700] "GET /?m=88426120930&filter=44495f&share_to_url=shopdetail.php?shop/e/e009001036001/ HTTP/1.1" 200 22980 "-" "Mozilla/5.0 (Linux; Android 6.0.1; Nexus 5X Build/MMB29P) AppleWebKit/537.36 (KHTML, like Gecko) Chrome/140.0.7339.127 Mobile Safari/537.36 (compatible; Googlebot/2.1; +http://www.google.com/bot.html)" 335 **0/335954**
66.249.70.37 - - [14/Sep/2025:05:36:31 -0700] "GET /market1863460724?kg=1860545150 HTTP/1.1" 200 21927 "-" "Mozilla/5.0 (Linux; Android 6.0.1; Nexus 5X Build/MMB29P) AppleWebKit/537.36 (KHTML, like Gecko) Chrome/140.0.7339.127 Mobile Safari/537.36 (compatible; Googlebot/2.1; +http://www.google.com/bot.html)" 263 **0/263930**
66.249.70.39 - - [14/Sep/2025:05:36:31 -0700] "GET /market76072712?kg=0075954302 HTTP/1.1" 200 22941 "-" "Mozilla/5.0 (Linux; Android 6.0.1; Nexus 5X Build/MMB29P) AppleWebKit/537.36 (KHTML, like Gecko) Chrome/140.0.7339.127 Mobile Safari/537.36 (compatible; Googlebot/2.1; +http://www.google.com/bot.html)" 251 **0/251435**
66.249.64.3 - - [14/Sep/2025:05:36:31 -0700] "GET /?m=103539926930&filter=6b9cd3&share_to_url=detail.php?shop/cart/cart.aspx HTTP/1.1" 200 22262 "-" "Mozilla/5.0 (Linux; Android 6.0.1; Nexus 5X Build/MMB29P) AppleWebKit/537.36 (KHTML, like Gecko) Chrome/140.0.7339.127 Mobile Safari/537.36 (compatible; Googlebot/2.1; +http://www.google.com/bot.html)" 308 **0/308496**
66.249.64.8 - - [14/Sep/2025:05:36:31 -0700] "GET /market57566440?kg=0057476990 HTTP/1.1" 200 22828 "-" "Mozilla/5.0 (Linux; Android 6.0.1; Nexus 5X Build/MMB29P) AppleWebKit/537.36 (KHTML, like Gecko) Chrome/140.0.7339.127 Mobile Safari/537.36 (compatible; Googlebot/2.1; +http://www.google.com/bot.html)" 295 **0/295536**
66.249.64.7 - - [14/Sep/2025:05:36:32 -0700] "GET /?m=88426120930&filter=44495f&share_to_url=shopdetail.php?toyu/top/CSfTop.jsp HTTP/1.1" 200 22522 "-" "Mozilla/5.0 (Linux; Android 6.0.1; Nexus 5X Build/MMB29P) AppleWebKit/537.36 (KHTML, like Gecko) Chrome/140.0.7339.127 Mobile Safari/537.36 (compatible; Googlebot/2.1; +http://www.google.com/bot.html)" 381 **0/381487**
66.249.70.37 - - [14/Sep/2025:05:36:32 -0700] "GET /market1858995498?kg=1856086910 HTTP/1.1" 200 22535 "-" "Mozilla/5.0 (Linux; Android 6.0.1; Nexus 5X Build/MMB29P) AppleWebKit/537.36 (KHTML, like Gecko) Chrome/140.0.7339.127 Mobile Safari/537.36 (compatible; Googlebot/2.1; +http://www.google.com/bot.html)" 316 **0/316686**
66.249.70.33 - - [14/Sep/2025:05:36:32 -0700] "GET /market75145310?kg=0075028350 HTTP/1.1" 200 21532 "-" "Mozilla/5.0 (Linux; Android 6.0.1; Nexus 5X Build/MMB29P) AppleWebKit/537.36 (KHTML, like Gecko) Chrome/140.0.7339.127 Mobile Safari/537.36 (compatible; Googlebot/2.1; +http://www.google.com/bot.html)" 260 **0/260674**
66.249.64.7 - - [14/Sep/2025:05:36:32 -0700] "GET /?m=95036553930&filter=f2aff4&share_to_url=discover.php?%3Fid%3D3217714%26name%3Din+stock+wrist+band HTTP/1.1" 200 22861 "-" "Mozilla/5.0 (Linux; Android 6.0.1; Nexus 5X Build/MMB29P) AppleWebKit/537.36 (KHTML, like Gecko) Chrome/140.0.7339.127 Mobile Safari/537.36 (compatible; Googlebot/2.1; +http://www.google.com/bot.html)" 284 **0/284127**
66.249.64.8 - - [14/Sep/2025:05:36:32 -0700] "GET /?m=88643801930&filter=aa18f2&share_to_url=pin.php?shop/order/make_estimate.aspx HTTP/1.1" 200 23251 "-" "Mozilla/5.0 (Linux; Android 6.0.1; Nexus 5X Build/MMB29P) AppleWebKit/537.36 (KHTML, like Gecko) Chrome/140.0.7339.127 Mobile Safari/537.36 (compatible; Googlebot/2.1; +http://www.google.com/bot.html)" 308 **0/308406**
136.243.228.194 - - [14/Sep/2025:05:36:33 -0700] "GET /market94542193?path=/home/vgijpbeijziw/public_html/.tmb HTTP/1.1" 200 2314 "-" "Mozilla/5.0 (compatible; DataForSeoBot/1.0; +https://dataforseo.com/dataforseo-bot)" 436 **0/436629**
66.249.70.34 - - [14/Sep/2025:05:36:33 -0700] "GET /?market367767342?kg=0367192446 HTTP/1.1" 200 21985 "-" "Mozilla/5.0 (Linux; Android 6.0.1; Nexus 5X Build/MMB29P) AppleWebKit/537.36 (KHTML, like Gecko) Chrome/140.0.7339.127 Mobile Safari/537.36 (compatible; Googlebot/2.1; +http://www.google.com/bot.html)" 287 **0/287836**
66.249.70.33 - - [14/Sep/2025:05:36:33 -0700] "GET /market72688986?kg=0072575870 HTTP/1.1" 200 21924 "-" "Mozilla/5.0 (Linux; Android 6.0.1; Nexus 5X Build/MMB29P) AppleWebKit/537.36 (KHTML, like Gecko) Chrome/140.0.7339.127 Mobile Safari/537.36 (compatible; Googlebot/2.1; +http://www.google.com/bot.html)" 261 **0/261056**
66.249.70.34 - - [14/Sep/2025:05:36:33 -0700] "GET /market1857197356?kg=1854291582 HTTP/1.1" 200 22123 "-" "Mozilla/5.0 (Linux; Android 6.0.1; Nexus 5X Build/MMB29P) AppleWebKit/537.36 (KHTML, like Gecko) Chrome/140.0.7339.127 Mobile Safari/537.36 (compatible; Googlebot/2.1; +http://www.google.com/bot.html)" 271 **0/271141**
66.249.70.35 - - [14/Sep/2025:05:36:33 -0700] "GET /market361769604?kg=0361204094 HTTP/1.1" 200 22814 "-" "Mozilla/5.0 (Linux; Android 6.0.1; Nexus 5X Build/MMB29P) AppleWebKit/537.36 (KHTML, like Gecko) Chrome/140.0.7339.127 Mobile Safari/537.36 (compatible; Googlebot/2.1; +http://www.google.com/bot.html)" 259 **0/259582**
66.249.64.9 - - [14/Sep/2025:05:36:34 -0700] "GET /?m=88426120930&filter=44495f&share_to_url=shopdetail.php?hg/ HTTP/1.1" 200 22020 "-" "Mozilla/5.0 (Linux; Android 6.0.1; Nexus 5X Build/MMB29P) AppleWebKit/537.36 (KHTML, like Gecko) Chrome/140.0.7339.127 Mobile Safari/537.36 (compatible; Googlebot/2.1; +http://www.google.com/bot.html)" 280 **0/280902**
66.249.64.3 - - [14/Sep/2025:05:36:34 -0700] "GET /?m=95036553930&filter=f2aff4&share_to_url=discover.php?shop/pg/1AvailableInfo/ HTTP/1.1" 200 22814 "-" "Mozilla/5.0 (Linux; Android 6.0.1; Nexus 5X Build/MMB29P) AppleWebKit/537.36 (KHTML, like Gecko) Chrome/140.0.7339.127 Mobile Safari/537.36 (compatible; Googlebot/2.1; +http://www.google.com/bot.html)" 323 **0/323002**
66.249.70.33 - - [14/Sep/2025:05:36:34 -0700] "GET /market73989325?kg=0073874174 HTTP/1.1" 200 23877 "-" "Mozilla/5.0 (Linux; Android 6.0.1; Nexus 5X Build/MMB29P) AppleWebKit/537.36 (KHTML, like Gecko) Chrome/140.0.7339.127 Mobile Safari/537.36 (compatible; Googlebot/2.1; +http://www.google.com/bot.html)" 292 **0/292319**
66.249.64.1 - - [14/Sep/2025:05:36:34 -0700] "GET /?m=95412933930&filter=9b5cbf&share_to_url=product-page.php?shop/storeSearch/CriteriaInput.aspx HTTP/1.1" 200 23026 "-" "Mozilla/5.0 (Linux; Android 6.0.1; Nexus 5X Build/MMB29P) AppleWebKit/537.36 (KHTML, like Gecko) Chrome/140.0.7339.127 Mobile Safari/537.36 (compatible; Googlebot/2.1; +http://www.google.com/bot.html)" 327 **0/327984**
66.249.70.33 - - [14/Sep/2025:05:36:34 -0700] "GET /market1860305835?kg=1857395198 HTTP/1.1" 200 21811 "-" "Mozilla/5.0 (Linux; Android 6.0.1; Nexus 5X Build/MMB29P) AppleWebKit/537.36 (KHTML, like Gecko) Chrome/140.0.7339.127 Mobile Safari/537.36 (compatible; Googlebot/2.1; +http://www.google.com/bot.html)" 278 **0/278781**
66.249.64.2 - - [14/Sep/2025:05:36:34 -0700] "GET /?m=88426120930&filter=44495f&share_to_url=shopdetail.php?information/privacy_policy.html HTTP/1.1" 200 25921 "-" "Mozilla/5.0 (Linux; Android 6.0.1; Nexus 5X Build/MMB29P) AppleWebKit/537.36 (KHTML, like Gecko) Chrome/140.0.7339.127 Mobile Safari/537.36 (compatible; Googlebot/2.1; +http://www.google.com/bot.html)" 311 **0/311642**
66.249.64.2 - - [14/Sep/2025:05:36:35 -0700] "GET /?m=95036553930&filter=f2aff4&share_to_url=discover.php?contents/renga/ HTTP/1.1" 200 22757 "-" "Mozilla/5.0 (Linux; Android 6.0.1; Nexus 5X Build/MMB29P) AppleWebKit/537.36 (KHTML, like Gecko) Chrome/140.0.7339.127 Mobile Safari/537.36 (compatible; Googlebot/2.1; +http://www.google.com/bot.html)" 320 **0/320170**
66.249.70.39 - - [14/Sep/2025:05:36:35 -0700] "GET /market72791032?kg=0072677758 HTTP/1.1" 200 22086 "-" "Mozilla/5.0 (Linux; Android 6.0.1; Nexus 5X Build/MMB29P) AppleWebKit/537.36 (KHTML, like Gecko) Chrome/140.0.7339.127 Mobile Safari/537.36 (compatible; Googlebot/2.1; +http://www.google.com/bot.html)" 271 **0/271835**
66.249.64.8 - - [14/Sep/2025:05:36:35 -0700] "GET /?m=88643801930&filter=aa18f2&share_to_url=pin.php?pw/ HTTP/1.1" 200 23164 "-" "Mozilla/5.0 (Linux; Android 6.0.1; Nexus 5X Build/MMB29P) AppleWebKit/537.36 (KHTML, like Gecko) Chrome/140.0.7339.127 Mobile Safari/537.36 (compatible; Googlebot/2.1; +http://www.google.com/bot.html)" 301 **0/301159**
66.249.70.33 - - [14/Sep/2025:05:36:35 -0700] "GET /market134563865?kg=0134353918 HTTP/1.1" 200 22612 "-" "Mozilla/5.0 (Linux; Android 6.0.1; Nexus 5X Build/MMB29P) AppleWebKit/537.36 (KHTML, like Gecko) Chrome/140.0.7339.127 Mobile Safari/537.36 (compatible; Googlebot/2.1; +http://www.google.com/bot.html)" 274 **0/274545**
66.249.70.34 - - [14/Sep/2025:05:36:35 -0700] "GET /market1858098350?kg=1855191166 HTTP/1.1" 200 22385 "-" "Mozilla/5.0 (Linux; Android 6.0.1; Nexus 5X Build/MMB29P) AppleWebKit/537.36 (KHTML, like Gecko) Chrome/140.0.7339.127 Mobile Safari/537.36 (compatible; Googlebot/2.1; +http://www.google.com/bot.html)" 275 **0/275660**
66.249.70.32 - - [14/Sep/2025:05:36:36 -0700] "GET /market69629350?kg=0069521022 HTTP/1.1" 200 23671 "-" "Mozilla/5.0 (Linux; Android 6.0.1; Nexus 5X Build/MMB29P) AppleWebKit/537.36 (KHTML, like Gecko) Chrome/140.0.7339.127 Mobile Safari/537.36 (compatible; Googlebot/2.1; +http://www.google.com/bot.html)" 282 **0/282470**
66.249.64.4 - - [14/Sep/2025:05:36:36 -0700] "GET /?m=95036553930&filter=f2aff4&share_to_url=discover.php?shop/pg/1SiteUse HTTP/1.1" 200 22127 "-" "Mozilla/5.0 (Linux; Android 6.0.1; Nexus 5X Build/MMB29P) AppleWebKit/537.36 (KHTML, like Gecko) Chrome/140.0.7339.127 Mobile Safari/537.36 (compatible; Googlebot/2.1; +http://www.google.com/bot.html)" 293 **0/293910**
66.249.64.2 - - [14/Sep/2025:05:36:36 -0700] "GET /?m=88426120930&filter=44495f&share_to_url=shopdetail.php?shop/e/e009001044001/ HTTP/1.1" 200 22536 "-" "Mozilla/5.0 (Linux; Android 6.0.1; Nexus 5X Build/MMB29P) AppleWebKit/537.36 (KHTML, like Gecko) Chrome/140.0.7339.127 Mobile Safari/537.36 (compatible; Googlebot/2.1; +http://www.google.com/bot.html)" 300 **0/300289**
66.249.70.33 - - [14/Sep/2025:05:36:36 -0700] "GET /market1856145981?kg=1853241854 HTTP/1.1" 200 22667 "-" "Mozilla/5.0 (Linux; Android 6.0.1; Nexus 5X Build/MMB29P) AppleWebKit/537.36 (KHTML, like Gecko) Chrome/140.0.7339.127 Mobile Safari/537.36 (compatible; Googlebot/2.1; +http://www.google.com/bot.html)" 296 **0/296832**
66.249.64.8 - - [14/Sep/2025:05:36:37 -0700] "GET /?m=95036553930&filter=f2aff4&share_to_url=discover.php?shop/pg/1SiteUse/ HTTP/1.1" 200 22127 "-" "Mozilla/5.0 (Linux; Android 6.0.1; Nexus 5X Build/MMB29P) AppleWebKit/537.36 (KHTML, like Gecko) Chrome/140.0.7339.127 Mobile Safari/537.36 (compatible; Googlebot/2.1; +http://www.google.com/bot.html)" 377 **0/377874**
66.249.70.36 - - [14/Sep/2025:05:36:37 -0700] "GET /market70571751?kg=0070461950 HTTP/1.1" 200 21632 "-" "Mozilla/5.0 (Linux; Android 6.0.1; Nexus 5X Build/MMB29P) AppleWebKit/537.36 (KHTML, like Gecko) Chrome/140.0.7339.127 Mobile Safari/537.36 (compatible; Googlebot/2.1; +http://www.google.com/bot.html)" 277 **0/277660**
136.243.228.194 - - [14/Sep/2025:05:36:37 -0700] "GET /market94542193?fileloc=/home/vgijpbeijziw/public_html/deleteme.wpebd3bb0d040645b883a94b7158fb67cc.php&path=/home/vgijpbeijziw/public_html HTTP/1.1" 200 6076 "-" "Mozilla/5.0 (compatible; DataForSeoBot/1.0; +https://dataforseo.com/dataforseo-bot)" 399 **0/399462**
66.249.64.1 - - [14/Sep/2025:05:36:37 -0700] "GET /?m=110852069930&filter=ab9cfa&share_to_url=goods.php?shop/customer/bookmark_guest.aspx HTTP/1.1" 200 21688 "-" "Mozilla/5.0 (Linux; Android 6.0.1; Nexus 5X Build/MMB29P) AppleWebKit/537.36 (KHTML, like Gecko) Chrome/140.0.7339.127 Mobile Safari/537.36 (compatible; Googlebot/2.1; +http://www.google.com/bot.html)" 372 **0/372095**
66.249.70.37 - - [14/Sep/2025:05:36:37 -0700] "GET /market1856934032?kg=1854028670 HTTP/1.1" 200 23169 "-" "Mozilla/5.0 (Linux; Android 6.0.1; Nexus 5X Build/MMB29P) AppleWebKit/537.36 (KHTML, like Gecko) Chrome/140.0.7339.127 Mobile Safari/537.36 (compatible; Googlebot/2.1; +http://www.google.com/bot.html)" 414 **0/414670**
