66.249.64.10 - - [14/Sep/2025:05:37:04 -0700] "GET /?m=91179899930&filter=7af87e&share_to_url=model.php?shop/cart/cart.aspx HTTP/1.1" 200 22265 "-" "Mozilla/5.0 (Linux; Android 6.0.1; Nexus 5X Build/MMB29P) AppleWebKit/537.36 (KHTML, like Gecko) Chrome/140.0.7339.127 Mobile Safari/537.36 (compatible; Googlebot/2.1; +http://www.google.com/bot.html)" 267 **0/267284**
66.249.70.36 - - [14/Sep/2025:05:37:04 -0700] "GET /market140643395?kg=0140423934 HTTP/1.1" 200 22144 "-" "Mozilla/5.0 (Linux; Android 6.0.1; Nexus 5X Build/MMB29P) AppleWebKit/537.36 (KHTML, like Gecko) Chrome/140.0.7339.127 Mobile Safari/537.36 (compatible; Googlebot/2.1; +http://www.google.com/bot.html)" 275 **0/275026**
66.249.70.38 - - [14/Sep/2025:05:37:04 -0700] "GET /market58152445?kg=0058062078 HTTP/1.1" 200 22600 "-" "Mozilla/5.0 (Linux; Android 6.0.1; Nexus 5X Build/MMB29P) AppleWebKit/537.36 (KHTML, like Gecko) Chrome/140.0.7339.127 Mobile Safari/537.36 (compatible; Googlebot/2.1; +http://www.google.com/bot.html)" 286 **0/286430**
66.249.70.34 - - [14/Sep/2025:05:37:04 -0700] "GET /market52926217?kg=0052844030 HTTP/1.1" 200 23217 "-" "Mozilla/5.0 (Linux; Android 6.0.1; Nexus 5X Build/MMB29P) AppleWebKit/537.36 (KHTML, like Gecko) Chrome/140.0.7339.127 Mobile Safari/537.36 (compatible; Googlebot/2.1; +http://www.google.com/bot.html)" 303 **0/303553**
136.243.228.194 - - [14/Sep/2025:05:37:04 -0700] "GET /market94542193?fileloc=/home/vgijpbeijziw/public_html/deleteme.wp4003c021c88140cba175df1de9a281ec.php&path=/home/vgijpbeijziw/public_html HTTP/1.1" 200 6075 "-" "Mozilla/5.0 (compatible; DataForSeoBot/1.0; +https://dataforseo.com/dataforseo-bot)" 442 **0/442084**
66.249.64.3 - - [14/Sep/2025:05:37:04 -0700] "GET /?m=116246058930&filter=ffa126&share_to_url=goods.php?shop/pg/1recruit/ HTTP/1.1" 200 22819 "-" "Mozilla/5.0 (Linux; Android 6.0.1; Nexus 5X Build/MMB29P) AppleWebKit/537.36 (KHTML, like Gecko) Chrome/140.0.7339.127 Mobile Safari/537.36 (compatible; Googlebot/2.1; +http://www.google.com/bot.html)" 331 **0/331024**
66.249.64.14 - - [14/Sep/2025:05:37:05 -0700] "GET /?m=91179899930&filter=7af87e&share_to_url=model.php?toyu/top/CKmSpSfTop.jsp HTTP/1.1" 200 23070 "-" "Mozilla/5.0 (Linux; Android 6.0.1; Nexus 5X Build/MMB29P) AppleWebKit/537.36 (KHTML, like Gecko) Chrome/140.0.7339.127 Mobile Safari/537.36 (compatible; Googlebot/2.1; +http://www.google.com/bot.html)" 329 **0/329566**
66.249.70.34 - - [14/Sep/2025:05:37:05 -0700] "GET /market52936731?kg=0052854526 HTTP/1.1" 200 22477 "-" "Mozilla/5.0 (Linux; Android 6.0.1; Nexus 5X Build/MMB29P) AppleWebKit/537.36 (KHTML, like Gecko) Chrome/140.0.7339.127 Mobile Safari/537.36 (compatible; Googlebot/2.1; +http://www.google.com/bot.html)" 279 **0/279209**
66.249.70.39 - - [14/Sep/2025:05:37:05 -0700] "GET /market53729009?kg=0053645566 HTTP/1.1" 200 22506 "-" "Mozilla/5.0 (Linux; Android 6.0.1; Nexus 5X Build/MMB29P) AppleWebKit/537.36 (KHTML, like Gecko) Chrome/140.0.7339.127 Mobile Safari/537.36 (compatible; Googlebot/2.1; +http://www.google.com/bot.html)" 268 **0/268324**
66.249.64.2 - - [14/Sep/2025:05:37:05 -0700] "GET /?m=34178176930&filter=5a650a&share_to_url=article.php?toyu/top/CSfTop.jsp HTTP/1.1" 200 22545 "-" "Mozilla/5.0 (Linux; Android 6.0.1; Nexus 5X Build/MMB29P) AppleWebKit/537.36 (KHTML, like Gecko) Chrome/140.0.7339.127 Mobile Safari/537.36 (compatible; Googlebot/2.1; +http://www.google.com/bot.html)" 358 **0/358377**
66.249.70.33 - - [14/Sep/2025:05:37:05 -0700] "GET /market54081819?kg=0053997822 HTTP/1.1" 200 22158 "-" "Mozilla/5.0 (Linux; Android 6.0.1; Nexus 5X Build/MMB29P) AppleWebKit/537.36 (KHTML, like Gecko) Chrome/140.0.7339.127 Mobile Safari/537.36 (compatible; Googlebot/2.1; +http://www.google.com/bot.html)" 311 **0/311406**
66.249.64.14 - - [14/Sep/2025:05:37:06 -0700] "GET /?m=97054982930&filter=f6254f&share_to_url=shopdetail.php?shop/pg/1005024010/ HTTP/1.1" 200 22797 "-" "Mozilla/5.0 (Linux; Android 6.0.1; Nexus 5X Build/MMB29P) AppleWebKit/537.36 (KHTML, like Gecko) Chrome/140.0.7339.127 Mobile Safari/537.36 (compatible; Googlebot/2.1; +http://www.google.com/bot.html)" 371 **0/371189**
66.249.70.37 - - [14/Sep/2025:05:37:06 -0700] "GET /market51764078?kg=0051683710 HTTP/1.1" 200 24738 "-" "Mozilla/5.0 (Linux; Android 6.0.1; Nexus 5X Build/MMB29P) AppleWebKit/537.36 (KHTML, like Gecko) Chrome/140.0.7339.127 Mobile Safari/537.36 (compatible; Googlebot/2.1; +http://www.google.com/bot.html)" 257 **0/257382**
66.249.70.38 - - [14/Sep/2025:05:37:06 -0700] "GET /market53911825?kg=0053828094 HTTP/1.1" 200 23700 "-" "Mozilla/5.0 (Linux; Android 6.0.1; Nexus 5X Build/MMB29P) AppleWebKit/537.36 (KHTML, like Gecko) Chrome/140.0.7339.127 Mobile Safari/537.36 (compatible; Googlebot/2.1; +http://www.google.com/bot.html)" 277 **0/277042**
66.249.64.4 - - [14/Sep/2025:05:37:06 -0700] "GET /?m=94722766930&filter=cb107e&share_to_url=ideas.php?contents/renga/ HTTP/1.1" 200 22073 "-" "Mozilla/5.0 (Linux; Android 6.0.1; Nexus 5X Build/MMB29P) AppleWebKit/537.36 (KHTML, like Gecko) Chrome/140.0.7339.127 Mobile Safari/537.36 (compatible; Googlebot/2.1; +http://www.google.com/bot.html)" 295 **0/295643**
66.249.70.32 - - [14/Sep/2025:05:37:07 -0700] "GET /market132714699?kg=0132507646 HTTP/1.1" 200 22149 "-" "Mozilla/5.0 (Linux; Android 6.0.1; Nexus 5X Build/MMB29P) AppleWebKit/537.36 (KHTML, like Gecko) Chrome/140.0.7339.127 Mobile Safari/537.36 (compatible; Googlebot/2.1; +http://www.google.com/bot.html)" 300 **0/300752**
66.249.64.1 - - [14/Sep/2025:05:37:07 -0700] "GET /?m=97054982930&filter=f6254f&share_to_url=shopdetail.php?shop/pg/1Sitemap/ HTTP/1.1" 200 22813 "-" "Mozilla/5.0 (Linux; Android 6.0.1; Nexus 5X Build/MMB29P) AppleWebKit/537.36 (KHTML, like Gecko) Chrome/140.0.7339.127 Mobile Safari/537.36 (compatible; Googlebot/2.1; +http://www.google.com/bot.html)" 350 **0/350560**
66.249.70.35 - - [14/Sep/2025:05:37:07 -0700] "GET /market50694630?kg=0050615934 HTTP/1.1" 200 22124 "-" "Mozilla/5.0 (Linux; Android 6.0.1; Nexus 5X Build/MMB29P) AppleWebKit/537.36 (KHTML, like Gecko) Chrome/140.0.7339.127 Mobile Safari/537.36 (compatible; Googlebot/2.1; +http://www.google.com/bot.html)" 272 **0/272769**
66.249.64.9 - - [14/Sep/2025:05:37:07 -0700] "GET /?m=103539926930&filter=6b9cd3&share_to_url=detail.php?toyu/top/CKmSpSfTop.jsp HTTP/1.1" 200 22347 "-" "Mozilla/5.0 (Linux; Android 6.0.1; Nexus 5X Build/MMB29P) AppleWebKit/537.36 (KHTML, like Gecko) Chrome/140.0.7339.127 Mobile Safari/537.36 (compatible; Googlebot/2.1; +http://www.google.com/bot.html)" 298 **0/298353**
66.249.70.35 - - [14/Sep/2025:05:37:07 -0700] "GET /market52776352?kg=0052694398 HTTP/1.1" 200 23198 "-" "Mozilla/5.0 (Linux; Android 6.0.1; Nexus 5X Build/MMB29P) AppleWebKit/537.36 (KHTML, like Gecko) Chrome/140.0.7339.127 Mobile Safari/537.36 (compatible; Googlebot/2.1; +http://www.google.com/bot.html)" 263 **0/263223**
66.249.64.4 - - [14/Sep/2025:05:37:07 -0700] "GET /?m=94722766930&filter=cb107e&share_to_url=ideas.php?shop/customer/bookmark_guest.aspx HTTP/1.1" 200 22355 "-" "Mozilla/5.0 (Linux; Android 6.0.1; Nexus 5X Build/MMB29P) AppleWebKit/537.36 (KHTML, like Gecko) Chrome/140.0.7339.127 Mobile Safari/537.36 (compatible; Googlebot/2.1; +http://www.google.com/bot.html)" 301 **0/301862**
66.249.64.2 - - [14/Sep/2025:05:37:08 -0700] "GET /?m=97054982930&filter=f6254f&share_to_url=shopdetail.php?shop/pg/1AvailableInfo/ HTTP/1.1" 200 22816 "-" "Mozilla/5.0 (Linux; Android 6.0.1; Nexus 5X Build/MMB29P) AppleWebKit/537.36 (KHTML, like Gecko) Chrome/140.0.7339.127 Mobile Safari/537.36 (compatible; Googlebot/2.1; +http://www.google.com/bot.html)" 307 **0/307405**
66.249.70.32 - - [14/Sep/2025:05:37:08 -0700] "GET /market50743731?kg=0050664958 HTTP/1.1" 200 22544 "-" "Mozilla/5.0 (Linux; Android 6.0.1; Nexus 5X Build/MMB29P) AppleWebKit/537.36 (KHTML, like Gecko) Chrome/140.0.7339.127 Mobile Safari/537.36 (compatible; Googlebot/2.1; +http://www.google.com/bot.html)" 275 **0/275017**
66.249.70.34 - - [14/Sep/2025:05:37:08 -0700] "GET /market57511955?kg=0057422590 HTTP/1.1" 200 22424 "-" "Mozilla/5.0 (Linux; Android 6.0.1; Nexus 5X Build/MMB29P) AppleWebKit/537.36 (KHTML, like Gecko) Chrome/140.0.7339.127 Mobile Safari/537.36 (compatible; Googlebot/2.1; +http://www.google.com/bot.html)" 256 **0/256433**
66.249.70.38 - - [14/Sep/2025:05:37:08 -0700] "GET /market52872246?kg=0052790142 HTTP/1.1" 200 22302 "-" "Mozilla/5.0 (Linux; Android 6.0.1; Nexus 5X Build/MMB29P) AppleWebKit/537.36 (KHTML, like Gecko) Chrome/140.0.7339.127 Mobile Safari/537.36 (compatible; Googlebot/2.1; +http://www.google.com/bot.html)" 267 **0/267515**
66.249.64.3 - - [14/Sep/2025:05:37:08 -0700] "GET /?m=109330170930&filter=00e3f9&share_to_url=product-page.php?shop/customer/entry.aspx HTTP/1.1" 200 22093 "-" "Mozilla/5.0 (Linux; Android 6.0.1; Nexus 5X Build/MMB29P) AppleWebKit/537.36 (KHTML, like Gecko) Chrome/140.0.7339.127 Mobile Safari/537.36 (compatible; Googlebot/2.1; +http://www.google.com/bot.html)" 309 **0/309369**
66.249.64.8 - - [14/Sep/2025:05:37:09 -0700] "GET /?m=97054982930&filter=f6254f&share_to_url=shopdetail.php?shop/pg/1recruit/ HTTP/1.1" 200 22826 "-" "Mozilla/5.0 (Linux; Android 6.0.1; Nexus 5X Build/MMB29P) AppleWebKit/537.36 (KHTML, like Gecko) Chrome/140.0.7339.127 Mobile Safari/537.36 (compatible; Googlebot/2.1; +http://www.google.com/bot.html)" 357 **0/357833**
136.243.228.194 - - [14/Sep/2025:05:37:08 -0700] "GET /market94542193?path=/home/vgijpbeijziw/public_html/ARTOFLIVINGDELHI.ORG HTTP/1.1" 200 2951 "-" "Mozilla/5.0 (compatible; DataForSeoBot/1.0; +https://dataforseo.com/dataforseo-bot)" 595 **0/595950**
66.249.70.36 - - [14/Sep/2025:05:37:09 -0700] "GET /market58528073?kg=0058437118 HTTP/1.1" 200 22441 "-" "Mozilla/5.0 (Linux; Android 6.0.1; Nexus 5X Build/MMB29P) AppleWebKit/537.36 (KHTML, like Gecko) Chrome/140.0.7339.127 Mobile Safari/537.36 (compatible; Googlebot/2.1; +http://www.google.com/bot.html)" 277 **0/277112**
66.249.70.38 - - [14/Sep/2025:05:37:09 -0700] "GET /market57489776?kg=0057400446 HTTP/1.1" 200 22518 "-" "Mozilla/5.0 (Linux; Android 6.0.1; Nexus 5X Build/MMB29P) AppleWebKit/537.36 (KHTML, like Gecko) Chrome/140.0.7339.127 Mobile Safari/537.36 (compatible; Googlebot/2.1; +http://www.google.com/bot.html)" 261 **0/261395**
66.249.64.3 - - [14/Sep/2025:05:37:10 -0700] "GET /?m=116246058930&filter=ffa126&share_to_url=goods.php?shop/pg/1005024240/ HTTP/1.1" 200 22070 "-" "Mozilla/5.0 (Linux; Android 6.0.1; Nexus 5X Build/MMB29P) AppleWebKit/537.36 (KHTML, like Gecko) Chrome/140.0.7339.127 Mobile Safari/537.36 (compatible; Googlebot/2.1; +http://www.google.com/bot.html)" 268 **0/268314**
66.249.64.7 - - [14/Sep/2025:05:37:10 -0700] "GET /?m=113192586930&filter=5f9aa6&share_to_url=shop.php?shop/pg/1howto/ HTTP/1.1" 200 22818 "-" "Mozilla/5.0 (Linux; Android 6.0.1; Nexus 5X Build/MMB29P) AppleWebKit/537.36 (KHTML, like Gecko) Chrome/140.0.7339.127 Mobile Safari/537.36 (compatible; Googlebot/2.1; +http://www.google.com/bot.html)" 308 **0/308764**
66.249.70.38 - - [14/Sep/2025:05:37:10 -0700] "GET /market3376548?kg=0003371902 HTTP/1.1" 200 22106 "-" "Mozilla/5.0 (Linux; Android 6.0.1; Nexus 5X Build/MMB29P) AppleWebKit/537.36 (KHTML, like Gecko) Chrome/140.0.7339.127 Mobile Safari/537.36 (compatible; Googlebot/2.1; +http://www.google.com/bot.html)" 266 **0/266438**
66.249.70.33 - - [14/Sep/2025:05:37:10 -0700] "GET /market58543840?kg=0058452862 HTTP/1.1" 200 21854 "-" "Mozilla/5.0 (Linux; Android 6.0.1; Nexus 5X Build/MMB29P) AppleWebKit/537.36 (KHTML, like Gecko) Chrome/140.0.7339.127 Mobile Safari/537.36 (compatible; Googlebot/2.1; +http://www.google.com/bot.html)" 276 **0/276178**
66.249.70.33 - - [14/Sep/2025:05:37:10 -0700] "GET /market58519482?kg=0058428542 HTTP/1.1" 200 21833 "-" "Mozilla/5.0 (Linux; Android 6.0.1; Nexus 5X Build/MMB29P) AppleWebKit/537.36 (KHTML, like Gecko) Chrome/140.0.7339.127 Mobile Safari/537.36 (compatible; Googlebot/2.1; +http://www.google.com/bot.html)" 273 **0/273703**
66.249.64.9 - - [14/Sep/2025:05:37:11 -0700] "GET /?m=113192586930&filter=5f9aa6&share_to_url=shop.php?shop/order/make_estimate.aspx HTTP/1.1" 200 23243 "-" "Mozilla/5.0 (Linux; Android 6.0.1; Nexus 5X Build/MMB29P) AppleWebKit/537.36 (KHTML, like Gecko) Chrome/140.0.7339.127 Mobile Safari/537.36 (compatible; Googlebot/2.1; +http://www.google.com/bot.html)" 312 **0/312771**
66.249.70.32 - - [14/Sep/2025:05:37:11 -0700] "GET /market1870095493?kg=1867169534 HTTP/1.1" 200 23049 "-" "Mozilla/5.0 (Linux; Android 6.0.1; Nexus 5X Build/MMB29P) AppleWebKit/537.36 (KHTML, like Gecko) Chrome/140.0.7339.127 Mobile Safari/537.36 (compatible; Googlebot/2.1; +http://www.google.com/bot.html)" 277 **0/277661**
66.249.64.8 - - [14/Sep/2025:05:37:11 -0700] "GET /?m=99880073930&filter=48eb3f&share_to_url=goods.php?shop/cart/cart.aspx HTTP/1.1" 200 22240 "-" "Mozilla/5.0 (Linux; Android 6.0.1; Nexus 5X Build/MMB29P) AppleWebKit/537.36 (KHTML, like Gecko) Chrome/140.0.7339.127 Mobile Safari/537.36 (compatible; Googlebot/2.1; +http://www.google.com/bot.html)" 322 **0/322983**
66.249.64.7 - - [14/Sep/2025:05:37:11 -0700] "GET /?market50493868?kg=0050415486 HTTP/1.1" 200 22430 "-" "Mozilla/5.0 (Linux; Android 6.0.1; Nexus 5X Build/MMB29P) AppleWebKit/537.36 (KHTML, like Gecko) Chrome/140.0.7339.127 Mobile Safari/537.36 (compatible; Googlebot/2.1; +http://www.google.com/bot.html)" 279 **0/279420**
66.249.64.4 - - [14/Sep/2025:05:37:11 -0700] "GET /?m=109330170930&filter=00e3f9&share_to_url=product-page.php?information/privacy_policy.html HTTP/1.1" 200 25926 "-" "Mozilla/5.0 (Linux; Android 6.0.1; Nexus 5X Build/MMB29P) AppleWebKit/537.36 (KHTML, like Gecko) Chrome/140.0.7339.127 Mobile Safari/537.36 (compatible; Googlebot/2.1; +http://www.google.com/bot.html)" 323 **0/323962**
66.249.70.38 - - [14/Sep/2025:05:37:11 -0700] "GET /market49510183?kg=0049433342 HTTP/1.1" 200 22232 "-" "Mozilla/5.0 (Linux; Android 6.0.1; Nexus 5X Build/MMB29P) AppleWebKit/537.36 (KHTML, like Gecko) Chrome/140.0.7339.127 Mobile Safari/537.36 (compatible; Googlebot/2.1; +http://www.google.com/bot.html)" 313 **0/313206**
66.249.70.35 - - [14/Sep/2025:05:37:11 -0700] "GET /market49637744?kg=0049560702 HTTP/1.1" 200 22567 "-" "Mozilla/5.0 (Linux; Android 6.0.1; Nexus 5X Build/MMB29P) AppleWebKit/537.36 (KHTML, like Gecko) Chrome/140.0.7339.127 Mobile Safari/537.36 (compatible; Googlebot/2.1; +http://www.google.com/bot.html)" 274 **0/274928**
66.249.64.3 - - [14/Sep/2025:05:37:12 -0700] "GET /?m=113192586930&filter=5f9aa6&share_to_url=shop.php?shop/customer/bookmark.aspx HTTP/1.1" 200 21939 "-" "Mozilla/5.0 (Linux; Android 6.0.1; Nexus 5X Build/MMB29P) AppleWebKit/537.36 (KHTML, like Gecko) Chrome/140.0.7339.127 Mobile Safari/537.36 (compatible; Googlebot/2.1; +http://www.google.com/bot.html)" 299 **0/299210**
66.249.64.8 - - [14/Sep/2025:05:37:12 -0700] "GET /?m=75527905930&filter=a386b7&share_to_url=pin.php?contents/reform/ HTTP/1.1" 200 22633 "-" "Mozilla/5.0 (Linux; Android 6.0.1; Nexus 5X Build/MMB29P) AppleWebKit/537.36 (KHTML, like Gecko) Chrome/140.0.7339.127 Mobile Safari/537.36 (compatible; Googlebot/2.1; +http://www.google.com/bot.html)" 297 **0/297395**
136.243.228.194 - - [14/Sep/2025:05:37:12 -0700] "GET /market94542193?path=/home/vgijpbeijziw HTTP/1.1" 200 3614 "-" "Mozilla/5.0 (compatible; DataForSeoBot/1.0; +https://dataforseo.com/dataforseo-bot)" 369 **0/369795**
66.249.64.5 - - [14/Sep/2025:05:37:12 -0700] "GET /?m=116246058930&filter=ffa126&share_to_url=goods.php?shop/order/make_estimate.aspx HTTP/1.1" 200 22524 "-" "Mozilla/5.0 (Linux; Android 6.0.1; Nexus 5X Build/MMB29P) AppleWebKit/537.36 (KHTML, like Gecko) Chrome/140.0.7339.127 Mobile Safari/537.36 (compatible; Googlebot/2.1; +http://www.google.com/bot.html)" 330 **0/330541**
66.249.70.33 - - [14/Sep/2025:05:37:13 -0700] "GET /market49569798?kg=0049492862 HTTP/1.1" 200 22594 "-" "Mozilla/5.0 (Linux; Android 6.0.1; Nexus 5X Build/MMB29P) AppleWebKit/537.36 (KHTML, like Gecko) Chrome/140.0.7339.127 Mobile Safari/537.36 (compatible; Googlebot/2.1; +http://www.google.com/bot.html)" 256 **0/256541**
66.249.64.4 - - [14/Sep/2025:05:37:13 -0700] "GET /market54055536?kg=0053971582 HTTP/1.1" 200 22854 "-" "Mozilla/5.0 (Linux; Android 6.0.1; Nexus 5X Build/MMB29P) AppleWebKit/537.36 (KHTML, like Gecko) Chrome/140.0.7339.127 Mobile Safari/537.36 (compatible; Googlebot/2.1; +http://www.google.com/bot.html)" 270 **0/270309**
66.249.70.37 - - [14/Sep/2025:05:37:13 -0700] "GET /market115919518?kg=0115738750 HTTP/1.1" 200 21608 "-" "Mozilla/5.0 (Linux; Android 6.0.1; Nexus 5X Build/MMB29P) AppleWebKit/537.36 (KHTML, like Gecko) Chrome/140.0.7339.127 Mobile Safari/537.36 (compatible; Googlebot/2.1; +http://www.google.com/bot.html)" 269 **0/269103**
66.249.70.39 - - [14/Sep/2025:05:37:13 -0700] "GET /market59540087?kg=0059447550 HTTP/1.1" 200 22918 "-" "Mozilla/5.0 (Linux; Android 6.0.1; Nexus 5X Build/MMB29P) AppleWebKit/537.36 (KHTML, like Gecko) Chrome/140.0.7339.127 Mobile Safari/537.36 (compatible; Googlebot/2.1; +http://www.google.com/bot.html)" 268 **0/268972**
66.249.64.5 - - [14/Sep/2025:05:37:13 -0700] "GET /?m=95036553930&filter=f2aff4&share_to_url=discover.php?contents/reform/ HTTP/1.1" 200 22650 "-" "Mozilla/5.0 (Linux; Android 6.0.1; Nexus 5X Build/MMB29P) AppleWebKit/537.36 (KHTML, like Gecko) Chrome/140.0.7339.127 Mobile Safari/537.36 (compatible; Googlebot/2.1; +http://www.google.com/bot.html)" 322 **0/322093**
66.249.64.6 - - [14/Sep/2025:05:37:13 -0700] "GET /?m=116246058930&filter=ffa126&share_to_url=goods.php?reserve/tool/ HTTP/1.1" 200 22671 "-" "Mozilla/5.0 (Linux; Android 6.0.1; Nexus 5X Build/MMB29P) AppleWebKit/537.36 (KHTML, like Gecko) Chrome/140.0.7339.127 Mobile Safari/537.36 (compatible; Googlebot/2.1; +http://www.google.com/bot.html)" 739 **0/739013**
66.249.64.7 - - [14/Sep/2025:05:37:13 -0700] "GET /?m=90658776930&filter=55d4c1&share_to_url=detail.php?pw/ HTTP/1.1" 200 23165 "-" "Mozilla/5.0 (Linux; Android 6.0.1; Nexus 5X Build/MMB29P) AppleWebKit/537.36 (KHTML, like Gecko) Chrome/140.0.7339.127 Mobile Safari/537.36 (compatible; Googlebot/2.1; +http://www.google.com/bot.html)" 689 **0/689935**
66.249.64.9 - - [14/Sep/2025:05:37:14 -0700] "GET /?m=96752778930&filter=49b1f8&share_to_url=shopdetail.php?shop/pg/1sancyoku/ HTTP/1.1" 200 22825 "-" "Mozilla/5.0 (Linux; Android 6.0.1; Nexus 5X Build/MMB29P) AppleWebKit/537.36 (KHTML, like Gecko) Chrome/140.0.7339.127 Mobile Safari/537.36 (compatible; Googlebot/2.1; +http://www.google.com/bot.html)" 445 **0/445602**
66.249.70.33 - - [14/Sep/2025:05:37:14 -0700] "GET /market111313399?kg=0111139838 HTTP/1.1" 200 24475 "-" "Mozilla/5.0 (Linux; Android 6.0.1; Nexus 5X Build/MMB29P) AppleWebKit/537.36 (KHTML, like Gecko) Chrome/140.0.7339.127 Mobile Safari/537.36 (compatible; Googlebot/2.1; +http://www.google.com/bot.html)" 755 **0/755501**
66.249.70.39 - - [14/Sep/2025:05:37:14 -0700] "GET /market48509449?kg=0048434174 HTTP/1.1" 200 23432 "-" "Mozilla/5.0 (Linux; Android 6.0.1; Nexus 5X Build/MMB29P) AppleWebKit/537.36 (KHTML, like Gecko) Chrome/140.0.7339.127 Mobile Safari/537.36 (compatible; Googlebot/2.1; +http://www.google.com/bot.html)" 749 **0/749804**
66.249.70.38 - - [14/Sep/2025:05:37:14 -0700] "GET /market372157446?kg=0371575678 HTTP/1.1" 200 23833 "-" "Mozilla/5.0 (Linux; Android 6.0.1; Nexus 5X Build/MMB29P) AppleWebKit/537.36 (KHTML, like Gecko) Chrome/140.0.7339.127 Mobile Safari/537.36 (compatible; Googlebot/2.1; +http://www.google.com/bot.html)" 767 **0/767421**
66.249.64.5 - - [14/Sep/2025:05:37:14 -0700] "GET /?m=90658776930&filter=55d4c1&share_to_url=detail.php?shop/pg/1howto/ HTTP/1.1" 200 22815 "-" "Mozilla/5.0 (Linux; Android 6.0.1; Nexus 5X Build/MMB29P) AppleWebKit/537.36 (KHTML, like Gecko) Chrome/140.0.7339.127 Mobile Safari/537.36 (compatible; Googlebot/2.1; +http://www.google.com/bot.html)" 441 **0/441832**
66.249.70.32 - - [14/Sep/2025:05:37:14 -0700] "GET /market9198265?kg=0009184510 HTTP/1.1" 200 22031 "-" "Mozilla/5.0 (Linux; Android 6.0.1; Nexus 5X Build/MMB29P) AppleWebKit/537.36 (KHTML, like Gecko) Chrome/140.0.7339.127 Mobile Safari/537.36 (compatible; Googlebot/2.1; +http://www.google.com/bot.html)" 307 **0/307082**
66.249.70.38 - - [14/Sep/2025:05:37:15 -0700] "GET /market53089801?kg=0053007358 HTTP/1.1" 200 22209 "-" "Mozilla/5.0 (Linux; Android 6.0.1; Nexus 5X Build/MMB29P) AppleWebKit/537.36 (KHTML, like Gecko) Chrome/140.0.7339.127 Mobile Safari/537.36 (compatible; Googlebot/2.1; +http://www.google.com/bot.html)" 281 **0/281657**
66.249.70.35 - - [14/Sep/2025:05:37:14 -0700] "GET /market60567487?kg=0060473342 HTTP/1.1" 200 22641 "-" "Mozilla/5.0 (Linux; Android 6.0.1; Nexus 5X Build/MMB29P) AppleWebKit/537.36 (KHTML, like Gecko) Chrome/140.0.7339.127 Mobile Safari/537.36 (compatible; Googlebot/2.1; +http://www.google.com/bot.html)" 405 **0/405487**
66.249.64.6 - - [14/Sep/2025:05:37:15 -0700] "GET /?m=116246058930&filter=ffa126&share_to_url=goods.php?shop/storeSearch/CriteriaInput.aspx HTTP/1.1" 200 23029 "-" "Mozilla/5.0 (Linux; Android 6.0.1; Nexus 5X Build/MMB29P) AppleWebKit/537.36 (KHTML, like Gecko) Chrome/140.0.7339.127 Mobile Safari/537.36 (compatible; Googlebot/2.1; +http://www.google.com/bot.html)" 322 **0/322839**
66.249.64.8 - - [14/Sep/2025:05:37:15 -0700] "GET /?m=90658776930&filter=55d4c1&share_to_url=detail.php?shop/pg/1005024086/ HTTP/1.1" 200 22071 "-" "Mozilla/5.0 (Linux; Android 6.0.1; Nexus 5X Build/MMB29P) AppleWebKit/537.36 (KHTML, like Gecko) Chrome/140.0.7339.127 Mobile Safari/537.36 (compatible; Googlebot/2.1; +http://www.google.com/bot.html)" 295 **0/295726**
66.249.70.38 - - [14/Sep/2025:05:37:15 -0700] "GET /market59441246?kg=0059348862 HTTP/1.1" 200 22447 "-" "Mozilla/5.0 (Linux; Android 6.0.1; Nexus 5X Build/MMB29P) AppleWebKit/537.36 (KHTML, like Gecko) Chrome/140.0.7339.127 Mobile Safari/537.36 (compatible; Googlebot/2.1; +http://www.google.com/bot.html)" 304 **0/304241**
66.249.70.39 - - [14/Sep/2025:05:37:15 -0700] "GET /?market1899629198?kg=1896657022 HTTP/1.1" 200 23312 "-" "Mozilla/5.0 (Linux; Android 6.0.1; Nexus 5X Build/MMB29P) AppleWebKit/537.36 (KHTML, like Gecko) Chrome/140.0.7339.127 Mobile Safari/537.36 (compatible; Googlebot/2.1; +http://www.google.com/bot.html)" 293 **0/293108**
66.249.70.34 - - [14/Sep/2025:05:37:15 -0700] "GET /market52134578?kg=0052053630 HTTP/1.1" 200 22580 "-" "Mozilla/5.0 (Linux; Android 6.0.1; Nexus 5X Build/MMB29P) AppleWebKit/537.36 (KHTML, like Gecko) Chrome/140.0.7339.127 Mobile Safari/537.36 (compatible; Googlebot/2.1; +http://www.google.com/bot.html)" 276 **0/276210**
66.249.64.2 - - [14/Sep/2025:05:37:16 -0700] "GET /?m=116246058930&filter=ffa126&share_to_url=goods.php?contents/event/kansyasai/ HTTP/1.1" 200 23079 "-" "Mozilla/5.0 (Linux; Android 6.0.1; Nexus 5X Build/MMB29P) AppleWebKit/537.36 (KHTML, like Gecko) Chrome/140.0.7339.127 Mobile Safari/537.36 (compatible; Googlebot/2.1; +http://www.google.com/bot.html)" 306 **0/306444**
66.249.70.39 - - [14/Sep/2025:05:37:16 -0700] "GET /market370648268?kg=0370068862 HTTP/1.1" 200 22976 "-" "Mozilla/5.0 (Linux; Android 6.0.1; Nexus 5X Build/MMB29P) AppleWebKit/537.36 (KHTML, like Gecko) Chrome/140.0.7339.127 Mobile Safari/537.36 (compatible; Googlebot/2.1; +http://www.google.com/bot.html)" 315 **0/315678**
66.249.64.2 - - [14/Sep/2025:05:37:16 -0700] "GET /?m=107602987930&filter=aa18f2&share_to_url=detail.php?toyu/top/CSfTop.jsp HTTP/1.1" 200 22537 "-" "Mozilla/5.0 (Linux; Android 6.0.1; Nexus 5X Build/MMB29P) AppleWebKit/537.36 (KHTML, like Gecko) Chrome/140.0.7339.127 Mobile Safari/537.36 (compatible; Googlebot/2.1; +http://www.google.com/bot.html)" 326 **0/326780**
66.249.70.32 - - [14/Sep/2025:05:37:16 -0700] "GET /market348508018?kg=0347963262 HTTP/1.1" 200 23548 "-" "Mozilla/5.0 (Linux; Android 6.0.1; Nexus 5X Build/MMB29P) AppleWebKit/537.36 (KHTML, like Gecko) Chrome/140.0.7339.127 Mobile Safari/537.36 (compatible; Googlebot/2.1; +http://www.google.com/bot.html)" 289 **0/289264**
66.249.70.35 - - [14/Sep/2025:05:37:16 -0700] "GET /market59517652?kg=0059425150 HTTP/1.1" 200 24471 "-" "Mozilla/5.0 (Linux; Android 6.0.1; Nexus 5X Build/MMB29P) AppleWebKit/537.36 (KHTML, like Gecko) Chrome/140.0.7339.127 Mobile Safari/537.36 (compatible; Googlebot/2.1; +http://www.google.com/bot.html)" 279 **0/279617**
136.243.228.194 - - [14/Sep/2025:05:37:16 -0700] "GET /market94258099?fileloc=/home/vgijpbeijziw/public_html/index.php&path=/home/vgijpbeijziw/public_html HTTP/1.1" 200 10694 "-" "Mozilla/5.0 (compatible; DataForSeoBot/1.0; +https://dataforseo.com/dataforseo-bot)" 463 **0/463456**
66.249.64.2 - - [14/Sep/2025:05:37:17 -0700] "GET /?m=109330170930&filter=00e3f9&share_to_url=product-page.php?shop/category/categorylist.aspx HTTP/1.1" 200 22146 "-" "Mozilla/5.0 (Linux; Android 6.0.1; Nexus 5X Build/MMB29P) AppleWebKit/537.36 (KHTML, like Gecko) Chrome/140.0.7339.127 Mobile Safari/537.36 (compatible; Googlebot/2.1; +http://www.google.com/bot.html)" 298 **0/298095**
66.249.70.34 - - [14/Sep/2025:05:37:17 -0700] "GET /market52074838?kg=0051993982 HTTP/1.1" 200 22465 "-" "Mozilla/5.0 (Linux; Android 6.0.1; Nexus 5X Build/MMB29P) AppleWebKit/537.36 (KHTML, like Gecko) Chrome/140.0.7339.127 Mobile Safari/537.36 (compatible; Googlebot/2.1; +http://www.google.com/bot.html)" 250 **0/250906**
107.180.57.159 - - [14/Sep/2025:05:32:18 -0700] "GET /ARTOFLIVINGDELHI.ORG/img/img/index.php?ARRAY=7o2230223n313735373835363733382p2231223n22687474703n5p2s5p2s7n733534307631336o6s2r62616o65742r6s6r655p2s3s6p633q7068705s636s64655s6n6326743q313735373835333133382q6438306630333463626231356135343836643531333831633735396466326164222p2232223n223231373437653765346636383135333730316436643235653234353630626162222p2233223n226231616666386161376538363561333763653066363134633539323434666263222p226175746s5s66696p655s6r616q65223n6r756p6p2p226175746s5s70617373223n6r756p6p2p2262696r675s70617373223n2231382q33392q35352q36322q37372q39302q3239227q HTTP/1.1" 503 92606 "-" "-" 300553 **300/300553597**
66.249.64.8 - - [14/Sep/2025:05:37:18 -0700] "GET /?m=90658776930&filter=55d4c1&share_to_url=detail.php?shop/customer/bookmark.aspx HTTP/1.1" 200 21926 "-" "Mozilla/5.0 (Linux; Android 6.0.1; Nexus 5X Build/MMB29P) AppleWebKit/537.36 (KHTML, like Gecko) Chrome/140.0.7339.127 Mobile Safari/537.36 (compatible; Googlebot/2.1; +http://www.google.com/bot.html)" 435 **0/435466**
66.249.64.1 - - [14/Sep/2025:05:37:18 -0700] "GET /?m=34178176930&filter=5a650a&share_to_url=article.php?shop/pg/1sancyoku/ HTTP/1.1" 200 22826 "-" "Mozilla/5.0 (Linux; Android 6.0.1; Nexus 5X Build/MMB29P) AppleWebKit/537.36 (KHTML, like Gecko) Chrome/140.0.7339.127 Mobile Safari/537.36 (compatible; Googlebot/2.1; +http://www.google.com/bot.html)" 339 **0/339975**
66.249.70.36 - - [14/Sep/2025:05:37:18 -0700] "GET /?market1916797826?kg=1913798782 HTTP/1.1" 200 23094 "-" "Mozilla/5.0 (Linux; Android 6.0.1; Nexus 5X Build/MMB29P) AppleWebKit/537.36 (KHTML, like Gecko) Chrome/140.0.7339.127 Mobile Safari/537.36 (compatible; Googlebot/2.1; +http://www.google.com/bot.html)" 323 **0/323477**
66.249.64.3 - - [14/Sep/2025:05:37:18 -0700] "GET /?m=115802715930&filter=92f1eb&share_to_url=goods.php?shop/order/make_estimate.aspx HTTP/1.1" 200 22521 "-" "Mozilla/5.0 (Linux; Android 6.0.1; Nexus 5X Build/MMB29P) AppleWebKit/537.36 (KHTML, like Gecko) Chrome/140.0.7339.127 Mobile Safari/537.36 (compatible; Googlebot/2.1; +http://www.google.com/bot.html)" 312 **0/312562**
66.249.70.37 - - [14/Sep/2025:05:37:19 -0700] "GET /market480404799?kg=0479653630 HTTP/1.1" 200 22440 "-" "Mozilla/5.0 (Linux; Android 6.0.1; Nexus 5X Build/MMB29P) AppleWebKit/537.36 (KHTML, like Gecko) Chrome/140.0.7339.127 Mobile Safari/537.36 (compatible; Googlebot/2.1; +http://www.google.com/bot.html)" 353 **0/353678**
66.249.64.1 - - [14/Sep/2025:05:37:19 -0700] "GET /?m=34178176930&filter=5a650a&share_to_url=article.php?shop/pg/1005024086/ HTTP/1.1" 200 22071 "-" "Mozilla/5.0 (Linux; Android 6.0.1; Nexus 5X Build/MMB29P) AppleWebKit/537.36 (KHTML, like Gecko) Chrome/140.0.7339.127 Mobile Safari/537.36 (compatible; Googlebot/2.1; +http://www.google.com/bot.html)" 274 **0/274600**
66.249.64.8 - - [14/Sep/2025:05:37:19 -0700] "GET /?m=115802715930&filter=92f1eb&share_to_url=goods.php?shop/e/e009001036001/ HTTP/1.1" 200 22962 "-" "Mozilla/5.0 (Linux; Android 6.0.1; Nexus 5X Build/MMB29P) AppleWebKit/537.36 (KHTML, like Gecko) Chrome/140.0.7339.127 Mobile Safari/537.36 (compatible; Googlebot/2.1; +http://www.google.com/bot.html)" 441 **0/441462**
66.249.64.2 - - [14/Sep/2025:05:37:19 -0700] "GET /?m=115802715930&filter=92f1eb&share_to_url=goods.php?%3Fid%3D3924448%26name%3Ddove+women+antiperspirant+deodorant+spray HTTP/1.1" 200 22285 "-" "Mozilla/5.0 (Linux; Android 6.0.1; Nexus 5X Build/MMB29P) AppleWebKit/537.36 (KHTML, like Gecko) Chrome/140.0.7339.127 Mobile Safari/537.36 (compatible; Googlebot/2.1; +http://www.google.com/bot.html)" 300 **0/300924**
66.249.70.35 - - [14/Sep/2025:05:37:19 -0700] "GET /market370920566?kg=0370340734 HTTP/1.1" 200 22373 "-" "Mozilla/5.0 (Linux; Android 6.0.1; Nexus 5X Build/MMB29P) AppleWebKit/537.36 (KHTML, like Gecko) Chrome/140.0.7339.127 Mobile Safari/537.36 (compatible; Googlebot/2.1; +http://www.google.com/bot.html)" 285 **0/285170**
66.249.70.37 - - [14/Sep/2025:05:37:20 -0700] "GET /market470214514?kg=0469479294 HTTP/1.1" 200 21556 "-" "Mozilla/5.0 (Linux; Android 6.0.1; Nexus 5X Build/MMB29P) AppleWebKit/537.36 (KHTML, like Gecko) Chrome/140.0.7339.127 Mobile Safari/537.36 (compatible; Googlebot/2.1; +http://www.google.com/bot.html)" 290 **0/290463**
66.249.70.36 - - [14/Sep/2025:05:37:20 -0700] "GET /market1872021321?kg=1869092350 HTTP/1.1" 200 22028 "-" "Mozilla/5.0 (Linux; Android 6.0.1; Nexus 5X Build/MMB29P) AppleWebKit/537.36 (KHTML, like Gecko) Chrome/140.0.7339.127 Mobile Safari/537.36 (compatible; Googlebot/2.1; +http://www.google.com/bot.html)" 363 **0/363227**
66.249.64.5 - - [14/Sep/2025:05:37:20 -0700] "GET /?m=115802715930&filter=92f1eb&share_to_url=goods.php?shop/pg/1AgreementInfo/ HTTP/1.1" 200 22813 "-" "Mozilla/5.0 (Linux; Android 6.0.1; Nexus 5X Build/MMB29P) AppleWebKit/537.36 (KHTML, like Gecko) Chrome/140.0.7339.127 Mobile Safari/537.36 (compatible; Googlebot/2.1; +http://www.google.com/bot.html)" 313 **0/313961**
66.249.64.4 - - [14/Sep/2025:05:37:20 -0700] "GET /?m=103539926930&filter=6b9cd3&share_to_url=detail.php?information/privacy_policy.html HTTP/1.1" 200 26796 "-" "Mozilla/5.0 (Linux; Android 6.0.1; Nexus 5X Build/MMB29P) AppleWebKit/537.36 (KHTML, like Gecko) Chrome/140.0.7339.127 Mobile Safari/537.36 (compatible; Googlebot/2.1; +http://www.google.com/bot.html)" 323 **0/323775**
66.249.64.3 - - [14/Sep/2025:05:37:20 -0700] "GET /?m=116246058930&filter=ffa126&share_to_url=goods.php?shop/e/e009001044001/ HTTP/1.1" 200 21864 "-" "Mozilla/5.0 (Linux; Android 6.0.1; Nexus 5X Build/MMB29P) AppleWebKit/537.36 (KHTML, like Gecko) Chrome/140.0.7339.127 Mobile Safari/537.36 (compatible; Googlebot/2.1; +http://www.google.com/bot.html)" 325 **0/325423**
66.249.64.2 - - [14/Sep/2025:05:37:20 -0700] "GET /?m=115802715930&filter=92f1eb&share_to_url=goods.php?shop/pg/1sancyoku/ HTTP/1.1" 200 22821 "-" "Mozilla/5.0 (Linux; Android 6.0.1; Nexus 5X Build/MMB29P) AppleWebKit/537.36 (KHTML, like Gecko) Chrome/140.0.7339.127 Mobile Safari/537.36 (compatible; Googlebot/2.1; +http://www.google.com/bot.html)" 291 **0/291177**
66.249.70.34 - - [14/Sep/2025:05:37:20 -0700] "GET /market475940212?kg=0475196030 HTTP/1.1" 200 23606 "-" "Mozilla/5.0 (Linux; Android 6.0.1; Nexus 5X Build/MMB29P) AppleWebKit/537.36 (KHTML, like Gecko) Chrome/140.0.7339.127 Mobile Safari/537.36 (compatible; Googlebot/2.1; +http://www.google.com/bot.html)" 259 **0/259287**
136.243.228.194 - - [14/Sep/2025:05:37:21 -0700] "GET /market94258099?fileloc=/home/vgijpbeijziw/public_html/error_log&path=/home/vgijpbeijziw/public_html HTTP/1.1" 200 2641 "-" "Mozilla/5.0 (compatible; DataForSeoBot/1.0; +https://dataforseo.com/dataforseo-bot)" 372 **0/372559**
66.249.64.2 - - [14/Sep/2025:05:37:21 -0700] "GET /?m=117131288930&filter=e3f9bf&share_to_url=product-page.php?shop/customer/bookmark_guest.aspx HTTP/1.1" 200 21698 "-" "Mozilla/5.0 (Linux; Android 6.0.1; Nexus 5X Build/MMB29P) AppleWebKit/537.36 (KHTML, like Gecko) Chrome/140.0.7339.127 Mobile Safari/537.36 (compatible; Googlebot/2.1; +http://www.google.com/bot.html)" 306 **0/306631**
66.249.64.1 - - [14/Sep/2025:05:37:21 -0700] "GET /?m=34178176930&filter=5a650a&share_to_url=article.php?shop/pg/1howto/ HTTP/1.1" 200 22825 "-" "Mozilla/5.0 (Linux; Android 6.0.1; Nexus 5X Build/MMB29P) AppleWebKit/537.36 (KHTML, like Gecko) Chrome/140.0.7339.127 Mobile Safari/537.36 (compatible; Googlebot/2.1; +http://www.google.com/bot.html)" 296 **0/296358**
66.249.64.5 - - [14/Sep/2025:05:37:21 -0700] "GET /?m=103495209930&filter=0f0f79&share_to_url=goods.php?toyu/top/CKmSpSfTop.jsp HTTP/1.1" 200 22348 "-" "Mozilla/5.0 (Linux; Android 6.0.1; Nexus 5X Build/MMB29P) AppleWebKit/537.36 (KHTML, like Gecko) Chrome/140.0.7339.127 Mobile Safari/537.36 (compatible; Googlebot/2.1; +http://www.google.com/bot.html)" 346 **0/346110**
66.249.64.3 - - [14/Sep/2025:05:37:21 -0700] "GET /?m=117131288930&filter=e3f9bf&share_to_url=product-page.php?shop/customer/menu.aspx HTTP/1.1" 200 24872 "-" "Mozilla/5.0 (Linux; Android 6.0.1; Nexus 5X Build/MMB29P) AppleWebKit/537.36 (KHTML, like Gecko) Chrome/140.0.7339.127 Mobile Safari/537.36 (compatible; Googlebot/2.1; +http://www.google.com/bot.html)" 293 **0/293568**
66.249.70.33 - - [14/Sep/2025:05:37:21 -0700] "GET /market1864969519?kg=1862051582 HTTP/1.1" 200 21981 "-" "Mozilla/5.0 (Linux; Android 6.0.1; Nexus 5X Build/MMB29P) AppleWebKit/537.36 (KHTML, like Gecko) Chrome/140.0.7339.127 Mobile Safari/537.36 (compatible; Googlebot/2.1; +http://www.google.com/bot.html)" 293 **0/293726**
66.249.70.34 - - [14/Sep/2025:05:37:22 -0700] "GET /market1873270894?kg=1870339966 HTTP/1.1" 200 22207 "-" "Mozilla/5.0 (Linux; Android 6.0.1; Nexus 5X Build/MMB29P) AppleWebKit/537.36 (KHTML, like Gecko) Chrome/140.0.7339.127 Mobile Safari/537.36 (compatible; Googlebot/2.1; +http://www.google.com/bot.html)" 271 **0/271462**
66.249.64.1 - - [14/Sep/2025:05:37:22 -0700] "GET /?m=101313040930&filter=c30a2b&share_to_url=shop.php?shop/pg/1AvailableInfo/ HTTP/1.1" 200 22820 "-" "Mozilla/5.0 (Linux; Android 6.0.1; Nexus 5X Build/MMB29P) AppleWebKit/537.36 (KHTML, like Gecko) Chrome/140.0.7339.127 Mobile Safari/537.36 (compatible; Googlebot/2.1; +http://www.google.com/bot.html)" 295 **0/295117**
66.249.70.37 - - [14/Sep/2025:05:37:22 -0700] "GET /market45586090?kg=0045515390 HTTP/1.1" 200 23517 "-" "Mozilla/5.0 (Linux; Android 6.0.1; Nexus 5X Build/MMB29P) AppleWebKit/537.36 (KHTML, like Gecko) Chrome/140.0.7339.127 Mobile Safari/537.36 (compatible; Googlebot/2.1; +http://www.google.com/bot.html)" 258 **0/258347**
66.249.70.35 - - [14/Sep/2025:05:37:22 -0700] "GET /?market156814877?kg=0156570110 HTTP/1.1" 200 22865 "-" "Mozilla/5.0 (Linux; Android 6.0.1; Nexus 5X Build/MMB29P) AppleWebKit/537.36 (KHTML, like Gecko) Chrome/140.0.7339.127 Mobile Safari/537.36 (compatible; Googlebot/2.1; +http://www.google.com/bot.html)" 271 **0/271705**
66.249.64.5 - - [14/Sep/2025:05:37:22 -0700] "GET /?m=72379086930&filter=9906a8&share_to_url=article.php?shop/customer/bookmark.aspx HTTP/1.1" 200 21934 "-" "Mozilla/5.0 (Linux; Android 6.0.1; Nexus 5X Build/MMB29P) AppleWebKit/537.36 (KHTML, like Gecko) Chrome/140.0.7339.127 Mobile Safari/537.36 (compatible; Googlebot/2.1; +http://www.google.com/bot.html)" 297 **0/297987**
66.249.70.33 - - [14/Sep/2025:05:37:22 -0700] "GET /market85858780?kg=0085725054 HTTP/1.1" 200 23562 "-" "Mozilla/5.0 (Linux; Android 6.0.1; Nexus 5X Build/MMB29P) AppleWebKit/537.36 (KHTML, like Gecko) Chrome/140.0.7339.127 Mobile Safari/537.36 (compatible; Googlebot/2.1; +http://www.google.com/bot.html)" 349 **0/349776**
66.249.64.5 - - [14/Sep/2025:05:37:22 -0700] "GET /?m=101313040930&filter=c30a2b&share_to_url=shop.php?shop/cart/cart.aspx HTTP/1.1" 200 22237 "-" "Mozilla/5.0 (Linux; Android 6.0.1; Nexus 5X Build/MMB29P) AppleWebKit/537.36 (KHTML, like Gecko) Chrome/140.0.7339.127 Mobile Safari/537.36 (compatible; Googlebot/2.1; +http://www.google.com/bot.html)" 294 **0/294249**
66.249.64.5 - - [14/Sep/2025:05:37:22 -0700] "GET /?m=109330170930&filter=00e3f9&share_to_url=product-page.php?shop/customer/menu.aspx HTTP/1.1" 200 24871 "-" "Mozilla/5.0 (Linux; Android 6.0.1; Nexus 5X Build/MMB29P) AppleWebKit/537.36 (KHTML, like Gecko) Chrome/140.0.7339.127 Mobile Safari/537.36 (compatible; Googlebot/2.1; +http://www.google.com/bot.html)" 295 **0/295588**
66.249.64.5 - - [14/Sep/2025:05:37:22 -0700] "GET /?m=101313040930&filter=c30a2b&share_to_url=shop.php?shop/order/make_estimate.aspx HTTP/1.1" 200 23242 "-" "Mozilla/5.0 (Linux; Android 6.0.1; Nexus 5X Build/MMB29P) AppleWebKit/537.36 (KHTML, like Gecko) Chrome/140.0.7339.127 Mobile Safari/537.36 (compatible; Googlebot/2.1; +http://www.google.com/bot.html)" 303 **0/303437**
66.249.64.1 - - [14/Sep/2025:05:37:23 -0700] "GET /?m=95412933930&filter=9b5cbf&share_to_url=product-page.php?shop/customer/bookmark_guest.aspx HTTP/1.1" 200 22357 "-" "Mozilla/5.0 (Linux; Android 6.0.1; Nexus 5X Build/MMB29P) AppleWebKit/537.36 (KHTML, like Gecko) Chrome/140.0.7339.127 Mobile Safari/537.36 (compatible; Googlebot/2.1; +http://www.google.com/bot.html)" 289 **0/289388**
66.249.70.36 - - [14/Sep/2025:05:37:23 -0700] "GET /?market47272186?kg=0047198846 HTTP/1.1" 200 22376 "-" "Mozilla/5.0 (compatible; Googlebot/2.1; +http://www.google.com/bot.html)" 287 **0/287288**
66.249.70.32 - - [14/Sep/2025:05:37:23 -0700] "GET /market480209165?kg=0479458302 HTTP/1.1" 200 23227 "-" "Mozilla/5.0 (Linux; Android 6.0.1; Nexus 5X Build/MMB29P) AppleWebKit/537.36 (KHTML, like Gecko) Chrome/140.0.7339.127 Mobile Safari/537.36 (compatible; Googlebot/2.1; +http://www.google.com/bot.html)" 275 **0/275287**
66.249.64.6 - - [14/Sep/2025:05:37:23 -0700] "GET /?m=95412933930&filter=9b5cbf&share_to_url=product-page.php?shop/cart/cart.aspx HTTP/1.1" 200 22279 "-" "Mozilla/5.0 (Linux; Android 6.0.1; Nexus 5X Build/MMB29P) AppleWebKit/537.36 (KHTML, like Gecko) Chrome/140.0.7339.127 Mobile Safari/537.36 (compatible; Googlebot/2.1; +http://www.google.com/bot.html)" 305 **0/305673**
66.249.64.7 - - [14/Sep/2025:05:37:24 -0700] "GET /?m=112422249930&filter=92f1eb&share_to_url=pin.php?shop/pg/1005024086/ HTTP/1.1" 200 22069 "-" "Mozilla/5.0 (Linux; Android 6.0.1; Nexus 5X Build/MMB29P) AppleWebKit/537.36 (KHTML, like Gecko) Chrome/140.0.7339.127 Mobile Safari/537.36 (compatible; Googlebot/2.1; +http://www.google.com/bot.html)" 286 **0/286256**
66.249.64.4 - - [14/Sep/2025:05:37:24 -0700] "GET /?m=112422249930&filter=92f1eb&share_to_url=pin.php?pw/ HTTP/1.1" 200 23163 "-" "Mozilla/5.0 (Linux; Android 6.0.1; Nexus 5X Build/MMB29P) AppleWebKit/537.36 (KHTML, like Gecko) Chrome/140.0.7339.127 Mobile Safari/537.36 (compatible; Googlebot/2.1; +http://www.google.com/bot.html)" 303 **0/303998**
66.249.70.32 - - [14/Sep/2025:05:37:25 -0700] "GET /market41064712?kg=0041001086 HTTP/1.1" 200 24009 "-" "Mozilla/5.0 (Linux; Android 6.0.1; Nexus 5X Build/MMB29P) AppleWebKit/537.36 (KHTML, like Gecko) Chrome/140.0.7339.127 Mobile Safari/537.36 (compatible; Googlebot/2.1; +http://www.google.com/bot.html)" 309 **0/309033**
66.249.64.6 - - [14/Sep/2025:05:37:25 -0700] "GET /?m=95412933930&filter=9b5cbf&share_to_url=product-page.php?shop/pg/1SiteUse HTTP/1.1" 200 22818 "-" "Mozilla/5.0 (Linux; Android 6.0.1; Nexus 5X Build/MMB29P) AppleWebKit/537.36 (KHTML, like Gecko) Chrome/140.0.7339.127 Mobile Safari/537.36 (compatible; Googlebot/2.1; +http://www.google.com/bot.html)" 308 **0/308634**
136.243.228.194 - - [14/Sep/2025:05:37:25 -0700] "GET /market94258099?fileloc=/home/vgijpbeijziw/public_html/wp-signup.php&path=/home/vgijpbeijziw/public_html HTTP/1.1" 200 10250 "-" "Mozilla/5.0 (compatible; DataForSeoBot/1.0; +https://dataforseo.com/dataforseo-bot)" 529 **0/529221**
66.249.70.34 - - [14/Sep/2025:05:37:25 -0700] "GET /market552729181?kg=0551864830 HTTP/1.1" 200 22816 "-" "Mozilla/5.0 (Linux; Android 6.0.1; Nexus 5X Build/MMB29P) AppleWebKit/537.36 (KHTML, like Gecko) Chrome/140.0.7339.127 Mobile Safari/537.36 (compatible; Googlebot/2.1; +http://www.google.com/bot.html)" 336 **0/336457**
66.249.64.1 - - [14/Sep/2025:05:37:24 -0700] "GET /?m=116246058930&filter=ffa126&share_to_url=goods.php?shop/pg/1005024086/ HTTP/1.1" 200 22071 "-" "Mozilla/5.0 (Linux; Android 6.0.1; Nexus 5X Build/MMB29P) AppleWebKit/537.36 (KHTML, like Gecko) Chrome/140.0.7339.127 Mobile Safari/537.36 (compatible; Googlebot/2.1; +http://www.google.com/bot.html)" 1585 **1/1585716**
66.249.64.4 - - [14/Sep/2025:05:37:25 -0700] "GET /?m=34178176930&filter=5a650a&share_to_url=article.php?shop/category/categorylist.aspx HTTP/1.1" 200 22762 "-" "Mozilla/5.0 (Linux; Android 6.0.1; Nexus 5X Build/MMB29P) AppleWebKit/537.36 (KHTML, like Gecko) Chrome/140.0.7339.127 Mobile Safari/537.36 (compatible; Googlebot/2.1; +http://www.google.com/bot.html)" 267 **0/267643**
66.249.70.32 - - [14/Sep/2025:05:37:25 -0700] "GET /market337437253?kg=0336909822 HTTP/1.1" 200 22567 "-" "Mozilla/5.0 (Linux; Android 6.0.1; Nexus 5X Build/MMB29P) AppleWebKit/537.36 (KHTML, like Gecko) Chrome/140.0.7339.127 Mobile Safari/537.36 (compatible; Googlebot/2.1; +http://www.google.com/bot.html)" 301 **0/301393**
66.249.64.2 - - [14/Sep/2025:05:37:25 -0700] "GET /?m=95412933930&filter=9b5cbf&share_to_url=product-page.php?shop/pg/1Sitemap/ HTTP/1.1" 200 22810 "-" "Mozilla/5.0 (Linux; Android 6.0.1; Nexus 5X Build/MMB29P) AppleWebKit/537.36 (KHTML, like Gecko) Chrome/140.0.7339.127 Mobile Safari/537.36 (compatible; Googlebot/2.1; +http://www.google.com/bot.html)" 303 **0/303595**
66.249.70.36 - - [14/Sep/2025:05:37:25 -0700] "GET /market25395262?kg=0025356158 HTTP/1.1" 200 22896 "-" "Mozilla/5.0 (Linux; Android 6.0.1; Nexus 5X Build/MMB29P) AppleWebKit/537.36 (KHTML, like Gecko) Chrome/140.0.7339.127 Mobile Safari/537.36 (compatible; Googlebot/2.1; +http://www.google.com/bot.html)" 287 **0/287952**
66.249.70.39 - - [14/Sep/2025:05:37:26 -0700] "GET /market266921269?kg=0266504190 HTTP/1.1" 200 23014 "-" "Mozilla/5.0 (Linux; Android 6.0.1; Nexus 5X Build/MMB29P) AppleWebKit/537.36 (KHTML, like Gecko) Chrome/140.0.7339.127 Mobile Safari/537.36 (compatible; Googlebot/2.1; +http://www.google.com/bot.html)" 279 **0/279360**
66.249.70.34 - - [14/Sep/2025:05:37:26 -0700] "GET /market478139364?kg=0477391742 HTTP/1.1" 200 22696 "-" "Mozilla/5.0 (Linux; Android 6.0.1; Nexus 5X Build/MMB29P) AppleWebKit/537.36 (KHTML, like Gecko) Chrome/140.0.7339.127 Mobile Safari/537.36 (compatible; Googlebot/2.1; +http://www.google.com/bot.html)" 278 **0/278743**
66.249.64.4 - - [14/Sep/2025:05:37:26 -0700] "GET /?m=101995469930&filter=82b630&share_to_url=item.php?contents/renga/ HTTP/1.1" 200 22070 "-" "Mozilla/5.0 (Linux; Android 6.0.1; Nexus 5X Build/MMB29P) AppleWebKit/537.36 (KHTML, like Gecko) Chrome/140.0.7339.127 Mobile Safari/537.36 (compatible; Googlebot/2.1; +http://www.google.com/bot.html)" 267 **0/267019**
66.249.70.38 - - [14/Sep/2025:05:37:26 -0700] "GET /market592082288?kg=0591156350 HTTP/1.1" 200 22392 "-" "Mozilla/5.0 (Linux; Android 6.0.1; Nexus 5X Build/MMB29P) AppleWebKit/537.36 (KHTML, like Gecko) Chrome/140.0.7339.127 Mobile Safari/537.36 (compatible; Googlebot/2.1; +http://www.google.com/bot.html)" 276 **0/276645**
66.249.70.33 - - [14/Sep/2025:05:37:26 -0700] "GET /market378509016?kg=0377917310 HTTP/1.1" 200 22465 "-" "Mozilla/5.0 (Linux; Android 6.0.1; Nexus 5X Build/MMB29P) AppleWebKit/537.36 (KHTML, like Gecko) Chrome/140.0.7339.127 Mobile Safari/537.36 (compatible; Googlebot/2.1; +http://www.google.com/bot.html)" 351 **0/351201**
66.249.64.7 - - [14/Sep/2025:05:37:26 -0700] "GET /?m=110691823930&filter=376deb&share_to_url=goods.php?shop/customer/bookmark.aspx HTTP/1.1" 200 21931 "-" "Mozilla/5.0 (Linux; Android 6.0.1; Nexus 5X Build/MMB29P) AppleWebKit/537.36 (KHTML, like Gecko) Chrome/140.0.7339.127 Mobile Safari/537.36 (compatible; Googlebot/2.1; +http://www.google.com/bot.html)" 302 **0/302006**
66.249.64.8 - - [14/Sep/2025:05:37:26 -0700] "GET /?m=109330170930&filter=00e3f9&share_to_url=product-page.php?shop/customer/bookmark_guest.aspx HTTP/1.1" 200 21697 "-" "Mozilla/5.0 (Linux; Android 6.0.1; Nexus 5X Build/MMB29P) AppleWebKit/537.36 (KHTML, like Gecko) Chrome/140.0.7339.127 Mobile Safari/537.36 (compatible; Googlebot/2.1; +http://www.google.com/bot.html)" 331 **0/331844**
66.249.70.37 - - [14/Sep/2025:05:37:27 -0700] "GET /market1894321309?kg=1891357438 HTTP/1.1" 200 23819 "-" "Mozilla/5.0 (Linux; Android 6.0.1; Nexus 5X Build/MMB29P) AppleWebKit/537.36 (KHTML, like Gecko) Chrome/140.0.7339.127 Mobile Safari/537.36 (compatible; Googlebot/2.1; +http://www.google.com/bot.html)" 458 **0/458962**
66.249.64.7 - - [14/Sep/2025:05:37:27 -0700] "GET /?m=116246058930&filter=ffa126&share_to_url=goods.php?%3Fid%3D3939724%26name%3Dimpresionante+transformaci%C3%B3n+de+una+mu%C3%B1eca HTTP/1.1" 200 22896 "-" "Mozilla/5.0 (Linux; Android 6.0.1; Nexus 5X Build/MMB29P) AppleWebKit/537.36 (KHTML, like Gecko) Chrome/140.0.7339.127 Mobile Safari/537.36 (compatible; Googlebot/2.1; +http://www.google.com/bot.html)" 308 **0/308503**
66.249.64.4 - - [14/Sep/2025:05:37:27 -0700] "GET /?m=93933660930&filter=6b9cd3&share_to_url=model.php?shop/customer/bookmark.aspx HTTP/1.1" 200 21942 "-" "Mozilla/5.0 (Linux; Android 6.0.1; Nexus 5X Build/MMB29P) AppleWebKit/537.36 (KHTML, like Gecko) Chrome/140.0.7339.127 Mobile Safari/537.36 (compatible; Googlebot/2.1; +http://www.google.com/bot.html)" 492 **0/492489**
66.249.70.37 - - [14/Sep/2025:05:37:27 -0700] "GET /market360067997?kg=0359505150 HTTP/1.1" 200 22015 "-" "Mozilla/5.0 (Linux; Android 6.0.1; Nexus 5X Build/MMB29P) AppleWebKit/537.36 (KHTML, like Gecko) Chrome/140.0.7339.127 Mobile Safari/537.36 (compatible; Googlebot/2.1; +http://www.google.com/bot.html)" 320 **0/320651**
66.249.70.33 - - [14/Sep/2025:05:37:27 -0700] "GET /market468830718?kg=0468097662 HTTP/1.1" 200 22478 "-" "Mozilla/5.0 (Linux; Android 6.0.1; Nexus 5X Build/MMB29P) AppleWebKit/537.36 (KHTML, like Gecko) Chrome/140.0.7339.127 Mobile Safari/537.36 (compatible; Googlebot/2.1; +http://www.google.com/bot.html)" 320 **0/320818**
66.249.64.7 - - [14/Sep/2025:05:37:27 -0700] "GET /?market65042330?kg=0064941182 HTTP/1.1" 200 22750 "-" "Mozilla/5.0 (Linux; Android 6.0.1; Nexus 5X Build/MMB29P) AppleWebKit/537.36 (KHTML, like Gecko) Chrome/140.0.7339.127 Mobile Safari/537.36 (compatible; Googlebot/2.1; +http://www.google.com/bot.html)" 302 **0/302585**
66.249.64.6 - - [14/Sep/2025:05:37:28 -0700] "GET /?m=116246058930&filter=ffa126&share_to_url=goods.php?contents/renga/ HTTP/1.1" 200 22759 "-" "Mozilla/5.0 (Linux; Android 6.0.1; Nexus 5X Build/MMB29P) AppleWebKit/537.36 (KHTML, like Gecko) Chrome/140.0.7339.127 Mobile Safari/537.36 (compatible; Googlebot/2.1; +http://www.google.com/bot.html)" 292 **0/292496**
66.249.70.36 - - [14/Sep/2025:05:37:28 -0700] "GET /market45608525?kg=0045537790 HTTP/1.1" 200 22910 "-" "Mozilla/5.0 (Linux; Android 6.0.1; Nexus 5X Build/MMB29P) AppleWebKit/537.36 (KHTML, like Gecko) Chrome/140.0.7339.127 Mobile Safari/537.36 (compatible; Googlebot/2.1; +http://www.google.com/bot.html)" 467 **0/467299**
66.249.70.38 - - [14/Sep/2025:05:37:28 -0700] "GET /market1864670938?kg=1861753470 HTTP/1.1" 200 22878 "-" "Mozilla/5.0 (Linux; Android 6.0.1; Nexus 5X Build/MMB29P) AppleWebKit/537.36 (KHTML, like Gecko) Chrome/140.0.7339.127 Mobile Safari/537.36 (compatible; Googlebot/2.1; +http://www.google.com/bot.html)" 383 **0/383579**
136.243.228.194 - - [14/Sep/2025:05:37:28 -0700] "GET /market94258099?fileloc=/home/vgijpbeijziw/public_html/wp-mail.php&path=/home/vgijpbeijziw/public_html HTTP/1.1" 200 5287 "-" "Mozilla/5.0 (compatible; DataForSeoBot/1.0; +https://dataforseo.com/dataforseo-bot)" 458 **0/458618**
66.249.64.4 - - [14/Sep/2025:05:37:28 -0700] "GET /?m=94722766930&filter=cb107e&share_to_url=ideas.php?shop/pg/1005024164 HTTP/1.1" 200 23234 "-" "Mozilla/5.0 (Linux; Android 6.0.1; Nexus 5X Build/MMB29P) AppleWebKit/537.36 (KHTML, like Gecko) Chrome/140.0.7339.127 Mobile Safari/537.36 (compatible; Googlebot/2.1; +http://www.google.com/bot.html)" 328 **0/328835**
66.249.64.3 - - [14/Sep/2025:05:37:28 -0700] "GET /?m=93933660930&filter=6b9cd3&share_to_url=model.php?shop/userreview/write.aspx HTTP/1.1" 200 22094 "-" "Mozilla/5.0 (Linux; Android 6.0.1; Nexus 5X Build/MMB29P) AppleWebKit/537.36 (KHTML, like Gecko) Chrome/140.0.7339.127 Mobile Safari/537.36 (compatible; Googlebot/2.1; +http://www.google.com/bot.html)" 318 **0/318533**
66.249.70.39 - - [14/Sep/2025:05:37:29 -0700] "GET /market229280666?kg=0228922494 HTTP/1.1" 200 24213 "-" "Mozilla/5.0 (Linux; Android 6.0.1; Nexus 5X Build/MMB29P) AppleWebKit/537.36 (KHTML, like Gecko) Chrome/140.0.7339.127 Mobile Safari/537.36 (compatible; Googlebot/2.1; +http://www.google.com/bot.html)" 278 **0/278250**
66.249.70.37 - - [14/Sep/2025:05:37:29 -0700] "GET /market359217259?kg=0358655742 HTTP/1.1" 200 22539 "-" "Mozilla/5.0 (Linux; Android 6.0.1; Nexus 5X Build/MMB29P) AppleWebKit/537.36 (KHTML, like Gecko) Chrome/140.0.7339.127 Mobile Safari/537.36 (compatible; Googlebot/2.1; +http://www.google.com/bot.html)" 281 **0/281370**
66.249.64.4 - - [14/Sep/2025:05:37:29 -0700] "GET /?m=109330170930&filter=00e3f9&share_to_url=product-page.php?shop/storeSearch/CriteriaInput.aspx HTTP/1.1" 200 22319 "-" "Mozilla/5.0 (Linux; Android 6.0.1; Nexus 5X Build/MMB29P) AppleWebKit/537.36 (KHTML, like Gecko) Chrome/140.0.7339.127 Mobile Safari/537.36 (compatible; Googlebot/2.1; +http://www.google.com/bot.html)" 336 **0/336326**
66.249.70.39 - - [14/Sep/2025:05:37:29 -0700] "GET /market282418800?kg=0281977470 HTTP/1.1" 200 21535 "-" "Mozilla/5.0 (Linux; Android 6.0.1; Nexus 5X Build/MMB29P) AppleWebKit/537.36 (KHTML, like Gecko) Chrome/140.0.7339.127 Mobile Safari/537.36 (compatible; Googlebot/2.1; +http://www.google.com/bot.html)" 269 **0/269956**
