66.249.70.38 - - [14/Sep/2025:05:35:44 -0700] "GET /market1892059720?kg=1889099390 HTTP/1.1" 200 22045 "-" "Mozilla/5.0 (Linux; Android 6.0.1; Nexus 5X Build/MMB29P) AppleWebKit/537.36 (KHTML, like Gecko) Chrome/140.0.7339.127 Mobile Safari/537.36 (compatible; Googlebot/2.1; +http://www.google.com/bot.html)" 304 **0/304604**
66.249.70.36 - - [14/Sep/2025:05:35:45 -0700] "GET /market1874009586?kg=1871077502 HTTP/1.1" 200 21714 "-" "Mozilla/5.0 (Linux; Android 6.0.1; Nexus 5X Build/MMB29P) AppleWebKit/537.36 (KHTML, like Gecko) Chrome/140.0.7339.127 Mobile Safari/537.36 (compatible; Googlebot/2.1; +http://www.google.com/bot.html)" 322 **0/322391**
66.249.64.12 - - [14/Sep/2025:05:35:45 -0700] "GET /?m=102694891930&filter=69b40b&share_to_url=model.php?toyu/top/CSfTop.jsp HTTP/1.1" 200 23294 "-" "Mozilla/5.0 (Linux; Android 6.0.1; Nexus 5X Build/MMB29P) AppleWebKit/537.36 (KHTML, like Gecko) Chrome/140.0.7339.127 Mobile Safari/537.36 (compatible; Googlebot/2.1; +http://www.google.com/bot.html)" 571 **0/571852**
66.249.64.3 - - [14/Sep/2025:05:35:45 -0700] "GET /?m=115802715930&filter=92f1eb&share_to_url=goods.php?toyu/top/CKmSpSfTop.jsp HTTP/1.1" 200 22348 "-" "Mozilla/5.0 (Linux; Android 6.0.1; Nexus 5X Build/MMB29P) AppleWebKit/537.36 (KHTML, like Gecko) Chrome/140.0.7339.127 Mobile Safari/537.36 (compatible; Googlebot/2.1; +http://www.google.com/bot.html)" 429 **0/429956**
66.249.64.8 - - [14/Sep/2025:05:35:45 -0700] "GET /?m=114088328930&filter=637495&share_to_url=product.php?shop/userreview/write.aspx HTTP/1.1" 200 22776 "-" "Mozilla/5.0 (Linux; Android 6.0.1; Nexus 5X Build/MMB29P) AppleWebKit/537.36 (KHTML, like Gecko) Chrome/140.0.7339.127 Mobile Safari/537.36 (compatible; Googlebot/2.1; +http://www.google.com/bot.html)" 361 **0/361195**
66.249.70.37 - - [14/Sep/2025:05:35:45 -0700] "GET /market1871125455?kg=1868197886 HTTP/1.1" 200 21783 "-" "Mozilla/5.0 (Linux; Android 6.0.1; Nexus 5X Build/MMB29P) AppleWebKit/537.36 (KHTML, like Gecko) Chrome/140.0.7339.127 Mobile Safari/537.36 (compatible; Googlebot/2.1; +http://www.google.com/bot.html)" 407 **0/407161**
136.243.228.194 - - [14/Sep/2025:05:35:44 -0700] "GET /market94542193?fileloc=/home/vgijpbeijziw/public_html/deleteme.wpfccba839a20e4570804c5c1592629ed6.php&path=/home/vgijpbeijziw/public_html HTTP/1.1" 200 6074 "-" "Mozilla/5.0 (compatible; DataForSeoBot/1.0; +https://dataforseo.com/dataforseo-bot)" 1203 **1/1203668**
66.249.64.5 - - [14/Sep/2025:05:35:45 -0700] "GET /?m=34178176930&filter=5a650a&share_to_url=article.php?contents/reform/ HTTP/1.1" 200 22640 "-" "Mozilla/5.0 (Linux; Android 6.0.1; Nexus 5X Build/MMB29P) AppleWebKit/537.36 (KHTML, like Gecko) Chrome/140.0.7339.127 Mobile Safari/537.36 (compatible; Googlebot/2.1; +http://www.google.com/bot.html)" 431 **0/431101**
66.249.64.2 - - [14/Sep/2025:05:35:46 -0700] "GET /?m=102694891930&filter=69b40b&share_to_url=model.php?contents/renga/ HTTP/1.1" 200 22761 "-" "Mozilla/5.0 (Linux; Android 6.0.1; Nexus 5X Build/MMB29P) AppleWebKit/537.36 (KHTML, like Gecko) Chrome/140.0.7339.127 Mobile Safari/537.36 (compatible; Googlebot/2.1; +http://www.google.com/bot.html)" 334 **0/334258**
66.249.64.6 - - [14/Sep/2025:05:35:46 -0700] "GET /?m=101750100930&filter=58bbb7&share_to_url=product-page.php?shop/customer/bookmark.aspx HTTP/1.1" 200 21935 "-" "Mozilla/5.0 (Linux; Android 6.0.1; Nexus 5X Build/MMB29P) AppleWebKit/537.36 (KHTML, like Gecko) Chrome/140.0.7339.127 Mobile Safari/537.36 (compatible; Googlebot/2.1; +http://www.google.com/bot.html)" 293 **0/293052**
66.249.70.39 - - [14/Sep/2025:05:35:46 -0700] "GET /market1871374036?kg=1868446078 HTTP/1.1" 200 22741 "-" "Mozilla/5.0 (Linux; Android 6.0.1; Nexus 5X Build/MMB29P) AppleWebKit/537.36 (KHTML, like Gecko) Chrome/140.0.7339.127 Mobile Safari/537.36 (compatible; Googlebot/2.1; +http://www.google.com/bot.html)" 282 **0/282710**
66.249.70.38 - - [14/Sep/2025:05:35:46 -0700] "GET /market45482504?kg=0045411966 HTTP/1.1" 200 22224 "-" "Mozilla/5.0 (Linux; Android 6.0.1; Nexus 5X Build/MMB29P) AppleWebKit/537.36 (KHTML, like Gecko) Chrome/140.0.7339.127 Mobile Safari/537.36 (compatible; Googlebot/2.1; +http://www.google.com/bot.html)" 374 **0/374391**
66.249.64.14 - - [14/Sep/2025:05:35:46 -0700] "GET /?m=110691823930&filter=376deb&share_to_url=goods.php?shop/customer/bookmark_guest.aspx HTTP/1.1" 200 21688 "-" "Mozilla/5.0 (Linux; Android 6.0.1; Nexus 5X Build/MMB29P) AppleWebKit/537.36 (KHTML, like Gecko) Chrome/140.0.7339.127 Mobile Safari/537.36 (compatible; Googlebot/2.1; +http://www.google.com/bot.html)" 386 **0/386225**
66.249.70.34 - - [14/Sep/2025:05:35:46 -0700] "GET /?market133766840?kg=0133558142 HTTP/1.1" 200 22366 "-" "Mozilla/5.0 (Linux; Android 6.0.1; Nexus 5X Build/MMB29P) AppleWebKit/537.36 (KHTML, like Gecko) Chrome/140.0.7339.127 Mobile Safari/537.36 (compatible; Googlebot/2.1; +http://www.google.com/bot.html)" 284 **0/284535**
66.249.64.3 - - [14/Sep/2025:05:35:46 -0700] "GET /?m=117615410930&filter=f03197&share_to_url=model.php?shop/customer/entry.aspx HTTP/1.1" 200 22743 "-" "Mozilla/5.0 (Linux; Android 6.0.1; Nexus 5X Build/MMB29P) AppleWebKit/537.36 (KHTML, like Gecko) Chrome/140.0.7339.127 Mobile Safari/537.36 (compatible; Googlebot/2.1; +http://www.google.com/bot.html)" 368 **0/368207**
66.249.70.39 - - [14/Sep/2025:05:35:47 -0700] "GET /market314521649?kg=0314030078 HTTP/1.1" 200 23380 "-" "Mozilla/5.0 (Linux; Android 6.0.1; Nexus 5X Build/MMB29P) AppleWebKit/537.36 (KHTML, like Gecko) Chrome/140.0.7339.127 Mobile Safari/537.36 (compatible; Googlebot/2.1; +http://www.google.com/bot.html)" 297 **0/297823**
66.249.64.15 - - [14/Sep/2025:05:35:47 -0700] "GET /?m=101750100930&filter=58bbb7&share_to_url=product-page.php?shop/order/make_estimate.aspx HTTP/1.1" 200 22525 "-" "Mozilla/5.0 (Linux; Android 6.0.1; Nexus 5X Build/MMB29P) AppleWebKit/537.36 (KHTML, like Gecko) Chrome/140.0.7339.127 Mobile Safari/537.36 (compatible; Googlebot/2.1; +http://www.google.com/bot.html)" 350 **0/350929**
66.249.70.37 - - [14/Sep/2025:05:35:47 -0700] "GET /market45397124?kg=0045326718 HTTP/1.1" 200 21790 "-" "Mozilla/5.0 (Linux; Android 6.0.1; Nexus 5X Build/MMB29P) AppleWebKit/537.36 (KHTML, like Gecko) Chrome/140.0.7339.127 Mobile Safari/537.36 (compatible; Googlebot/2.1; +http://www.google.com/bot.html)" 286 **0/286297**
66.249.70.39 - - [14/Sep/2025:05:35:47 -0700] "GET /market1868031078?kg=1865108350 HTTP/1.1" 200 22191 "-" "Mozilla/5.0 (Linux; Android 6.0.1; Nexus 5X Build/MMB29P) AppleWebKit/537.36 (KHTML, like Gecko) Chrome/140.0.7339.127 Mobile Safari/537.36 (compatible; Googlebot/2.1; +http://www.google.com/bot.html)" 349 **0/349355**
66.249.64.8 - - [14/Sep/2025:05:35:47 -0700] "GET /?m=114088328930&filter=637495&share_to_url=product.php?shop/customer/menu.aspx HTTP/1.1" 200 24865 "-" "Mozilla/5.0 (Linux; Android 6.0.1; Nexus 5X Build/MMB29P) AppleWebKit/537.36 (KHTML, like Gecko) Chrome/140.0.7339.127 Mobile Safari/537.36 (compatible; Googlebot/2.1; +http://www.google.com/bot.html)" 292 **0/292670**
66.249.64.10 - - [14/Sep/2025:05:35:48 -0700] "GET /?m=117615410930&filter=f03197&share_to_url=model.php?shop/customer/bookmark_guest.aspx HTTP/1.1" 200 21692 "-" "Mozilla/5.0 (Linux; Android 6.0.1; Nexus 5X Build/MMB29P) AppleWebKit/537.36 (KHTML, like Gecko) Chrome/140.0.7339.127 Mobile Safari/537.36 (compatible; Googlebot/2.1; +http://www.google.com/bot.html)" 296 **0/296872**
66.249.70.34 - - [14/Sep/2025:05:35:48 -0700] "GET /market45298922?kg=0045228670 HTTP/1.1" 200 21536 "-" "Mozilla/5.0 (Linux; Android 6.0.1; Nexus 5X Build/MMB29P) AppleWebKit/537.36 (KHTML, like Gecko) Chrome/140.0.7339.127 Mobile Safari/537.36 (compatible; Googlebot/2.1; +http://www.google.com/bot.html)" 282 **0/282578**
66.249.64.8 - - [14/Sep/2025:05:35:48 -0700] "GET /?m=92349873930&filter=1926e0&share_to_url=goods.php?shop/pg/1SiteUse/ HTTP/1.1" 200 22816 "-" "Mozilla/5.0 (Linux; Android 6.0.1; Nexus 5X Build/MMB29P) AppleWebKit/537.36 (KHTML, like Gecko) Chrome/140.0.7339.127 Mobile Safari/537.36 (compatible; Googlebot/2.1; +http://www.google.com/bot.html)" 294 **0/294593**
66.249.70.32 - - [14/Sep/2025:05:35:48 -0700] "GET /market1869144116?kg=1866219646 HTTP/1.1" 200 21741 "-" "Mozilla/5.0 (Linux; Android 6.0.1; Nexus 5X Build/MMB29P) AppleWebKit/537.36 (KHTML, like Gecko) Chrome/140.0.7339.127 Mobile Safari/537.36 (compatible; Googlebot/2.1; +http://www.google.com/bot.html)" 277 **0/277244**
136.243.228.194 - - [14/Sep/2025:05:35:48 -0700] "GET /market94542193?fileloc=/home/vgijpbeijziw/public_html/index.php&path=/home/vgijpbeijziw/public_html HTTP/1.1" 200 10694 "-" "Mozilla/5.0 (compatible; DataForSeoBot/1.0; +https://dataforseo.com/dataforseo-bot)" 473 **0/473721**
66.249.64.14 - - [14/Sep/2025:05:35:49 -0700] "GET /?m=110793754930&filter=892b7d&share_to_url=product.php?shop/cart/cart.aspx HTTP/1.1" 200 22267 "-" "Mozilla/5.0 (Linux; Android 6.0.1; Nexus 5X Build/MMB29P) AppleWebKit/537.36 (KHTML, like Gecko) Chrome/140.0.7339.127 Mobile Safari/537.36 (compatible; Googlebot/2.1; +http://www.google.com/bot.html)" 312 **0/312229**
66.249.64.13 - - [14/Sep/2025:05:35:49 -0700] "GET /?m=117615410930&filter=f03197&share_to_url=model.php?shop/customer/menu.aspx HTTP/1.1" 200 24859 "-" "Mozilla/5.0 (Linux; Android 6.0.1; Nexus 5X Build/MMB29P) AppleWebKit/537.36 (KHTML, like Gecko) Chrome/140.0.7339.127 Mobile Safari/537.36 (compatible; Googlebot/2.1; +http://www.google.com/bot.html)" 293 **0/293650**
66.249.64.13 - - [14/Sep/2025:05:35:49 -0700] "GET /?m=100135761930&filter=217709&share_to_url=model.php?shop/customer/menu.aspx HTTP/1.1" 200 24863 "-" "Mozilla/5.0 (Linux; Android 6.0.1; Nexus 5X Build/MMB29P) AppleWebKit/537.36 (KHTML, like Gecko) Chrome/140.0.7339.127 Mobile Safari/537.36 (compatible; Googlebot/2.1; +http://www.google.com/bot.html)" 297 **0/297689**
66.249.70.35 - - [14/Sep/2025:05:35:49 -0700] "GET /market1865760259?kg=1862841086 HTTP/1.1" 200 22477 "-" "Mozilla/5.0 (Linux; Android 6.0.1; Nexus 5X Build/MMB29P) AppleWebKit/537.36 (KHTML, like Gecko) Chrome/140.0.7339.127 Mobile Safari/537.36 (compatible; Googlebot/2.1; +http://www.google.com/bot.html)" 305 **0/305908**
66.249.70.34 - - [14/Sep/2025:05:35:50 -0700] "GET /market54129636?kg=0054045566 HTTP/1.1" 200 22717 "-" "Mozilla/5.0 (Linux; Android 6.0.1; Nexus 5X Build/MMB29P) AppleWebKit/537.36 (KHTML, like Gecko) Chrome/140.0.7339.127 Mobile Safari/537.36 (compatible; Googlebot/2.1; +http://www.google.com/bot.html)" 266 **0/266788**
66.249.64.13 - - [14/Sep/2025:05:35:50 -0700] "GET /?m=91718024930&filter=79da5e&share_to_url=detail.php?reserve/tool HTTP/1.1" 200 22691 "-" "Mozilla/5.0 (Linux; Android 6.0.1; Nexus 5X Build/MMB29P) AppleWebKit/537.36 (KHTML, like Gecko) Chrome/140.0.7339.127 Mobile Safari/537.36 (compatible; Googlebot/2.1; +http://www.google.com/bot.html)" 314 **0/314050**
66.249.64.2 - - [14/Sep/2025:05:35:50 -0700] "GET /?m=101995469930&filter=82b630&share_to_url=item.php?pw/ HTTP/1.1" 200 23165 "-" "Mozilla/5.0 (Linux; Android 6.0.1; Nexus 5X Build/MMB29P) AppleWebKit/537.36 (KHTML, like Gecko) Chrome/140.0.7339.127 Mobile Safari/537.36 (compatible; Googlebot/2.1; +http://www.google.com/bot.html)" 343 **0/343966**
66.249.70.36 - - [14/Sep/2025:05:35:50 -0700] "GET /market1869076168?kg=1866151806 HTTP/1.1" 200 22172 "-" "Mozilla/5.0 (Linux; Android 6.0.1; Nexus 5X Build/MMB29P) AppleWebKit/537.36 (KHTML, like Gecko) Chrome/140.0.7339.127 Mobile Safari/537.36 (compatible; Googlebot/2.1; +http://www.google.com/bot.html)" 271 **0/271407**
66.249.64.10 - - [14/Sep/2025:05:35:50 -0700] "GET /?m=114088328930&filter=637495&share_to_url=product.php?toyu/top/CKmSpSfTop.jsp HTTP/1.1" 200 23069 "-" "Mozilla/5.0 (Linux; Android 6.0.1; Nexus 5X Build/MMB29P) AppleWebKit/537.36 (KHTML, like Gecko) Chrome/140.0.7339.127 Mobile Safari/537.36 (compatible; Googlebot/2.1; +http://www.google.com/bot.html)" 313 **0/313300**
66.249.70.34 - - [14/Sep/2025:05:35:50 -0700] "GET /market51990224?kg=0051909502 HTTP/1.1" 200 22199 "-" "Mozilla/5.0 (Linux; Android 6.0.1; Nexus 5X Build/MMB29P) AppleWebKit/537.36 (KHTML, like Gecko) Chrome/140.0.7339.127 Mobile Safari/537.36 (compatible; Googlebot/2.1; +http://www.google.com/bot.html)" 251 **0/251787**
66.249.64.7 - - [14/Sep/2025:05:35:51 -0700] "GET /?m=102694891930&filter=69b40b&share_to_url=model.php?shop/pg/1SiteUse/ HTTP/1.1" 200 22814 "-" "Mozilla/5.0 (Linux; Android 6.0.1; Nexus 5X Build/MMB29P) AppleWebKit/537.36 (KHTML, like Gecko) Chrome/140.0.7339.127 Mobile Safari/537.36 (compatible; Googlebot/2.1; +http://www.google.com/bot.html)" 390 **0/390784**
66.249.64.5 - - [14/Sep/2025:05:35:51 -0700] "GET /?m=114088328930&filter=637495&share_to_url=product.php?toyu/top/CSfTop.jsp HTTP/1.1" 200 22526 "-" "Mozilla/5.0 (Linux; Android 6.0.1; Nexus 5X Build/MMB29P) AppleWebKit/537.36 (KHTML, like Gecko) Chrome/140.0.7339.127 Mobile Safari/537.36 (compatible; Googlebot/2.1; +http://www.google.com/bot.html)" 322 **0/322067**
66.249.70.39 - - [14/Sep/2025:05:35:51 -0700] "GET /market1872928983?kg=1869998590 HTTP/1.1" 200 22777 "-" "Mozilla/5.0 (Linux; Android 6.0.1; Nexus 5X Build/MMB29P) AppleWebKit/537.36 (KHTML, like Gecko) Chrome/140.0.7339.127 Mobile Safari/537.36 (compatible; Googlebot/2.1; +http://www.google.com/bot.html)" 262 **0/262992**
66.249.70.38 - - [14/Sep/2025:05:35:51 -0700] "GET /market1868988865?kg=1866064638 HTTP/1.1" 200 21761 "-" "Mozilla/5.0 (Linux; Android 6.0.1; Nexus 5X Build/MMB29P) AppleWebKit/537.36 (KHTML, like Gecko) Chrome/140.0.7339.127 Mobile Safari/537.36 (compatible; Googlebot/2.1; +http://www.google.com/bot.html)" 327 **0/327342**
66.249.64.1 - - [14/Sep/2025:05:35:52 -0700] "GET /?m=102509983930&filter=ec1cf4&share_to_url=article.php?toyu/top/CSfTop.jsp HTTP/1.1" 200 22528 "-" "Mozilla/5.0 (Linux; Android 6.0.1; Nexus 5X Build/MMB29P) AppleWebKit/537.36 (KHTML, like Gecko) Chrome/140.0.7339.127 Mobile Safari/537.36 (compatible; Googlebot/2.1; +http://www.google.com/bot.html)" 312 **0/312298**
66.249.64.6 - - [14/Sep/2025:05:35:52 -0700] "GET /?m=102694891930&filter=69b40b&share_to_url=model.php?shop/e/e009001036001/ HTTP/1.1" 200 22982 "-" "Mozilla/5.0 (Linux; Android 6.0.1; Nexus 5X Build/MMB29P) AppleWebKit/537.36 (KHTML, like Gecko) Chrome/140.0.7339.127 Mobile Safari/537.36 (compatible; Googlebot/2.1; +http://www.google.com/bot.html)" 318 **0/318965**
66.249.70.33 - - [14/Sep/2025:05:35:53 -0700] "GET /market1890725408?kg=1887767166 HTTP/1.1" 200 23122 "-" "Mozilla/5.0 (Linux; Android 6.0.1; Nexus 5X Build/MMB29P) AppleWebKit/537.36 (KHTML, like Gecko) Chrome/140.0.7339.127 Mobile Safari/537.36 (compatible; Googlebot/2.1; +http://www.google.com/bot.html)" 260 **0/260501**
136.243.228.194 - - [14/Sep/2025:05:35:52 -0700] "GET /market94542193?fileloc=/home/vgijpbeijziw/public_html/wp-comments-post.php&path=/home/vgijpbeijziw/public_html HTTP/1.1" 200 3280 "-" "Mozilla/5.0 (compatible; DataForSeoBot/1.0; +https://dataforseo.com/dataforseo-bot)" 466 **0/466971**
66.249.70.34 - - [14/Sep/2025:05:35:53 -0700] "GET /market1868851562?kg=1865927550 HTTP/1.1" 200 21889 "-" "Mozilla/5.0 (Linux; Android 6.0.1; Nexus 5X Build/MMB29P) AppleWebKit/537.36 (KHTML, like Gecko) Chrome/140.0.7339.127 Mobile Safari/537.36 (compatible; Googlebot/2.1; +http://www.google.com/bot.html)" 266 **0/266223**
66.249.64.12 - - [14/Sep/2025:05:35:53 -0700] "GET /?m=114088328930&filter=637495&share_to_url=product.php?reserve/tool/ HTTP/1.1" 200 22682 "-" "Mozilla/5.0 (Linux; Android 6.0.1; Nexus 5X Build/MMB29P) AppleWebKit/537.36 (KHTML, like Gecko) Chrome/140.0.7339.127 Mobile Safari/537.36 (compatible; Googlebot/2.1; +http://www.google.com/bot.html)" 312 **0/312643**
66.249.64.9 - - [14/Sep/2025:05:35:53 -0700] "GET /?m=102694891930&filter=69b40b&share_to_url=model.php?shop/e/e009001044001/ HTTP/1.1" 200 21864 "-" "Mozilla/5.0 (Linux; Android 6.0.1; Nexus 5X Build/MMB29P) AppleWebKit/537.36 (KHTML, like Gecko) Chrome/140.0.7339.127 Mobile Safari/537.36 (compatible; Googlebot/2.1; +http://www.google.com/bot.html)" 329 **0/329528**
66.249.70.39 - - [14/Sep/2025:05:35:54 -0700] "GET /market1889804158?kg=1886847358 HTTP/1.1" 200 22326 "-" "Mozilla/5.0 (Linux; Android 6.0.1; Nexus 5X Build/MMB29P) AppleWebKit/537.36 (KHTML, like Gecko) Chrome/140.0.7339.127 Mobile Safari/537.36 (compatible; Googlebot/2.1; +http://www.google.com/bot.html)" 265 **0/265649**
66.249.70.36 - - [14/Sep/2025:05:35:54 -0700] "GET /market1867695960?kg=1864773758 HTTP/1.1" 200 22920 "-" "Mozilla/5.0 (Linux; Android 6.0.1; Nexus 5X Build/MMB29P) AppleWebKit/537.36 (KHTML, like Gecko) Chrome/140.0.7339.127 Mobile Safari/537.36 (compatible; Googlebot/2.1; +http://www.google.com/bot.html)" 254 **0/254102**
66.249.64.10 - - [14/Sep/2025:05:35:54 -0700] "GET /?m=101750100930&filter=58bbb7&share_to_url=product-page.php?shop/customer/entry.aspx HTTP/1.1" 200 22099 "-" "Mozilla/5.0 (Linux; Android 6.0.1; Nexus 5X Build/MMB29P) AppleWebKit/537.36 (KHTML, like Gecko) Chrome/140.0.7339.127 Mobile Safari/537.36 (compatible; Googlebot/2.1; +http://www.google.com/bot.html)" 285 **0/285356**
66.249.70.33 - - [14/Sep/2025:05:35:54 -0700] "GET /?market110705342?kg=0110532734 HTTP/1.1" 200 22053 "-" "Mozilla/5.0 (Linux; Android 6.0.1; Nexus 5X Build/MMB29P) AppleWebKit/537.36 (KHTML, like Gecko) Chrome/140.0.7339.127 Mobile Safari/537.36 (compatible; Googlebot/2.1; +http://www.google.com/bot.html)" 249 **0/249221**
66.249.64.1 - - [14/Sep/2025:05:35:54 -0700] "GET /?m=117615410930&filter=f03197&share_to_url=model.php?shop/pg/1005024086/ HTTP/1.1" 200 22075 "-" "Mozilla/5.0 (Linux; Android 6.0.1; Nexus 5X Build/MMB29P) AppleWebKit/537.36 (KHTML, like Gecko) Chrome/140.0.7339.127 Mobile Safari/537.36 (compatible; Googlebot/2.1; +http://www.google.com/bot.html)" 268 **0/268203**
66.249.70.37 - - [14/Sep/2025:05:35:54 -0700] "GET /market1889841721?kg=1886884862 HTTP/1.1" 200 22529 "-" "Mozilla/5.0 (Linux; Android 6.0.1; Nexus 5X Build/MMB29P) AppleWebKit/537.36 (KHTML, like Gecko) Chrome/140.0.7339.127 Mobile Safari/537.36 (compatible; Googlebot/2.1; +http://www.google.com/bot.html)" 253 **0/253571**
66.249.70.32 - - [14/Sep/2025:05:35:55 -0700] "GET /market1867767496?kg=1864845182 HTTP/1.1" 200 22227 "-" "Mozilla/5.0 (Linux; Android 6.0.1; Nexus 5X Build/MMB29P) AppleWebKit/537.36 (KHTML, like Gecko) Chrome/140.0.7339.127 Mobile Safari/537.36 (compatible; Googlebot/2.1; +http://www.google.com/bot.html)" 264 **0/264243**
66.249.70.36 - - [14/Sep/2025:05:35:55 -0700] "GET /market134245671?kg=0134036222 HTTP/1.1" 200 21664 "-" "Mozilla/5.0 (Linux; Android 6.0.1; Nexus 5X Build/MMB29P) AppleWebKit/537.36 (KHTML, like Gecko) Chrome/140.0.7339.127 Mobile Safari/537.36 (compatible; Googlebot/2.1; +http://www.google.com/bot.html)" 254 **0/254421**
66.249.64.14 - - [14/Sep/2025:05:35:55 -0700] "GET /?m=88552235930&filter=1e3e8d&share_to_url=model.php?jukyuban/ HTTP/1.1" 200 21946 "-" "Mozilla/5.0 (Linux; Android 6.0.1; Nexus 5X Build/MMB29P) AppleWebKit/537.36 (KHTML, like Gecko) Chrome/140.0.7339.127 Mobile Safari/537.36 (compatible; Googlebot/2.1; +http://www.google.com/bot.html)" 294 **0/294215**
66.249.64.1 - - [14/Sep/2025:05:35:55 -0700] "GET /?m=102694891930&filter=69b40b&share_to_url=model.php?shop/customer/menu.aspx HTTP/1.1" 200 24862 "-" "Mozilla/5.0 (Linux; Android 6.0.1; Nexus 5X Build/MMB29P) AppleWebKit/537.36 (KHTML, like Gecko) Chrome/140.0.7339.127 Mobile Safari/537.36 (compatible; Googlebot/2.1; +http://www.google.com/bot.html)" 386 **0/386579**
66.249.70.35 - - [14/Sep/2025:05:35:55 -0700] "GET /market1890947581?kg=1887988990 HTTP/1.1" 200 23287 "-" "Mozilla/5.0 (Linux; Android 6.0.1; Nexus 5X Build/MMB29P) AppleWebKit/537.36 (KHTML, like Gecko) Chrome/140.0.7339.127 Mobile Safari/537.36 (compatible; Googlebot/2.1; +http://www.google.com/bot.html)" 283 **0/283521**
66.249.70.37 - - [14/Sep/2025:05:35:56 -0700] "GET /market1867845059?kg=1864922622 HTTP/1.1" 200 23037 "-" "Mozilla/5.0 (Linux; Android 6.0.1; Nexus 5X Build/MMB29P) AppleWebKit/537.36 (KHTML, like Gecko) Chrome/140.0.7339.127 Mobile Safari/537.36 (compatible; Googlebot/2.1; +http://www.google.com/bot.html)" 271 **0/271630**
66.249.64.8 - - [14/Sep/2025:05:35:56 -0700] "GET /?m=88552235930&filter=1e3e8d&share_to_url=model.php?toyu/top/CKmSpSfTop.jsp HTTP/1.1" 200 23069 "-" "Mozilla/5.0 (Linux; Android 6.0.1; Nexus 5X Build/MMB29P) AppleWebKit/537.36 (KHTML, like Gecko) Chrome/140.0.7339.127 Mobile Safari/537.36 (compatible; Googlebot/2.1; +http://www.google.com/bot.html)" 307 **0/307460**
66.249.64.3 - - [14/Sep/2025:05:35:56 -0700] "GET /?m=117615410930&filter=f03197&share_to_url=model.php?shop/e/e009001036001/ HTTP/1.1" 200 22981 "-" "Mozilla/5.0 (Linux; Android 6.0.1; Nexus 5X Build/MMB29P) AppleWebKit/537.36 (KHTML, like Gecko) Chrome/140.0.7339.127 Mobile Safari/537.36 (compatible; Googlebot/2.1; +http://www.google.com/bot.html)" 285 **0/285874**
136.243.228.194 - - [14/Sep/2025:05:35:56 -0700] "GET /market94542193?fileloc=/home/vgijpbeijziw/public_html/deleteme.wp8b4ec71f0555499aabcffc6234991262.php&path=/home/vgijpbeijziw/public_html HTTP/1.1" 200 6074 "-" "Mozilla/5.0 (compatible; DataForSeoBot/1.0; +https://dataforseo.com/dataforseo-bot)" 414 **0/414807**
66.249.70.35 - - [14/Sep/2025:05:35:57 -0700] "GET /market14903193?kg=0014880510 HTTP/1.1" 200 23965 "-" "Mozilla/5.0 (Linux; Android 6.0.1; Nexus 5X Build/MMB29P) AppleWebKit/537.36 (KHTML, like Gecko) Chrome/140.0.7339.127 Mobile Safari/537.36 (compatible; Googlebot/2.1; +http://www.google.com/bot.html)" 275 **0/275806**
66.249.70.35 - - [14/Sep/2025:05:35:57 -0700] "GET /market1867892878?kg=1864970366 HTTP/1.1" 200 24326 "-" "Mozilla/5.0 (Linux; Android 6.0.1; Nexus 5X Build/MMB29P) AppleWebKit/537.36 (KHTML, like Gecko) Chrome/140.0.7339.127 Mobile Safari/537.36 (compatible; Googlebot/2.1; +http://www.google.com/bot.html)" 292 **0/292742**
66.249.64.2 - - [14/Sep/2025:05:35:57 -0700] "GET /?m=88552235930&filter=1e3e8d&share_to_url=model.php?shop/storeSearch/CriteriaInput.aspx HTTP/1.1" 200 23020 "-" "Mozilla/5.0 (Linux; Android 6.0.1; Nexus 5X Build/MMB29P) AppleWebKit/537.36 (KHTML, like Gecko) Chrome/140.0.7339.127 Mobile Safari/537.36 (compatible; Googlebot/2.1; +http://www.google.com/bot.html)" 305 **0/305531**
66.249.64.5 - - [14/Sep/2025:05:35:57 -0700] "GET /?m=107450575930&filter=660989&share_to_url=product-page.php?shop/customer/bookmark_guest.aspx HTTP/1.1" 200 21698 "-" "Mozilla/5.0 (Linux; Android 6.0.1; Nexus 5X Build/MMB29P) AppleWebKit/537.36 (KHTML, like Gecko) Chrome/140.0.7339.127 Mobile Safari/537.36 (compatible; Googlebot/2.1; +http://www.google.com/bot.html)" 282 **0/282968**
66.249.64.7 - - [14/Sep/2025:05:35:57 -0700] "GET /?m=117615410930&filter=f03197&share_to_url=model.php?toyu/top/CKmSpSfTop.jsp HTTP/1.1" 200 22352 "-" "Mozilla/5.0 (Linux; Android 6.0.1; Nexus 5X Build/MMB29P) AppleWebKit/537.36 (KHTML, like Gecko) Chrome/140.0.7339.127 Mobile Safari/537.36 (compatible; Googlebot/2.1; +http://www.google.com/bot.html)" 298 **0/298937**
66.249.70.39 - - [14/Sep/2025:05:35:58 -0700] "GET /market1888796373?kg=1885841150 HTTP/1.1" 200 25340 "-" "Mozilla/5.0 (Linux; Android 6.0.1; Nexus 5X Build/MMB29P) AppleWebKit/537.36 (KHTML, like Gecko) Chrome/140.0.7339.127 Mobile Safari/537.36 (compatible; Googlebot/2.1; +http://www.google.com/bot.html)" 267 **0/267135**
66.249.64.10 - - [14/Sep/2025:05:35:58 -0700] "GET /?m=36119633930&filter=f50e20&share_to_url=item.php?shop/cart/cart.aspx HTTP/1.1" 200 22258 "-" "Mozilla/5.0 (Linux; Android 6.0.1; Nexus 5X Build/MMB29P) AppleWebKit/537.36 (KHTML, like Gecko) Chrome/140.0.7339.127 Mobile Safari/537.36 (compatible; Googlebot/2.1; +http://www.google.com/bot.html)" 313 **0/313513**
66.249.64.5 - - [14/Sep/2025:05:35:58 -0700] "GET /?m=102276431930&filter=1bb5f9&share_to_url=product.php?shop/pg/1AgreementInfo/ HTTP/1.1" 200 22808 "-" "Mozilla/5.0 (Linux; Android 6.0.1; Nexus 5X Build/MMB29P) AppleWebKit/537.36 (KHTML, like Gecko) Chrome/140.0.7339.127 Mobile Safari/537.36 (compatible; Googlebot/2.1; +http://www.google.com/bot.html)" 368 **0/368653**
107.180.57.159 - - [14/Sep/2025:05:30:58 -0700] "GET /ARTOFLIVINGDELHI.ORG/img/img/index.php?ARRAY=7o2230223n313735373835363635382p2231223n22687474703n5p2s5p2s7n733534307631336o6s2r62616o65742r6s6r655p2s3s6p633q7068705s636s64655s6n6326743q313735373835333035382q6363343239626233643262333865383032666537653562643130343734383161222p2232223n223231373437653765346636383135333730316436643235653234353630626162222p2233223n226231616666386161376538363561333763653066363134633539323434666263222p226175746s5s66696p655s6r616q65223n6r756p6p2p226175746s5s70617373223n6r756p6p2p2262696r675s70617373223n2231382q33392q35352q36322q37372q39302q3239227q HTTP/1.1" 503 92606 "-" "-" 300792 **300/300792417**
66.249.64.8 - - [14/Sep/2025:05:35:58 -0700] "GET /?m=103968100930&filter=08f3e7&share_to_url=goods.php?shop/userreview/write.aspx HTTP/1.1" 200 22089 "-" "Mozilla/5.0 (Linux; Android 6.0.1; Nexus 5X Build/MMB29P) AppleWebKit/537.36 (KHTML, like Gecko) Chrome/140.0.7339.127 Mobile Safari/537.36 (compatible; Googlebot/2.1; +http://www.google.com/bot.html)" 394 **0/394635**
66.249.70.38 - - [14/Sep/2025:05:35:58 -0700] "GET /market1862140131?kg=1859226622 HTTP/1.1" 200 21545 "-" "Mozilla/5.0 (Linux; Android 6.0.1; Nexus 5X Build/MMB29P) AppleWebKit/537.36 (KHTML, like Gecko) Chrome/140.0.7339.127 Mobile Safari/537.36 (compatible; Googlebot/2.1; +http://www.google.com/bot.html)" 353 **0/353036**
66.249.70.37 - - [14/Sep/2025:05:35:58 -0700] "GET /market1888943549?kg=1885988094 HTTP/1.1" 200 22032 "-" "Mozilla/5.0 (Linux; Android 6.0.1; Nexus 5X Build/MMB29P) AppleWebKit/537.36 (KHTML, like Gecko) Chrome/140.0.7339.127 Mobile Safari/537.36 (compatible; Googlebot/2.1; +http://www.google.com/bot.html)" 290 **0/290445**
66.249.64.6 - - [14/Sep/2025:05:35:58 -0700] "GET /?m=117615410930&filter=f03197&share_to_url=model.php?shop/pg/1AgreementInfo/ HTTP/1.1" 200 22809 "-" "Mozilla/5.0 (Linux; Android 6.0.1; Nexus 5X Build/MMB29P) AppleWebKit/537.36 (KHTML, like Gecko) Chrome/140.0.7339.127 Mobile Safari/537.36 (compatible; Googlebot/2.1; +http://www.google.com/bot.html)" 299 **0/299130**
66.249.64.3 - - [14/Sep/2025:05:35:59 -0700] "GET /?m=95036553930&filter=f2aff4&share_to_url=discover.php?pw/ HTTP/1.1" 200 22459 "-" "Mozilla/5.0 (Linux; Android 6.0.1; Nexus 5X Build/MMB29P) AppleWebKit/537.36 (KHTML, like Gecko) Chrome/140.0.7339.127 Mobile Safari/537.36 (compatible; Googlebot/2.1; +http://www.google.com/bot.html)" 330 **0/330263**
66.249.70.38 - - [14/Sep/2025:05:35:59 -0700] "GET /market1909923708?kg=1906935422 HTTP/1.1" 200 22070 "-" "Mozilla/5.0 (Linux; Android 6.0.1; Nexus 5X Build/MMB29P) AppleWebKit/537.36 (KHTML, like Gecko) Chrome/140.0.7339.127 Mobile Safari/537.36 (compatible; Googlebot/2.1; +http://www.google.com/bot.html)" 271 **0/271918**
66.249.70.32 - - [14/Sep/2025:05:35:59 -0700] "GET /market1858990753?kg=1856082174 HTTP/1.1" 200 22072 "-" "Mozilla/5.0 (Linux; Android 6.0.1; Nexus 5X Build/MMB29P) AppleWebKit/537.36 (KHTML, like Gecko) Chrome/140.0.7339.127 Mobile Safari/537.36 (compatible; Googlebot/2.1; +http://www.google.com/bot.html)" 251 **0/251443**
66.249.64.9 - - [14/Sep/2025:05:35:59 -0700] "GET /?m=88552235930&filter=1e3e8d&share_to_url=model.php?shop/pg/1005022001/ HTTP/1.1" 200 22472 "-" "Mozilla/5.0 (Linux; Android 6.0.1; Nexus 5X Build/MMB29P) AppleWebKit/537.36 (KHTML, like Gecko) Chrome/140.0.7339.127 Mobile Safari/537.36 (compatible; Googlebot/2.1; +http://www.google.com/bot.html)" 299 **0/299575**
66.249.70.38 - - [14/Sep/2025:05:35:59 -0700] "GET /market1888828425?kg=1885873150 HTTP/1.1" 200 22895 "-" "Mozilla/5.0 (Linux; Android 6.0.1; Nexus 5X Build/MMB29P) AppleWebKit/537.36 (KHTML, like Gecko) Chrome/140.0.7339.127 Mobile Safari/537.36 (compatible; Googlebot/2.1; +http://www.google.com/bot.html)" 254 **0/254449**
66.249.64.8 - - [14/Sep/2025:05:36:00 -0700] "GET /?m=110793754930&filter=892b7d&share_to_url=product.php?shop/order/make_estimate.aspx HTTP/1.1" 200 22519 "-" "Mozilla/5.0 (Linux; Android 6.0.1; Nexus 5X Build/MMB29P) AppleWebKit/537.36 (KHTML, like Gecko) Chrome/140.0.7339.127 Mobile Safari/537.36 (compatible; Googlebot/2.1; +http://www.google.com/bot.html)" 293 **0/293894**
66.249.64.9 - - [14/Sep/2025:05:36:00 -0700] "GET /?m=86335412930&filter=ccf43d&share_to_url=model.php?shop/pg/1005024164 HTTP/1.1" 200 23234 "-" "Mozilla/5.0 (Linux; Android 6.0.1; Nexus 5X Build/MMB29P) AppleWebKit/537.36 (KHTML, like Gecko) Chrome/140.0.7339.127 Mobile Safari/537.36 (compatible; Googlebot/2.1; +http://www.google.com/bot.html)" 310 **0/310510**
66.249.70.35 - - [14/Sep/2025:05:36:00 -0700] "GET /market1888544845?kg=1885590014 HTTP/1.1" 200 22353 "-" "Mozilla/5.0 (Linux; Android 6.0.1; Nexus 5X Build/MMB29P) AppleWebKit/537.36 (KHTML, like Gecko) Chrome/140.0.7339.127 Mobile Safari/537.36 (compatible; Googlebot/2.1; +http://www.google.com/bot.html)" 440 **0/440393**
66.249.70.36 - - [14/Sep/2025:05:36:00 -0700] "GET /market1858278983?kg=1855371518 HTTP/1.1" 200 24877 "-" "Mozilla/5.0 (Linux; Android 6.0.1; Nexus 5X Build/MMB29P) AppleWebKit/537.36 (KHTML, like Gecko) Chrome/140.0.7339.127 Mobile Safari/537.36 (compatible; Googlebot/2.1; +http://www.google.com/bot.html)" 399 **0/399063**
66.249.64.1 - - [14/Sep/2025:05:36:01 -0700] "GET /?m=114857514930&filter=dd02c1&share_to_url=item.php?contents/reform/ HTTP/1.1" 200 22642 "-" "Mozilla/5.0 (Linux; Android 6.0.1; Nexus 5X Build/MMB29P) AppleWebKit/537.36 (KHTML, like Gecko) Chrome/140.0.7339.127 Mobile Safari/537.36 (compatible; Googlebot/2.1; +http://www.google.com/bot.html)" 428 **0/428145**
66.249.64.3 - - [14/Sep/2025:05:36:01 -0700] "GET /?m=88552235930&filter=1e3e8d&share_to_url=model.php?shop/customer/bookmark_guest.aspx HTTP/1.1" 200 22372 "-" "Mozilla/5.0 (Linux; Android 6.0.1; Nexus 5X Build/MMB29P) AppleWebKit/537.36 (KHTML, like Gecko) Chrome/140.0.7339.127 Mobile Safari/537.36 (compatible; Googlebot/2.1; +http://www.google.com/bot.html)" 432 **0/432903**
136.243.228.194 - - [14/Sep/2025:05:36:00 -0700] "GET /market94542193?fileloc=/home/vgijpbeijziw/public_html/error_log&path=/home/vgijpbeijziw/public_html HTTP/1.1" 200 2641 "-" "Mozilla/5.0 (compatible; DataForSeoBot/1.0; +https://dataforseo.com/dataforseo-bot)" 1287 **1/1287273**
66.249.64.15 - - [14/Sep/2025:05:36:01 -0700] "GET /?m=86335412930&filter=ccf43d&share_to_url=model.php?information/privacy_policy.html HTTP/1.1" 200 25923 "-" "Mozilla/5.0 (Linux; Android 6.0.1; Nexus 5X Build/MMB29P) AppleWebKit/537.36 (KHTML, like Gecko) Chrome/140.0.7339.127 Mobile Safari/537.36 (compatible; Googlebot/2.1; +http://www.google.com/bot.html)" 392 **0/392492**
66.249.70.32 - - [14/Sep/2025:05:36:01 -0700] "GET /market1887365143?kg=1884412158 HTTP/1.1" 200 21546 "-" "Mozilla/5.0 (Linux; Android 6.0.1; Nexus 5X Build/MMB29P) AppleWebKit/537.36 (KHTML, like Gecko) Chrome/140.0.7339.127 Mobile Safari/537.36 (compatible; Googlebot/2.1; +http://www.google.com/bot.html)" 311 **0/311413**
66.249.64.15 - - [14/Sep/2025:05:36:02 -0700] "GET /?m=88915670930&filter=4fb3da&share_to_url=item.php?information/privacy_policy.html HTTP/1.1" 200 25912 "-" "Mozilla/5.0 (Linux; Android 6.0.1; Nexus 5X Build/MMB29P) AppleWebKit/537.36 (KHTML, like Gecko) Chrome/140.0.7339.127 Mobile Safari/537.36 (compatible; Googlebot/2.1; +http://www.google.com/bot.html)" 309 **0/309267**
66.249.70.34 - - [14/Sep/2025:05:36:02 -0700] "GET /market1856215594?kg=1853311358 HTTP/1.1" 200 22089 "-" "Mozilla/5.0 (Linux; Android 6.0.1; Nexus 5X Build/MMB29P) AppleWebKit/537.36 (KHTML, like Gecko) Chrome/140.0.7339.127 Mobile Safari/537.36 (compatible; Googlebot/2.1; +http://www.google.com/bot.html)" 273 **0/273632**
66.249.70.34 - - [14/Sep/2025:05:36:02 -0700] "GET /market1870933667?kg=1868006398 HTTP/1.1" 200 21483 "-" "Mozilla/5.0 (Linux; Android 6.0.1; Nexus 5X Build/MMB29P) AppleWebKit/537.36 (KHTML, like Gecko) Chrome/140.0.7339.127 Mobile Safari/537.36 (compatible; Googlebot/2.1; +http://www.google.com/bot.html)" 261 **0/261096**
66.249.64.5 - - [14/Sep/2025:05:36:03 -0700] "GET /?m=86335412930&filter=ccf43d&share_to_url=model.php?shop/e/e009001044001/ HTTP/1.1" 200 22536 "-" "Mozilla/5.0 (Linux; Android 6.0.1; Nexus 5X Build/MMB29P) AppleWebKit/537.36 (KHTML, like Gecko) Chrome/140.0.7339.127 Mobile Safari/537.36 (compatible; Googlebot/2.1; +http://www.google.com/bot.html)" 282 **0/282478**
66.249.64.3 - - [14/Sep/2025:05:36:03 -0700] "GET /?m=88915670930&filter=4fb3da&share_to_url=item.php?reserve/tool/ HTTP/1.1" 200 22672 "-" "Mozilla/5.0 (Linux; Android 6.0.1; Nexus 5X Build/MMB29P) AppleWebKit/537.36 (KHTML, like Gecko) Chrome/140.0.7339.127 Mobile Safari/537.36 (compatible; Googlebot/2.1; +http://www.google.com/bot.html)" 301 **0/301335**
66.249.70.35 - - [14/Sep/2025:05:36:03 -0700] "GET /market1860264043?kg=1857353470 HTTP/1.1" 200 22641 "-" "Mozilla/5.0 (Linux; Android 6.0.1; Nexus 5X Build/MMB29P) AppleWebKit/537.36 (KHTML, like Gecko) Chrome/140.0.7339.127 Mobile Safari/537.36 (compatible; Googlebot/2.1; +http://www.google.com/bot.html)" 292 **0/292743**
66.249.64.15 - - [14/Sep/2025:05:36:03 -0700] "GET /?m=86335412930&filter=ccf43d&share_to_url=model.php?hg/ HTTP/1.1" 200 22692 "-" "Mozilla/5.0 (Linux; Android 6.0.1; Nexus 5X Build/MMB29P) AppleWebKit/537.36 (KHTML, like Gecko) Chrome/140.0.7339.127 Mobile Safari/537.36 (compatible; Googlebot/2.1; +http://www.google.com/bot.html)" 263 **0/263555**
66.249.70.37 - - [14/Sep/2025:05:36:03 -0700] "GET /market1884161536?kg=1881213566 HTTP/1.1" 200 24414 "-" "Mozilla/5.0 (Linux; Android 6.0.1; Nexus 5X Build/MMB29P) AppleWebKit/537.36 (KHTML, like Gecko) Chrome/140.0.7339.127 Mobile Safari/537.36 (compatible; Googlebot/2.1; +http://www.google.com/bot.html)" 265 **0/265813**
66.249.70.32 - - [14/Sep/2025:05:36:04 -0700] "GET /market1860155071?kg=1857244670 HTTP/1.1" 200 22015 "-" "Mozilla/5.0 (Linux; Android 6.0.1; Nexus 5X Build/MMB29P) AppleWebKit/537.36 (KHTML, like Gecko) Chrome/140.0.7339.127 Mobile Safari/537.36 (compatible; Googlebot/2.1; +http://www.google.com/bot.html)" 249 **0/249467**
66.249.64.13 - - [14/Sep/2025:05:36:04 -0700] "GET /?m=88915670930&filter=4fb3da&share_to_url=item.php?toyu/top/CKmSpSfTop.jsp HTTP/1.1" 200 22349 "-" "Mozilla/5.0 (Linux; Android 6.0.1; Nexus 5X Build/MMB29P) AppleWebKit/537.36 (KHTML, like Gecko) Chrome/140.0.7339.127 Mobile Safari/537.36 (compatible; Googlebot/2.1; +http://www.google.com/bot.html)" 284 **0/284952**
66.249.64.1 - - [14/Sep/2025:05:36:04 -0700] "GET /?m=86335412930&filter=ccf43d&share_to_url=model.php?shop/pg/1howto/ HTTP/1.1" 200 22819 "-" "Mozilla/5.0 (Linux; Android 6.0.1; Nexus 5X Build/MMB29P) AppleWebKit/537.36 (KHTML, like Gecko) Chrome/140.0.7339.127 Mobile Safari/537.36 (compatible; Googlebot/2.1; +http://www.google.com/bot.html)" 301 **0/301389**
136.243.228.194 - - [14/Sep/2025:05:36:04 -0700] "GET /market94542193?path=/home/vgijpbeijziw/public_html/css HTTP/1.1" 200 2816 "-" "Mozilla/5.0 (compatible; DataForSeoBot/1.0; +https://dataforseo.com/dataforseo-bot)" 379 **0/379614**
66.249.70.38 - - [14/Sep/2025:05:36:05 -0700] "GET /market1884021927?kg=1881074174 HTTP/1.1" 200 22658 "-" "Mozilla/5.0 (Linux; Android 6.0.1; Nexus 5X Build/MMB29P) AppleWebKit/537.36 (KHTML, like Gecko) Chrome/140.0.7339.127 Mobile Safari/537.36 (compatible; Googlebot/2.1; +http://www.google.com/bot.html)" 252 **0/252961**
66.249.70.34 - - [14/Sep/2025:05:36:05 -0700] "GET /market1859119979?kg=1856211198 HTTP/1.1" 200 22064 "-" "Mozilla/5.0 (Linux; Android 6.0.1; Nexus 5X Build/MMB29P) AppleWebKit/537.36 (KHTML, like Gecko) Chrome/140.0.7339.127 Mobile Safari/537.36 (compatible; Googlebot/2.1; +http://www.google.com/bot.html)" 283 **0/283237**
66.249.64.14 - - [14/Sep/2025:05:36:05 -0700] "GET /?market69493712?kg=0069385598 HTTP/1.1" 200 22413 "-" "Mozilla/5.0 (Linux; Android 6.0.1; Nexus 5X Build/MMB29P) AppleWebKit/537.36 (KHTML, like Gecko) Chrome/140.0.7339.127 Mobile Safari/537.36 (compatible; Googlebot/2.1; +http://www.google.com/bot.html)" 300 **0/300982**
66.249.70.39 - - [14/Sep/2025:05:36:05 -0700] "GET /market362420991?kg=0361854462 HTTP/1.1" 200 21945 "-" "Mozilla/5.0 (Linux; Android 6.0.1; Nexus 5X Build/MMB29P) AppleWebKit/537.36 (KHTML, like Gecko) Chrome/140.0.7339.127 Mobile Safari/537.36 (compatible; Googlebot/2.1; +http://www.google.com/bot.html)" 272 **0/272448**
66.249.70.33 - - [14/Sep/2025:05:36:05 -0700] "GET /market111206991?kg=0111033598 HTTP/1.1" 200 21712 "-" "Mozilla/5.0 (Linux; Android 6.0.1; Nexus 5X Build/MMB29P) AppleWebKit/537.36 (KHTML, like Gecko) Chrome/140.0.7339.127 Mobile Safari/537.36 (compatible; Googlebot/2.1; +http://www.google.com/bot.html)" 264 **0/264269**
66.249.64.4 - - [14/Sep/2025:05:36:05 -0700] "GET /?m=86335412930&filter=ccf43d&share_to_url=model.php?shop/pg/1Sitemap/ HTTP/1.1" 200 22812 "-" "Mozilla/5.0 (Linux; Android 6.0.1; Nexus 5X Build/MMB29P) AppleWebKit/537.36 (KHTML, like Gecko) Chrome/140.0.7339.127 Mobile Safari/537.36 (compatible; Googlebot/2.1; +http://www.google.com/bot.html)" 314 **0/314260**
66.249.70.39 - - [14/Sep/2025:05:36:06 -0700] "GET /market1858100273?kg=1855193086 HTTP/1.1" 200 22970 "-" "Mozilla/5.0 (Linux; Android 6.0.1; Nexus 5X Build/MMB29P) AppleWebKit/537.36 (KHTML, like Gecko) Chrome/140.0.7339.127 Mobile Safari/537.36 (compatible; Googlebot/2.1; +http://www.google.com/bot.html)" 251 **0/251060**
66.249.64.9 - - [14/Sep/2025:05:36:06 -0700] "GET /?m=105494835930&filter=db56cc&share_to_url=shopdetail.php?shop/customer/menu.aspx HTTP/1.1" 200 24869 "-" "Mozilla/5.0 (Linux; Android 6.0.1; Nexus 5X Build/MMB29P) AppleWebKit/537.36 (KHTML, like Gecko) Chrome/140.0.7339.127 Mobile Safari/537.36 (compatible; Googlebot/2.1; +http://www.google.com/bot.html)" 286 **0/286376**
66.249.70.38 - - [14/Sep/2025:05:36:07 -0700] "GET /market363987220?kg=0363418238 HTTP/1.1" 200 21981 "-" "Mozilla/5.0 (Linux; Android 6.0.1; Nexus 5X Build/MMB29P) AppleWebKit/537.36 (KHTML, like Gecko) Chrome/140.0.7339.127 Mobile Safari/537.36 (compatible; Googlebot/2.1; +http://www.google.com/bot.html)" 265 **0/265607**
66.249.64.8 - - [14/Sep/2025:05:36:07 -0700] "GET /?m=99295692930&filter=7b7191&share_to_url=shopdetail.php?information/privacy_policy.html HTTP/1.1" 200 25918 "-" "Mozilla/5.0 (Linux; Android 6.0.1; Nexus 5X Build/MMB29P) AppleWebKit/537.36 (KHTML, like Gecko) Chrome/140.0.7339.127 Mobile Safari/537.36 (compatible; Googlebot/2.1; +http://www.google.com/bot.html)" 297 **0/297184**
66.249.70.35 - - [14/Sep/2025:05:36:07 -0700] "GET /?market1884628444?kg=1881679742 HTTP/1.1" 200 22875 "-" "Mozilla/5.0 (Linux; Android 6.0.1; Nexus 5X Build/MMB29P) AppleWebKit/537.36 (KHTML, like Gecko) Chrome/140.0.7339.127 Mobile Safari/537.36 (compatible; Googlebot/2.1; +http://www.google.com/bot.html)" 271 **0/271339**
66.249.70.38 - - [14/Sep/2025:05:36:07 -0700] "GET /market1855022304?kg=1852119934 HTTP/1.1" 200 22924 "-" "Mozilla/5.0 (Linux; Android 6.0.1; Nexus 5X Build/MMB29P) AppleWebKit/537.36 (KHTML, like Gecko) Chrome/140.0.7339.127 Mobile Safari/537.36 (compatible; Googlebot/2.1; +http://www.google.com/bot.html)" 257 **0/257390**
66.249.64.7 - - [14/Sep/2025:05:36:07 -0700] "GET /?m=92191195930&filter=58bbb7&share_to_url=model.php?pw/ HTTP/1.1" 200 23166 "-" "Mozilla/5.0 (Linux; Android 6.0.1; Nexus 5X Build/MMB29P) AppleWebKit/537.36 (KHTML, like Gecko) Chrome/140.0.7339.127 Mobile Safari/537.36 (compatible; Googlebot/2.1; +http://www.google.com/bot.html)" 286 **0/286314**
66.249.70.35 - - [14/Sep/2025:05:36:08 -0700] "GET /market68519900?kg=0068413310 HTTP/1.1" 200 24945 "-" "Mozilla/5.0 (Linux; Android 6.0.1; Nexus 5X Build/MMB29P) AppleWebKit/537.36 (KHTML, like Gecko) Chrome/140.0.7339.127 Mobile Safari/537.36 (compatible; Googlebot/2.1; +http://www.google.com/bot.html)" 271 **0/271478**
66.249.64.3 - - [14/Sep/2025:05:36:08 -0700] "GET /?m=95736961930&filter=49e0b4&share_to_url=detail.php?shop/cart/cart.aspx HTTP/1.1" 200 22232 "-" "Mozilla/5.0 (Linux; Android 6.0.1; Nexus 5X Build/MMB29P) AppleWebKit/537.36 (KHTML, like Gecko) Chrome/140.0.7339.127 Mobile Safari/537.36 (compatible; Googlebot/2.1; +http://www.google.com/bot.html)" 251 **0/251174**
66.249.64.13 - - [14/Sep/2025:05:36:08 -0700] "GET /?m=92191195930&filter=58bbb7&share_to_url=model.php?shop/customer/bookmark.aspx HTTP/1.1" 200 21940 "-" "Mozilla/5.0 (Linux; Android 6.0.1; Nexus 5X Build/MMB29P) AppleWebKit/537.36 (KHTML, like Gecko) Chrome/140.0.7339.127 Mobile Safari/537.36 (compatible; Googlebot/2.1; +http://www.google.com/bot.html)" 278 **0/278183**
136.243.228.194 - - [14/Sep/2025:05:36:08 -0700] "GET /market94542193?fileloc=/home/vgijpbeijziw/public_html/robots.txt&path=/home/vgijpbeijziw/public_html HTTP/1.1" 200 2307 "-" "Mozilla/5.0 (compatible; DataForSeoBot/1.0; +https://dataforseo.com/dataforseo-bot)" 365 **0/365491**
66.249.70.32 - - [14/Sep/2025:05:36:09 -0700] "GET /market1853016349?kg=1850117118 HTTP/1.1" 200 22966 "-" "Mozilla/5.0 (Linux; Android 6.0.1; Nexus 5X Build/MMB29P) AppleWebKit/537.36 (KHTML, like Gecko) Chrome/140.0.7339.127 Mobile Safari/537.36 (compatible; Googlebot/2.1; +http://www.google.com/bot.html)" 280 **0/280132**
66.249.64.3 - - [14/Sep/2025:05:36:09 -0700] "GET /?m=105494835930&filter=db56cc&share_to_url=shopdetail.php?shop/customer/bookmark_guest.aspx HTTP/1.1" 200 22373 "-" "Mozilla/5.0 (Linux; Android 6.0.1; Nexus 5X Build/MMB29P) AppleWebKit/537.36 (KHTML, like Gecko) Chrome/140.0.7339.127 Mobile Safari/537.36 (compatible; Googlebot/2.1; +http://www.google.com/bot.html)" 307 **0/307014**
66.249.64.2 - - [14/Sep/2025:05:36:09 -0700] "GET /?m=116441926930&filter=6d0bfa&share_to_url=product.php?shop/customer/bookmark.aspx HTTP/1.1" 200 22629 "-" "Mozilla/5.0 (Linux; Android 6.0.1; Nexus 5X Build/MMB29P) AppleWebKit/537.36 (KHTML, like Gecko) Chrome/140.0.7339.127 Mobile Safari/537.36 (compatible; Googlebot/2.1; +http://www.google.com/bot.html)" 304 **0/304150**
66.249.70.39 - - [14/Sep/2025:05:36:09 -0700] "GET /market52854681?kg=0052772606 HTTP/1.1" 200 21854 "-" "Mozilla/5.0 (Linux; Android 6.0.1; Nexus 5X Build/MMB29P) AppleWebKit/537.36 (KHTML, like Gecko) Chrome/140.0.7339.127 Mobile Safari/537.36 (compatible; Googlebot/2.1; +http://www.google.com/bot.html)" 270 **0/270349**
66.249.70.32 - - [14/Sep/2025:05:36:09 -0700] "GET /market1885580204?kg=1882630014 HTTP/1.1" 200 23371 "-" "Mozilla/5.0 (Linux; Android 6.0.1; Nexus 5X Build/MMB29P) AppleWebKit/537.36 (KHTML, like Gecko) Chrome/140.0.7339.127 Mobile Safari/537.36 (compatible; Googlebot/2.1; +http://www.google.com/bot.html)" 251 **0/251587**
66.249.70.32 - - [14/Sep/2025:05:36:10 -0700] "GET /market1853129292?kg=1850229886 HTTP/1.1" 200 22898 "-" "Mozilla/5.0 (Linux; Android 6.0.1; Nexus 5X Build/MMB29P) AppleWebKit/537.36 (KHTML, like Gecko) Chrome/140.0.7339.127 Mobile Safari/537.36 (compatible; Googlebot/2.1; +http://www.google.com/bot.html)" 269 **0/269396**
66.249.64.13 - - [14/Sep/2025:05:36:10 -0700] "GET /?m=88915670930&filter=4fb3da&share_to_url=item.php?shop/category/categorylist.aspx HTTP/1.1" 200 22756 "-" "Mozilla/5.0 (Linux; Android 6.0.1; Nexus 5X Build/MMB29P) AppleWebKit/537.36 (KHTML, like Gecko) Chrome/140.0.7339.127 Mobile Safari/537.36 (compatible; Googlebot/2.1; +http://www.google.com/bot.html)" 269 **0/269141**
66.249.70.32 - - [14/Sep/2025:05:36:10 -0700] "GET /market1884399734?kg=1881451390 HTTP/1.1" 200 23328 "-" "Mozilla/5.0 (Linux; Android 6.0.1; Nexus 5X Build/MMB29P) AppleWebKit/537.36 (KHTML, like Gecko) Chrome/140.0.7339.127 Mobile Safari/537.36 (compatible; Googlebot/2.1; +http://www.google.com/bot.html)" 259 **0/259487**
66.249.64.4 - - [14/Sep/2025:05:36:10 -0700] "GET /?m=105494835930&filter=db56cc&share_to_url=shopdetail.php?shop/customer/bookmark.aspx HTTP/1.1" 200 21933 "-" "Mozilla/5.0 (Linux; Android 6.0.1; Nexus 5X Build/MMB29P) AppleWebKit/537.36 (KHTML, like Gecko) Chrome/140.0.7339.127 Mobile Safari/537.36 (compatible; Googlebot/2.1; +http://www.google.com/bot.html)" 296 **0/296816**
66.249.64.8 - - [14/Sep/2025:05:36:10 -0700] "GET /?m=88915670930&filter=4fb3da&share_to_url=item.php?shop/cart/cart.aspx HTTP/1.1" 200 22257 "-" "Mozilla/5.0 (Linux; Android 6.0.1; Nexus 5X Build/MMB29P) AppleWebKit/537.36 (KHTML, like Gecko) Chrome/140.0.7339.127 Mobile Safari/537.36 (compatible; Googlebot/2.1; +http://www.google.com/bot.html)" 245 **0/245615**
66.249.64.4 - - [14/Sep/2025:05:36:11 -0700] "GET /?m=102861075930&filter=458d78&share_to_url=shop.php?shop/pg/1005024240/ HTTP/1.1" 200 22781 "-" "Mozilla/5.0 (Linux; Android 6.0.1; Nexus 5X Build/MMB29P) AppleWebKit/537.36 (KHTML, like Gecko) Chrome/140.0.7339.127 Mobile Safari/537.36 (compatible; Googlebot/2.1; +http://www.google.com/bot.html)" 275 **0/275536**
66.249.70.32 - - [14/Sep/2025:05:36:11 -0700] "GET /market78234817?kg=0078113022 HTTP/1.1" 200 22679 "-" "Mozilla/5.0 (Linux; Android 6.0.1; Nexus 5X Build/MMB29P) AppleWebKit/537.36 (KHTML, like Gecko) Chrome/140.0.7339.127 Mobile Safari/537.36 (compatible; Googlebot/2.1; +http://www.google.com/bot.html)" 267 **0/267571**
66.249.70.36 - - [14/Sep/2025:05:36:11 -0700] "GET /market1883068369?kg=1880122110 HTTP/1.1" 200 22452 "-" "Mozilla/5.0 (Linux; Android 6.0.1; Nexus 5X Build/MMB29P) AppleWebKit/537.36 (KHTML, like Gecko) Chrome/140.0.7339.127 Mobile Safari/537.36 (compatible; Googlebot/2.1; +http://www.google.com/bot.html)" 273 **0/273421**
66.249.64.2 - - [14/Sep/2025:05:36:11 -0700] "GET /?m=88915670930&filter=4fb3da&share_to_url=item.php?shop/customer/bookmark_guest.aspx HTTP/1.1" 200 21701 "-" "Mozilla/5.0 (Linux; Android 6.0.1; Nexus 5X Build/MMB29P) AppleWebKit/537.36 (KHTML, like Gecko) Chrome/140.0.7339.127 Mobile Safari/537.36 (compatible; Googlebot/2.1; +http://www.google.com/bot.html)" 262 **0/262153**
66.249.64.9 - - [14/Sep/2025:05:36:11 -0700] "GET /?m=91179899930&filter=7af87e&share_to_url=model.php?shop/category/categorylist.aspx HTTP/1.1" 200 22150 "-" "Mozilla/5.0 (Linux; Android 6.0.1; Nexus 5X Build/MMB29P) AppleWebKit/537.36 (KHTML, like Gecko) Chrome/140.0.7339.127 Mobile Safari/537.36 (compatible; Googlebot/2.1; +http://www.google.com/bot.html)" 300 **0/300212**
66.249.64.8 - - [14/Sep/2025:05:36:11 -0700] "GET /?m=105494835930&filter=db56cc&share_to_url=shopdetail.php?information/privacy_policy.html HTTP/1.1" 200 25932 "-" "Mozilla/5.0 (Linux; Android 6.0.1; Nexus 5X Build/MMB29P) AppleWebKit/537.36 (KHTML, like Gecko) Chrome/140.0.7339.127 Mobile Safari/537.36 (compatible; Googlebot/2.1; +http://www.google.com/bot.html)" 322 **0/322069**
66.249.70.33 - - [14/Sep/2025:05:36:12 -0700] "GET /market1886352486?kg=1883401086 HTTP/1.1" 200 22530 "-" "Mozilla/5.0 (Linux; Android 6.0.1; Nexus 5X Build/MMB29P) AppleWebKit/537.36 (KHTML, like Gecko) Chrome/140.0.7339.127 Mobile Safari/537.36 (compatible; Googlebot/2.1; +http://www.google.com/bot.html)" 279 **0/279369**
66.249.70.32 - - [14/Sep/2025:05:36:12 -0700] "GET /market1904866708?kg=1901886334 HTTP/1.1" 200 24749 "-" "Mozilla/5.0 (Linux; Android 6.0.1; Nexus 5X Build/MMB29P) AppleWebKit/537.36 (KHTML, like Gecko) Chrome/140.0.7339.127 Mobile Safari/537.36 (compatible; Googlebot/2.1; +http://www.google.com/bot.html)" 266 **0/266206**
66.249.70.36 - - [14/Sep/2025:05:36:12 -0700] "GET /market78236482?kg=0078114686 HTTP/1.1" 200 21851 "-" "Mozilla/5.0 (Linux; Android 6.0.1; Nexus 5X Build/MMB29P) AppleWebKit/537.36 (KHTML, like Gecko) Chrome/140.0.7339.127 Mobile Safari/537.36 (compatible; Googlebot/2.1; +http://www.google.com/bot.html)" 249 **0/249701**
136.243.228.194 - - [14/Sep/2025:05:36:12 -0700] "GET /market94542193?fileloc=/home/vgijpbeijziw/public_html/deleteme.wp0dd49c8f448648bda81bbfb643d4a4b5.php&path=/home/vgijpbeijziw/public_html HTTP/1.1" 200 6075 "-" "Mozilla/5.0 (compatible; DataForSeoBot/1.0; +https://dataforseo.com/dataforseo-bot)" 439 **0/439481**
66.249.64.11 - - [14/Sep/2025:05:36:12 -0700] "GET /?m=110168470930&filter=69b40b&share_to_url=goods.php?jukyuban/ HTTP/1.1" 200 22622 "-" "Mozilla/5.0 (Linux; Android 6.0.1; Nexus 5X Build/MMB29P) AppleWebKit/537.36 (KHTML, like Gecko) Chrome/140.0.7339.127 Mobile Safari/537.36 (compatible; Googlebot/2.1; +http://www.google.com/bot.html)" 324 **0/324892**
66.249.64.6 - - [14/Sep/2025:05:36:12 -0700] "GET /?m=99880073930&filter=48eb3f&share_to_url=goods.php?shop/pg/1005024240/ HTTP/1.1" 200 22779 "-" "Mozilla/5.0 (Linux; Android 6.0.1; Nexus 5X Build/MMB29P) AppleWebKit/537.36 (KHTML, like Gecko) Chrome/140.0.7339.127 Mobile Safari/537.36 (compatible; Googlebot/2.1; +http://www.google.com/bot.html)" 292 **0/292307**
66.249.64.10 - - [14/Sep/2025:05:36:12 -0700] "GET /?m=92191195930&filter=58bbb7&share_to_url=model.php?shop/cart/cart.aspx HTTP/1.1" 200 22265 "-" "Mozilla/5.0 (Linux; Android 6.0.1; Nexus 5X Build/MMB29P) AppleWebKit/537.36 (KHTML, like Gecko) Chrome/140.0.7339.127 Mobile Safari/537.36 (compatible; Googlebot/2.1; +http://www.google.com/bot.html)" 282 **0/282492**
66.249.70.36 - - [14/Sep/2025:05:36:13 -0700] "GET /market1882079431?kg=1879134718 HTTP/1.1" 200 22270 "-" "Mozilla/5.0 (Linux; Android 6.0.1; Nexus 5X Build/MMB29P) AppleWebKit/537.36 (KHTML, like Gecko) Chrome/140.0.7339.127 Mobile Safari/537.36 (compatible; Googlebot/2.1; +http://www.google.com/bot.html)" 330 **0/330709**
66.249.64.8 - - [14/Sep/2025:05:36:13 -0700] "GET /?m=99880073930&filter=48eb3f&share_to_url=goods.php?shop/pg/1Sitemap/ HTTP/1.1" 200 22817 "-" "Mozilla/5.0 (Linux; Android 6.0.1; Nexus 5X Build/MMB29P) AppleWebKit/537.36 (KHTML, like Gecko) Chrome/140.0.7339.127 Mobile Safari/537.36 (compatible; Googlebot/2.1; +http://www.google.com/bot.html)" 311 **0/311130**
66.249.70.37 - - [14/Sep/2025:05:36:13 -0700] "GET /market52574947?kg=0052493310 HTTP/1.1" 200 23815 "-" "Mozilla/5.0 (Linux; Android 6.0.1; Nexus 5X Build/MMB29P) AppleWebKit/537.36 (KHTML, like Gecko) Chrome/140.0.7339.127 Mobile Safari/537.36 (compatible; Googlebot/2.1; +http://www.google.com/bot.html)" 325 **0/325523**
