66.249.64.3 - - [14/Sep/2025:05:37:29 -0700] "GET /?m=114306799930&filter=be32ee&share_to_url=product.php?shop/cart/cart.aspx HTTP/1.1" 200 22291 "-" "Mozilla/5.0 (Linux; Android 6.0.1; Nexus 5X Build/MMB29P) AppleWebKit/537.36 (KHTML, like Gecko) Chrome/140.0.7339.127 Mobile Safari/537.36 (compatible; Googlebot/2.1; +http://www.google.com/bot.html)" 323 **0/323968**
66.249.64.3 - - [14/Sep/2025:05:37:30 -0700] "GET /?m=114306799930&filter=be32ee&share_to_url=product.php?shop/storeSearch/CriteriaInput.aspx HTTP/1.1" 200 23028 "-" "Mozilla/5.0 (Linux; Android 6.0.1; Nexus 5X Build/MMB29P) AppleWebKit/537.36 (KHTML, like Gecko) Chrome/140.0.7339.127 Mobile Safari/537.36 (compatible; Googlebot/2.1; +http://www.google.com/bot.html)" 313 **0/313692**
66.249.70.36 - - [14/Sep/2025:05:37:30 -0700] "GET /market229966411?kg=0229607166 HTTP/1.1" 200 24301 "-" "Mozilla/5.0 (Linux; Android 6.0.1; Nexus 5X Build/MMB29P) AppleWebKit/537.36 (KHTML, like Gecko) Chrome/140.0.7339.127 Mobile Safari/537.36 (compatible; Googlebot/2.1; +http://www.google.com/bot.html)" 283 **0/283159**
66.249.64.8 - - [14/Sep/2025:05:37:30 -0700] "GET /?m=94843933930&filter=244037&share_to_url=shopdetail.php?shop/cart/cart.aspx HTTP/1.1" 200 22230 "-" "Mozilla/5.0 (Linux; Android 6.0.1; Nexus 5X Build/MMB29P) AppleWebKit/537.36 (KHTML, like Gecko) Chrome/140.0.7339.127 Mobile Safari/537.36 (compatible; Googlebot/2.1; +http://www.google.com/bot.html)" 306 **0/306202**
66.249.64.2 - - [14/Sep/2025:05:37:30 -0700] "GET /?m=109626301930&filter=22127f&share_to_url=article.php?toyu/top/CSfTop.jsp HTTP/1.1" 200 22523 "-" "Mozilla/5.0 (Linux; Android 6.0.1; Nexus 5X Build/MMB29P) AppleWebKit/537.36 (KHTML, like Gecko) Chrome/140.0.7339.127 Mobile Safari/537.36 (compatible; Googlebot/2.1; +http://www.google.com/bot.html)" 310 **0/310973**
66.249.70.38 - - [14/Sep/2025:05:37:30 -0700] "GET /market1853778500?kg=1850878078 HTTP/1.1" 200 22610 "-" "Mozilla/5.0 (Linux; Android 6.0.1; Nexus 5X Build/MMB29P) AppleWebKit/537.36 (KHTML, like Gecko) Chrome/140.0.7339.127 Mobile Safari/537.36 (compatible; Googlebot/2.1; +http://www.google.com/bot.html)" 268 **0/268103**
66.249.64.4 - - [14/Sep/2025:05:37:30 -0700] "GET /?m=34178176930&filter=5a650a&share_to_url=article.php?shop/e/e009001036001/ HTTP/1.1" 200 22248 "-" "Mozilla/5.0 (Linux; Android 6.0.1; Nexus 5X Build/MMB29P) AppleWebKit/537.36 (KHTML, like Gecko) Chrome/140.0.7339.127 Mobile Safari/537.36 (compatible; Googlebot/2.1; +http://www.google.com/bot.html)" 286 **0/286390**
66.249.64.4 - - [14/Sep/2025:05:37:31 -0700] "GET /?market54928584?kg=0054843262 HTTP/1.1" 200 23068 "-" "Mozilla/5.0 (Linux; Android 6.0.1; Nexus 5X Build/MMB29P) AppleWebKit/537.36 (KHTML, like Gecko) Chrome/140.0.7339.127 Mobile Safari/537.36 (compatible; Googlebot/2.1; +http://www.google.com/bot.html)" 300 **0/300255**
66.249.64.9 - - [14/Sep/2025:05:37:31 -0700] "GET /?market52945447?kg=0052863230 HTTP/1.1" 200 22334 "-" "Mozilla/5.0 (Linux; Android 6.0.1; Nexus 5X Build/MMB29P) AppleWebKit/537.36 (KHTML, like Gecko) Chrome/140.0.7339.127 Mobile Safari/537.36 (compatible; Googlebot/2.1; +http://www.google.com/bot.html)" 319 **0/319298**
66.249.70.32 - - [14/Sep/2025:05:37:31 -0700] "GET /market229957054?kg=0229597822 HTTP/1.1" 200 23520 "-" "Mozilla/5.0 (Linux; Android 6.0.1; Nexus 5X Build/MMB29P) AppleWebKit/537.36 (KHTML, like Gecko) Chrome/140.0.7339.127 Mobile Safari/537.36 (compatible; Googlebot/2.1; +http://www.google.com/bot.html)" 283 **0/283586**
66.249.70.35 - - [14/Sep/2025:05:37:31 -0700] "GET /market370327252?kg=0369748350 HTTP/1.1" 200 22691 "-" "Mozilla/5.0 (Linux; Android 6.0.1; Nexus 5X Build/MMB29P) AppleWebKit/537.36 (KHTML, like Gecko) Chrome/140.0.7339.127 Mobile Safari/537.36 (compatible; Googlebot/2.1; +http://www.google.com/bot.html)" 272 **0/272965**
66.249.64.7 - - [14/Sep/2025:05:37:31 -0700] "GET /?m=116246058930&filter=ffa126&share_to_url=goods.php?shop/customer/bookmark_guest.aspx HTTP/1.1" 200 21688 "-" "Mozilla/5.0 (Linux; Android 6.0.1; Nexus 5X Build/MMB29P) AppleWebKit/537.36 (KHTML, like Gecko) Chrome/140.0.7339.127 Mobile Safari/537.36 (compatible; Googlebot/2.1; +http://www.google.com/bot.html)" 326 **0/326360**
66.249.64.1 - - [14/Sep/2025:05:37:32 -0700] "GET /?m=102793517930&filter=df8596&share_to_url=item.php?shop/pg/1005022001/ HTTP/1.1" 200 22469 "-" "Mozilla/5.0 (Linux; Android 6.0.1; Nexus 5X Build/MMB29P) AppleWebKit/537.36 (KHTML, like Gecko) Chrome/140.0.7339.127 Mobile Safari/537.36 (compatible; Googlebot/2.1; +http://www.google.com/bot.html)" 298 **0/298456**
66.249.70.33 - - [14/Sep/2025:05:37:32 -0700] "GET /market1893984526?kg=1891021182 HTTP/1.1" 200 21692 "-" "Mozilla/5.0 (Linux; Android 6.0.1; Nexus 5X Build/MMB29P) AppleWebKit/537.36 (KHTML, like Gecko) Chrome/140.0.7339.127 Mobile Safari/537.36 (compatible; Googlebot/2.1; +http://www.google.com/bot.html)" 321 **0/321355**
66.249.64.10 - - [14/Sep/2025:05:37:32 -0700] "GET /?m=34178176930&filter=5a650a&share_to_url=article.php?contents/event/kansyasai/ HTTP/1.1" 200 22378 "-" "Mozilla/5.0 (Linux; Android 6.0.1; Nexus 5X Build/MMB29P) AppleWebKit/537.36 (KHTML, like Gecko) Chrome/140.0.7339.127 Mobile Safari/537.36 (compatible; Googlebot/2.1; +http://www.google.com/bot.html)" 324 **0/324973**
136.243.228.194 - - [14/Sep/2025:05:37:33 -0700] "GET /market94258099?path=/home/vgijpbeijziw/public_html/cgi-bin HTTP/1.1" 200 2644 "-" "Mozilla/5.0 (compatible; DataForSeoBot/1.0; +https://dataforseo.com/dataforseo-bot)" 396 **0/396465**
66.249.70.36 - - [14/Sep/2025:05:37:33 -0700] "GET /market471624851?kg=0470887422 HTTP/1.1" 200 22722 "-" "Mozilla/5.0 (Linux; Android 6.0.1; Nexus 5X Build/MMB29P) AppleWebKit/537.36 (KHTML, like Gecko) Chrome/140.0.7339.127 Mobile Safari/537.36 (compatible; Googlebot/2.1; +http://www.google.com/bot.html)" 277 **0/277022**
66.249.70.39 - - [14/Sep/2025:05:37:33 -0700] "GET /?market210825160?kg=0210495870 HTTP/1.1" 200 22670 "-" "Mozilla/5.0 (Linux; Android 6.0.1; Nexus 5X Build/MMB29P) AppleWebKit/537.36 (KHTML, like Gecko) Chrome/140.0.7339.127 Mobile Safari/537.36 (compatible; Googlebot/2.1; +http://www.google.com/bot.html)" 260 **0/260760**
66.249.70.33 - - [14/Sep/2025:05:37:33 -0700] "GET /market577795737?kg=0576892158 HTTP/1.1" 200 23024 "-" "Mozilla/5.0 (Linux; Android 6.0.1; Nexus 5X Build/MMB29P) AppleWebKit/537.36 (KHTML, like Gecko) Chrome/140.0.7339.127 Mobile Safari/537.36 (compatible; Googlebot/2.1; +http://www.google.com/bot.html)" 263 **0/263726**
66.249.70.32 - - [14/Sep/2025:05:37:33 -0700] "GET /?market73718692?kg=0073603966 HTTP/1.1" 200 21747 "-" "Mozilla/5.0 (Linux; Android 6.0.1; Nexus 5X Build/MMB29P) AppleWebKit/537.36 (KHTML, like Gecko) Chrome/140.0.7339.127 Mobile Safari/537.36 (compatible; Googlebot/2.1; +http://www.google.com/bot.html)" 303 **0/303494**
66.249.64.1 - - [14/Sep/2025:05:37:33 -0700] "GET /?m=103495209930&filter=0f0f79&share_to_url=goods.php?shop/customer/bookmark.aspx HTTP/1.1" 200 21935 "-" "Mozilla/5.0 (Linux; Android 6.0.1; Nexus 5X Build/MMB29P) AppleWebKit/537.36 (KHTML, like Gecko) Chrome/140.0.7339.127 Mobile Safari/537.36 (compatible; Googlebot/2.1; +http://www.google.com/bot.html)" 291 **0/291095**
66.249.70.34 - - [14/Sep/2025:05:37:34 -0700] "GET /market15178954?kg=0015155838 HTTP/1.1" 200 22588 "-" "Mozilla/5.0 (Linux; Android 6.0.1; Nexus 5X Build/MMB29P) AppleWebKit/537.36 (KHTML, like Gecko) Chrome/140.0.7339.127 Mobile Safari/537.36 (compatible; Googlebot/2.1; +http://www.google.com/bot.html)" 291 **0/291102**
66.249.64.2 - - [14/Sep/2025:05:37:34 -0700] "GET /?m=97054982930&filter=f6254f&share_to_url=shopdetail.php?shop/e/e009001044001/ HTTP/1.1" 200 22532 "-" "Mozilla/5.0 (Linux; Android 6.0.1; Nexus 5X Build/MMB29P) AppleWebKit/537.36 (KHTML, like Gecko) Chrome/140.0.7339.127 Mobile Safari/537.36 (compatible; Googlebot/2.1; +http://www.google.com/bot.html)" 348 **0/348887**
66.249.70.37 - - [14/Sep/2025:05:37:34 -0700] "GET /market473708752?kg=0472968062 HTTP/1.1" 200 22333 "-" "Mozilla/5.0 (Linux; Android 6.0.1; Nexus 5X Build/MMB29P) AppleWebKit/537.36 (KHTML, like Gecko) Chrome/140.0.7339.127 Mobile Safari/537.36 (compatible; Googlebot/2.1; +http://www.google.com/bot.html)" 307 **0/307231**
66.249.64.5 - - [14/Sep/2025:05:37:35 -0700] "GET /market70522394?kg=0070412670 HTTP/1.1" 200 23714 "-" "Mozilla/5.0 (Linux; Android 6.0.1; Nexus 5X Build/MMB29P) AppleWebKit/537.36 (KHTML, like Gecko) Chrome/140.0.7339.127 Mobile Safari/537.36 (compatible; Googlebot/2.1; +http://www.google.com/bot.html)" 288 **0/288803**
66.249.64.9 - - [14/Sep/2025:05:37:35 -0700] "GET /?m=95843543930&filter=1b6d83&share_to_url=ideas.php?shop/pg/1AgreementInfo/ HTTP/1.1" 200 22814 "-" "Mozilla/5.0 (Linux; Android 6.0.1; Nexus 5X Build/MMB29P) AppleWebKit/537.36 (KHTML, like Gecko) Chrome/140.0.7339.127 Mobile Safari/537.36 (compatible; Googlebot/2.1; +http://www.google.com/bot.html)" 296 **0/296255**
66.249.70.38 - - [14/Sep/2025:05:37:35 -0700] "GET /market43578726?kg=0043511166 HTTP/1.1" 200 22403 "-" "Mozilla/5.0 (Linux; Android 6.0.1; Nexus 5X Build/MMB29P) AppleWebKit/537.36 (KHTML, like Gecko) Chrome/140.0.7339.127 Mobile Safari/537.36 (compatible; Googlebot/2.1; +http://www.google.com/bot.html)" 272 **0/272703**
66.249.64.6 - - [14/Sep/2025:05:37:36 -0700] "GET /?m=95843543930&filter=1b6d83&share_to_url=ideas.php?shop/pg/1005024240/ HTTP/1.1" 200 22779 "-" "Mozilla/5.0 (Linux; Android 6.0.1; Nexus 5X Build/MMB29P) AppleWebKit/537.36 (KHTML, like Gecko) Chrome/140.0.7339.127 Mobile Safari/537.36 (compatible; Googlebot/2.1; +http://www.google.com/bot.html)" 269 **0/269139**
66.249.70.32 - - [14/Sep/2025:05:37:36 -0700] "GET /market473822721?kg=0473081854 HTTP/1.1" 200 21817 "-" "Mozilla/5.0 (Linux; Android 6.0.1; Nexus 5X Build/MMB29P) AppleWebKit/537.36 (KHTML, like Gecko) Chrome/140.0.7339.127 Mobile Safari/537.36 (compatible; Googlebot/2.1; +http://www.google.com/bot.html)" 290 **0/290056**
66.249.64.7 - - [14/Sep/2025:05:37:37 -0700] "GET /?m=96928070930&filter=982a25&share_to_url=product-page.php?reserve/tool/ HTTP/1.1" 200 22676 "-" "Mozilla/5.0 (Linux; Android 6.0.1; Nexus 5X Build/MMB29P) AppleWebKit/537.36 (KHTML, like Gecko) Chrome/140.0.7339.127 Mobile Safari/537.36 (compatible; Googlebot/2.1; +http://www.google.com/bot.html)" 295 **0/295351**
136.243.228.194 - - [14/Sep/2025:05:37:37 -0700] "GET /market94258099?path=/home/vgijpbeijziw/public_html/wp-content HTTP/1.1" 200 2860 "-" "Mozilla/5.0 (compatible; DataForSeoBot/1.0; +https://dataforseo.com/dataforseo-bot)" 566 **0/566359**
66.249.70.38 - - [14/Sep/2025:05:37:37 -0700] "GET /market473967331?kg=0473226238 HTTP/1.1" 200 21982 "-" "Mozilla/5.0 (Linux; Android 6.0.1; Nexus 5X Build/MMB29P) AppleWebKit/537.36 (KHTML, like Gecko) Chrome/140.0.7339.127 Mobile Safari/537.36 (compatible; Googlebot/2.1; +http://www.google.com/bot.html)" 270 **0/270640**
107.180.57.159 - - [14/Sep/2025:05:32:38 -0700] "GET /ARTOFLIVINGDELHI.ORG/img/img/index.php?ARRAY=7o2230223n313735373835363735382p2231223n22687474703n5p2s5p2s7n733534307631336o6s2r62616o65742r6s6r655p2s3s6p633q7068705s636s64655s6n6326743q313735373835333135382q6335353531663064356639316538316566663963653866303931396539653834222p2232223n223231373437653765346636383135333730316436643235653234353630626162222p2233223n226231616666386161376538363561333763653066363134633539323434666263222p226175746s5s66696p655s6r616q65223n6r756p6p2p226175746s5s70617373223n6r756p6p2p2262696r675s70617373223n2231382q33392q35352q36322q37372q39302q3239227q HTTP/1.1" 503 92606 "-" "-" 300575 **300/300575360**
66.249.70.34 - - [14/Sep/2025:05:37:38 -0700] "GET /market105757056?kg=0105592190 HTTP/1.1" 200 22152 "-" "Mozilla/5.0 (Linux; Android 6.0.1; Nexus 5X Build/MMB29P) AppleWebKit/537.36 (KHTML, like Gecko) Chrome/140.0.7339.127 Mobile Safari/537.36 (compatible; Googlebot/2.1; +http://www.google.com/bot.html)" 269 **0/269978**
66.249.64.3 - - [14/Sep/2025:05:37:38 -0700] "GET /?m=95843543930&filter=1b6d83&share_to_url=ideas.php?shop/pg/1005024086/ HTTP/1.1" 200 22783 "-" "Mozilla/5.0 (Linux; Android 6.0.1; Nexus 5X Build/MMB29P) AppleWebKit/537.36 (KHTML, like Gecko) Chrome/140.0.7339.127 Mobile Safari/537.36 (compatible; Googlebot/2.1; +http://www.google.com/bot.html)" 276 **0/276461**
66.249.70.39 - - [14/Sep/2025:05:37:38 -0700] "GET /market106584974?kg=0106418814 HTTP/1.1" 200 23928 "-" "Mozilla/5.0 (Linux; Android 6.0.1; Nexus 5X Build/MMB29P) AppleWebKit/537.36 (KHTML, like Gecko) Chrome/140.0.7339.127 Mobile Safari/537.36 (compatible; Googlebot/2.1; +http://www.google.com/bot.html)" 280 **0/280269**
66.249.70.32 - - [14/Sep/2025:05:37:38 -0700] "GET /market40026798?kg=0039964798 HTTP/1.1" 200 24108 "-" "Mozilla/5.0 (Linux; Android 6.0.1; Nexus 5X Build/MMB29P) AppleWebKit/537.36 (KHTML, like Gecko) Chrome/140.0.7339.127 Mobile Safari/537.36 (compatible; Googlebot/2.1; +http://www.google.com/bot.html)" 276 **0/276599**
66.249.70.39 - - [14/Sep/2025:05:37:39 -0700] "GET /market1896549564?kg=1893582206 HTTP/1.1" 200 22660 "-" "Mozilla/5.0 (Linux; Android 6.0.1; Nexus 5X Build/MMB29P) AppleWebKit/537.36 (KHTML, like Gecko) Chrome/140.0.7339.127 Mobile Safari/537.36 (compatible; Googlebot/2.1; +http://www.google.com/bot.html)" 285 **0/285604**
66.249.70.39 - - [14/Sep/2025:05:37:39 -0700] "GET /market339000916?kg=0338471038 HTTP/1.1" 200 21822 "-" "Mozilla/5.0 (Linux; Android 6.0.1; Nexus 5X Build/MMB29P) AppleWebKit/537.36 (KHTML, like Gecko) Chrome/140.0.7339.127 Mobile Safari/537.36 (compatible; Googlebot/2.1; +http://www.google.com/bot.html)" 277 **0/277965**
66.249.64.12 - - [14/Sep/2025:05:37:39 -0700] "GET /?m=95843543930&filter=1b6d83&share_to_url=ideas.php?shop/pg/1005024010/ HTTP/1.1" 200 22787 "-" "Mozilla/5.0 (Linux; Android 6.0.1; Nexus 5X Build/MMB29P) AppleWebKit/537.36 (KHTML, like Gecko) Chrome/140.0.7339.127 Mobile Safari/537.36 (compatible; Googlebot/2.1; +http://www.google.com/bot.html)" 362 **0/362248**
66.249.70.37 - - [14/Sep/2025:05:37:39 -0700] "GET /market233256297?kg=0232891902 HTTP/1.1" 200 22475 "-" "Mozilla/5.0 (Linux; Android 6.0.1; Nexus 5X Build/MMB29P) AppleWebKit/537.36 (KHTML, like Gecko) Chrome/140.0.7339.127 Mobile Safari/537.36 (compatible; Googlebot/2.1; +http://www.google.com/bot.html)" 278 **0/278463**
66.249.70.32 - - [14/Sep/2025:05:37:40 -0700] "GET /market131873445?kg=0131667710 HTTP/1.1" 200 22716 "-" "Mozilla/5.0 (Linux; Android 6.0.1; Nexus 5X Build/MMB29P) AppleWebKit/537.36 (KHTML, like Gecko) Chrome/140.0.7339.127 Mobile Safari/537.36 (compatible; Googlebot/2.1; +http://www.google.com/bot.html)" 286 **0/286072**
66.249.64.6 - - [14/Sep/2025:05:37:40 -0700] "GET /?m=96928070930&filter=982a25&share_to_url=product-page.php?shop/customer/entry.aspx HTTP/1.1" 200 22096 "-" "Mozilla/5.0 (Linux; Android 6.0.1; Nexus 5X Build/MMB29P) AppleWebKit/537.36 (KHTML, like Gecko) Chrome/140.0.7339.127 Mobile Safari/537.36 (compatible; Googlebot/2.1; +http://www.google.com/bot.html)" 324 **0/324607**
66.249.70.33 - - [14/Sep/2025:05:37:40 -0700] "GET /market1892429837?kg=1889468926 HTTP/1.1" 200 22600 "-" "Mozilla/5.0 (Linux; Android 6.0.1; Nexus 5X Build/MMB29P) AppleWebKit/537.36 (KHTML, like Gecko) Chrome/140.0.7339.127 Mobile Safari/537.36 (compatible; Googlebot/2.1; +http://www.google.com/bot.html)" 324 **0/324239**
136.243.228.194 - - [14/Sep/2025:05:37:40 -0700] "GET /market94258099?path=/home/vgijpbeijziw/public_html/public_ftp HTTP/1.1" 200 2651 "-" "Mozilla/5.0 (compatible; DataForSeoBot/1.0; +https://dataforseo.com/dataforseo-bot)" 451 **0/451820**
66.249.70.32 - - [14/Sep/2025:05:37:40 -0700] "GET /market233260143?kg=0232895742 HTTP/1.1" 200 21536 "-" "Mozilla/5.0 (Linux; Android 6.0.1; Nexus 5X Build/MMB29P) AppleWebKit/537.36 (KHTML, like Gecko) Chrome/140.0.7339.127 Mobile Safari/537.36 (compatible; Googlebot/2.1; +http://www.google.com/bot.html)" 350 **0/350824**
66.249.64.9 - - [14/Sep/2025:05:37:41 -0700] "GET /?m=95843543930&filter=1b6d83&share_to_url=ideas.php?shop/customer/entry.aspx HTTP/1.1" 200 22748 "-" "Mozilla/5.0 (Linux; Android 6.0.1; Nexus 5X Build/MMB29P) AppleWebKit/537.36 (KHTML, like Gecko) Chrome/140.0.7339.127 Mobile Safari/537.36 (compatible; Googlebot/2.1; +http://www.google.com/bot.html)" 319 **0/319626**
66.249.70.39 - - [14/Sep/2025:05:37:42 -0700] "GET /market229707574?kg=0229348734 HTTP/1.1" 200 22018 "-" "Mozilla/5.0 (Linux; Android 6.0.1; Nexus 5X Build/MMB29P) AppleWebKit/537.36 (KHTML, like Gecko) Chrome/140.0.7339.127 Mobile Safari/537.36 (compatible; Googlebot/2.1; +http://www.google.com/bot.html)" 249 **0/249622**
66.249.64.4 - - [14/Sep/2025:05:37:42 -0700] "GET /?m=95843543930&filter=1b6d83&share_to_url=ideas.php?shop/storeSearch/CriteriaInput.aspx HTTP/1.1" 200 23026 "-" "Mozilla/5.0 (Linux; Android 6.0.1; Nexus 5X Build/MMB29P) AppleWebKit/537.36 (KHTML, like Gecko) Chrome/140.0.7339.127 Mobile Safari/537.36 (compatible; Googlebot/2.1; +http://www.google.com/bot.html)" 286 **0/286608**
66.249.64.4 - - [14/Sep/2025:05:37:43 -0700] "GET /?m=95835017930&filter=273b8a&share_to_url=discover.php?shop/customer/menu.aspx HTTP/1.1" 200 24868 "-" "Mozilla/5.0 (Linux; Android 6.0.1; Nexus 5X Build/MMB29P) AppleWebKit/537.36 (KHTML, like Gecko) Chrome/140.0.7339.127 Mobile Safari/537.36 (compatible; Googlebot/2.1; +http://www.google.com/bot.html)" 295 **0/295257**
66.249.70.38 - - [14/Sep/2025:05:37:43 -0700] "GET /market469471976?kg=0468737918 HTTP/1.1" 200 21838 "-" "Mozilla/5.0 (Linux; Android 6.0.1; Nexus 5X Build/MMB29P) AppleWebKit/537.36 (KHTML, like Gecko) Chrome/140.0.7339.127 Mobile Safari/537.36 (compatible; Googlebot/2.1; +http://www.google.com/bot.html)" 259 **0/259882**
66.249.64.2 - - [14/Sep/2025:05:37:43 -0700] "GET /?m=98434325930&filter=8242eb&share_to_url=goods.php?toyu/top/CKmSpSfTop.jsp HTTP/1.1" 200 23066 "-" "Mozilla/5.0 (Linux; Android 6.0.1; Nexus 5X Build/MMB29P) AppleWebKit/537.36 (KHTML, like Gecko) Chrome/140.0.7339.127 Mobile Safari/537.36 (compatible; Googlebot/2.1; +http://www.google.com/bot.html)" 365 **0/365601**
66.249.64.4 - - [14/Sep/2025:05:37:44 -0700] "GET /?m=90283058930&filter=217709&share_to_url=detail.php?reserve/tool/ HTTP/1.1" 200 22669 "-" "Mozilla/5.0 (Linux; Android 6.0.1; Nexus 5X Build/MMB29P) AppleWebKit/537.36 (KHTML, like Gecko) Chrome/140.0.7339.127 Mobile Safari/537.36 (compatible; Googlebot/2.1; +http://www.google.com/bot.html)" 309 **0/309100**
66.249.70.35 - - [14/Sep/2025:05:37:44 -0700] "GET /market234732141?kg=0234365438 HTTP/1.1" 200 21894 "-" "Mozilla/5.0 (Linux; Android 6.0.1; Nexus 5X Build/MMB29P) AppleWebKit/537.36 (KHTML, like Gecko) Chrome/140.0.7339.127 Mobile Safari/537.36 (compatible; Googlebot/2.1; +http://www.google.com/bot.html)" 283 **0/283150**
66.249.64.7 - - [14/Sep/2025:05:37:44 -0700] "GET /?m=95843543930&filter=1b6d83&share_to_url=ideas.php?shop/pg/1sancyoku/ HTTP/1.1" 200 22821 "-" "Mozilla/5.0 (Linux; Android 6.0.1; Nexus 5X Build/MMB29P) AppleWebKit/537.36 (KHTML, like Gecko) Chrome/140.0.7339.127 Mobile Safari/537.36 (compatible; Googlebot/2.1; +http://www.google.com/bot.html)" 302 **0/302071**
136.243.228.194 - - [14/Sep/2025:05:37:44 -0700] "GET /market94258099?fileloc=/home/vgijpbeijziw/public_html/.htaccess&path=/home/vgijpbeijziw/public_html HTTP/1.1" 200 3029 "-" "Mozilla/5.0 (compatible; DataForSeoBot/1.0; +https://dataforseo.com/dataforseo-bot)" 359 **0/359229**
66.249.70.36 - - [14/Sep/2025:05:37:44 -0700] "GET /market374691075?kg=0374105342 HTTP/1.1" 200 22912 "-" "Mozilla/5.0 (Linux; Android 6.0.1; Nexus 5X Build/MMB29P) AppleWebKit/537.36 (KHTML, like Gecko) Chrome/140.0.7339.127 Mobile Safari/537.36 (compatible; Googlebot/2.1; +http://www.google.com/bot.html)" 365 **0/365717**
66.249.70.34 - - [14/Sep/2025:05:37:45 -0700] "GET /market470463994?kg=0469728382 HTTP/1.1" 200 21789 "-" "Mozilla/5.0 (Linux; Android 6.0.1; Nexus 5X Build/MMB29P) AppleWebKit/537.36 (KHTML, like Gecko) Chrome/140.0.7339.127 Mobile Safari/537.36 (compatible; Googlebot/2.1; +http://www.google.com/bot.html)" 443 **0/443665**
66.249.70.34 - - [14/Sep/2025:05:37:45 -0700] "GET /market103209964?kg=0103049086 HTTP/1.1" 200 21792 "-" "Mozilla/5.0 (Linux; Android 6.0.1; Nexus 5X Build/MMB29P) AppleWebKit/537.36 (KHTML, like Gecko) Chrome/140.0.7339.127 Mobile Safari/537.36 (compatible; Googlebot/2.1; +http://www.google.com/bot.html)" 536 **0/536678**
66.249.64.3 - - [14/Sep/2025:05:37:46 -0700] "GET /?m=103495209930&filter=0f0f79&share_to_url=goods.php?shop/pg/1SiteUse/ HTTP/1.1" 200 22818 "-" "Mozilla/5.0 (Linux; Android 6.0.1; Nexus 5X Build/MMB29P) AppleWebKit/537.36 (KHTML, like Gecko) Chrome/140.0.7339.127 Mobile Safari/537.36 (compatible; Googlebot/2.1; +http://www.google.com/bot.html)" 317 **0/317588**
66.249.70.34 - - [14/Sep/2025:05:37:46 -0700] "GET /market470484633?kg=0469748990 HTTP/1.1" 200 22567 "-" "Mozilla/5.0 (Linux; Android 6.0.1; Nexus 5X Build/MMB29P) AppleWebKit/537.36 (KHTML, like Gecko) Chrome/140.0.7339.127 Mobile Safari/537.36 (compatible; Googlebot/2.1; +http://www.google.com/bot.html)" 268 **0/268194**
66.249.64.1 - - [14/Sep/2025:05:37:46 -0700] "GET /?m=117131288930&filter=e3f9bf&share_to_url=product-page.php?reserve/tool/ HTTP/1.1" 200 21981 "-" "Mozilla/5.0 (Linux; Android 6.0.1; Nexus 5X Build/MMB29P) AppleWebKit/537.36 (KHTML, like Gecko) Chrome/140.0.7339.127 Mobile Safari/537.36 (compatible; Googlebot/2.1; +http://www.google.com/bot.html)" 285 **0/285252**
66.249.64.2 - - [14/Sep/2025:05:37:46 -0700] "GET /?m=103495209930&filter=0f0f79&share_to_url=goods.php?hg/ HTTP/1.1" 200 22696 "-" "Mozilla/5.0 (Linux; Android 6.0.1; Nexus 5X Build/MMB29P) AppleWebKit/537.36 (KHTML, like Gecko) Chrome/140.0.7339.127 Mobile Safari/537.36 (compatible; Googlebot/2.1; +http://www.google.com/bot.html)" 267 **0/267353**
66.249.64.8 - - [14/Sep/2025:05:37:47 -0700] "GET /?m=94135106930&filter=4539ba&share_to_url=pin.php?shop/cart/cart.aspx HTTP/1.1" 200 22280 "-" "Mozilla/5.0 (Linux; Android 6.0.1; Nexus 5X Build/MMB29P) AppleWebKit/537.36 (KHTML, like Gecko) Chrome/140.0.7339.127 Mobile Safari/537.36 (compatible; Googlebot/2.1; +http://www.google.com/bot.html)" 289 **0/289202**
66.249.70.34 - - [14/Sep/2025:05:37:47 -0700] "GET /market468120615?kg=0467388670 HTTP/1.1" 200 22882 "-" "Mozilla/5.0 (Linux; Android 6.0.1; Nexus 5X Build/MMB29P) AppleWebKit/537.36 (KHTML, like Gecko) Chrome/140.0.7339.127 Mobile Safari/537.36 (compatible; Googlebot/2.1; +http://www.google.com/bot.html)" 343 **0/343251**
66.249.64.6 - - [14/Sep/2025:05:37:47 -0700] "GET /?m=97054982930&filter=f6254f&share_to_url=shopdetail.php?shop/customer/bookmark.aspx HTTP/1.1" 200 22631 "-" "Mozilla/5.0 (Linux; Android 6.0.1; Nexus 5X Build/MMB29P) AppleWebKit/537.36 (KHTML, like Gecko) Chrome/140.0.7339.127 Mobile Safari/537.36 (compatible; Googlebot/2.1; +http://www.google.com/bot.html)" 358 **0/358784**
66.249.64.2 - - [14/Sep/2025:05:37:47 -0700] "GET /?m=73838619930&filter=7aa9d6&share_to_url=pin.php?%3Fid%3D2501363%26name%3Dreindeer+plates+2024 HTTP/1.1" 200 22855 "-" "Mozilla/5.0 (Linux; Android 6.0.1; Nexus 5X Build/MMB29P) AppleWebKit/537.36 (KHTML, like Gecko) Chrome/140.0.7339.127 Mobile Safari/537.36 (compatible; Googlebot/2.1; +http://www.google.com/bot.html)" 345 **0/345343**
66.249.70.37 - - [14/Sep/2025:05:37:48 -0700] "GET /market575239929?kg=0574340350 HTTP/1.1" 200 21866 "-" "Mozilla/5.0 (Linux; Android 6.0.1; Nexus 5X Build/MMB29P) AppleWebKit/537.36 (KHTML, like Gecko) Chrome/140.0.7339.127 Mobile Safari/537.36 (compatible; Googlebot/2.1; +http://www.google.com/bot.html)" 272 **0/272573**
66.249.70.35 - - [14/Sep/2025:05:37:48 -0700] "GET /market38952222?kg=0038891902 HTTP/1.1" 200 22569 "-" "Mozilla/5.0 (Linux; Android 6.0.1; Nexus 5X Build/MMB29P) AppleWebKit/537.36 (KHTML, like Gecko) Chrome/140.0.7339.127 Mobile Safari/537.36 (compatible; Googlebot/2.1; +http://www.google.com/bot.html)" 270 **0/270261**
66.249.70.39 - - [14/Sep/2025:05:37:48 -0700] "GET /market393712971?kg=0393097470 HTTP/1.1" 200 22279 "-" "Mozilla/5.0 (Linux; Android 6.0.1; Nexus 5X Build/MMB29P) AppleWebKit/537.36 (KHTML, like Gecko) Chrome/140.0.7339.127 Mobile Safari/537.36 (compatible; Googlebot/2.1; +http://www.google.com/bot.html)" 250 **0/250985**
66.249.64.8 - - [14/Sep/2025:05:37:48 -0700] "GET /?m=103495209930&filter=0f0f79&share_to_url=goods.php?shop/pg/1005024086/ HTTP/1.1" 200 22070 "-" "Mozilla/5.0 (Linux; Android 6.0.1; Nexus 5X Build/MMB29P) AppleWebKit/537.36 (KHTML, like Gecko) Chrome/140.0.7339.127 Mobile Safari/537.36 (compatible; Googlebot/2.1; +http://www.google.com/bot.html)" 281 **0/281967**
66.249.70.39 - - [14/Sep/2025:05:37:48 -0700] "GET /market10151182?kg=0010135934 HTTP/1.1" 200 25148 "-" "Mozilla/5.0 (Linux; Android 6.0.1; Nexus 5X Build/MMB29P) AppleWebKit/537.36 (KHTML, like Gecko) Chrome/140.0.7339.127 Mobile Safari/537.36 (compatible; Googlebot/2.1; +http://www.google.com/bot.html)" 708 **0/708935**
66.249.70.36 - - [14/Sep/2025:05:37:49 -0700] "GET /market506325554?kg=0505533822 HTTP/1.1" 200 21706 "-" "Mozilla/5.0 (Linux; Android 6.0.1; Nexus 5X Build/MMB29P) AppleWebKit/537.36 (KHTML, like Gecko) Chrome/140.0.7339.127 Mobile Safari/537.36 (compatible; Googlebot/2.1; +http://www.google.com/bot.html)" 328 **0/328311**
66.249.70.39 - - [14/Sep/2025:05:37:49 -0700] "GET /market229731291?kg=0229372414 HTTP/1.1" 200 23346 "-" "Mozilla/5.0 (Linux; Android 6.0.1; Nexus 5X Build/MMB29P) AppleWebKit/537.36 (KHTML, like Gecko) Chrome/140.0.7339.127 Mobile Safari/537.36 (compatible; Googlebot/2.1; +http://www.google.com/bot.html)" 271 **0/271348**
136.243.228.194 - - [14/Sep/2025:05:37:49 -0700] "GET /market94258099?fileloc=/home/vgijpbeijziw/public_html/blfxy.php&path=/home/vgijpbeijziw/public_html HTTP/1.1" 200 5545 "-" "Mozilla/5.0 (compatible; DataForSeoBot/1.0; +https://dataforseo.com/dataforseo-bot)" 421 **0/421479**
66.249.70.36 - - [14/Sep/2025:05:37:49 -0700] "GET /market123134521?kg=0122942462 HTTP/1.1" 200 21549 "-" "Mozilla/5.0 (Linux; Android 6.0.1; Nexus 5X Build/MMB29P) AppleWebKit/537.36 (KHTML, like Gecko) Chrome/140.0.7339.127 Mobile Safari/537.36 (compatible; Googlebot/2.1; +http://www.google.com/bot.html)" 246 **0/246667**
66.249.64.6 - - [14/Sep/2025:05:37:49 -0700] "GET /?m=109201341930&filter=cda95c&share_to_url=shop.php?reserve/tool HTTP/1.1" 200 22679 "-" "Mozilla/5.0 (Linux; Android 6.0.1; Nexus 5X Build/MMB29P) AppleWebKit/537.36 (KHTML, like Gecko) Chrome/140.0.7339.127 Mobile Safari/537.36 (compatible; Googlebot/2.1; +http://www.google.com/bot.html)" 311 **0/311833**
66.249.70.36 - - [14/Sep/2025:05:37:49 -0700] "GET /market73380627?kg=0073266430 HTTP/1.1" 200 21746 "-" "Mozilla/5.0 (Linux; Android 6.0.1; Nexus 5X Build/MMB29P) AppleWebKit/537.36 (KHTML, like Gecko) Chrome/140.0.7339.127 Mobile Safari/537.36 (compatible; Googlebot/2.1; +http://www.google.com/bot.html)" 250 **0/250348**
66.249.70.36 - - [14/Sep/2025:05:37:49 -0700] "GET /market419718340?kg=0419062142 HTTP/1.1" 200 23068 "-" "Mozilla/5.0 (Linux; Android 6.0.1; Nexus 5X Build/MMB29P) AppleWebKit/537.36 (KHTML, like Gecko) Chrome/140.0.7339.127 Mobile Safari/537.36 (compatible; Googlebot/2.1; +http://www.google.com/bot.html)" 306 **0/306515**
66.249.70.37 - - [14/Sep/2025:05:37:50 -0700] "GET /market43522318?kg=0043454846 HTTP/1.1" 200 21938 "-" "Mozilla/5.0 (Linux; Android 6.0.1; Nexus 5X Build/MMB29P) AppleWebKit/537.36 (KHTML, like Gecko) Chrome/140.0.7339.127 Mobile Safari/537.36 (compatible; Googlebot/2.1; +http://www.google.com/bot.html)" 271 **0/271394**
66.249.64.12 - - [14/Sep/2025:05:37:50 -0700] "GET /?m=103495209930&filter=0f0f79&share_to_url=goods.php?reserve/tool/ HTTP/1.1" 200 22674 "-" "Mozilla/5.0 (Linux; Android 6.0.1; Nexus 5X Build/MMB29P) AppleWebKit/537.36 (KHTML, like Gecko) Chrome/140.0.7339.127 Mobile Safari/537.36 (compatible; Googlebot/2.1; +http://www.google.com/bot.html)" 316 **0/316202**
66.249.64.5 - - [14/Sep/2025:05:37:50 -0700] "GET /?m=92439928930&filter=9b5cbf&share_to_url=shop.php?information/privacy_policy.html HTTP/1.1" 200 25919 "-" "Mozilla/5.0 (Linux; Android 6.0.1; Nexus 5X Build/MMB29P) AppleWebKit/537.36 (KHTML, like Gecko) Chrome/140.0.7339.127 Mobile Safari/537.36 (compatible; Googlebot/2.1; +http://www.google.com/bot.html)" 349 **0/349232**
66.249.70.36 - - [14/Sep/2025:05:37:51 -0700] "GET /market231920062?kg=0231557758 HTTP/1.1" 200 22091 "-" "Mozilla/5.0 (Linux; Android 6.0.1; Nexus 5X Build/MMB29P) AppleWebKit/537.36 (KHTML, like Gecko) Chrome/140.0.7339.127 Mobile Safari/537.36 (compatible; Googlebot/2.1; +http://www.google.com/bot.html)" 310 **0/310472**
66.249.70.33 - - [14/Sep/2025:05:37:51 -0700] "GET /market32574111?kg=0032523774 HTTP/1.1" 200 22495 "-" "Mozilla/5.0 (Linux; Android 6.0.1; Nexus 5X Build/MMB29P) AppleWebKit/537.36 (KHTML, like Gecko) Chrome/140.0.7339.127 Mobile Safari/537.36 (compatible; Googlebot/2.1; +http://www.google.com/bot.html)" 269 **0/269304**
66.249.70.35 - - [14/Sep/2025:05:37:51 -0700] "GET /market13731439?kg=0013710590 HTTP/1.1" 200 23219 "-" "Mozilla/5.0 (Linux; Android 6.0.1; Nexus 5X Build/MMB29P) AppleWebKit/537.36 (KHTML, like Gecko) Chrome/140.0.7339.127 Mobile Safari/537.36 (compatible; Googlebot/2.1; +http://www.google.com/bot.html)" 281 **0/281168**
66.249.64.1 - - [14/Sep/2025:05:37:51 -0700] "GET /?m=96928070930&filter=982a25&share_to_url=product-page.php?shop/order/make_estimate.aspx HTTP/1.1" 200 23250 "-" "Mozilla/5.0 (Linux; Android 6.0.1; Nexus 5X Build/MMB29P) AppleWebKit/537.36 (KHTML, like Gecko) Chrome/140.0.7339.127 Mobile Safari/537.36 (compatible; Googlebot/2.1; +http://www.google.com/bot.html)" 335 **0/335996**
66.249.64.10 - - [14/Sep/2025:05:37:51 -0700] "GET /?market64143259?kg=0064043518 HTTP/1.1" 200 21858 "-" "Mozilla/5.0 (Linux; Android 6.0.1; Nexus 5X Build/MMB29P) AppleWebKit/537.36 (KHTML, like Gecko) Chrome/140.0.7339.127 Mobile Safari/537.36 (compatible; Googlebot/2.1; +http://www.google.com/bot.html)" 295 **0/295128**
66.249.70.38 - - [14/Sep/2025:05:37:52 -0700] "GET /market58363207?kg=0058272510 HTTP/1.1" 200 22853 "-" "Mozilla/5.0 (Linux; Android 6.0.1; Nexus 5X Build/MMB29P) AppleWebKit/537.36 (KHTML, like Gecko) Chrome/140.0.7339.127 Mobile Safari/537.36 (compatible; Googlebot/2.1; +http://www.google.com/bot.html)" 279 **0/279090**
66.249.64.3 - - [14/Sep/2025:05:37:53 -0700] "GET /?m=103495209930&filter=0f0f79&share_to_url=goods.php?shop/pg/1sancyoku/ HTTP/1.1" 200 22822 "-" "Mozilla/5.0 (Linux; Android 6.0.1; Nexus 5X Build/MMB29P) AppleWebKit/537.36 (KHTML, like Gecko) Chrome/140.0.7339.127 Mobile Safari/537.36 (compatible; Googlebot/2.1; +http://www.google.com/bot.html)" 336 **0/336707**
66.249.70.37 - - [14/Sep/2025:05:37:53 -0700] "GET /market85638147?kg=0085504766 HTTP/1.1" 200 22391 "-" "Mozilla/5.0 (Linux; Android 6.0.1; Nexus 5X Build/MMB29P) AppleWebKit/537.36 (KHTML, like Gecko) Chrome/140.0.7339.127 Mobile Safari/537.36 (compatible; Googlebot/2.1; +http://www.google.com/bot.html)" 397 **0/397786**
136.243.228.194 - - [14/Sep/2025:05:37:53 -0700] "GET /market94258099?fileloc=/home/vgijpbeijziw/public_html/wp-config-sample.php&path=/home/vgijpbeijziw/public_html HTTP/1.1" 200 3489 "-" "Mozilla/5.0 (compatible; DataForSeoBot/1.0; +https://dataforseo.com/dataforseo-bot)" 605 **0/605595**
66.249.70.33 - - [14/Sep/2025:05:37:53 -0700] "GET /market15290873?kg=0015267582 HTTP/1.1" 200 22511 "-" "Mozilla/5.0 (Linux; Android 6.0.1; Nexus 5X Build/MMB29P) AppleWebKit/537.36 (KHTML, like Gecko) Chrome/140.0.7339.127 Mobile Safari/537.36 (compatible; Googlebot/2.1; +http://www.google.com/bot.html)" 276 **0/276662**
66.249.70.34 - - [14/Sep/2025:05:37:53 -0700] "GET /market58408845?kg=0058318078 HTTP/1.1" 200 21974 "-" "Mozilla/5.0 (Linux; Android 6.0.1; Nexus 5X Build/MMB29P) AppleWebKit/537.36 (KHTML, like Gecko) Chrome/140.0.7339.127 Mobile Safari/537.36 (compatible; Googlebot/2.1; +http://www.google.com/bot.html)" 284 **0/284396**
66.249.70.37 - - [14/Sep/2025:05:37:53 -0700] "GET /market132169460?kg=0131963262 HTTP/1.1" 200 22006 "-" "Mozilla/5.0 (Linux; Android 6.0.1; Nexus 5X Build/MMB29P) AppleWebKit/537.36 (KHTML, like Gecko) Chrome/140.0.7339.127 Mobile Safari/537.36 (compatible; Googlebot/2.1; +http://www.google.com/bot.html)" 268 **0/268206**
66.249.64.3 - - [14/Sep/2025:05:37:54 -0700] "GET /?m=103495209930&filter=0f0f79&share_to_url=goods.php?shop/category/categorylist.aspx HTTP/1.1" 200 22770 "-" "Mozilla/5.0 (Linux; Android 6.0.1; Nexus 5X Build/MMB29P) AppleWebKit/537.36 (KHTML, like Gecko) Chrome/140.0.7339.127 Mobile Safari/537.36 (compatible; Googlebot/2.1; +http://www.google.com/bot.html)" 289 **0/289419**
66.249.70.39 - - [14/Sep/2025:05:37:54 -0700] "GET /market16178406?kg=0016153726 HTTP/1.1" 200 22572 "-" "Mozilla/5.0 (Linux; Android 6.0.1; Nexus 5X Build/MMB29P) AppleWebKit/537.36 (KHTML, like Gecko) Chrome/140.0.7339.127 Mobile Safari/537.36 (compatible; Googlebot/2.1; +http://www.google.com/bot.html)" 256 **0/256769**
66.249.70.37 - - [14/Sep/2025:05:37:54 -0700] "GET /?market1878593526?kg=1875654270 HTTP/1.1" 200 22146 "-" "Mozilla/5.0 (Linux; Android 6.0.1; Nexus 5X Build/MMB29P) AppleWebKit/537.36 (KHTML, like Gecko) Chrome/140.0.7339.127 Mobile Safari/537.36 (compatible; Googlebot/2.1; +http://www.google.com/bot.html)" 264 **0/264579**
66.249.70.36 - - [14/Sep/2025:05:37:54 -0700] "GET /market229992950?kg=0229633662 HTTP/1.1" 200 23042 "-" "Mozilla/5.0 (Linux; Android 6.0.1; Nexus 5X Build/MMB29P) AppleWebKit/537.36 (KHTML, like Gecko) Chrome/140.0.7339.127 Mobile Safari/537.36 (compatible; Googlebot/2.1; +http://www.google.com/bot.html)" 250 **0/250813**
66.249.64.1 - - [14/Sep/2025:05:37:54 -0700] "GET /?m=95843543930&filter=1b6d83&share_to_url=ideas.php?shop/pg/1SiteUse/ HTTP/1.1" 200 22820 "-" "Mozilla/5.0 (Linux; Android 6.0.1; Nexus 5X Build/MMB29P) AppleWebKit/537.36 (KHTML, like Gecko) Chrome/140.0.7339.127 Mobile Safari/537.36 (compatible; Googlebot/2.1; +http://www.google.com/bot.html)" 296 **0/296930**
66.249.70.32 - - [14/Sep/2025:05:37:55 -0700] "GET /market1082358406?kg=1080665214 HTTP/1.1" 200 22613 "-" "Mozilla/5.0 (Linux; Android 6.0.1; Nexus 5X Build/MMB29P) AppleWebKit/537.36 (KHTML, like Gecko) Chrome/140.0.7339.127 Mobile Safari/537.36 (compatible; Googlebot/2.1; +http://www.google.com/bot.html)" 268 **0/268408**
66.249.64.3 - - [14/Sep/2025:05:37:55 -0700] "GET /?m=103495209930&filter=0f0f79&share_to_url=goods.php?shop/customer/bookmark_guest.aspx HTTP/1.1" 200 21692 "-" "Mozilla/5.0 (Linux; Android 6.0.1; Nexus 5X Build/MMB29P) AppleWebKit/537.36 (KHTML, like Gecko) Chrome/140.0.7339.127 Mobile Safari/537.36 (compatible; Googlebot/2.1; +http://www.google.com/bot.html)" 300 **0/300103**
66.249.70.32 - - [14/Sep/2025:05:37:56 -0700] "GET /market16251607?kg=0016226814 HTTP/1.1" 200 23328 "-" "Mozilla/5.0 (Linux; Android 6.0.1; Nexus 5X Build/MMB29P) AppleWebKit/537.36 (KHTML, like Gecko) Chrome/140.0.7339.127 Mobile Safari/537.36 (compatible; Googlebot/2.1; +http://www.google.com/bot.html)" 295 **0/295202**
114.150.202.15 - - [14/Sep/2025:05:37:56 -0700] "GET /market269334902?kg=0268914046 HTTP/2.0" 200 383 "https://search.yahoo.co.jp/" "Mozilla/5.0 (Windows NT 10.0; Win64; x64) AppleWebKit/537.36 (KHTML, like Gecko) Chrome/140.0.0.0 Safari/537.36 Edg/140.0.0.0" 122 **0/122299**
66.249.70.39 - - [14/Sep/2025:05:37:56 -0700] "GET /market16258658?kg=0016233854 HTTP/1.1" 200 21506 "-" "Mozilla/5.0 (Linux; Android 6.0.1; Nexus 5X Build/MMB29P) AppleWebKit/537.36 (KHTML, like Gecko) Chrome/140.0.7339.127 Mobile Safari/537.36 (compatible; Googlebot/2.1; +http://www.google.com/bot.html)" 286 **0/286987**
66.249.64.4 - - [14/Sep/2025:05:37:56 -0700] "GET /?m=95843543930&filter=1b6d83&share_to_url=ideas.php?shop/userreview/write.aspx HTTP/1.1" 200 22096 "-" "Mozilla/5.0 (Linux; Android 6.0.1; Nexus 5X Build/MMB29P) AppleWebKit/537.36 (KHTML, like Gecko) Chrome/140.0.7339.127 Mobile Safari/537.36 (compatible; Googlebot/2.1; +http://www.google.com/bot.html)" 380 **0/380217**
66.249.70.37 - - [14/Sep/2025:05:37:56 -0700] "GET /market122495186?kg=0122304126 HTTP/1.1" 200 21926 "-" "Mozilla/5.0 (Linux; Android 6.0.1; Nexus 5X Build/MMB29P) AppleWebKit/537.36 (KHTML, like Gecko) Chrome/140.0.7339.127 Mobile Safari/537.36 (compatible; Googlebot/2.1; +http://www.google.com/bot.html)" 358 **0/358344**
66.249.64.4 - - [14/Sep/2025:05:37:57 -0700] "GET /?m=95843543930&filter=1b6d83&share_to_url=ideas.php?shop/pg/1Sitemap/ HTTP/1.1" 200 22820 "-" "Mozilla/5.0 (Linux; Android 6.0.1; Nexus 5X Build/MMB29P) AppleWebKit/537.36 (KHTML, like Gecko) Chrome/140.0.7339.127 Mobile Safari/537.36 (compatible; Googlebot/2.1; +http://www.google.com/bot.html)" 335 **0/335546**
66.249.70.35 - - [14/Sep/2025:05:37:57 -0700] "GET /market16952738?kg=0016926846 HTTP/1.1" 200 22399 "-" "Mozilla/5.0 (Linux; Android 6.0.1; Nexus 5X Build/MMB29P) AppleWebKit/537.36 (KHTML, like Gecko) Chrome/140.0.7339.127 Mobile Safari/537.36 (compatible; Googlebot/2.1; +http://www.google.com/bot.html)" 379 **0/379808**
136.243.228.194 - - [14/Sep/2025:05:37:56 -0700] "GET /market94258099?fileloc=/home/vgijpbeijziw/public_html/deleteme.wpad8b3c3bb70e422993d54b7b2516cc1f.php&path=/home/vgijpbeijziw/public_html HTTP/1.1" 200 6076 "-" "Mozilla/5.0 (compatible; DataForSeoBot/1.0; +https://dataforseo.com/dataforseo-bot)" 709 **0/709040**
66.249.70.32 - - [14/Sep/2025:05:37:57 -0700] "GET /market17481950?kg=0017455230 HTTP/1.1" 200 21883 "-" "Mozilla/5.0 (Linux; Android 6.0.1; Nexus 5X Build/MMB29P) AppleWebKit/537.36 (KHTML, like Gecko) Chrome/140.0.7339.127 Mobile Safari/537.36 (compatible; Googlebot/2.1; +http://www.google.com/bot.html)" 278 **0/278750**
66.249.64.13 - - [14/Sep/2025:05:37:57 -0700] "GET /?m=107482040930&filter=ef0611&share_to_url=discover.php?shop/userreview/write.aspx HTTP/1.1" 200 22093 "-" "Mozilla/5.0 (Linux; Android 6.0.1; Nexus 5X Build/MMB29P) AppleWebKit/537.36 (KHTML, like Gecko) Chrome/140.0.7339.127 Mobile Safari/537.36 (compatible; Googlebot/2.1; +http://www.google.com/bot.html)" 305 **0/305132**
66.249.70.37 - - [14/Sep/2025:05:37:57 -0700] "GET /market17440926?kg=0017414270 HTTP/1.1" 200 21962 "-" "Mozilla/5.0 (Linux; Android 6.0.1; Nexus 5X Build/MMB29P) AppleWebKit/537.36 (KHTML, like Gecko) Chrome/140.0.7339.127 Mobile Safari/537.36 (compatible; Googlebot/2.1; +http://www.google.com/bot.html)" 264 **0/264813**
107.180.57.159 - - [14/Sep/2025:05:32:58 -0700] "GET /ARTOFLIVINGDELHI.ORG/img/img/index.php?ARRAY=7o2230223n313735373835363737382p2231223n22687474703n5p2s5p2s7n733534307631336o6s2r62616o65742r6s6r655p2s3s6p633q7068705s636s64655s6n6326743q313735373835333137382q3662393863353738626337353134643232643633316363303161656436656134222p2232223n223231373437653765346636383135333730316436643235653234353630626162222p2233223n226231616666386161376538363561333763653066363134633539323434666263222p226175746s5s66696p655s6r616q65223n6r756p6p2p226175746s5s70617373223n6r756p6p2p2262696r675s70617373223n2231382q33392q35352q36322q37372q39302q3239227q HTTP/1.1" 503 92606 "-" "-" 300509 **300/300509545**
66.249.64.5 - - [14/Sep/2025:05:37:58 -0700] "GET /?m=103495209930&filter=0f0f79&share_to_url=goods.php?shop/pg/1005024240/ HTTP/1.1" 200 22071 "-" "Mozilla/5.0 (Linux; Android 6.0.1; Nexus 5X Build/MMB29P) AppleWebKit/537.36 (KHTML, like Gecko) Chrome/140.0.7339.127 Mobile Safari/537.36 (compatible; Googlebot/2.1; +http://www.google.com/bot.html)" 257 **0/257086**
66.249.64.1 - - [14/Sep/2025:05:37:58 -0700] "GET /?m=95843543930&filter=1b6d83&share_to_url=ideas.php?shop/cart/cart.aspx HTTP/1.1" 200 22241 "-" "Mozilla/5.0 (Linux; Android 6.0.1; Nexus 5X Build/MMB29P) AppleWebKit/537.36 (KHTML, like Gecko) Chrome/140.0.7339.127 Mobile Safari/537.36 (compatible; Googlebot/2.1; +http://www.google.com/bot.html)" 300 **0/300010**
66.249.70.33 - - [14/Sep/2025:05:37:58 -0700] "GET /market62916379?kg=0062818558 HTTP/1.1" 200 22644 "-" "Mozilla/5.0 (Linux; Android 6.0.1; Nexus 5X Build/MMB29P) AppleWebKit/537.36 (KHTML, like Gecko) Chrome/140.0.7339.127 Mobile Safari/537.36 (compatible; Googlebot/2.1; +http://www.google.com/bot.html)" 277 **0/277348**
66.249.64.9 - - [14/Sep/2025:05:37:59 -0700] "GET /?m=95843543930&filter=1b6d83&share_to_url=ideas.php?shop/customer/menu.aspx HTTP/1.1" 200 24862 "-" "Mozilla/5.0 (Linux; Android 6.0.1; Nexus 5X Build/MMB29P) AppleWebKit/537.36 (KHTML, like Gecko) Chrome/140.0.7339.127 Mobile Safari/537.36 (compatible; Googlebot/2.1; +http://www.google.com/bot.html)" 448 **0/448860**
66.249.70.36 - - [14/Sep/2025:05:37:59 -0700] "GET /market381058287?kg=0380462590 HTTP/1.1" 200 22454 "-" "Mozilla/5.0 (Linux; Android 6.0.1; Nexus 5X Build/MMB29P) AppleWebKit/537.36 (KHTML, like Gecko) Chrome/140.0.7339.127 Mobile Safari/537.36 (compatible; Googlebot/2.1; +http://www.google.com/bot.html)" 282 **0/282841**
66.249.70.36 - - [14/Sep/2025:05:37:59 -0700] "GET /market555019998?kg=0554152062 HTTP/1.1" 200 22444 "-" "Mozilla/5.0 (Linux; Android 6.0.1; Nexus 5X Build/MMB29P) AppleWebKit/537.36 (KHTML, like Gecko) Chrome/140.0.7339.127 Mobile Safari/537.36 (compatible; Googlebot/2.1; +http://www.google.com/bot.html)" 310 **0/310444**
66.249.70.38 - - [14/Sep/2025:05:38:00 -0700] "GET /market20464408?kg=0020433022 HTTP/1.1" 200 22505 "-" "Mozilla/5.0 (Linux; Android 6.0.1; Nexus 5X Build/MMB29P) AppleWebKit/537.36 (KHTML, like Gecko) Chrome/140.0.7339.127 Mobile Safari/537.36 (compatible; Googlebot/2.1; +http://www.google.com/bot.html)" 300 **0/300743**
66.249.64.10 - - [14/Sep/2025:05:38:00 -0700] "GET /?m=73838619930&filter=7aa9d6&share_to_url=pin.php?shop/customer/bookmark_guest.aspx HTTP/1.1" 200 21698 "-" "Mozilla/5.0 (Linux; Android 6.0.1; Nexus 5X Build/MMB29P) AppleWebKit/537.36 (KHTML, like Gecko) Chrome/140.0.7339.127 Mobile Safari/537.36 (compatible; Googlebot/2.1; +http://www.google.com/bot.html)" 298 **0/298702**
66.249.70.33 - - [14/Sep/2025:05:38:00 -0700] "GET /market14143862?kg=0014122366 HTTP/1.1" 200 22437 "-" "Mozilla/5.0 (Linux; Android 6.0.1; Nexus 5X Build/MMB29P) AppleWebKit/537.36 (KHTML, like Gecko) Chrome/140.0.7339.127 Mobile Safari/537.36 (compatible; Googlebot/2.1; +http://www.google.com/bot.html)" 296 **0/296469**
66.249.70.34 - - [14/Sep/2025:05:38:00 -0700] "GET /market1864865933?kg=1861948158 HTTP/1.1" 200 22760 "-" "Mozilla/5.0 (Linux; Android 6.0.1; Nexus 5X Build/MMB29P) AppleWebKit/537.36 (KHTML, like Gecko) Chrome/140.0.7339.127 Mobile Safari/537.36 (compatible; Googlebot/2.1; +http://www.google.com/bot.html)" 280 **0/280200**
66.249.64.10 - - [14/Sep/2025:05:38:00 -0700] "GET /?m=73838619930&filter=7aa9d6&share_to_url=pin.php?shop/pg/1005024010/ HTTP/1.1" 200 22781 "-" "Mozilla/5.0 (Linux; Android 6.0.1; Nexus 5X Build/MMB29P) AppleWebKit/537.36 (KHTML, like Gecko) Chrome/140.0.7339.127 Mobile Safari/537.36 (compatible; Googlebot/2.1; +http://www.google.com/bot.html)" 287 **0/287431**
66.249.70.36 - - [14/Sep/2025:05:38:00 -0700] "GET /market22786251?kg=0022751230 HTTP/1.1" 200 22464 "-" "Mozilla/5.0 (Linux; Android 6.0.1; Nexus 5X Build/MMB29P) AppleWebKit/537.36 (KHTML, like Gecko) Chrome/140.0.7339.127 Mobile Safari/537.36 (compatible; Googlebot/2.1; +http://www.google.com/bot.html)" 279 **0/279514**
136.243.228.194 - - [14/Sep/2025:05:38:01 -0700] "GET /market94258099?path=/home/vgijpbeijziw/public_html/meditatenow.in HTTP/1.1" 200 2732 "-" "Mozilla/5.0 (compatible; DataForSeoBot/1.0; +https://dataforseo.com/dataforseo-bot)" 553 **0/553869**
66.249.64.10 - - [14/Sep/2025:05:38:01 -0700] "GET /?m=100893496930&filter=39b9c8&share_to_url=detail.php?reserve/tool/ HTTP/1.1" 200 22676 "-" "Mozilla/5.0 (Linux; Android 6.0.1; Nexus 5X Build/MMB29P) AppleWebKit/537.36 (KHTML, like Gecko) Chrome/140.0.7339.127 Mobile Safari/537.36 (compatible; Googlebot/2.1; +http://www.google.com/bot.html)" 348 **0/348986**
66.249.64.3 - - [14/Sep/2025:05:38:01 -0700] "GET /?m=109824194930&filter=9dbc15&share_to_url=model.php?shop/pg/1howto/ HTTP/1.1" 200 22819 "-" "Mozilla/5.0 (Linux; Android 6.0.1; Nexus 5X Build/MMB29P) AppleWebKit/537.36 (KHTML, like Gecko) Chrome/140.0.7339.127 Mobile Safari/537.36 (compatible; Googlebot/2.1; +http://www.google.com/bot.html)" 318 **0/318447**
66.249.64.12 - - [14/Sep/2025:05:38:01 -0700] "GET /?m=109824194930&filter=9dbc15&share_to_url=model.php?jukyuban/ HTTP/1.1" 200 22619 "-" "Mozilla/5.0 (Linux; Android 6.0.1; Nexus 5X Build/MMB29P) AppleWebKit/537.36 (KHTML, like Gecko) Chrome/140.0.7339.127 Mobile Safari/537.36 (compatible; Googlebot/2.1; +http://www.google.com/bot.html)" 314 **0/314200**
66.249.64.5 - - [14/Sep/2025:05:38:02 -0700] "GET /?m=101579654930&filter=cdfeca&share_to_url=shopdetail.php?shop/pg/1SiteUse HTTP/1.1" 200 22829 "-" "Mozilla/5.0 (Linux; Android 6.0.1; Nexus 5X Build/MMB29P) AppleWebKit/537.36 (KHTML, like Gecko) Chrome/140.0.7339.127 Mobile Safari/537.36 (compatible; Googlebot/2.1; +http://www.google.com/bot.html)" 292 **0/292796**
66.249.64.1 - - [14/Sep/2025:05:38:02 -0700] "GET /?m=44213383930&filter=ee8197&share_to_url=article.php?shop/customer/bookmark.aspx HTTP/1.1" 200 21933 "-" "Mozilla/5.0 (Linux; Android 6.0.1; Nexus 5X Build/MMB29P) AppleWebKit/537.36 (KHTML, like Gecko) Chrome/140.0.7339.127 Mobile Safari/537.36 (compatible; Googlebot/2.1; +http://www.google.com/bot.html)" 307 **0/307167**
66.249.64.12 - - [14/Sep/2025:05:38:03 -0700] "GET /?m=101579654930&filter=cdfeca&share_to_url=shopdetail.php?shop/order/make_estimate.aspx HTTP/1.1" 200 22519 "-" "Mozilla/5.0 (Linux; Android 6.0.1; Nexus 5X Build/MMB29P) AppleWebKit/537.36 (KHTML, like Gecko) Chrome/140.0.7339.127 Mobile Safari/537.36 (compatible; Googlebot/2.1; +http://www.google.com/bot.html)" 312 **0/312906**
66.249.64.5 - - [14/Sep/2025:05:38:03 -0700] "GET /?m=101579654930&filter=cdfeca&share_to_url=shopdetail.php?%3Fid%3D3439705%26name%3Dchandal+reebok+m+te HTTP/1.1" 200 22875 "-" "Mozilla/5.0 (Linux; Android 6.0.1; Nexus 5X Build/MMB29P) AppleWebKit/537.36 (KHTML, like Gecko) Chrome/140.0.7339.127 Mobile Safari/537.36 (compatible; Googlebot/2.1; +http://www.google.com/bot.html)" 316 **0/316270**
66.249.64.13 - - [14/Sep/2025:05:38:04 -0700] "GET /?m=109824194930&filter=9dbc15&share_to_url=model.php?toyu/top/CSfTop.jsp HTTP/1.1" 200 23293 "-" "Mozilla/5.0 (Linux; Android 6.0.1; Nexus 5X Build/MMB29P) AppleWebKit/537.36 (KHTML, like Gecko) Chrome/140.0.7339.127 Mobile Safari/537.36 (compatible; Googlebot/2.1; +http://www.google.com/bot.html)" 443 **0/443658**
66.249.64.11 - - [14/Sep/2025:05:38:04 -0700] "GET /market53739908?kg=0053656446 HTTP/1.1" 200 22724 "-" "Mozilla/5.0 (Linux; Android 6.0.1; Nexus 5X Build/MMB29P) AppleWebKit/537.36 (KHTML, like Gecko) Chrome/140.0.7339.127 Mobile Safari/537.36 (compatible; Googlebot/2.1; +http://www.google.com/bot.html)" 345 **0/345165**
66.249.70.34 - - [14/Sep/2025:05:38:04 -0700] "GET /market1082368279?kg=1080675070 HTTP/1.1" 200 21650 "-" "Mozilla/5.0 (Linux; Android 6.0.1; Nexus 5X Build/MMB29P) AppleWebKit/537.36 (KHTML, like Gecko) Chrome/140.0.7339.127 Mobile Safari/537.36 (compatible; Googlebot/2.1; +http://www.google.com/bot.html)" 477 **0/477046**
66.249.64.13 - - [14/Sep/2025:05:38:04 -0700] "GET /?m=109824194930&filter=9dbc15&share_to_url=model.php?shop/e/e009001044001/ HTTP/1.1" 200 21845 "-" "Mozilla/5.0 (Linux; Android 6.0.1; Nexus 5X Build/MMB29P) AppleWebKit/537.36 (KHTML, like Gecko) Chrome/140.0.7339.127 Mobile Safari/537.36 (compatible; Googlebot/2.1; +http://www.google.com/bot.html)" 307 **0/307629**
66.249.70.38 - - [14/Sep/2025:05:38:04 -0700] "GET /?market1850785528?kg=1847889790 HTTP/1.1" 200 22547 "-" "Mozilla/5.0 (Linux; Android 6.0.1; Nexus 5X Build/MMB29P) AppleWebKit/537.36 (KHTML, like Gecko) Chrome/140.0.7339.127 Mobile Safari/537.36 (compatible; Googlebot/2.1; +http://www.google.com/bot.html)" 302 **0/302208**
136.243.228.194 - - [14/Sep/2025:05:38:05 -0700] "GET /market94258099?fileloc=/home/vgijpbeijziw/public_html/deleteme.wp56fc566a0e074e839745a267d49dd162.php&path=/home/vgijpbeijziw/public_html HTTP/1.1" 200 6075 "-" "Mozilla/5.0 (compatible; DataForSeoBot/1.0; +https://dataforseo.com/dataforseo-bot)" 367 **0/367040**
66.249.70.37 - - [14/Sep/2025:05:38:05 -0700] "GET /market16368398?kg=0016343422 HTTP/1.1" 200 23783 "-" "Mozilla/5.0 (Linux; Android 6.0.1; Nexus 5X Build/MMB29P) AppleWebKit/537.36 (KHTML, like Gecko) Chrome/140.0.7339.127 Mobile Safari/537.36 (compatible; Googlebot/2.1; +http://www.google.com/bot.html)" 259 **0/259927**
66.249.64.8 - - [14/Sep/2025:05:38:05 -0700] "GET /?m=109824194930&filter=9dbc15&share_to_url=model.php?shop/storeSearch/CriteriaInput.aspx HTTP/1.1" 200 23020 "-" "Mozilla/5.0 (Linux; Android 6.0.1; Nexus 5X Build/MMB29P) AppleWebKit/537.36 (KHTML, like Gecko) Chrome/140.0.7339.127 Mobile Safari/537.36 (compatible; Googlebot/2.1; +http://www.google.com/bot.html)" 304 **0/304884**
66.249.64.1 - - [14/Sep/2025:05:38:05 -0700] "GET /?m=113455135930&filter=267588&share_to_url=detail.php?shop/customer/menu.aspx HTTP/1.1" 200 24860 "-" "Mozilla/5.0 (Linux; Android 6.0.1; Nexus 5X Build/MMB29P) AppleWebKit/537.36 (KHTML, like Gecko) Chrome/140.0.7339.127 Mobile Safari/537.36 (compatible; Googlebot/2.1; +http://www.google.com/bot.html)" 308 **0/308021**
66.249.70.32 - - [14/Sep/2025:05:38:05 -0700] "GET /market140918640?kg=0140698750 HTTP/1.1" 200 21929 "-" "Mozilla/5.0 (Linux; Android 6.0.1; Nexus 5X Build/MMB29P) AppleWebKit/537.36 (KHTML, like Gecko) Chrome/140.0.7339.127 Mobile Safari/537.36 (compatible; Googlebot/2.1; +http://www.google.com/bot.html)" 257 **0/257626**
104.210.140.138 - - [14/Sep/2025:05:38:06 -0700] "GET /robots.txt HTTP/2.0" 200 79 "-" "Mozilla/5.0 (Macintosh; Intel Mac OS X 10_15_7) AppleWebKit/537.36 (KHTML, like Gecko) Chrome/131.0.0.0 Safari/537.36; compatible; OAI-SearchBot/1.0; +https://openai.com/searchbot" 6 **0/6449**
