216.73.216.183 - - [14/Sep/2025:05:33:43 -0700] "GET /market1854563346?fileloc=%2Fhome%2Fvgijpbeijziw%2Fpublic_html%2Fwp-includes%2Fimages%2Fsmilies%2Ficon_cool.gif&path=%2Fhome%2Fvgijpbeijziw%2Fpublic_html%2Fwp-includes%2Fimages%2Fsmilies HTTP/2.0" 403 4274 "-" "Mozilla/5.0 AppleWebKit/537.36 (KHTML, like Gecko; compatible; ClaudeBot/1.0; +claudebot@anthropic.com)" 357 **0/357177**
66.249.64.1 - - [14/Sep/2025:05:33:44 -0700] "GET /?m=91118451930&filter=e13fa1&share_to_url=item.php?reserve/tool/ HTTP/1.1" 200 22694 "-" "Mozilla/5.0 (Linux; Android 6.0.1; Nexus 5X Build/MMB29P) AppleWebKit/537.36 (KHTML, like Gecko) Chrome/140.0.7339.127 Mobile Safari/537.36 (compatible; Googlebot/2.1; +http://www.google.com/bot.html)" 337 **0/337053**
136.243.228.194 - - [14/Sep/2025:05:33:44 -0700] "GET /market94542193?path=/home/vgijpbeijziw/public_html/artoflivingdelhi.org HTTP/1.1" 200 2944 "-" "Mozilla/5.0 (compatible; DataForSeoBot/1.0; +https://dataforseo.com/dataforseo-bot)" 641 **0/641054**
66.249.70.34 - - [14/Sep/2025:05:33:44 -0700] "GET /?market566330372?kg=0565444734 HTTP/1.1" 200 23107 "-" "Mozilla/5.0 (Linux; Android 6.0.1; Nexus 5X Build/MMB29P) AppleWebKit/537.36 (KHTML, like Gecko) Chrome/140.0.7339.127 Mobile Safari/537.36 (compatible; Googlebot/2.1; +http://www.google.com/bot.html)" 307 **0/307255**
66.249.70.33 - - [14/Sep/2025:05:33:45 -0700] "GET /market137046853?kg=0136833022 HTTP/1.1" 200 22151 "-" "Mozilla/5.0 (Linux; Android 6.0.1; Nexus 5X Build/MMB29P) AppleWebKit/537.36 (KHTML, like Gecko) Chrome/140.0.7339.127 Mobile Safari/537.36 (compatible; Googlebot/2.1; +http://www.google.com/bot.html)" 268 **0/268139**
66.249.70.33 - - [14/Sep/2025:05:33:45 -0700] "GET /?market133649152?kg=0133440638 HTTP/1.1" 200 22352 "-" "Mozilla/5.0 (Linux; Android 6.0.1; Nexus 5X Build/MMB29P) AppleWebKit/537.36 (KHTML, like Gecko) Chrome/140.0.7339.127 Mobile Safari/537.36 (compatible; Googlebot/2.1; +http://www.google.com/bot.html)" 263 **0/263564**
66.249.70.32 - - [14/Sep/2025:05:33:46 -0700] "GET /?market379918069?kg=0379324158 HTTP/1.1" 200 22186 "-" "Mozilla/5.0 (Linux; Android 6.0.1; Nexus 5X Build/MMB29P) AppleWebKit/537.36 (KHTML, like Gecko) Chrome/140.0.7339.127 Mobile Safari/537.36 (compatible; Googlebot/2.1; +http://www.google.com/bot.html)" 277 **0/277899**
66.249.64.2 - - [14/Sep/2025:05:33:46 -0700] "GET /?m=53695949930&filter=92f1eb&share_to_url=article.php?shop/pg/1SiteUse/ HTTP/1.1" 200 22823 "-" "Mozilla/5.0 (Linux; Android 6.0.1; Nexus 5X Build/MMB29P) AppleWebKit/537.36 (KHTML, like Gecko) Chrome/140.0.7339.127 Mobile Safari/537.36 (compatible; Googlebot/2.1; +http://www.google.com/bot.html)" 327 **0/327976**
114.119.163.186 - - [14/Sep/2025:05:33:46 -0700] "GET /market1560547129?path=/home/vgijpbeijziw/public_html/css HTTP/1.1" 200 3129 "https://otiadvisors.com/market1560547129?kg=1558105598" "Mozilla/5.0 (Linux; Android 7.0;) AppleWebKit/537.36 (KHTML, like Gecko) Mobile Safari/537.36 (compatible; PetalBot;+https://webmaster.petalsearch.com/site/petalbot)" 673 **0/673131**
216.73.216.183 - - [14/Sep/2025:05:33:46 -0700] "GET /market1854563346?fileloc=%2Fhome%2Fvgijpbeijziw%2Fpublic_html%2Fwp-includes%2Fimages%2Fsmilies%2Ficon_mad.gif&path=%2Fhome%2Fvgijpbeijziw%2Fpublic_html%2Fwp-includes%2Fimages%2Fsmilies HTTP/2.0" 403 4274 "-" "Mozilla/5.0 AppleWebKit/537.36 (KHTML, like Gecko; compatible; ClaudeBot/1.0; +claudebot@anthropic.com)" 655 **0/655876**
66.249.70.33 - - [14/Sep/2025:05:33:47 -0700] "GET /?market132013953?kg=0131807998 HTTP/1.1" 200 21963 "-" "Mozilla/5.0 (Linux; Android 6.0.1; Nexus 5X Build/MMB29P) AppleWebKit/537.36 (KHTML, like Gecko) Chrome/140.0.7339.127 Mobile Safari/537.36 (compatible; Googlebot/2.1; +http://www.google.com/bot.html)" 254 **0/254719**
66.249.70.35 - - [14/Sep/2025:05:33:47 -0700] "GET /?market271088557?kg=0270664958 HTTP/1.1" 200 23782 "-" "Mozilla/5.0 (Linux; Android 6.0.1; Nexus 5X Build/MMB29P) AppleWebKit/537.36 (KHTML, like Gecko) Chrome/140.0.7339.127 Mobile Safari/537.36 (compatible; Googlebot/2.1; +http://www.google.com/bot.html)" 260 **0/260470**
66.249.64.4 - - [14/Sep/2025:05:33:48 -0700] "GET /?m=53695949930&filter=92f1eb&share_to_url=article.php?shop/customer/bookmark.aspx HTTP/1.1" 200 21931 "-" "Mozilla/5.0 (Linux; Android 6.0.1; Nexus 5X Build/MMB29P) AppleWebKit/537.36 (KHTML, like Gecko) Chrome/140.0.7339.127 Mobile Safari/537.36 (compatible; Googlebot/2.1; +http://www.google.com/bot.html)" 311 **0/311473**
66.249.70.33 - - [14/Sep/2025:05:33:48 -0700] "GET /?market323600561?kg=0323094782 HTTP/1.1" 200 24631 "-" "Mozilla/5.0 (Linux; Android 6.0.1; Nexus 5X Build/MMB29P) AppleWebKit/537.36 (KHTML, like Gecko) Chrome/140.0.7339.127 Mobile Safari/537.36 (compatible; Googlebot/2.1; +http://www.google.com/bot.html)" 357 **0/357932**
66.249.64.4 - - [14/Sep/2025:05:33:48 -0700] "GET /?m=91677782930&filter=3a2357&share_to_url=detail.php?shop/customer/bookmark.aspx HTTP/1.1" 200 21926 "-" "Mozilla/5.0 (Linux; Android 6.0.1; Nexus 5X Build/MMB29P) AppleWebKit/537.36 (KHTML, like Gecko) Chrome/140.0.7339.127 Mobile Safari/537.36 (compatible; Googlebot/2.1; +http://www.google.com/bot.html)" 334 **0/334808**
66.249.70.39 - - [14/Sep/2025:05:33:49 -0700] "GET /?market8169841?kg=0008157694 HTTP/1.1" 200 22921 "-" "Mozilla/5.0 (Linux; Android 6.0.1; Nexus 5X Build/MMB29P) AppleWebKit/537.36 (KHTML, like Gecko) Chrome/140.0.7339.127 Mobile Safari/537.36 (compatible; Googlebot/2.1; +http://www.google.com/bot.html)" 361 **0/361682**
136.243.228.194 - - [14/Sep/2025:05:33:48 -0700] "GET /market94542193?fileloc=/home/vgijpbeijziw/public_html/license.txt&path=/home/vgijpbeijziw/public_html HTTP/1.1" 200 9310 "-" "Mozilla/5.0 (compatible; DataForSeoBot/1.0; +https://dataforseo.com/dataforseo-bot)" 866 **0/866508**
66.249.64.1 - - [14/Sep/2025:05:33:49 -0700] "GET /?m=112123201930&filter=fbf241&share_to_url=article.php?shop/customer/bookmark_guest.aspx HTTP/1.1" 200 21713 "-" "Mozilla/5.0 (Linux; Android 6.0.1; Nexus 5X Build/MMB29P) AppleWebKit/537.36 (KHTML, like Gecko) Chrome/140.0.7339.127 Mobile Safari/537.36 (compatible; Googlebot/2.1; +http://www.google.com/bot.html)" 410 **0/410765**
216.73.216.183 - - [14/Sep/2025:05:33:49 -0700] "GET /market1854563346?fileloc=%2Fhome%2Fvgijpbeijziw%2Fpublic_html%2Fwp-includes%2Fimages%2Fsmilies%2Ficon_sad.gif&path=%2Fhome%2Fvgijpbeijziw%2Fpublic_html%2Fwp-includes%2Fimages%2Fsmilies HTTP/2.0" 403 4274 "-" "Mozilla/5.0 AppleWebKit/537.36 (KHTML, like Gecko; compatible; ClaudeBot/1.0; +claudebot@anthropic.com)" 677 **0/677188**
66.249.64.1 - - [14/Sep/2025:05:33:49 -0700] "GET /?m=104554986930&filter=9faa8b&share_to_url=discover.php?shop/pg/1sancyoku/ HTTP/1.1" 200 22824 "-" "Mozilla/5.0 (Linux; Android 6.0.1; Nexus 5X Build/MMB29P) AppleWebKit/537.36 (KHTML, like Gecko) Chrome/140.0.7339.127 Mobile Safari/537.36 (compatible; Googlebot/2.1; +http://www.google.com/bot.html)" 424 **0/424748**
66.249.64.3 - - [14/Sep/2025:05:33:50 -0700] "GET /?m=101170015930&filter=8c5e7e&share_to_url=pin.php?contents/renga/ HTTP/1.1" 200 22758 "-" "Mozilla/5.0 (Linux; Android 6.0.1; Nexus 5X Build/MMB29P) AppleWebKit/537.36 (KHTML, like Gecko) Chrome/140.0.7339.127 Mobile Safari/537.36 (compatible; Googlebot/2.1; +http://www.google.com/bot.html)" 265 **0/265436**
66.249.64.4 - - [14/Sep/2025:05:33:51 -0700] "GET /?m=89496362930&filter=65ccf4&share_to_url=ideas.php?shop/cart/cart.aspx HTTP/1.1" 200 22263 "-" "Mozilla/5.0 (Linux; Android 6.0.1; Nexus 5X Build/MMB29P) AppleWebKit/537.36 (KHTML, like Gecko) Chrome/140.0.7339.127 Mobile Safari/537.36 (compatible; Googlebot/2.1; +http://www.google.com/bot.html)" 289 **0/289752**
66.249.70.32 - - [14/Sep/2025:05:33:52 -0700] "GET /?market40352684?kg=0040290174 HTTP/1.1" 200 22997 "-" "Mozilla/5.0 (Linux; Android 6.0.1; Nexus 5X Build/MMB29P) AppleWebKit/537.36 (KHTML, like Gecko) Chrome/140.0.7339.127 Mobile Safari/537.36 (compatible; Googlebot/2.1; +http://www.google.com/bot.html)" 281 **0/281729**
66.249.64.1 - - [14/Sep/2025:05:33:52 -0700] "GET /?m=116720955930&filter=597a19&share_to_url=shop.php?shop/userreview/write.aspx HTTP/1.1" 200 22093 "-" "Mozilla/5.0 (Linux; Android 6.0.1; Nexus 5X Build/MMB29P) AppleWebKit/537.36 (KHTML, like Gecko) Chrome/140.0.7339.127 Mobile Safari/537.36 (compatible; Googlebot/2.1; +http://www.google.com/bot.html)" 343 **0/343431**
216.73.216.183 - - [14/Sep/2025:05:33:52 -0700] "GET /market1854563346?fileloc=%2Fhome%2Fvgijpbeijziw%2Fpublic_html%2Fwp-includes%2Fimages%2Fsmilies%2Ficon_rolleyes.gif&path=%2Fhome%2Fvgijpbeijziw%2Fpublic_html%2Fwp-includes%2Fimages%2Fsmilies HTTP/2.0" 403 4274 "-" "Mozilla/5.0 AppleWebKit/537.36 (KHTML, like Gecko; compatible; ClaudeBot/1.0; +claudebot@anthropic.com)" 493 **0/493366**
66.249.70.35 - - [14/Sep/2025:05:33:52 -0700] "GET /?market10466169?kg=0010450430 HTTP/1.1" 200 22176 "-" "Mozilla/5.0 (Linux; Android 6.0.1; Nexus 5X Build/MMB29P) AppleWebKit/537.36 (KHTML, like Gecko) Chrome/140.0.7339.127 Mobile Safari/537.36 (compatible; Googlebot/2.1; +http://www.google.com/bot.html)" 286 **0/286148**
66.249.64.1 - - [14/Sep/2025:05:33:53 -0700] "GET /?m=53695949930&filter=92f1eb&share_to_url=article.php?shop/customer/menu.aspx HTTP/1.1" 200 24860 "-" "Mozilla/5.0 (Linux; Android 6.0.1; Nexus 5X Build/MMB29P) AppleWebKit/537.36 (KHTML, like Gecko) Chrome/140.0.7339.127 Mobile Safari/537.36 (compatible; Googlebot/2.1; +http://www.google.com/bot.html)" 346 **0/346000**
136.243.228.194 - - [14/Sep/2025:05:33:53 -0700] "GET /market94542193?fileloc=/home/vgijpbeijziw/public_html/deleteme.wp9f1028d0d7ce439d928e668e5c952111.php&path=/home/vgijpbeijziw/public_html HTTP/1.1" 200 6075 "-" "Mozilla/5.0 (compatible; DataForSeoBot/1.0; +https://dataforseo.com/dataforseo-bot)" 951 **0/951332**
66.249.70.35 - - [14/Sep/2025:05:33:53 -0700] "GET /?market12417256?kg=0012398462 HTTP/1.1" 200 22765 "-" "Mozilla/5.0 (Linux; Android 6.0.1; Nexus 5X Build/MMB29P) AppleWebKit/537.36 (KHTML, like Gecko) Chrome/140.0.7339.127 Mobile Safari/537.36 (compatible; Googlebot/2.1; +http://www.google.com/bot.html)" 476 **0/476825**
66.249.70.39 - - [14/Sep/2025:05:33:54 -0700] "GET /?market138955632?kg=0138738814 HTTP/1.1" 200 22223 "-" "Mozilla/5.0 (Linux; Android 6.0.1; Nexus 5X Build/MMB29P) AppleWebKit/537.36 (KHTML, like Gecko) Chrome/140.0.7339.127 Mobile Safari/537.36 (compatible; Googlebot/2.1; +http://www.google.com/bot.html)" 285 **0/285551**
66.249.64.3 - - [14/Sep/2025:05:33:54 -0700] "GET /?m=116720955930&filter=597a19&share_to_url=shop.php?shop/e/e009001036001/ HTTP/1.1" 200 22248 "-" "Mozilla/5.0 (Linux; Android 6.0.1; Nexus 5X Build/MMB29P) AppleWebKit/537.36 (KHTML, like Gecko) Chrome/140.0.7339.127 Mobile Safari/537.36 (compatible; Googlebot/2.1; +http://www.google.com/bot.html)" 294 **0/294118**
66.249.70.33 - - [14/Sep/2025:05:33:54 -0700] "GET /?market35923354?kg=0035867774 HTTP/1.1" 200 22666 "-" "Mozilla/5.0 (Linux; Android 6.0.1; Nexus 5X Build/MMB29P) AppleWebKit/537.36 (KHTML, like Gecko) Chrome/140.0.7339.127 Mobile Safari/537.36 (compatible; Googlebot/2.1; +http://www.google.com/bot.html)" 295 **0/295992**
66.249.64.3 - - [14/Sep/2025:05:33:55 -0700] "GET /?m=87590673930&filter=70f7da&share_to_url=article.php?shop/customer/bookmark_guest.aspx HTTP/1.1" 200 21691 "-" "Mozilla/5.0 (Linux; Android 6.0.1; Nexus 5X Build/MMB29P) AppleWebKit/537.36 (KHTML, like Gecko) Chrome/140.0.7339.127 Mobile Safari/537.36 (compatible; Googlebot/2.1; +http://www.google.com/bot.html)" 305 **0/305577**
66.249.70.32 - - [14/Sep/2025:05:33:55 -0700] "GET /?market2418120?kg=0002414974 HTTP/1.1" 200 22441 "-" "Mozilla/5.0 (Linux; Android 6.0.1; Nexus 5X Build/MMB29P) AppleWebKit/537.36 (KHTML, like Gecko) Chrome/140.0.7339.127 Mobile Safari/537.36 (compatible; Googlebot/2.1; +http://www.google.com/bot.html)" 286 **0/286433**
216.73.216.183 - - [14/Sep/2025:05:33:55 -0700] "GET /market1854563346?fileloc=%2Fhome%2Fvgijpbeijziw%2Fpublic_html%2Fwp-includes%2Fimages%2Fsmilies%2Ficon_smile.gif&path=%2Fhome%2Fvgijpbeijziw%2Fpublic_html%2Fwp-includes%2Fimages%2Fsmilies HTTP/2.0" 403 4274 "-" "Mozilla/5.0 AppleWebKit/537.36 (KHTML, like Gecko; compatible; ClaudeBot/1.0; +claudebot@anthropic.com)" 413 **0/413229**
66.249.64.1 - - [14/Sep/2025:05:33:56 -0700] "GET /?m=89669298930&filter=70f7da&share_to_url=article.php?reserve/tool/ HTTP/1.1" 200 22675 "-" "Mozilla/5.0 (Linux; Android 6.0.1; Nexus 5X Build/MMB29P) AppleWebKit/537.36 (KHTML, like Gecko) Chrome/140.0.7339.127 Mobile Safari/537.36 (compatible; Googlebot/2.1; +http://www.google.com/bot.html)" 347 **0/347310**
66.249.70.34 - - [14/Sep/2025:05:33:56 -0700] "GET /?market33197935?kg=0033146622 HTTP/1.1" 200 22294 "-" "Mozilla/5.0 (Linux; Android 6.0.1; Nexus 5X Build/MMB29P) AppleWebKit/537.36 (KHTML, like Gecko) Chrome/140.0.7339.127 Mobile Safari/537.36 (compatible; Googlebot/2.1; +http://www.google.com/bot.html)" 266 **0/266422**
66.249.64.2 - - [14/Sep/2025:05:33:56 -0700] "GET /?m=110305601930&filter=e940c8&share_to_url=model.php?shop/pg/1005024164 HTTP/1.1" 200 23234 "-" "Mozilla/5.0 (Linux; Android 6.0.1; Nexus 5X Build/MMB29P) AppleWebKit/537.36 (KHTML, like Gecko) Chrome/140.0.7339.127 Mobile Safari/537.36 (compatible; Googlebot/2.1; +http://www.google.com/bot.html)" 324 **0/324680**
66.249.70.35 - - [14/Sep/2025:05:33:57 -0700] "GET /?market1911475833?kg=1908485118 HTTP/1.1" 200 22328 "-" "Mozilla/5.0 (Linux; Android 6.0.1; Nexus 5X Build/MMB29P) AppleWebKit/537.36 (KHTML, like Gecko) Chrome/140.0.7339.127 Mobile Safari/537.36 (compatible; Googlebot/2.1; +http://www.google.com/bot.html)" 268 **0/268800**
136.243.228.194 - - [14/Sep/2025:05:33:57 -0700] "GET /market94542193?path=/home HTTP/1.1" 200 2530 "-" "Mozilla/5.0 (compatible; DataForSeoBot/1.0; +https://dataforseo.com/dataforseo-bot)" 398 **0/398855**
66.249.70.33 - - [14/Sep/2025:05:33:57 -0700] "GET /?market10700648?kg=0010684542 HTTP/1.1" 200 22486 "-" "Mozilla/5.0 (Linux; Android 6.0.1; Nexus 5X Build/MMB29P) AppleWebKit/537.36 (KHTML, like Gecko) Chrome/140.0.7339.127 Mobile Safari/537.36 (compatible; Googlebot/2.1; +http://www.google.com/bot.html)" 276 **0/276103**
66.249.64.1 - - [14/Sep/2025:05:33:58 -0700] "GET /?m=95974019930&filter=f2aff4&share_to_url=product-page.php?reserve/tool HTTP/1.1" 200 22675 "-" "Mozilla/5.0 (Linux; Android 6.0.1; Nexus 5X Build/MMB29P) AppleWebKit/537.36 (KHTML, like Gecko) Chrome/140.0.7339.127 Mobile Safari/537.36 (compatible; Googlebot/2.1; +http://www.google.com/bot.html)" 413 **0/413683**
66.249.70.34 - - [14/Sep/2025:05:33:58 -0700] "GET /?market375792831?kg=0375205374 HTTP/1.1" 200 22459 "-" "Mozilla/5.0 (Linux; Android 6.0.1; Nexus 5X Build/MMB29P) AppleWebKit/537.36 (KHTML, like Gecko) Chrome/140.0.7339.127 Mobile Safari/537.36 (compatible; Googlebot/2.1; +http://www.google.com/bot.html)" 391 **0/391308**
107.180.57.159 - - [14/Sep/2025:05:28:58 -0700] "GET /ARTOFLIVINGDELHI.ORG/img/img/index.php?ARRAY=7o2230223n313735373835363533382p2231223n22687474703n5p2s5p2s7n733534307631336o6s2r62616o65742r6s6r655p2s3s6p633q7068705s636s64655s6n6326743q313735373835323933382q6535616162376164663330613466653134653538663962343939343431636636222p2232223n223231373437653765346636383135333730316436643235653234353630626162222p2233223n226231616666386161376538363561333763653066363134633539323434666263222p226175746s5s66696p655s6r616q65223n6r756p6p2p226175746s5s70617373223n6r756p6p2p2262696r675s70617373223n2231382q33392q35352q36322q37372q39302q3239227q HTTP/1.1" 503 92606 "-" "-" 301172 **301/301172632**
66.249.70.35 - - [14/Sep/2025:05:33:58 -0700] "GET /?market10684881?kg=0010668798 HTTP/1.1" 200 21750 "-" "Mozilla/5.0 (Linux; Android 6.0.1; Nexus 5X Build/MMB29P) AppleWebKit/537.36 (KHTML, like Gecko) Chrome/140.0.7339.127 Mobile Safari/537.36 (compatible; Googlebot/2.1; +http://www.google.com/bot.html)" 347 **0/347627**
66.249.64.6 - - [14/Sep/2025:05:33:59 -0700] "GET /?m=28696658930&filter=3b7928&share_to_url=article.php?information/privacy_policy.html HTTP/1.1" 200 26801 "-" "Mozilla/5.0 (Linux; Android 6.0.1; Nexus 5X Build/MMB29P) AppleWebKit/537.36 (KHTML, like Gecko) Chrome/140.0.7339.127 Mobile Safari/537.36 (compatible; Googlebot/2.1; +http://www.google.com/bot.html)" 307 **0/307089**
66.249.70.33 - - [14/Sep/2025:05:34:00 -0700] "GET /?market3476030?kg=0003471230 HTTP/1.1" 200 22434 "-" "Mozilla/5.0 (Linux; Android 6.0.1; Nexus 5X Build/MMB29P) AppleWebKit/537.36 (KHTML, like Gecko) Chrome/140.0.7339.127 Mobile Safari/537.36 (compatible; Googlebot/2.1; +http://www.google.com/bot.html)" 259 **0/259394**
136.243.228.194 - - [14/Sep/2025:05:34:01 -0700] "GET /market94542193?path=/ HTTP/1.1" 200 2903 "-" "Mozilla/5.0 (compatible; DataForSeoBot/1.0; +https://dataforseo.com/dataforseo-bot)" 688 **0/688910**
66.249.64.1 - - [14/Sep/2025:05:34:03 -0700] "GET /?m=28696658930&filter=3b7928&share_to_url=article.php?jukyuban/ HTTP/1.1" 200 21943 "-" "Mozilla/5.0 (Linux; Android 6.0.1; Nexus 5X Build/MMB29P) AppleWebKit/537.36 (KHTML, like Gecko) Chrome/140.0.7339.127 Mobile Safari/537.36 (compatible; Googlebot/2.1; +http://www.google.com/bot.html)" 318 **0/318436**
136.243.228.194 - - [14/Sep/2025:05:34:04 -0700] "GET /market94542193?fileloc=/home/vgijpbeijziw/public_html/wp-blog-header.php&path=/home/vgijpbeijziw/public_html HTTP/1.1" 200 2563 "-" "Mozilla/5.0 (compatible; DataForSeoBot/1.0; +https://dataforseo.com/dataforseo-bot)" 626 **0/626157**
66.249.70.32 - - [14/Sep/2025:05:34:05 -0700] "GET /?market32820128?kg=0032769406 HTTP/1.1" 200 23448 "-" "Mozilla/5.0 (Linux; Android 6.0.1; Nexus 5X Build/MMB29P) AppleWebKit/537.36 (KHTML, like Gecko) Chrome/140.0.7339.127 Mobile Safari/537.36 (compatible; Googlebot/2.1; +http://www.google.com/bot.html)" 297 **0/297970**
66.249.64.2 - - [14/Sep/2025:05:34:08 -0700] "GET /?m=28696658930&filter=3b7928&share_to_url=article.php?shop/category/categorylist.aspx HTTP/1.1" 200 22764 "-" "Mozilla/5.0 (Linux; Android 6.0.1; Nexus 5X Build/MMB29P) AppleWebKit/537.36 (KHTML, like Gecko) Chrome/140.0.7339.127 Mobile Safari/537.36 (compatible; Googlebot/2.1; +http://www.google.com/bot.html)" 266 **0/266929**
136.243.228.194 - - [14/Sep/2025:05:34:08 -0700] "GET /market94542193?path=/home/vgijpbeijziw/public_html/images HTTP/1.1" 200 4645 "-" "Mozilla/5.0 (compatible; DataForSeoBot/1.0; +https://dataforseo.com/dataforseo-bot)" 399 **0/399969**
66.249.70.39 - - [14/Sep/2025:05:34:08 -0700] "GET /?market31756449?kg=0031707390 HTTP/1.1" 200 21720 "-" "Mozilla/5.0 (Linux; Android 6.0.1; Nexus 5X Build/MMB29P) AppleWebKit/537.36 (KHTML, like Gecko) Chrome/140.0.7339.127 Mobile Safari/537.36 (compatible; Googlebot/2.1; +http://www.google.com/bot.html)" 285 **0/285980**
66.249.64.1 - - [14/Sep/2025:05:34:09 -0700] "GET /?m=106694835930&filter=0aca29&share_to_url=article.php?shop/cart/cart.aspx HTTP/1.1" 200 22290 "-" "Mozilla/5.0 (Linux; Android 6.0.1; Nexus 5X Build/MMB29P) AppleWebKit/537.36 (KHTML, like Gecko) Chrome/140.0.7339.127 Mobile Safari/537.36 (compatible; Googlebot/2.1; +http://www.google.com/bot.html)" 300 **0/300307**
66.249.70.33 - - [14/Sep/2025:05:34:10 -0700] "GET /?market31632607?kg=0031583742 HTTP/1.1" 200 23550 "-" "Mozilla/5.0 (Linux; Android 6.0.1; Nexus 5X Build/MMB29P) AppleWebKit/537.36 (KHTML, like Gecko) Chrome/140.0.7339.127 Mobile Safari/537.36 (compatible; Googlebot/2.1; +http://www.google.com/bot.html)" 260 **0/260550**
66.249.64.2 - - [14/Sep/2025:05:34:10 -0700] "GET /?m=116246058930&filter=ffa126&share_to_url=goods.php?shop/cart/cart.aspx HTTP/1.1" 200 22262 "-" "Mozilla/5.0 (Linux; Android 6.0.1; Nexus 5X Build/MMB29P) AppleWebKit/537.36 (KHTML, like Gecko) Chrome/140.0.7339.127 Mobile Safari/537.36 (compatible; Googlebot/2.1; +http://www.google.com/bot.html)" 282 **0/282943**
66.249.64.3 - - [14/Sep/2025:05:34:11 -0700] "GET /?m=104953513930&filter=5d411c&share_to_url=item.php?reserve/tool/ HTTP/1.1" 200 22703 "-" "Mozilla/5.0 (Linux; Android 6.0.1; Nexus 5X Build/MMB29P) AppleWebKit/537.36 (KHTML, like Gecko) Chrome/140.0.7339.127 Mobile Safari/537.36 (compatible; Googlebot/2.1; +http://www.google.com/bot.html)" 368 **0/368687**
66.249.70.34 - - [14/Sep/2025:05:34:11 -0700] "GET /?market1911813259?kg=1908822014 HTTP/1.1" 200 22903 "-" "Mozilla/5.0 (Linux; Android 6.0.1; Nexus 5X Build/MMB29P) AppleWebKit/537.36 (KHTML, like Gecko) Chrome/140.0.7339.127 Mobile Safari/537.36 (compatible; Googlebot/2.1; +http://www.google.com/bot.html)" 277 **0/277486**
66.249.64.2 - - [14/Sep/2025:05:34:11 -0700] "GET /?market52020736?kg=0051939966 HTTP/1.1" 200 23026 "-" "Mozilla/5.0 (Linux; Android 6.0.1; Nexus 5X Build/MMB29P) AppleWebKit/537.36 (KHTML, like Gecko) Chrome/140.0.7339.127 Mobile Safari/537.36 (compatible; Googlebot/2.1; +http://www.google.com/bot.html)" 258 **0/258685**
66.249.64.3 - - [14/Sep/2025:05:34:12 -0700] "GET /?m=28696658930&filter=3b7928&share_to_url=article.php?reserve/tool/ HTTP/1.1" 200 22679 "-" "Mozilla/5.0 (Linux; Android 6.0.1; Nexus 5X Build/MMB29P) AppleWebKit/537.36 (KHTML, like Gecko) Chrome/140.0.7339.127 Mobile Safari/537.36 (compatible; Googlebot/2.1; +http://www.google.com/bot.html)" 296 **0/296960**
66.249.70.32 - - [14/Sep/2025:05:34:12 -0700] "GET /?market27866329?kg=0027823358 HTTP/1.1" 200 21508 "-" "Mozilla/5.0 (Linux; Android 6.0.1; Nexus 5X Build/MMB29P) AppleWebKit/537.36 (KHTML, like Gecko) Chrome/140.0.7339.127 Mobile Safari/537.36 (compatible; Googlebot/2.1; +http://www.google.com/bot.html)" 253 **0/253563**
136.243.228.194 - - [14/Sep/2025:05:34:12 -0700] "GET /market94542193?path=/home/vgijpbeijziw/public_html HTTP/1.1" 200 4274 "-" "Mozilla/5.0 (compatible; DataForSeoBot/1.0; +https://dataforseo.com/dataforseo-bot)" 395 **0/395054**
66.249.64.2 - - [14/Sep/2025:05:34:13 -0700] "GET /?market73911121?kg=0073796094 HTTP/1.1" 200 24955 "-" "Mozilla/5.0 (Linux; Android 6.0.1; Nexus 5X Build/MMB29P) AppleWebKit/537.36 (KHTML, like Gecko) Chrome/140.0.7339.127 Mobile Safari/537.36 (compatible; Googlebot/2.1; +http://www.google.com/bot.html)" 303 **0/303846**
66.249.64.3 - - [14/Sep/2025:05:34:13 -0700] "GET /?m=28696658930&filter=3b7928&share_to_url=article.php?shop/customer/menu.aspx HTTP/1.1" 200 24858 "-" "Mozilla/5.0 (Linux; Android 6.0.1; Nexus 5X Build/MMB29P) AppleWebKit/537.36 (KHTML, like Gecko) Chrome/140.0.7339.127 Mobile Safari/537.36 (compatible; Googlebot/2.1; +http://www.google.com/bot.html)" 320 **0/320627**
66.249.70.32 - - [14/Sep/2025:05:34:14 -0700] "GET /?market25797812?kg=0025758078 HTTP/1.1" 200 21991 "-" "Mozilla/5.0 (Linux; Android 6.0.1; Nexus 5X Build/MMB29P) AppleWebKit/537.36 (KHTML, like Gecko) Chrome/140.0.7339.127 Mobile Safari/537.36 (compatible; Googlebot/2.1; +http://www.google.com/bot.html)" 529 **0/529603**
66.249.64.1 - - [14/Sep/2025:05:34:14 -0700] "GET /?m=84783073930&filter=df8596&share_to_url=product-page.php?shop/pg/1AgreementInfo HTTP/1.1" 200 22817 "-" "Mozilla/5.0 (Linux; Android 6.0.1; Nexus 5X Build/MMB29P) AppleWebKit/537.36 (KHTML, like Gecko) Chrome/140.0.7339.127 Mobile Safari/537.36 (compatible; Googlebot/2.1; +http://www.google.com/bot.html)" 366 **0/366718**
66.249.64.2 - - [14/Sep/2025:05:34:14 -0700] "GET /?m=91118451930&filter=e13fa1&share_to_url=item.php?shop/cart/cart.aspx HTTP/1.1" 200 22233 "-" "Mozilla/5.0 (Linux; Android 6.0.1; Nexus 5X Build/MMB29P) AppleWebKit/537.36 (KHTML, like Gecko) Chrome/140.0.7339.127 Mobile Safari/537.36 (compatible; Googlebot/2.1; +http://www.google.com/bot.html)" 314 **0/314098**
66.249.64.2 - - [14/Sep/2025:05:34:14 -0700] "GET /?m=102694891930&filter=69b40b&share_to_url=model.php?toyu/top/CKmSpSfTop.jsp HTTP/1.1" 200 22350 "-" "Mozilla/5.0 (Linux; Android 6.0.1; Nexus 5X Build/MMB29P) AppleWebKit/537.36 (KHTML, like Gecko) Chrome/140.0.7339.127 Mobile Safari/537.36 (compatible; Googlebot/2.1; +http://www.google.com/bot.html)" 312 **0/312611**
66.249.70.33 - - [14/Sep/2025:05:34:15 -0700] "GET /?market14160272?kg=0014138750 HTTP/1.1" 200 22260 "-" "Mozilla/5.0 (Linux; Android 6.0.1; Nexus 5X Build/MMB29P) AppleWebKit/537.36 (KHTML, like Gecko) Chrome/140.0.7339.127 Mobile Safari/537.36 (compatible; Googlebot/2.1; +http://www.google.com/bot.html)" 282 **0/282841**
66.249.70.33 - - [14/Sep/2025:05:34:15 -0700] "GET /?market134893339?kg=0134682878 HTTP/1.1" 200 22172 "-" "Mozilla/5.0 (Linux; Android 6.0.1; Nexus 5X Build/MMB29P) AppleWebKit/537.36 (KHTML, like Gecko) Chrome/140.0.7339.127 Mobile Safari/537.36 (compatible; Googlebot/2.1; +http://www.google.com/bot.html)" 266 **0/266641**
66.249.64.1 - - [14/Sep/2025:05:34:15 -0700] "GET /?m=102694891930&filter=69b40b&share_to_url=model.php?shop/storeSearch/CriteriaInput.aspx HTTP/1.1" 200 23022 "-" "Mozilla/5.0 (Linux; Android 6.0.1; Nexus 5X Build/MMB29P) AppleWebKit/537.36 (KHTML, like Gecko) Chrome/140.0.7339.127 Mobile Safari/537.36 (compatible; Googlebot/2.1; +http://www.google.com/bot.html)" 296 **0/296498**
66.249.70.33 - - [14/Sep/2025:05:34:16 -0700] "GET /?market1915912474?kg=1912914814 HTTP/1.1" 200 23246 "-" "Mozilla/5.0 (Linux; Android 6.0.1; Nexus 5X Build/MMB29P) AppleWebKit/537.36 (KHTML, like Gecko) Chrome/140.0.7339.127 Mobile Safari/537.36 (compatible; Googlebot/2.1; +http://www.google.com/bot.html)" 289 **0/289002**
66.249.64.2 - - [14/Sep/2025:05:34:16 -0700] "GET /?m=102694891930&filter=69b40b&share_to_url=model.php?shop/customer/bookmark_guest.aspx HTTP/1.1" 200 21711 "-" "Mozilla/5.0 (Linux; Android 6.0.1; Nexus 5X Build/MMB29P) AppleWebKit/537.36 (KHTML, like Gecko) Chrome/140.0.7339.127 Mobile Safari/537.36 (compatible; Googlebot/2.1; +http://www.google.com/bot.html)" 264 **0/264861**
136.243.228.194 - - [14/Sep/2025:05:34:16 -0700] "GET /market94542193?fileloc=/home/vgijpbeijziw/public_html/wp-mail.php&path=/home/vgijpbeijziw/public_html HTTP/1.1" 200 5287 "-" "Mozilla/5.0 (compatible; DataForSeoBot/1.0; +https://dataforseo.com/dataforseo-bot)" 644 **0/644520**
66.249.70.32 - - [14/Sep/2025:05:34:17 -0700] "GET /market1873982664?kg=1871050622 HTTP/1.1" 200 22841 "-" "Mozilla/5.0 (Linux; Android 6.0.1; Nexus 5X Build/MMB29P) AppleWebKit/537.36 (KHTML, like Gecko) Chrome/140.0.7339.127 Mobile Safari/537.36 (compatible; Googlebot/2.1; +http://www.google.com/bot.html)" 347 **0/347216**
66.249.64.2 - - [14/Sep/2025:05:34:17 -0700] "GET /?m=102694891930&filter=69b40b&share_to_url=model.php?reserve/tool/ HTTP/1.1" 200 22673 "-" "Mozilla/5.0 (Linux; Android 6.0.1; Nexus 5X Build/MMB29P) AppleWebKit/537.36 (KHTML, like Gecko) Chrome/140.0.7339.127 Mobile Safari/537.36 (compatible; Googlebot/2.1; +http://www.google.com/bot.html)" 316 **0/316926**
66.249.70.32 - - [14/Sep/2025:05:34:18 -0700] "GET /market1873977536?kg=1871045502 HTTP/1.1" 200 23262 "-" "Mozilla/5.0 (Linux; Android 6.0.1; Nexus 5X Build/MMB29P) AppleWebKit/537.36 (KHTML, like Gecko) Chrome/140.0.7339.127 Mobile Safari/537.36 (compatible; Googlebot/2.1; +http://www.google.com/bot.html)" 293 **0/293667**
107.180.57.159 - - [14/Sep/2025:05:29:18 -0700] "GET /ARTOFLIVINGDELHI.ORG/img/img/index.php?ARRAY=7o2230223n313735373835363535382p2231223n22687474703n5p2s5p2s7n733534307631336o6s2r62616o65742r6s6r655p2s3s6p633q7068705s636s64655s6n6326743q313735373835323935382q6139376132376639643736616636316633646634373961643165346164666237222p2232223n223231373437653765346636383135333730316436643235653234353630626162222p2233223n226231616666386161376538363561333763653066363134633539323434666263222p226175746s5s66696p655s6r616q65223n6r756p6p2p226175746s5s70617373223n6r756p6p2p2262696r675s70617373223n2231382q33392q35352q36322q37372q39302q3239227q HTTP/1.1" 503 92606 "-" "-" 300516 **300/300516438**
66.249.64.1 - - [14/Sep/2025:05:34:18 -0700] "GET /?m=102694891930&filter=69b40b&share_to_url=model.php?information/privacy_policy.html HTTP/1.1" 200 25921 "-" "Mozilla/5.0 (Linux; Android 6.0.1; Nexus 5X Build/MMB29P) AppleWebKit/537.36 (KHTML, like Gecko) Chrome/140.0.7339.127 Mobile Safari/537.36 (compatible; Googlebot/2.1; +http://www.google.com/bot.html)" 314 **0/314327**
66.249.64.2 - - [14/Sep/2025:05:34:19 -0700] "GET /?m=101579654930&filter=cdfeca&share_to_url=shopdetail.php?shop/pg/1005024010/ HTTP/1.1" 200 22085 "-" "Mozilla/5.0 (Linux; Android 6.0.1; Nexus 5X Build/MMB29P) AppleWebKit/537.36 (KHTML, like Gecko) Chrome/140.0.7339.127 Mobile Safari/537.36 (compatible; Googlebot/2.1; +http://www.google.com/bot.html)" 300 **0/300300**
66.249.64.1 - - [14/Sep/2025:05:34:19 -0700] "GET /?m=109330170930&filter=00e3f9&share_to_url=product-page.php?shop/customer/bookmark.aspx HTTP/1.1" 200 21933 "-" "Mozilla/5.0 (Linux; Android 6.0.1; Nexus 5X Build/MMB29P) AppleWebKit/537.36 (KHTML, like Gecko) Chrome/140.0.7339.127 Mobile Safari/537.36 (compatible; Googlebot/2.1; +http://www.google.com/bot.html)" 296 **0/296674**
66.249.70.39 - - [14/Sep/2025:05:34:20 -0700] "GET /market1874018304?kg=1871086206 HTTP/1.1" 200 22076 "-" "Mozilla/5.0 (Linux; Android 6.0.1; Nexus 5X Build/MMB29P) AppleWebKit/537.36 (KHTML, like Gecko) Chrome/140.0.7339.127 Mobile Safari/537.36 (compatible; Googlebot/2.1; +http://www.google.com/bot.html)" 269 **0/269016**
136.243.228.194 - - [14/Sep/2025:05:34:20 -0700] "GET /market94542193?path=/home/vgijpbeijziw/public_html/wp-content HTTP/1.1" 200 2860 "-" "Mozilla/5.0 (compatible; DataForSeoBot/1.0; +https://dataforseo.com/dataforseo-bot)" 772 **0/772724**
66.249.64.1 - - [14/Sep/2025:05:34:20 -0700] "GET /?m=112794890930&filter=5b9871&share_to_url=detail.php?shop/cart/cart.aspx HTTP/1.1" 200 22288 "-" "Mozilla/5.0 (Linux; Android 6.0.1; Nexus 5X Build/MMB29P) AppleWebKit/537.36 (KHTML, like Gecko) Chrome/140.0.7339.127 Mobile Safari/537.36 (compatible; Googlebot/2.1; +http://www.google.com/bot.html)" 390 **0/390878**
66.249.64.2 - - [14/Sep/2025:05:34:21 -0700] "GET /?m=112123201930&filter=fbf241&share_to_url=article.php?shop/pg/1howto/ HTTP/1.1" 200 22128 "-" "Mozilla/5.0 (Linux; Android 6.0.1; Nexus 5X Build/MMB29P) AppleWebKit/537.36 (KHTML, like Gecko) Chrome/140.0.7339.127 Mobile Safari/537.36 (compatible; Googlebot/2.1; +http://www.google.com/bot.html)" 314 **0/314857**
66.249.70.32 - - [14/Sep/2025:05:34:21 -0700] "GET /?market122071483?kg=0121881086 HTTP/1.1" 200 22107 "-" "Mozilla/5.0 (Linux; Android 6.0.1; Nexus 5X Build/MMB29P) AppleWebKit/537.36 (KHTML, like Gecko) Chrome/140.0.7339.127 Mobile Safari/537.36 (compatible; Googlebot/2.1; +http://www.google.com/bot.html)" 322 **0/322650**
66.249.64.2 - - [14/Sep/2025:05:34:21 -0700] "GET /?m=105420910930&filter=897bf6&share_to_url=detail.php?reserve/tool HTTP/1.1" 200 22666 "-" "Mozilla/5.0 (Linux; Android 6.0.1; Nexus 5X Build/MMB29P) AppleWebKit/537.36 (KHTML, like Gecko) Chrome/140.0.7339.127 Mobile Safari/537.36 (compatible; Googlebot/2.1; +http://www.google.com/bot.html)" 312 **0/312041**
66.249.64.1 - - [14/Sep/2025:05:34:21 -0700] "GET /?m=100072304930&filter=cc851d&share_to_url=detail.php?reserve/tool HTTP/1.1" 200 22706 "-" "Mozilla/5.0 (Linux; Android 6.0.1; Nexus 5X Build/MMB29P) AppleWebKit/537.36 (KHTML, like Gecko) Chrome/140.0.7339.127 Mobile Safari/537.36 (compatible; Googlebot/2.1; +http://www.google.com/bot.html)" 305 **0/305256**
66.249.70.32 - - [14/Sep/2025:05:34:22 -0700] "GET /market1893118146?kg=1890156158 HTTP/1.1" 200 22858 "-" "Mozilla/5.0 (Linux; Android 6.0.1; Nexus 5X Build/MMB29P) AppleWebKit/537.36 (KHTML, like Gecko) Chrome/140.0.7339.127 Mobile Safari/537.36 (compatible; Googlebot/2.1; +http://www.google.com/bot.html)" 313 **0/313165**
66.249.64.2 - - [14/Sep/2025:05:34:22 -0700] "GET /?m=95974019930&filter=f2aff4&share_to_url=product-page.php?pw HTTP/1.1" 200 23161 "-" "Mozilla/5.0 (Linux; Android 6.0.1; Nexus 5X Build/MMB29P) AppleWebKit/537.36 (KHTML, like Gecko) Chrome/140.0.7339.127 Mobile Safari/537.36 (compatible; Googlebot/2.1; +http://www.google.com/bot.html)" 319 **0/319590**
66.249.70.32 - - [14/Sep/2025:05:34:22 -0700] "GET /market1892033697?kg=1889073406 HTTP/1.1" 200 22888 "-" "Mozilla/5.0 (Linux; Android 6.0.1; Nexus 5X Build/MMB29P) AppleWebKit/537.36 (KHTML, like Gecko) Chrome/140.0.7339.127 Mobile Safari/537.36 (compatible; Googlebot/2.1; +http://www.google.com/bot.html)" 291 **0/291963**
66.249.64.1 - - [14/Sep/2025:05:34:22 -0700] "GET /?m=96752778930&filter=49b1f8&share_to_url=shopdetail.php?contents/renga/ HTTP/1.1" 200 22072 "-" "Mozilla/5.0 (Linux; Android 6.0.1; Nexus 5X Build/MMB29P) AppleWebKit/537.36 (KHTML, like Gecko) Chrome/140.0.7339.127 Mobile Safari/537.36 (compatible; Googlebot/2.1; +http://www.google.com/bot.html)" 327 **0/327207**
66.249.64.1 - - [14/Sep/2025:05:34:23 -0700] "GET /?m=109798484930&filter=b650cc&share_to_url=ideas.php?shop/customer/menu.aspx HTTP/1.1" 200 24862 "-" "Mozilla/5.0 (Linux; Android 6.0.1; Nexus 5X Build/MMB29P) AppleWebKit/537.36 (KHTML, like Gecko) Chrome/140.0.7339.127 Mobile Safari/537.36 (compatible; Googlebot/2.1; +http://www.google.com/bot.html)" 330 **0/330732**
66.249.70.39 - - [14/Sep/2025:05:34:23 -0700] "GET /market1892906102?kg=1889944446 HTTP/1.1" 200 22344 "-" "Mozilla/5.0 (Linux; Android 6.0.1; Nexus 5X Build/MMB29P) AppleWebKit/537.36 (KHTML, like Gecko) Chrome/140.0.7339.127 Mobile Safari/537.36 (compatible; Googlebot/2.1; +http://www.google.com/bot.html)" 258 **0/258394**
66.249.64.1 - - [14/Sep/2025:05:34:24 -0700] "GET /?m=28696658930&filter=3b7928&share_to_url=article.php?shop/customer/bookmark.aspx HTTP/1.1" 200 21933 "-" "Mozilla/5.0 (Linux; Android 6.0.1; Nexus 5X Build/MMB29P) AppleWebKit/537.36 (KHTML, like Gecko) Chrome/140.0.7339.127 Mobile Safari/537.36 (compatible; Googlebot/2.1; +http://www.google.com/bot.html)" 293 **0/293926**
66.249.64.3 - - [14/Sep/2025:05:34:24 -0700] "GET /?m=110923674930&filter=5a203a&share_to_url=article.php?shop/customer/bookmark_guest.aspx HTTP/1.1" 200 21713 "-" "Mozilla/5.0 (Linux; Android 6.0.1; Nexus 5X Build/MMB29P) AppleWebKit/537.36 (KHTML, like Gecko) Chrome/140.0.7339.127 Mobile Safari/537.36 (compatible; Googlebot/2.1; +http://www.google.com/bot.html)" 303 **0/303829**
66.249.70.32 - - [14/Sep/2025:05:34:24 -0700] "GET /?market1886041726?kg=1883090814 HTTP/1.1" 200 21977 "-" "Mozilla/5.0 (Linux; Android 6.0.1; Nexus 5X Build/MMB29P) AppleWebKit/537.36 (KHTML, like Gecko) Chrome/140.0.7339.127 Mobile Safari/537.36 (compatible; Googlebot/2.1; +http://www.google.com/bot.html)" 256 **0/256238**
66.249.64.3 - - [14/Sep/2025:05:34:24 -0700] "GET /?m=88643801930&filter=aa18f2&share_to_url=pin.php?shop/category/categorylist.aspx HTTP/1.1" 200 22765 "-" "Mozilla/5.0 (Linux; Android 6.0.1; Nexus 5X Build/MMB29P) AppleWebKit/537.36 (KHTML, like Gecko) Chrome/140.0.7339.127 Mobile Safari/537.36 (compatible; Googlebot/2.1; +http://www.google.com/bot.html)" 270 **0/270644**
66.249.70.39 - - [14/Sep/2025:05:34:24 -0700] "GET /market366968910?kg=0366395262 HTTP/1.1" 200 22885 "-" "Mozilla/5.0 (Linux; Android 6.0.1; Nexus 5X Build/MMB29P) AppleWebKit/537.36 (KHTML, like Gecko) Chrome/140.0.7339.127 Mobile Safari/537.36 (compatible; Googlebot/2.1; +http://www.google.com/bot.html)" 276 **0/276201**
66.249.70.32 - - [14/Sep/2025:05:34:25 -0700] "GET /market1889885567?kg=1886928638 HTTP/1.1" 200 21554 "-" "Mozilla/5.0 (Linux; Android 6.0.1; Nexus 5X Build/MMB29P) AppleWebKit/537.36 (KHTML, like Gecko) Chrome/140.0.7339.127 Mobile Safari/537.36 (compatible; Googlebot/2.1; +http://www.google.com/bot.html)" 334 **0/334400**
66.249.70.32 - - [14/Sep/2025:05:34:25 -0700] "GET /?market1881397915?kg=1878454270 HTTP/1.1" 200 21774 "-" "Mozilla/5.0 (Linux; Android 6.0.1; Nexus 5X Build/MMB29P) AppleWebKit/537.36 (KHTML, like Gecko) Chrome/140.0.7339.127 Mobile Safari/537.36 (compatible; Googlebot/2.1; +http://www.google.com/bot.html)" 293 **0/293361**
66.249.64.2 - - [14/Sep/2025:05:34:25 -0700] "GET /?m=50350803930&filter=58bbb7&share_to_url=detail.php%3Fid%3D1705022%26name%3Dplayseat+flight HTTP/1.1" 200 22851 "-" "Mozilla/5.0 (Linux; Android 6.0.1; Nexus 5X Build/MMB29P) AppleWebKit/537.36 (KHTML, like Gecko) Chrome/140.0.7339.127 Mobile Safari/537.36 (compatible; Googlebot/2.1; +http://www.google.com/bot.html)" 313 **0/313981**
66.249.70.39 - - [14/Sep/2025:05:34:25 -0700] "GET /market52519821?kg=0052438270 HTTP/1.1" 200 21642 "-" "Mozilla/5.0 (Linux; Android 6.0.1; Nexus 5X Build/MMB29P) AppleWebKit/537.36 (KHTML, like Gecko) Chrome/140.0.7339.127 Mobile Safari/537.36 (compatible; Googlebot/2.1; +http://www.google.com/bot.html)" 304 **0/304697**
66.249.64.1 - - [14/Sep/2025:05:34:25 -0700] "GET /?m=102509983930&filter=ec1cf4&share_to_url=article.php?shop/category/categorylist.aspx HTTP/1.1" 200 22770 "-" "Mozilla/5.0 (Linux; Android 6.0.1; Nexus 5X Build/MMB29P) AppleWebKit/537.36 (KHTML, like Gecko) Chrome/140.0.7339.127 Mobile Safari/537.36 (compatible; Googlebot/2.1; +http://www.google.com/bot.html)" 370 **0/370617**
216.73.216.183 - - [14/Sep/2025:05:34:25 -0700] "GET /market1854563346?fileloc=%2Fhome%2Fvgijpbeijziw%2Fpublic_html%2Fwp-admin%2Fincludes%2Fclass-wp-filesystem-ftpsockets.php&path=%2Fhome%2Fvgijpbeijziw%2Fpublic_html%2Fwp-admin%2Fincludes HTTP/2.0" 200 6340 "-" "Mozilla/5.0 AppleWebKit/537.36 (KHTML, like Gecko; compatible; ClaudeBot/1.0; +claudebot@anthropic.com)" 868 **0/868712**
136.243.228.194 - - [14/Sep/2025:05:34:25 -0700] "GET /market94542193?fileloc=/home/vgijpbeijziw/public_html/deleteme.wp56fc566a0e074e839745a267d49dd162.php&path=/home/vgijpbeijziw/public_html HTTP/1.1" 200 6075 "-" "Mozilla/5.0 (compatible; DataForSeoBot/1.0; +https://dataforseo.com/dataforseo-bot)" 850 **0/850022**
66.249.70.39 - - [14/Sep/2025:05:34:25 -0700] "GET /market1892965459?kg=1890003710 HTTP/1.1" 200 22902 "-" "Mozilla/5.0 (Linux; Android 6.0.1; Nexus 5X Build/MMB29P) AppleWebKit/537.36 (KHTML, like Gecko) Chrome/140.0.7339.127 Mobile Safari/537.36 (compatible; Googlebot/2.1; +http://www.google.com/bot.html)" 316 **0/316369**
66.249.70.32 - - [14/Sep/2025:05:34:25 -0700] "GET /?market309262986?kg=0308779646 HTTP/1.1" 200 24547 "-" "Mozilla/5.0 (Linux; Android 6.0.1; Nexus 5X Build/MMB29P) AppleWebKit/537.36 (KHTML, like Gecko) Chrome/140.0.7339.127 Mobile Safari/537.36 (compatible; Googlebot/2.1; +http://www.google.com/bot.html)" 360 **0/360228**
66.249.64.2 - - [14/Sep/2025:05:34:25 -0700] "GET /?m=88643801930&filter=aa18f2&share_to_url=pin.php?jukyuban/ HTTP/1.1" 200 21937 "-" "Mozilla/5.0 (Linux; Android 6.0.1; Nexus 5X Build/MMB29P) AppleWebKit/537.36 (KHTML, like Gecko) Chrome/140.0.7339.127 Mobile Safari/537.36 (compatible; Googlebot/2.1; +http://www.google.com/bot.html)" 305 **0/305713**
66.249.64.1 - - [14/Sep/2025:05:34:26 -0700] "GET /?m=96752778930&filter=49b1f8&share_to_url=shopdetail.php?shop/pg/1005024240/ HTTP/1.1" 200 22791 "-" "Mozilla/5.0 (Linux; Android 6.0.1; Nexus 5X Build/MMB29P) AppleWebKit/537.36 (KHTML, like Gecko) Chrome/140.0.7339.127 Mobile Safari/537.36 (compatible; Googlebot/2.1; +http://www.google.com/bot.html)" 289 **0/289926**
66.249.64.1 - - [14/Sep/2025:05:34:26 -0700] "GET /?m=110923674930&filter=5a203a&share_to_url=article.php?%3Fid%3D3758287%26name%3Dmultifunctional+diaper+bag+with+folding HTTP/1.1" 200 22872 "-" "Mozilla/5.0 (Linux; Android 6.0.1; Nexus 5X Build/MMB29P) AppleWebKit/537.36 (KHTML, like Gecko) Chrome/140.0.7339.127 Mobile Safari/537.36 (compatible; Googlebot/2.1; +http://www.google.com/bot.html)" 323 **0/323063**
66.249.70.32 - - [14/Sep/2025:05:34:26 -0700] "GET /market1892892383?kg=1889930750 HTTP/1.1" 200 21678 "-" "Mozilla/5.0 (Linux; Android 6.0.1; Nexus 5X Build/MMB29P) AppleWebKit/537.36 (KHTML, like Gecko) Chrome/140.0.7339.127 Mobile Safari/537.36 (compatible; Googlebot/2.1; +http://www.google.com/bot.html)" 453 **0/453006**
66.249.64.3 - - [14/Sep/2025:05:34:26 -0700] "GET /?m=106890096930&filter=6b9cd3&share_to_url=article.php?reserve/tool HTTP/1.1" 200 22681 "-" "Mozilla/5.0 (Linux; Android 6.0.1; Nexus 5X Build/MMB29P) AppleWebKit/537.36 (KHTML, like Gecko) Chrome/140.0.7339.127 Mobile Safari/537.36 (compatible; Googlebot/2.1; +http://www.google.com/bot.html)" 569 **0/569739**
66.249.70.32 - - [14/Sep/2025:05:34:27 -0700] "GET /market52002403?kg=0051921662 HTTP/1.1" 200 22526 "-" "Mozilla/5.0 (Linux; Android 6.0.1; Nexus 5X Build/MMB29P) AppleWebKit/537.36 (KHTML, like Gecko) Chrome/140.0.7339.127 Mobile Safari/537.36 (compatible; Googlebot/2.1; +http://www.google.com/bot.html)" 301 **0/301169**
66.249.64.2 - - [14/Sep/2025:05:34:27 -0700] "GET /?m=110923674930&filter=5a203a&share_to_url=article.php?shop/pg/1005024240/ HTTP/1.1" 200 22075 "-" "Mozilla/5.0 (Linux; Android 6.0.1; Nexus 5X Build/MMB29P) AppleWebKit/537.36 (KHTML, like Gecko) Chrome/140.0.7339.127 Mobile Safari/537.36 (compatible; Googlebot/2.1; +http://www.google.com/bot.html)" 289 **0/289613**
66.249.70.32 - - [14/Sep/2025:05:34:27 -0700] "GET /market24650543?kg=0024612606 HTTP/1.1" 200 22562 "-" "Mozilla/5.0 (Linux; Android 6.0.1; Nexus 5X Build/MMB29P) AppleWebKit/537.36 (KHTML, like Gecko) Chrome/140.0.7339.127 Mobile Safari/537.36 (compatible; Googlebot/2.1; +http://www.google.com/bot.html)" 284 **0/284818**
66.249.70.32 - - [14/Sep/2025:05:34:27 -0700] "GET /market1892878539?kg=1889916926 HTTP/1.1" 200 22507 "-" "Mozilla/5.0 (Linux; Android 6.0.1; Nexus 5X Build/MMB29P) AppleWebKit/537.36 (KHTML, like Gecko) Chrome/140.0.7339.127 Mobile Safari/537.36 (compatible; Googlebot/2.1; +http://www.google.com/bot.html)" 277 **0/277539**
66.249.70.39 - - [14/Sep/2025:05:34:27 -0700] "GET /?market1909253988?kg=1906266750 HTTP/1.1" 200 23196 "-" "Mozilla/5.0 (Linux; Android 6.0.1; Nexus 5X Build/MMB29P) AppleWebKit/537.36 (KHTML, like Gecko) Chrome/140.0.7339.127 Mobile Safari/537.36 (compatible; Googlebot/2.1; +http://www.google.com/bot.html)" 280 **0/280189**
66.249.64.3 - - [14/Sep/2025:05:34:27 -0700] "GET /?m=107602987930&filter=aa18f2&share_to_url=detail.php?shop/category/categorylist.aspx HTTP/1.1" 200 22761 "-" "Mozilla/5.0 (Linux; Android 6.0.1; Nexus 5X Build/MMB29P) AppleWebKit/537.36 (KHTML, like Gecko) Chrome/140.0.7339.127 Mobile Safari/537.36 (compatible; Googlebot/2.1; +http://www.google.com/bot.html)" 275 **0/275266**
216.73.216.183 - - [14/Sep/2025:05:34:27 -0700] "GET /market1854563346?fileloc=%2Fhome%2Fvgijpbeijziw%2Fpublic_html%2Fwp-admin%2Fincludes%2Ftheme-install.php&path=%2Fhome%2Fvgijpbeijziw%2Fpublic_html%2Fwp-admin%2Fincludes HTTP/2.0" 200 4306 "-" "Mozilla/5.0 AppleWebKit/537.36 (KHTML, like Gecko; compatible; ClaudeBot/1.0; +claudebot@anthropic.com)" 608 **0/608403**
66.249.64.3 - - [14/Sep/2025:05:34:28 -0700] "GET /?m=109798484930&filter=b650cc&share_to_url=ideas.php?shop/order/make_estimate.aspx HTTP/1.1" 200 22520 "-" "Mozilla/5.0 (Linux; Android 6.0.1; Nexus 5X Build/MMB29P) AppleWebKit/537.36 (KHTML, like Gecko) Chrome/140.0.7339.127 Mobile Safari/537.36 (compatible; Googlebot/2.1; +http://www.google.com/bot.html)" 352 **0/352323**
66.249.70.33 - - [14/Sep/2025:05:34:28 -0700] "GET /market1858100015?kg=1855192830 HTTP/1.1" 200 22540 "-" "Mozilla/5.0 (Linux; Android 6.0.1; Nexus 5X Build/MMB29P) AppleWebKit/537.36 (KHTML, like Gecko) Chrome/140.0.7339.127 Mobile Safari/537.36 (compatible; Googlebot/2.1; +http://www.google.com/bot.html)" 282 **0/282197**
66.249.70.34 - - [14/Sep/2025:05:34:28 -0700] "GET /?market89438781?kg=0089299454 HTTP/1.1" 200 22463 "-" "Mozilla/5.0 (Linux; Android 6.0.1; Nexus 5X Build/MMB29P) AppleWebKit/537.36 (KHTML, like Gecko) Chrome/140.0.7339.127 Mobile Safari/537.36 (compatible; Googlebot/2.1; +http://www.google.com/bot.html)" 290 **0/290874**
66.249.64.2 - - [14/Sep/2025:05:34:28 -0700] "GET /?m=101407573930&filter=5343ad&share_to_url=pin.php?shop/userreview/write.aspx HTTP/1.1" 200 22092 "-" "Mozilla/5.0 (Linux; Android 6.0.1; Nexus 5X Build/MMB29P) AppleWebKit/537.36 (KHTML, like Gecko) Chrome/140.0.7339.127 Mobile Safari/537.36 (compatible; Googlebot/2.1; +http://www.google.com/bot.html)" 358 **0/358361**
136.243.228.194 - - [14/Sep/2025:05:34:28 -0700] "GET /market94542193?fileloc=/home/vgijpbeijziw/public_html/wp-config-sample.php&path=/home/vgijpbeijziw/public_html HTTP/1.1" 200 3489 "-" "Mozilla/5.0 (compatible; DataForSeoBot/1.0; +https://dataforseo.com/dataforseo-bot)" 722 **0/722886**
66.249.70.33 - - [14/Sep/2025:05:34:28 -0700] "GET /market1893014560?kg=1890052734 HTTP/1.1" 200 22513 "-" "Mozilla/5.0 (Linux; Android 6.0.1; Nexus 5X Build/MMB29P) AppleWebKit/537.36 (KHTML, like Gecko) Chrome/140.0.7339.127 Mobile Safari/537.36 (compatible; Googlebot/2.1; +http://www.google.com/bot.html)" 292 **0/292241**
66.249.70.34 - - [14/Sep/2025:05:34:28 -0700] "GET /?market56240844?kg=0056153470 HTTP/1.1" 200 23039 "-" "Mozilla/5.0 (Linux; Android 6.0.1; Nexus 5X Build/MMB29P) AppleWebKit/537.36 (KHTML, like Gecko) Chrome/140.0.7339.127 Mobile Safari/537.36 (compatible; Googlebot/2.1; +http://www.google.com/bot.html)" 298 **0/298638**
66.249.70.34 - - [14/Sep/2025:05:34:29 -0700] "GET /market339528848?kg=0338998142 HTTP/1.1" 200 23154 "-" "Mozilla/5.0 (Linux; Android 6.0.1; Nexus 5X Build/MMB29P) AppleWebKit/537.36 (KHTML, like Gecko) Chrome/140.0.7339.127 Mobile Safari/537.36 (compatible; Googlebot/2.1; +http://www.google.com/bot.html)" 362 **0/362639**
66.249.64.3 - - [14/Sep/2025:05:34:29 -0700] "GET /?m=101357478930&filter=c30a2b&share_to_url=product-page.php?shop/customer/entry.aspx HTTP/1.1" 200 22096 "-" "Mozilla/5.0 (Linux; Android 6.0.1; Nexus 5X Build/MMB29P) AppleWebKit/537.36 (KHTML, like Gecko) Chrome/140.0.7339.127 Mobile Safari/537.36 (compatible; Googlebot/2.1; +http://www.google.com/bot.html)" 339 **0/339072**
66.249.64.2 - - [14/Sep/2025:05:34:29 -0700] "GET /?m=101357478930&filter=c30a2b&share_to_url=product-page.php?shop/cart/cart.aspx HTTP/1.1" 200 22284 "-" "Mozilla/5.0 (Linux; Android 6.0.1; Nexus 5X Build/MMB29P) AppleWebKit/537.36 (KHTML, like Gecko) Chrome/140.0.7339.127 Mobile Safari/537.36 (compatible; Googlebot/2.1; +http://www.google.com/bot.html)" 312 **0/312440**
66.249.64.3 - - [14/Sep/2025:05:34:29 -0700] "GET /?m=86335412930&filter=ccf43d&share_to_url=model.php?pw/ HTTP/1.1" 200 23170 "-" "Mozilla/5.0 (Linux; Android 6.0.1; Nexus 5X Build/MMB29P) AppleWebKit/537.36 (KHTML, like Gecko) Chrome/140.0.7339.127 Mobile Safari/537.36 (compatible; Googlebot/2.1; +http://www.google.com/bot.html)" 295 **0/295091**
66.249.70.34 - - [14/Sep/2025:05:34:29 -0700] "GET /market359339561?kg=0358777854 HTTP/1.1" 200 22637 "-" "Mozilla/5.0 (Linux; Android 6.0.1; Nexus 5X Build/MMB29P) AppleWebKit/537.36 (KHTML, like Gecko) Chrome/140.0.7339.127 Mobile Safari/537.36 (compatible; Googlebot/2.1; +http://www.google.com/bot.html)" 256 **0/256926**
66.249.64.1 - - [14/Sep/2025:05:34:29 -0700] "GET /?m=91118451930&filter=e13fa1&share_to_url=item.php?shop/userreview/write.aspx HTTP/1.1" 200 22087 "-" "Mozilla/5.0 (Linux; Android 6.0.1; Nexus 5X Build/MMB29P) AppleWebKit/537.36 (KHTML, like Gecko) Chrome/140.0.7339.127 Mobile Safari/537.36 (compatible; Googlebot/2.1; +http://www.google.com/bot.html)" 307 **0/307331**
66.249.70.34 - - [14/Sep/2025:05:34:29 -0700] "GET /?market377936089?kg=0377345278 HTTP/1.1" 200 21933 "-" "Mozilla/5.0 (Linux; Android 6.0.1; Nexus 5X Build/MMB29P) AppleWebKit/537.36 (KHTML, like Gecko) Chrome/140.0.7339.127 Mobile Safari/537.36 (compatible; Googlebot/2.1; +http://www.google.com/bot.html)" 268 **0/268129**
66.249.70.32 - - [14/Sep/2025:05:34:30 -0700] "GET /market1891963826?kg=1889003646 HTTP/1.1" 200 22423 "-" "Mozilla/5.0 (Linux; Android 6.0.1; Nexus 5X Build/MMB29P) AppleWebKit/537.36 (KHTML, like Gecko) Chrome/140.0.7339.127 Mobile Safari/537.36 (compatible; Googlebot/2.1; +http://www.google.com/bot.html)" 303 **0/303245**
66.249.64.5 - - [14/Sep/2025:05:34:30 -0700] "GET /?m=102186806930&filter=17ee8f&share_to_url=item.php?reserve/tool/ HTTP/1.1" 200 22700 "-" "Mozilla/5.0 (Linux; Android 6.0.1; Nexus 5X Build/MMB29P) AppleWebKit/537.36 (KHTML, like Gecko) Chrome/140.0.7339.127 Mobile Safari/537.36 (compatible; Googlebot/2.1; +http://www.google.com/bot.html)" 336 **0/336367**
66.249.64.5 - - [14/Sep/2025:05:34:30 -0700] "GET /?m=96089517930&filter=4216ac&share_to_url=product.php?shop/customer/bookmark.aspx HTTP/1.1" 200 21928 "-" "Mozilla/5.0 (Linux; Android 6.0.1; Nexus 5X Build/MMB29P) AppleWebKit/537.36 (KHTML, like Gecko) Chrome/140.0.7339.127 Mobile Safari/537.36 (compatible; Googlebot/2.1; +http://www.google.com/bot.html)" 309 **0/309271**
66.249.64.6 - - [14/Sep/2025:05:34:30 -0700] "GET /?m=86335412930&filter=ccf43d&share_to_url=model.php?shop/e/e009001036001/ HTTP/1.1" 200 22250 "-" "Mozilla/5.0 (Linux; Android 6.0.1; Nexus 5X Build/MMB29P) AppleWebKit/537.36 (KHTML, like Gecko) Chrome/140.0.7339.127 Mobile Safari/537.36 (compatible; Googlebot/2.1; +http://www.google.com/bot.html)" 325 **0/325830**
66.249.70.33 - - [14/Sep/2025:05:34:30 -0700] "GET /market1869027067?kg=1866102782 HTTP/1.1" 200 22257 "-" "Mozilla/5.0 (Linux; Android 6.0.1; Nexus 5X Build/MMB29P) AppleWebKit/537.36 (KHTML, like Gecko) Chrome/140.0.7339.127 Mobile Safari/537.36 (compatible; Googlebot/2.1; +http://www.google.com/bot.html)" 280 **0/280076**
216.73.216.183 - - [14/Sep/2025:05:34:30 -0700] "GET /market1854563346?fileloc=%2Fhome%2Fvgijpbeijziw%2Fpublic_html%2Fwp-admin%2Fincludes%2Fclass-wp-upgrader.php&path=%2Fhome%2Fvgijpbeijziw%2Fpublic_html%2Fwp-admin%2Fincludes HTTP/2.0" 200 12991 "-" "Mozilla/5.0 AppleWebKit/537.36 (KHTML, like Gecko; compatible; ClaudeBot/1.0; +claudebot@anthropic.com)" 419 **0/419083**
66.249.70.33 - - [14/Sep/2025:05:34:31 -0700] "GET /market55207292?kg=0055121534 HTTP/1.1" 200 22114 "-" "Mozilla/5.0 (Linux; Android 6.0.1; Nexus 5X Build/MMB29P) AppleWebKit/537.36 (KHTML, like Gecko) Chrome/140.0.7339.127 Mobile Safari/537.36 (compatible; Googlebot/2.1; +http://www.google.com/bot.html)" 278 **0/278700**
66.249.64.6 - - [14/Sep/2025:05:34:31 -0700] "GET /?m=91118451930&filter=e13fa1&share_to_url=item.php?shop/order/make_estimate.aspx HTTP/1.1" 200 23245 "-" "Mozilla/5.0 (Linux; Android 6.0.1; Nexus 5X Build/MMB29P) AppleWebKit/537.36 (KHTML, like Gecko) Chrome/140.0.7339.127 Mobile Safari/537.36 (compatible; Googlebot/2.1; +http://www.google.com/bot.html)" 314 **0/314898**
